Sep 03 02:19:36.107614 n-d-855706-1 devstack@n-api.service[122772]: DEBUG oslo_concurrency.lockutils [None req-4be7937f-6442-4d30-87a3-e477a4cc6da4 tempest-AggregatesAdminTestJSON-1148205246 tempest-AggregatesAdminTestJSON-1148205246-project] Lock "856c53a1-c6ca-4d28-a4ac-2d84a8e086f1" "released" by "nova.context.set_target_cell..get_or_set_cached_cell_and_set_connections" :: held 0.000s {{(pid=122772) inner /usr/local/lib/python3.8/dist-packages/oslo_concurrency/lockutils.py:404}}
Sep 03 02:19:36.378307 n-d-855706-1 devstack@n-api.service[122773]: DEBUG nova.api.openstack.wsgi [None req-d89bdc5a-22e4-4e58-8288-068e86ec1e4f tempest-ServersWithSpecificFlavorTestJSON-1331133313 tempest-ServersWithSpecificFlavorTestJSON-1331133313-project] Calling method '>' {{(pid=122773) _process_stack /opt/stack/nova/nova/api/openstack/wsgi.py:513}}
Sep 03 02:19:36.407381 n-d-855706-1 devstack@n-api.service[122773]: INFO nova.api.openstack.requestlog [None req-d89bdc5a-22e4-4e58-8288-068e86ec1e4f tempest-ServersWithSpecificFlavorTestJSON-1331133313 tempest-ServersWithSpecificFlavorTestJSON-1331133313-project] 10.222.0.18 "GET /compute/v2.1/flavors/452" status: 200 len: 370 microversion: 2.1 time: 0.613684
Sep 03 02:19:36.409360 n-d-855706-1 devstack@n-api.service[122773]: [pid: 122773|app: 0|req: 40/105] 10.222.0.18 () {58 vars in 1137 bytes} [Sat Sep 3 02:19:35 2022] GET /compute/v2.1/flavors/452 => generated 370 bytes in 616 msecs (HTTP/1.1 200) 9 headers in 357 bytes (1 switches on core 0)
Sep 03 02:19:36.558163 n-d-855706-1 devstack@n-api.service[122772]: DEBUG nova.policy [None req-4be7937f-6442-4d30-87a3-e477a4cc6da4 tempest-AggregatesAdminTestJSON-1148205246 tempest-AggregatesAdminTestJSON-1148205246-project] Policy check for os_compute_api:os-extended-server-attributes failed with credentials {'is_admin': False, 'user_id': '4ad095ce72bc4b0fbe953da93513af50', 'user_domain_id': 'default', 'system_scope': None, 'domain_id': None, 'project_id': 'c96238f89c9243da872e9702f1b3f67d', 'project_domain_id': 'default', 'roles': ['reader', 'member'], 'is_admin_project': True, 'service_user_id': None, 'service_user_domain_id': None, 'service_project_id': None, 'service_project_domain_id': None, 'service_roles': []} {{(pid=122772) authorize /opt/stack/nova/nova/policy.py:199}}
Sep 03 02:19:36.575704 n-d-855706-1 devstack@n-api.service[122772]: INFO nova.api.openstack.requestlog [None req-4be7937f-6442-4d30-87a3-e477a4cc6da4 tempest-AggregatesAdminTestJSON-1148205246 tempest-AggregatesAdminTestJSON-1148205246-project] 10.222.0.18 "GET /compute/v2.1/servers/37722430-047a-4afa-b518-5c53c387b636" status: 200 len: 1338 microversion: 2.1 time: 0.491933
Sep 03 02:19:36.576323 n-d-855706-1 devstack@n-api.service[122772]: [pid: 122772|app: 0|req: 66/106] 10.222.0.18 () {58 vars in 1236 bytes} [Sat Sep 3 02:19:36 2022] GET /compute/v2.1/servers/37722430-047a-4afa-b518-5c53c387b636 => generated 1338 bytes in 495 msecs (HTTP/1.1 200) 9 headers in 358 bytes (2 switches on core 0)
Sep 03 02:19:36.655486 n-d-855706-1 devstack@n-api.service[122773]: DEBUG nova.api.openstack.wsgi [None req-990842f5-700f-427e-add6-f99c17a2cce4 tempest-ServersWithSpecificFlavorTestJSON-911629688 tempest-ServersWithSpecificFlavorTestJSON-911629688-project-admin] Action: 'create', calling method: >, body: {"flavor": {"ram": 1024, "vcpus": 1, "disk": 1, "name": "tempest-flavor_with_ephemeral_1-46992868", "id": 829453628, "OS-FLV-EXT-DATA:ephemeral": 1, "os-flavor-access:is_public": "True"}} {{(pid=122773) _process_stack /opt/stack/nova/nova/api/openstack/wsgi.py:511}}
Sep 03 02:19:36.814432 n-d-855706-1 devstack@n-api.service[122773]: INFO nova.api.openstack.requestlog [None req-990842f5-700f-427e-add6-f99c17a2cce4 tempest-ServersWithSpecificFlavorTestJSON-911629688 tempest-ServersWithSpecificFlavorTestJSON-911629688-project-admin] 10.222.0.18 "POST /compute/v2.1/flavors" status: 200 len: 420 microversion: 2.1 time: 0.394822
Sep 03 02:19:36.815483 n-d-855706-1 devstack@n-api.service[122773]: [pid: 122773|app: 0|req: 41/107] 10.222.0.18 () {60 vars in 1147 bytes} [Sat Sep 3 02:19:36 2022] POST /compute/v2.1/flavors => generated 420 bytes in 397 msecs (HTTP/1.1 200) 9 headers in 357 bytes (1 switches on core 0)
Sep 03 02:19:36.828661 n-d-855706-1 devstack@n-api.service[122772]: DEBUG nova.api.openstack.wsgi [None req-05643d7e-9f8d-4bf9-82ec-272d98f0965b tempest-ServersWithSpecificFlavorTestJSON-911629688 tempest-ServersWithSpecificFlavorTestJSON-911629688-project-admin] Calling method '>' {{(pid=122772) _process_stack /opt/stack/nova/nova/api/openstack/wsgi.py:513}}
Sep 03 02:19:36.848479 n-d-855706-1 devstack@n-api.service[122772]: INFO nova.api.openstack.requestlog [None req-05643d7e-9f8d-4bf9-82ec-272d98f0965b tempest-ServersWithSpecificFlavorTestJSON-911629688 tempest-ServersWithSpecificFlavorTestJSON-911629688-project-admin] 10.222.0.18 "GET /compute/v2.1/flavors/452/os-extra_specs" status: 200 len: 19 microversion: 2.1 time: 0.022529
Sep 03 02:19:36.854655 n-d-855706-1 devstack@n-api.service[122772]: [pid: 122772|app: 0|req: 67/108] 10.222.0.18 () {58 vars in 1182 bytes} [Sat Sep 3 02:19:36 2022] GET /compute/v2.1/flavors/452/os-extra_specs => generated 19 bytes in 26 msecs (HTTP/1.1 200) 9 headers in 356 bytes (1 switches on core 0)
Sep 03 02:19:36.862349 n-d-855706-1 devstack@n-api.service[122773]: DEBUG nova.api.openstack.wsgi [None req-ad93a0f0-de35-40b8-a0e9-173ab59c84dd tempest-ServersWithSpecificFlavorTestJSON-911629688 tempest-ServersWithSpecificFlavorTestJSON-911629688-project-admin] Action: 'create', calling method: >, body: {"flavor": {"ram": 1024, "vcpus": 1, "disk": 1, "name": "tempest-flavor_with_ephemeral_0-47112874", "id": 1942289868, "OS-FLV-EXT-DATA:ephemeral": 0, "os-flavor-access:is_public": "True"}} {{(pid=122773) _process_stack /opt/stack/nova/nova/api/openstack/wsgi.py:511}}
Sep 03 02:19:36.956881 n-d-855706-1 devstack@n-api.service[122773]: INFO nova.api.openstack.requestlog [None req-ad93a0f0-de35-40b8-a0e9-173ab59c84dd tempest-ServersWithSpecificFlavorTestJSON-911629688 tempest-ServersWithSpecificFlavorTestJSON-911629688-project-admin] 10.222.0.18 "POST /compute/v2.1/flavors" status: 200 len: 423 microversion: 2.1 time: 0.099109
Sep 03 02:19:36.967934 n-d-855706-1 devstack@n-api.service[122773]: [pid: 122773|app: 0|req: 42/109] 10.222.0.18 () {60 vars in 1147 bytes} [Sat Sep 3 02:19:36 2022] POST /compute/v2.1/flavors => generated 423 bytes in 111 msecs (HTTP/1.1 200) 9 headers in 357 bytes (1 switches on core 0)
Sep 03 02:19:36.971984 n-d-855706-1 devstack@n-api.service[122772]: DEBUG nova.api.openstack.wsgi [None req-b1931a3a-3e8d-4ff5-8007-32800e4ea33a tempest-ServersWithSpecificFlavorTestJSON-911629688 tempest-ServersWithSpecificFlavorTestJSON-911629688-project-admin] Calling method '>' {{(pid=122772) _process_stack /opt/stack/nova/nova/api/openstack/wsgi.py:513}}
Sep 03 02:19:36.990267 n-d-855706-1 devstack@n-api.service[122772]: INFO nova.api.openstack.requestlog [None req-b1931a3a-3e8d-4ff5-8007-32800e4ea33a tempest-ServersWithSpecificFlavorTestJSON-911629688 tempest-ServersWithSpecificFlavorTestJSON-911629688-project-admin] 10.222.0.18 "GET /compute/v2.1/flavors/452/os-extra_specs" status: 200 len: 19 microversion: 2.1 time: 0.022648
Sep 03 02:19:36.991483 n-d-855706-1 devstack@n-api.service[122772]: [pid: 122772|app: 0|req: 68/110] 10.222.0.18 () {58 vars in 1182 bytes} [Sat Sep 3 02:19:36 2022] GET /compute/v2.1/flavors/452/os-extra_specs => generated 19 bytes in 25 msecs (HTTP/1.1 200) 9 headers in 356 bytes (2 switches on core 0)
Sep 03 02:19:37.007919 n-d-855706-1 devstack@n-api.service[122773]: DEBUG nova.api.openstack.wsgi [None req-684edebd-4bc1-40c5-ac51-998db3c4a798 tempest-ServersWithSpecificFlavorTestJSON-1331133313 tempest-ServersWithSpecificFlavorTestJSON-1331133313-project] Action: 'create', calling method: .version_select at 0x7fa34e61b3a0>, body: {"keypair": {"name": "tempest-keypair-654849073", "public_key": "ecdsa-sha2-nistp384 AAAAE2VjZHNhLXNoYTItbmlzdHAzODQAAAAIbmlzdHAzODQAAABhBCfp3SVmizfsz9FVttg5/8rEfYKtRFnjjZtjet6HiIcjAx88qKZ5t69rJV3gqHPox/IPJx+I0umiGUbDGjdKWvo0kF1Xm3ptbAz4yEqtjjcbTpmzPFQFQA7mY20QfqJHuw=="}} {{(pid=122773) _process_stack /opt/stack/nova/nova/api/openstack/wsgi.py:511}}
Sep 03 02:19:37.040057 n-d-855706-1 devstack@n-api.service[122773]: DEBUG nova.quota [None req-684edebd-4bc1-40c5-ac51-998db3c4a798 tempest-ServersWithSpecificFlavorTestJSON-1331133313 tempest-ServersWithSpecificFlavorTestJSON-1331133313-project] Getting quotas for project d96fa01b46f14c6ba9ce81f6adc32973. Resources: {'key_pairs'} {{(pid=122773) _get_quotas /opt/stack/nova/nova/quota.py:393}}
Sep 03 02:19:37.068667 n-d-855706-1 devstack@n-api.service[122773]: DEBUG nova.quota [None req-684edebd-4bc1-40c5-ac51-998db3c4a798 tempest-ServersWithSpecificFlavorTestJSON-1331133313 tempest-ServersWithSpecificFlavorTestJSON-1331133313-project] Getting quotas for user bbe2e7d028f94edd99810111c1328f98 and project d96fa01b46f14c6ba9ce81f6adc32973. Resources: {'key_pairs'} {{(pid=122773) _get_quotas /opt/stack/nova/nova/quota.py:383}}
Sep 03 02:19:37.137798 n-d-855706-1 devstack@n-api.service[122773]: INFO nova.api.openstack.requestlog [None req-684edebd-4bc1-40c5-ac51-998db3c4a798 tempest-ServersWithSpecificFlavorTestJSON-1331133313 tempest-ServersWithSpecificFlavorTestJSON-1331133313-project] 10.222.0.18 "POST /compute/v2.1/os-keypairs" status: 200 len: 385 microversion: 2.1 time: 0.135407
Sep 03 02:19:37.138476 n-d-855706-1 devstack@n-api.service[122773]: [pid: 122773|app: 0|req: 43/111] 10.222.0.18 () {60 vars in 1159 bytes} [Sat Sep 3 02:19:37 2022] POST /compute/v2.1/os-keypairs => generated 385 bytes in 137 msecs (HTTP/1.1 200) 9 headers in 357 bytes (1 switches on core 0)
Sep 03 02:19:37.602987 n-d-855706-1 devstack@n-api.service[122772]: DEBUG nova.api.openstack.wsgi [None req-93814a19-0f07-46f5-a445-2bdf1852e738 tempest-AggregatesAdminTestJSON-1148205246 tempest-AggregatesAdminTestJSON-1148205246-project] Calling method '>' {{(pid=122772) _process_stack /opt/stack/nova/nova/api/openstack/wsgi.py:513}}
Sep 03 02:19:37.604453 n-d-855706-1 devstack@n-api.service[122772]: DEBUG nova.compute.api [None req-93814a19-0f07-46f5-a445-2bdf1852e738 tempest-AggregatesAdminTestJSON-1148205246 tempest-AggregatesAdminTestJSON-1148205246-project] [instance: 37722430-047a-4afa-b518-5c53c387b636] Fetching instance by UUID {{(pid=122772) get /opt/stack/nova/nova/compute/api.py:2975}}
Sep 03 02:19:37.614627 n-d-855706-1 devstack@n-api.service[122772]: DEBUG dbcounter [-] [122772] Writing DB stats nova_cell0:SELECT=8 {{(pid=122772) stat_writer /usr/local/lib/python3.8/dist-packages/dbcounter.py:114}}
Sep 03 02:19:37.628263 n-d-855706-1 devstack@n-api.service[122772]: DEBUG oslo_concurrency.lockutils [None req-93814a19-0f07-46f5-a445-2bdf1852e738 tempest-AggregatesAdminTestJSON-1148205246 tempest-AggregatesAdminTestJSON-1148205246-project] Acquiring lock "856c53a1-c6ca-4d28-a4ac-2d84a8e086f1" by "nova.context.set_target_cell..get_or_set_cached_cell_and_set_connections" {{(pid=122772) inner /usr/local/lib/python3.8/dist-packages/oslo_concurrency/lockutils.py:385}}
Sep 03 02:19:37.629584 n-d-855706-1 devstack@n-api.service[122772]: DEBUG oslo_concurrency.lockutils [None req-93814a19-0f07-46f5-a445-2bdf1852e738 tempest-AggregatesAdminTestJSON-1148205246 tempest-AggregatesAdminTestJSON-1148205246-project] Lock "856c53a1-c6ca-4d28-a4ac-2d84a8e086f1" acquired by "nova.context.set_target_cell..get_or_set_cached_cell_and_set_connections" :: waited 0.001s {{(pid=122772) inner /usr/local/lib/python3.8/dist-packages/oslo_concurrency/lockutils.py:390}}
Sep 03 02:19:37.630183 n-d-855706-1 devstack@n-api.service[122772]: DEBUG oslo_concurrency.lockutils [None req-93814a19-0f07-46f5-a445-2bdf1852e738 tempest-AggregatesAdminTestJSON-1148205246 tempest-AggregatesAdminTestJSON-1148205246-project] Lock "856c53a1-c6ca-4d28-a4ac-2d84a8e086f1" "released" by "nova.context.set_target_cell..get_or_set_cached_cell_and_set_connections" :: held 0.001s {{(pid=122772) inner /usr/local/lib/python3.8/dist-packages/oslo_concurrency/lockutils.py:404}}
Sep 03 02:19:37.631213 n-d-855706-1 devstack@n-api.service[122772]: DEBUG oslo_concurrency.lockutils [None req-93814a19-0f07-46f5-a445-2bdf1852e738 tempest-AggregatesAdminTestJSON-1148205246 tempest-AggregatesAdminTestJSON-1148205246-project] Acquiring lock "856c53a1-c6ca-4d28-a4ac-2d84a8e086f1" by "nova.context.set_target_cell..get_or_set_cached_cell_and_set_connections" {{(pid=122772) inner /usr/local/lib/python3.8/dist-packages/oslo_concurrency/lockutils.py:385}}
Sep 03 02:19:37.631807 n-d-855706-1 devstack@n-api.service[122772]: DEBUG oslo_concurrency.lockutils [None req-93814a19-0f07-46f5-a445-2bdf1852e738 tempest-AggregatesAdminTestJSON-1148205246 tempest-AggregatesAdminTestJSON-1148205246-project] Lock "856c53a1-c6ca-4d28-a4ac-2d84a8e086f1" acquired by "nova.context.set_target_cell..get_or_set_cached_cell_and_set_connections" :: waited 0.001s {{(pid=122772) inner /usr/local/lib/python3.8/dist-packages/oslo_concurrency/lockutils.py:390}}
Sep 03 02:19:37.632503 n-d-855706-1 devstack@n-api.service[122772]: DEBUG oslo_concurrency.lockutils [None req-93814a19-0f07-46f5-a445-2bdf1852e738 tempest-AggregatesAdminTestJSON-1148205246 tempest-AggregatesAdminTestJSON-1148205246-project] Lock "856c53a1-c6ca-4d28-a4ac-2d84a8e086f1" "released" by "nova.context.set_target_cell..get_or_set_cached_cell_and_set_connections" :: held 0.001s {{(pid=122772) inner /usr/local/lib/python3.8/dist-packages/oslo_concurrency/lockutils.py:404}}
Sep 03 02:19:37.933335 n-d-855706-1 devstack@n-api.service[122772]: DEBUG nova.policy [None req-93814a19-0f07-46f5-a445-2bdf1852e738 tempest-AggregatesAdminTestJSON-1148205246 tempest-AggregatesAdminTestJSON-1148205246-project] Policy check for os_compute_api:os-extended-server-attributes failed with credentials {'is_admin': False, 'user_id': '4ad095ce72bc4b0fbe953da93513af50', 'user_domain_id': 'default', 'system_scope': None, 'domain_id': None, 'project_id': 'c96238f89c9243da872e9702f1b3f67d', 'project_domain_id': 'default', 'roles': ['reader', 'member'], 'is_admin_project': True, 'service_user_id': None, 'service_user_domain_id': None, 'service_project_id': None, 'service_project_domain_id': None, 'service_roles': []} {{(pid=122772) authorize /opt/stack/nova/nova/policy.py:199}}
Sep 03 02:19:37.943324 n-d-855706-1 devstack@n-api.service[122772]: INFO nova.api.openstack.requestlog [None req-93814a19-0f07-46f5-a445-2bdf1852e738 tempest-AggregatesAdminTestJSON-1148205246 tempest-AggregatesAdminTestJSON-1148205246-project] 10.222.0.18 "GET /compute/v2.1/servers/37722430-047a-4afa-b518-5c53c387b636" status: 200 len: 1338 microversion: 2.1 time: 0.344123
Sep 03 02:19:37.948620 n-d-855706-1 devstack@n-api.service[122772]: [pid: 122772|app: 0|req: 69/112] 10.222.0.18 () {58 vars in 1236 bytes} [Sat Sep 3 02:19:37 2022] GET /compute/v2.1/servers/37722430-047a-4afa-b518-5c53c387b636 => generated 1338 bytes in 350 msecs (HTTP/1.1 200) 9 headers in 358 bytes (1 switches on core 0)
Sep 03 02:19:38.291533 n-d-855706-1 devstack@n-api.service[122773]: DEBUG nova.api.openstack.wsgi [None req-b6187109-1d3f-41b2-907a-0612aeff6fc6 tempest-InstanceUsageAuditLogTestJSON-387622956 tempest-InstanceUsageAuditLogTestJSON-387622956-project-admin] Calling method '>' {{(pid=122773) _process_stack /opt/stack/nova/nova/api/openstack/wsgi.py:513}}
Sep 03 02:19:38.344702 n-d-855706-1 devstack@n-api.service[122773]: INFO nova.api.openstack.requestlog [None req-b6187109-1d3f-41b2-907a-0612aeff6fc6 tempest-InstanceUsageAuditLogTestJSON-387622956 tempest-InstanceUsageAuditLogTestJSON-387622956-project-admin] 10.222.0.18 "GET /compute/v2.1/os-instance_usage_audit_log/2022-09-03 02:19:37" status: 200 len: 318 microversion: 2.1 time: 0.577644
Sep 03 02:19:38.360403 n-d-855706-1 devstack@n-api.service[122772]: DEBUG nova.api.openstack.wsgi [None req-43387de9-4896-4a2b-b2ab-2f2754744462 tempest-InstanceUsageAuditLogTestJSON-387622956 tempest-InstanceUsageAuditLogTestJSON-387622956-project-admin] Calling method '>' {{(pid=122772) _process_stack /opt/stack/nova/nova/api/openstack/wsgi.py:513}}
Sep 03 02:19:38.376755 n-d-855706-1 devstack@n-api.service[122773]: [pid: 122773|app: 0|req: 44/113] 10.222.0.18 () {58 vars in 1251 bytes} [Sat Sep 3 02:19:37 2022] GET /compute/v2.1/os-instance_usage_audit_log/2022-09-03%2002%3A19%3A37 => generated 318 bytes in 610 msecs (HTTP/1.1 200) 9 headers in 357 bytes (1 switches on core 0)
Sep 03 02:19:38.400417 n-d-855706-1 devstack@n-api.service[122772]: INFO nova.api.openstack.requestlog [None req-43387de9-4896-4a2b-b2ab-2f2754744462 tempest-InstanceUsageAuditLogTestJSON-387622956 tempest-InstanceUsageAuditLogTestJSON-387622956-project-admin] 10.222.0.18 "GET /compute/v2.1/os-instance_usage_audit_log" status: 200 len: 319 microversion: 2.1 time: 0.043756
Sep 03 02:19:38.400981 n-d-855706-1 devstack@n-api.service[122772]: [pid: 122772|app: 0|req: 70/114] 10.222.0.18 () {58 vars in 1185 bytes} [Sat Sep 3 02:19:38 2022] GET /compute/v2.1/os-instance_usage_audit_log => generated 319 bytes in 45 msecs (HTTP/1.1 200) 9 headers in 357 bytes (2 switches on core 0)
Sep 03 02:19:38.979066 n-d-855706-1 devstack@n-api.service[122773]: DEBUG nova.api.openstack.wsgi [None req-33696ea0-1c52-4097-92d4-02b5b150e790 tempest-AggregatesAdminTestJSON-1148205246 tempest-AggregatesAdminTestJSON-1148205246-project] Calling method '>' {{(pid=122773) _process_stack /opt/stack/nova/nova/api/openstack/wsgi.py:513}}
Sep 03 02:19:38.980045 n-d-855706-1 devstack@n-api.service[122773]: DEBUG nova.compute.api [None req-33696ea0-1c52-4097-92d4-02b5b150e790 tempest-AggregatesAdminTestJSON-1148205246 tempest-AggregatesAdminTestJSON-1148205246-project] [instance: 37722430-047a-4afa-b518-5c53c387b636] Fetching instance by UUID {{(pid=122773) get /opt/stack/nova/nova/compute/api.py:2975}}
Sep 03 02:19:38.999432 n-d-855706-1 devstack@n-api.service[122773]: DEBUG oslo_concurrency.lockutils [None req-33696ea0-1c52-4097-92d4-02b5b150e790 tempest-AggregatesAdminTestJSON-1148205246 tempest-AggregatesAdminTestJSON-1148205246-project] Acquiring lock "856c53a1-c6ca-4d28-a4ac-2d84a8e086f1" by "nova.context.set_target_cell..get_or_set_cached_cell_and_set_connections" {{(pid=122773) inner /usr/local/lib/python3.8/dist-packages/oslo_concurrency/lockutils.py:385}}
Sep 03 02:19:39.002031 n-d-855706-1 devstack@n-api.service[122773]: DEBUG oslo_concurrency.lockutils [None req-33696ea0-1c52-4097-92d4-02b5b150e790 tempest-AggregatesAdminTestJSON-1148205246 tempest-AggregatesAdminTestJSON-1148205246-project] Lock "856c53a1-c6ca-4d28-a4ac-2d84a8e086f1" acquired by "nova.context.set_target_cell..get_or_set_cached_cell_and_set_connections" :: waited 0.003s {{(pid=122773) inner /usr/local/lib/python3.8/dist-packages/oslo_concurrency/lockutils.py:390}}
Sep 03 02:19:39.002652 n-d-855706-1 devstack@n-api.service[122773]: DEBUG oslo_concurrency.lockutils [None req-33696ea0-1c52-4097-92d4-02b5b150e790 tempest-AggregatesAdminTestJSON-1148205246 tempest-AggregatesAdminTestJSON-1148205246-project] Lock "856c53a1-c6ca-4d28-a4ac-2d84a8e086f1" "released" by "nova.context.set_target_cell..get_or_set_cached_cell_and_set_connections" :: held 0.001s {{(pid=122773) inner /usr/local/lib/python3.8/dist-packages/oslo_concurrency/lockutils.py:404}}
Sep 03 02:19:39.008306 n-d-855706-1 devstack@n-api.service[122773]: DEBUG oslo_concurrency.lockutils [None req-33696ea0-1c52-4097-92d4-02b5b150e790 tempest-AggregatesAdminTestJSON-1148205246 tempest-AggregatesAdminTestJSON-1148205246-project] Acquiring lock "856c53a1-c6ca-4d28-a4ac-2d84a8e086f1" by "nova.context.set_target_cell..get_or_set_cached_cell_and_set_connections" {{(pid=122773) inner /usr/local/lib/python3.8/dist-packages/oslo_concurrency/lockutils.py:385}}
Sep 03 02:19:39.008306 n-d-855706-1 devstack@n-api.service[122773]: DEBUG oslo_concurrency.lockutils [None req-33696ea0-1c52-4097-92d4-02b5b150e790 tempest-AggregatesAdminTestJSON-1148205246 tempest-AggregatesAdminTestJSON-1148205246-project] Lock "856c53a1-c6ca-4d28-a4ac-2d84a8e086f1" acquired by "nova.context.set_target_cell..get_or_set_cached_cell_and_set_connections" :: waited 0.000s {{(pid=122773) inner /usr/local/lib/python3.8/dist-packages/oslo_concurrency/lockutils.py:390}}
Sep 03 02:19:39.008306 n-d-855706-1 devstack@n-api.service[122773]: DEBUG oslo_concurrency.lockutils [None req-33696ea0-1c52-4097-92d4-02b5b150e790 tempest-AggregatesAdminTestJSON-1148205246 tempest-AggregatesAdminTestJSON-1148205246-project] Lock "856c53a1-c6ca-4d28-a4ac-2d84a8e086f1" "released" by "nova.context.set_target_cell..get_or_set_cached_cell_and_set_connections" :: held 0.001s {{(pid=122773) inner /usr/local/lib/python3.8/dist-packages/oslo_concurrency/lockutils.py:404}}
Sep 03 02:19:39.718846 n-d-855706-1 devstack@n-api.service[122773]: DEBUG nova.policy [None req-33696ea0-1c52-4097-92d4-02b5b150e790 tempest-AggregatesAdminTestJSON-1148205246 tempest-AggregatesAdminTestJSON-1148205246-project] Policy check for os_compute_api:os-extended-server-attributes failed with credentials {'is_admin': False, 'user_id': '4ad095ce72bc4b0fbe953da93513af50', 'user_domain_id': 'default', 'system_scope': None, 'domain_id': None, 'project_id': 'c96238f89c9243da872e9702f1b3f67d', 'project_domain_id': 'default', 'roles': ['reader', 'member'], 'is_admin_project': True, 'service_user_id': None, 'service_user_domain_id': None, 'service_project_id': None, 'service_project_domain_id': None, 'service_roles': []} {{(pid=122773) authorize /opt/stack/nova/nova/policy.py:199}}
Sep 03 02:19:39.734387 n-d-855706-1 devstack@n-api.service[122773]: INFO nova.api.openstack.requestlog [None req-33696ea0-1c52-4097-92d4-02b5b150e790 tempest-AggregatesAdminTestJSON-1148205246 tempest-AggregatesAdminTestJSON-1148205246-project] 10.222.0.18 "GET /compute/v2.1/servers/37722430-047a-4afa-b518-5c53c387b636" status: 200 len: 1338 microversion: 2.1 time: 0.763067
Sep 03 02:19:39.734387 n-d-855706-1 devstack@n-api.service[122773]: [pid: 122773|app: 0|req: 45/115] 10.222.0.18 () {58 vars in 1236 bytes} [Sat Sep 3 02:19:38 2022] GET /compute/v2.1/servers/37722430-047a-4afa-b518-5c53c387b636 => generated 1338 bytes in 765 msecs (HTTP/1.1 200) 9 headers in 358 bytes (1 switches on core 0)
Sep 03 02:19:40.744200 n-d-855706-1 devstack@n-api.service[122772]: DEBUG nova.api.openstack.wsgi [None req-49dce30c-b8a5-4ad5-9f35-765884845afc tempest-NetworksTest-4019781 tempest-NetworksTest-4019781-project-admin] Calling method '.version_select at 0x7fa34e6deaf0>' {{(pid=122772) _process_stack /opt/stack/nova/nova/api/openstack/wsgi.py:513}}
Sep 03 02:19:40.759795 n-d-855706-1 devstack@n-api.service[122773]: DEBUG nova.api.openstack.wsgi [None req-9d31df13-21c2-4088-a3e9-d0bace353ca2 tempest-AggregatesAdminTestJSON-1148205246 tempest-AggregatesAdminTestJSON-1148205246-project] Calling method '>' {{(pid=122773) _process_stack /opt/stack/nova/nova/api/openstack/wsgi.py:513}}
Sep 03 02:19:40.760582 n-d-855706-1 devstack@n-api.service[122773]: DEBUG nova.compute.api [None req-9d31df13-21c2-4088-a3e9-d0bace353ca2 tempest-AggregatesAdminTestJSON-1148205246 tempest-AggregatesAdminTestJSON-1148205246-project] [instance: 37722430-047a-4afa-b518-5c53c387b636] Fetching instance by UUID {{(pid=122773) get /opt/stack/nova/nova/compute/api.py:2975}}
Sep 03 02:19:40.767169 n-d-855706-1 devstack@n-api.service[122773]: DEBUG oslo_concurrency.lockutils [None req-9d31df13-21c2-4088-a3e9-d0bace353ca2 tempest-AggregatesAdminTestJSON-1148205246 tempest-AggregatesAdminTestJSON-1148205246-project] Acquiring lock "856c53a1-c6ca-4d28-a4ac-2d84a8e086f1" by "nova.context.set_target_cell..get_or_set_cached_cell_and_set_connections" {{(pid=122773) inner /usr/local/lib/python3.8/dist-packages/oslo_concurrency/lockutils.py:385}}
Sep 03 02:19:40.767947 n-d-855706-1 devstack@n-api.service[122773]: DEBUG oslo_concurrency.lockutils [None req-9d31df13-21c2-4088-a3e9-d0bace353ca2 tempest-AggregatesAdminTestJSON-1148205246 tempest-AggregatesAdminTestJSON-1148205246-project] Lock "856c53a1-c6ca-4d28-a4ac-2d84a8e086f1" acquired by "nova.context.set_target_cell..get_or_set_cached_cell_and_set_connections" :: waited 0.001s {{(pid=122773) inner /usr/local/lib/python3.8/dist-packages/oslo_concurrency/lockutils.py:390}}
Sep 03 02:19:40.768605 n-d-855706-1 devstack@n-api.service[122773]: DEBUG oslo_concurrency.lockutils [None req-9d31df13-21c2-4088-a3e9-d0bace353ca2 tempest-AggregatesAdminTestJSON-1148205246 tempest-AggregatesAdminTestJSON-1148205246-project] Lock "856c53a1-c6ca-4d28-a4ac-2d84a8e086f1" "released" by "nova.context.set_target_cell..get_or_set_cached_cell_and_set_connections" :: held 0.001s {{(pid=122773) inner /usr/local/lib/python3.8/dist-packages/oslo_concurrency/lockutils.py:404}}
Sep 03 02:19:40.769690 n-d-855706-1 devstack@n-api.service[122773]: DEBUG oslo_concurrency.lockutils [None req-9d31df13-21c2-4088-a3e9-d0bace353ca2 tempest-AggregatesAdminTestJSON-1148205246 tempest-AggregatesAdminTestJSON-1148205246-project] Acquiring lock "856c53a1-c6ca-4d28-a4ac-2d84a8e086f1" by "nova.context.set_target_cell..get_or_set_cached_cell_and_set_connections" {{(pid=122773) inner /usr/local/lib/python3.8/dist-packages/oslo_concurrency/lockutils.py:385}}
Sep 03 02:19:40.770483 n-d-855706-1 devstack@n-api.service[122773]: DEBUG oslo_concurrency.lockutils [None req-9d31df13-21c2-4088-a3e9-d0bace353ca2 tempest-AggregatesAdminTestJSON-1148205246 tempest-AggregatesAdminTestJSON-1148205246-project] Lock "856c53a1-c6ca-4d28-a4ac-2d84a8e086f1" acquired by "nova.context.set_target_cell..get_or_set_cached_cell_and_set_connections" :: waited 0.001s {{(pid=122773) inner /usr/local/lib/python3.8/dist-packages/oslo_concurrency/lockutils.py:390}}
Sep 03 02:19:40.771138 n-d-855706-1 devstack@n-api.service[122773]: DEBUG oslo_concurrency.lockutils [None req-9d31df13-21c2-4088-a3e9-d0bace353ca2 tempest-AggregatesAdminTestJSON-1148205246 tempest-AggregatesAdminTestJSON-1148205246-project] Lock "856c53a1-c6ca-4d28-a4ac-2d84a8e086f1" "released" by "nova.context.set_target_cell..get_or_set_cached_cell_and_set_connections" :: held 0.001s {{(pid=122773) inner /usr/local/lib/python3.8/dist-packages/oslo_concurrency/lockutils.py:404}}
Sep 03 02:19:41.146238 n-d-855706-1 devstack@n-api.service[122772]: INFO nova.api.openstack.requestlog [None req-49dce30c-b8a5-4ad5-9f35-765884845afc tempest-NetworksTest-4019781 tempest-NetworksTest-4019781-project-admin] 10.222.0.18 "GET /compute/v2.1/os-networks" status: 200 len: 3327 microversion: 2.1 time: 0.760700
Sep 03 02:19:41.146963 n-d-855706-1 devstack@n-api.service[122772]: [pid: 122772|app: 0|req: 71/116] 10.222.0.18 () {58 vars in 1137 bytes} [Sat Sep 3 02:19:40 2022] GET /compute/v2.1/os-networks => generated 3327 bytes in 763 msecs (HTTP/1.1 200) 9 headers in 358 bytes (1 switches on core 0)
Sep 03 02:19:41.156348 n-d-855706-1 devstack@n-api.service[122772]: DEBUG nova.api.openstack.wsgi [None req-1b81c914-bba7-4090-b518-1013dfb6c9d3 tempest-NetworksTest-4019781 tempest-NetworksTest-4019781-project-admin] Calling method '.version_select at 0x7fa34e6deca0>' {{(pid=122772) _process_stack /opt/stack/nova/nova/api/openstack/wsgi.py:513}}
Sep 03 02:19:41.185983 n-d-855706-1 devstack@n-api.service[122773]: DEBUG nova.policy [None req-9d31df13-21c2-4088-a3e9-d0bace353ca2 tempest-AggregatesAdminTestJSON-1148205246 tempest-AggregatesAdminTestJSON-1148205246-project] Policy check for os_compute_api:os-extended-server-attributes failed with credentials {'is_admin': False, 'user_id': '4ad095ce72bc4b0fbe953da93513af50', 'user_domain_id': 'default', 'system_scope': None, 'domain_id': None, 'project_id': 'c96238f89c9243da872e9702f1b3f67d', 'project_domain_id': 'default', 'roles': ['reader', 'member'], 'is_admin_project': True, 'service_user_id': None, 'service_user_domain_id': None, 'service_project_id': None, 'service_project_domain_id': None, 'service_roles': []} {{(pid=122773) authorize /opt/stack/nova/nova/policy.py:199}}
Sep 03 02:19:41.196359 n-d-855706-1 devstack@n-api.service[122773]: INFO nova.api.openstack.requestlog [None req-9d31df13-21c2-4088-a3e9-d0bace353ca2 tempest-AggregatesAdminTestJSON-1148205246 tempest-AggregatesAdminTestJSON-1148205246-project] 10.222.0.18 "GET /compute/v2.1/servers/37722430-047a-4afa-b518-5c53c387b636" status: 200 len: 1338 microversion: 2.1 time: 0.440648
Sep 03 02:19:41.197222 n-d-855706-1 devstack@n-api.service[122773]: [pid: 122773|app: 0|req: 46/117] 10.222.0.18 () {58 vars in 1236 bytes} [Sat Sep 3 02:19:40 2022] GET /compute/v2.1/servers/37722430-047a-4afa-b518-5c53c387b636 => generated 1338 bytes in 443 msecs (HTTP/1.1 200) 9 headers in 358 bytes (2 switches on core 0)
Sep 03 02:19:41.504811 n-d-855706-1 devstack@n-api.service[122772]: INFO nova.api.openstack.requestlog [None req-1b81c914-bba7-4090-b518-1013dfb6c9d3 tempest-NetworksTest-4019781 tempest-NetworksTest-4019781-project-admin] 10.222.0.18 "GET /compute/v2.1/os-networks/254970ff-7c6b-41ee-a608-5d93dc7f24cf" status: 200 len: 652 microversion: 2.1 time: 0.353046
Sep 03 02:19:41.505424 n-d-855706-1 devstack@n-api.service[122772]: [pid: 122772|app: 0|req: 72/118] 10.222.0.18 () {58 vars in 1248 bytes} [Sat Sep 3 02:19:41 2022] GET /compute/v2.1/os-networks/254970ff-7c6b-41ee-a608-5d93dc7f24cf => generated 652 bytes in 354 msecs (HTTP/1.1 200) 9 headers in 357 bytes (1 switches on core 0)
Sep 03 02:19:41.517869 n-d-855706-1 devstack@n-api.service[122773]: DEBUG nova.api.openstack.wsgi [None req-9c82f5e2-729f-47ce-910d-ca84c06a5123 tempest-NetworksTest-4019781 tempest-NetworksTest-4019781-project-admin] Calling method '.version_select at 0x7fa34faf65e0>' {{(pid=122773) _process_stack /opt/stack/nova/nova/api/openstack/wsgi.py:513}}
Sep 03 02:19:41.655177 n-d-855706-1 devstack@n-api.service[122773]: INFO nova.api.openstack.requestlog [None req-9c82f5e2-729f-47ce-910d-ca84c06a5123 tempest-NetworksTest-4019781 tempest-NetworksTest-4019781-project-admin] 10.222.0.18 "GET /compute/v2.1/os-networks" status: 200 len: 3327 microversion: 2.1 time: 0.144323
Sep 03 02:19:41.660534 n-d-855706-1 devstack@n-api.service[122773]: [pid: 122773|app: 0|req: 47/119] 10.222.0.18 () {58 vars in 1137 bytes} [Sat Sep 3 02:19:41 2022] GET /compute/v2.1/os-networks => generated 3327 bytes in 146 msecs (HTTP/1.1 200) 9 headers in 358 bytes (1 switches on core 0)
Sep 03 02:19:42.138478 n-d-855706-1 devstack@n-api.service[122772]: DEBUG nova.api.openstack.wsgi [None req-94e7b66f-7951-4c57-8c32-4c414777d370 tempest-ServersWithSpecificFlavorTestJSON-1331133313 tempest-ServersWithSpecificFlavorTestJSON-1331133313-project] Action: 'create', calling method: >, body: {"server": {"name": "tempest-ServersWithSpecificFlavorTestJSON-server-714710943", "imageRef": "2b65bd61-8167-40da-9736-a9382fbd6841", "flavorRef": "1942289868", "adminPass": "***", "networks": [{"uuid": "6e347c18-93fc-47ee-b1d8-068ec2d25e87"}], "security_groups": [{"name": "tempest-securitygroup--1178185815"}], "key_name": "tempest-keypair-654849073", "user_data": "}} {{(pid=122772) _process_stack /opt/stack/nova/nova/api/openstack/wsgi.py:511}}
Sep 03 02:19:42.219482 n-d-855706-1 devstack@n-api.service[122773]: DEBUG nova.api.openstack.wsgi [None req-e847721a-637d-4013-a03f-e946386eb680 tempest-AggregatesAdminTestJSON-1148205246 tempest-AggregatesAdminTestJSON-1148205246-project] Calling method '>' {{(pid=122773) _process_stack /opt/stack/nova/nova/api/openstack/wsgi.py:513}}
Sep 03 02:19:42.220144 n-d-855706-1 devstack@n-api.service[122773]: DEBUG nova.compute.api [None req-e847721a-637d-4013-a03f-e946386eb680 tempest-AggregatesAdminTestJSON-1148205246 tempest-AggregatesAdminTestJSON-1148205246-project] [instance: 37722430-047a-4afa-b518-5c53c387b636] Fetching instance by UUID {{(pid=122773) get /opt/stack/nova/nova/compute/api.py:2975}}
Sep 03 02:19:42.229323 n-d-855706-1 devstack@n-api.service[122773]: DEBUG oslo_concurrency.lockutils [None req-e847721a-637d-4013-a03f-e946386eb680 tempest-AggregatesAdminTestJSON-1148205246 tempest-AggregatesAdminTestJSON-1148205246-project] Acquiring lock "856c53a1-c6ca-4d28-a4ac-2d84a8e086f1" by "nova.context.set_target_cell..get_or_set_cached_cell_and_set_connections" {{(pid=122773) inner /usr/local/lib/python3.8/dist-packages/oslo_concurrency/lockutils.py:385}}
Sep 03 02:19:42.230884 n-d-855706-1 devstack@n-api.service[122773]: DEBUG oslo_concurrency.lockutils [None req-e847721a-637d-4013-a03f-e946386eb680 tempest-AggregatesAdminTestJSON-1148205246 tempest-AggregatesAdminTestJSON-1148205246-project] Lock "856c53a1-c6ca-4d28-a4ac-2d84a8e086f1" acquired by "nova.context.set_target_cell..get_or_set_cached_cell_and_set_connections" :: waited 0.002s {{(pid=122773) inner /usr/local/lib/python3.8/dist-packages/oslo_concurrency/lockutils.py:390}}
Sep 03 02:19:42.235895 n-d-855706-1 devstack@n-api.service[122773]: DEBUG oslo_concurrency.lockutils [None req-e847721a-637d-4013-a03f-e946386eb680 tempest-AggregatesAdminTestJSON-1148205246 tempest-AggregatesAdminTestJSON-1148205246-project] Lock "856c53a1-c6ca-4d28-a4ac-2d84a8e086f1" "released" by "nova.context.set_target_cell..get_or_set_cached_cell_and_set_connections" :: held 0.001s {{(pid=122773) inner /usr/local/lib/python3.8/dist-packages/oslo_concurrency/lockutils.py:404}}
Sep 03 02:19:42.235895 n-d-855706-1 devstack@n-api.service[122773]: DEBUG oslo_concurrency.lockutils [None req-e847721a-637d-4013-a03f-e946386eb680 tempest-AggregatesAdminTestJSON-1148205246 tempest-AggregatesAdminTestJSON-1148205246-project] Acquiring lock "856c53a1-c6ca-4d28-a4ac-2d84a8e086f1" by "nova.context.set_target_cell..get_or_set_cached_cell_and_set_connections" {{(pid=122773) inner /usr/local/lib/python3.8/dist-packages/oslo_concurrency/lockutils.py:385}}
Sep 03 02:19:42.235895 n-d-855706-1 devstack@n-api.service[122773]: DEBUG oslo_concurrency.lockutils [None req-e847721a-637d-4013-a03f-e946386eb680 tempest-AggregatesAdminTestJSON-1148205246 tempest-AggregatesAdminTestJSON-1148205246-project] Lock "856c53a1-c6ca-4d28-a4ac-2d84a8e086f1" acquired by "nova.context.set_target_cell..get_or_set_cached_cell_and_set_connections" :: waited 0.000s {{(pid=122773) inner /usr/local/lib/python3.8/dist-packages/oslo_concurrency/lockutils.py:390}}
Sep 03 02:19:42.235895 n-d-855706-1 devstack@n-api.service[122773]: DEBUG oslo_concurrency.lockutils [None req-e847721a-637d-4013-a03f-e946386eb680 tempest-AggregatesAdminTestJSON-1148205246 tempest-AggregatesAdminTestJSON-1148205246-project] Lock "856c53a1-c6ca-4d28-a4ac-2d84a8e086f1" "released" by "nova.context.set_target_cell..get_or_set_cached_cell_and_set_connections" :: held 0.000s {{(pid=122773) inner /usr/local/lib/python3.8/dist-packages/oslo_concurrency/lockutils.py:404}}
Sep 03 02:19:42.382679 n-d-855706-1 devstack@n-api.service[122772]: DEBUG nova.network.neutron [None req-94e7b66f-7951-4c57-8c32-4c414777d370 tempest-ServersWithSpecificFlavorTestJSON-1331133313 tempest-ServersWithSpecificFlavorTestJSON-1331133313-project] validate_networks() for [('6e347c18-93fc-47ee-b1d8-068ec2d25e87', None, None, None, None, None)] {{(pid=122772) validate_networks /opt/stack/nova/nova/network/neutron.py:2623}}
Sep 03 02:19:42.613343 n-d-855706-1 devstack@n-api.service[122773]: DEBUG nova.policy [None req-e847721a-637d-4013-a03f-e946386eb680 tempest-AggregatesAdminTestJSON-1148205246 tempest-AggregatesAdminTestJSON-1148205246-project] Policy check for os_compute_api:os-extended-server-attributes failed with credentials {'is_admin': False, 'user_id': '4ad095ce72bc4b0fbe953da93513af50', 'user_domain_id': 'default', 'system_scope': None, 'domain_id': None, 'project_id': 'c96238f89c9243da872e9702f1b3f67d', 'project_domain_id': 'default', 'roles': ['reader', 'member'], 'is_admin_project': True, 'service_user_id': None, 'service_user_domain_id': None, 'service_project_id': None, 'service_project_domain_id': None, 'service_roles': []} {{(pid=122773) authorize /opt/stack/nova/nova/policy.py:199}}
Sep 03 02:19:42.622386 n-d-855706-1 devstack@n-api.service[122773]: INFO nova.api.openstack.requestlog [None req-e847721a-637d-4013-a03f-e946386eb680 tempest-AggregatesAdminTestJSON-1148205246 tempest-AggregatesAdminTestJSON-1148205246-project] 10.222.0.18 "GET /compute/v2.1/servers/37722430-047a-4afa-b518-5c53c387b636" status: 200 len: 1338 microversion: 2.1 time: 0.406537
Sep 03 02:19:42.623265 n-d-855706-1 devstack@n-api.service[122773]: [pid: 122773|app: 0|req: 48/120] 10.222.0.18 () {58 vars in 1236 bytes} [Sat Sep 3 02:19:42 2022] GET /compute/v2.1/servers/37722430-047a-4afa-b518-5c53c387b636 => generated 1338 bytes in 408 msecs (HTTP/1.1 200) 9 headers in 358 bytes (1 switches on core 0)
Sep 03 02:19:42.861731 n-d-855706-1 devstack@n-api.service[122773]: DEBUG nova.api.openstack.wsgi [None req-cd578378-3f25-420d-b849-5597ffefcd81 tempest-KeyPairsV210TestJSON-1979299701 tempest-KeyPairsV210TestJSON-1979299701-project-admin] Action: 'create', calling method: .version_select at 0x7fa34e5d0ca0>, body: {"keypair": {"name": "tempest-keypair-201372572", "type": "ssh", "user_id": "01f26f36a5924be5902e58189f8e8d4e", "public_key": "ecdsa-sha2-nistp384 AAAAE2VjZHNhLXNoYTItbmlzdHAzODQAAAAIbmlzdHAzODQAAABhBDVsSaSsdu53EkhjM0zi58w6YrmKk1h06G5YOYcrLdWm3r978Vt/yZRKZ2qTJ+nsoVexoGMSHhIfwNQEIcAvtFR9thSd93kt2j6lFnLY3h7IvMVyacBaWcseuEaCUtKljQ=="}} {{(pid=122773) _process_stack /opt/stack/nova/nova/api/openstack/wsgi.py:511}}
Sep 03 02:19:42.890466 n-d-855706-1 devstack@n-api.service[122773]: DEBUG nova.quota [None req-cd578378-3f25-420d-b849-5597ffefcd81 tempest-KeyPairsV210TestJSON-1979299701 tempest-KeyPairsV210TestJSON-1979299701-project-admin] Getting quotas for project 760d75aff7f248d192ea8100ea6bad3d. Resources: {'key_pairs'} {{(pid=122773) _get_quotas /opt/stack/nova/nova/quota.py:393}}
Sep 03 02:19:42.900338 n-d-855706-1 devstack@n-api.service[122773]: DEBUG nova.quota [None req-cd578378-3f25-420d-b849-5597ffefcd81 tempest-KeyPairsV210TestJSON-1979299701 tempest-KeyPairsV210TestJSON-1979299701-project-admin] Getting quotas for user 3fec6debdc5d48f595bbe006b0cb1e40 and project 760d75aff7f248d192ea8100ea6bad3d. Resources: {'key_pairs'} {{(pid=122773) _get_quotas /opt/stack/nova/nova/quota.py:383}}
Sep 03 02:19:43.071575 n-d-855706-1 devstack@n-api.service[122773]: INFO nova.api.openstack.requestlog [None req-cd578378-3f25-420d-b849-5597ffefcd81 tempest-KeyPairsV210TestJSON-1979299701 tempest-KeyPairsV210TestJSON-1979299701-project-admin] 10.222.0.18 "POST /compute/v2.1/os-keypairs" status: 201 len: 400 microversion: 2.10 time: 0.446670
Sep 03 02:19:43.073198 n-d-855706-1 devstack@n-api.service[122773]: [pid: 122773|app: 0|req: 49/121] 10.222.0.18 () {62 vars in 1200 bytes} [Sat Sep 3 02:19:42 2022] POST /compute/v2.1/os-keypairs => generated 400 bytes in 449 msecs (HTTP/1.1 201) 9 headers in 364 bytes (1 switches on core 0)
Sep 03 02:19:43.086269 n-d-855706-1 devstack@n-api.service[122773]: DEBUG nova.api.openstack.wsgi [None req-e0104664-abbb-456a-8cba-0bbe7bf83ec7 tempest-KeyPairsV210TestJSON-1979299701 tempest-KeyPairsV210TestJSON-1979299701-project-admin] Action: 'create', calling method: .version_select at 0x7fa34e603790>, body: {"keypair": {"name": "tempest-keypair-232214345", "type": "ssh", "user_id": "01f26f36a5924be5902e58189f8e8d4e", "public_key": "ecdsa-sha2-nistp384 AAAAE2VjZHNhLXNoYTItbmlzdHAzODQAAAAIbmlzdHAzODQAAABhBMBelV2nOBnDf2krDDlVYgyz3YUp6tuXDBs0CAsM2qGV/QOiSLwkLvJ6Cjfxq8WCW2cnb/XDd7/AHCU3yDAJS9upzSQtlI/xXfpQYyQj8HJ478jP+1leGt0xvh2MKTsO1g=="}} {{(pid=122773) _process_stack /opt/stack/nova/nova/api/openstack/wsgi.py:511}}
Sep 03 02:19:43.107320 n-d-855706-1 devstack@n-api.service[122773]: DEBUG nova.quota [None req-e0104664-abbb-456a-8cba-0bbe7bf83ec7 tempest-KeyPairsV210TestJSON-1979299701 tempest-KeyPairsV210TestJSON-1979299701-project-admin] Getting quotas for project 760d75aff7f248d192ea8100ea6bad3d. Resources: {'key_pairs'} {{(pid=122773) _get_quotas /opt/stack/nova/nova/quota.py:393}}
Sep 03 02:19:43.110748 n-d-855706-1 devstack@n-api.service[122773]: DEBUG nova.quota [None req-e0104664-abbb-456a-8cba-0bbe7bf83ec7 tempest-KeyPairsV210TestJSON-1979299701 tempest-KeyPairsV210TestJSON-1979299701-project-admin] Getting quotas for user 3fec6debdc5d48f595bbe006b0cb1e40 and project 760d75aff7f248d192ea8100ea6bad3d. Resources: {'key_pairs'} {{(pid=122773) _get_quotas /opt/stack/nova/nova/quota.py:383}}
Sep 03 02:19:43.193790 n-d-855706-1 devstack@n-api.service[122772]: DEBUG nova.virt.hardware [None req-94e7b66f-7951-4c57-8c32-4c414777d370 tempest-ServersWithSpecificFlavorTestJSON-1331133313 tempest-ServersWithSpecificFlavorTestJSON-1331133313-project] Flavor limits 0:0:0 {{(pid=122772) get_cpu_topology_constraints /opt/stack/nova/nova/virt/hardware.py:343}}
Sep 03 02:19:43.194224 n-d-855706-1 devstack@n-api.service[122772]: DEBUG nova.virt.hardware [None req-94e7b66f-7951-4c57-8c32-4c414777d370 tempest-ServersWithSpecificFlavorTestJSON-1331133313 tempest-ServersWithSpecificFlavorTestJSON-1331133313-project] Image limits 0:0:0 {{(pid=122772) get_cpu_topology_constraints /opt/stack/nova/nova/virt/hardware.py:347}}
Sep 03 02:19:43.194698 n-d-855706-1 devstack@n-api.service[122772]: DEBUG nova.virt.hardware [None req-94e7b66f-7951-4c57-8c32-4c414777d370 tempest-ServersWithSpecificFlavorTestJSON-1331133313 tempest-ServersWithSpecificFlavorTestJSON-1331133313-project] Flavor pref 0:0:0 {{(pid=122772) get_cpu_topology_constraints /opt/stack/nova/nova/virt/hardware.py:383}}
Sep 03 02:19:43.195108 n-d-855706-1 devstack@n-api.service[122772]: DEBUG nova.virt.hardware [None req-94e7b66f-7951-4c57-8c32-4c414777d370 tempest-ServersWithSpecificFlavorTestJSON-1331133313 tempest-ServersWithSpecificFlavorTestJSON-1331133313-project] Image pref 0:0:0 {{(pid=122772) get_cpu_topology_constraints /opt/stack/nova/nova/virt/hardware.py:387}}
Sep 03 02:19:43.195594 n-d-855706-1 devstack@n-api.service[122772]: DEBUG nova.virt.hardware [None req-94e7b66f-7951-4c57-8c32-4c414777d370 tempest-ServersWithSpecificFlavorTestJSON-1331133313 tempest-ServersWithSpecificFlavorTestJSON-1331133313-project] Chose sockets=0, cores=0, threads=0; limits were sockets=65536, cores=65536, threads=65536 {{(pid=122772) get_cpu_topology_constraints /opt/stack/nova/nova/virt/hardware.py:425}}
Sep 03 02:19:43.209274 n-d-855706-1 devstack@n-api.service[122772]: DEBUG oslo_concurrency.lockutils [None req-94e7b66f-7951-4c57-8c32-4c414777d370 tempest-ServersWithSpecificFlavorTestJSON-1331133313 tempest-ServersWithSpecificFlavorTestJSON-1331133313-project] Acquiring lock "00000000-0000-0000-0000-000000000000" by "nova.context.set_target_cell..get_or_set_cached_cell_and_set_connections" {{(pid=122772) inner /usr/local/lib/python3.8/dist-packages/oslo_concurrency/lockutils.py:385}}
Sep 03 02:19:43.209747 n-d-855706-1 devstack@n-api.service[122772]: DEBUG oslo_concurrency.lockutils [None req-94e7b66f-7951-4c57-8c32-4c414777d370 tempest-ServersWithSpecificFlavorTestJSON-1331133313 tempest-ServersWithSpecificFlavorTestJSON-1331133313-project] Lock "00000000-0000-0000-0000-000000000000" acquired by "nova.context.set_target_cell..get_or_set_cached_cell_and_set_connections" :: waited 0.001s {{(pid=122772) inner /usr/local/lib/python3.8/dist-packages/oslo_concurrency/lockutils.py:390}}
Sep 03 02:19:43.210174 n-d-855706-1 devstack@n-api.service[122772]: DEBUG oslo_concurrency.lockutils [None req-94e7b66f-7951-4c57-8c32-4c414777d370 tempest-ServersWithSpecificFlavorTestJSON-1331133313 tempest-ServersWithSpecificFlavorTestJSON-1331133313-project] Lock "00000000-0000-0000-0000-000000000000" "released" by "nova.context.set_target_cell..get_or_set_cached_cell_and_set_connections" :: held 0.000s {{(pid=122772) inner /usr/local/lib/python3.8/dist-packages/oslo_concurrency/lockutils.py:404}}
Sep 03 02:19:43.210909 n-d-855706-1 devstack@n-api.service[122772]: DEBUG oslo_concurrency.lockutils [None req-94e7b66f-7951-4c57-8c32-4c414777d370 tempest-ServersWithSpecificFlavorTestJSON-1331133313 tempest-ServersWithSpecificFlavorTestJSON-1331133313-project] Acquiring lock "856c53a1-c6ca-4d28-a4ac-2d84a8e086f1" by "nova.context.set_target_cell..get_or_set_cached_cell_and_set_connections" {{(pid=122772) inner /usr/local/lib/python3.8/dist-packages/oslo_concurrency/lockutils.py:385}}
Sep 03 02:19:43.211351 n-d-855706-1 devstack@n-api.service[122772]: DEBUG oslo_concurrency.lockutils [None req-94e7b66f-7951-4c57-8c32-4c414777d370 tempest-ServersWithSpecificFlavorTestJSON-1331133313 tempest-ServersWithSpecificFlavorTestJSON-1331133313-project] Lock "856c53a1-c6ca-4d28-a4ac-2d84a8e086f1" acquired by "nova.context.set_target_cell..get_or_set_cached_cell_and_set_connections" :: waited 0.000s {{(pid=122772) inner /usr/local/lib/python3.8/dist-packages/oslo_concurrency/lockutils.py:390}}
Sep 03 02:19:43.211766 n-d-855706-1 devstack@n-api.service[122772]: DEBUG oslo_concurrency.lockutils [None req-94e7b66f-7951-4c57-8c32-4c414777d370 tempest-ServersWithSpecificFlavorTestJSON-1331133313 tempest-ServersWithSpecificFlavorTestJSON-1331133313-project] Lock "856c53a1-c6ca-4d28-a4ac-2d84a8e086f1" "released" by "nova.context.set_target_cell..get_or_set_cached_cell_and_set_connections" :: held 0.000s {{(pid=122772) inner /usr/local/lib/python3.8/dist-packages/oslo_concurrency/lockutils.py:404}}
Sep 03 02:19:43.228725 n-d-855706-1 devstack@n-api.service[122773]: INFO nova.api.openstack.requestlog [None req-e0104664-abbb-456a-8cba-0bbe7bf83ec7 tempest-KeyPairsV210TestJSON-1979299701 tempest-KeyPairsV210TestJSON-1979299701-project-admin] 10.222.0.18 "POST /compute/v2.1/os-keypairs" status: 201 len: 400 microversion: 2.10 time: 0.146547
Sep 03 02:19:43.230170 n-d-855706-1 devstack@n-api.service[122773]: [pid: 122773|app: 0|req: 50/122] 10.222.0.18 () {62 vars in 1200 bytes} [Sat Sep 3 02:19:43 2022] POST /compute/v2.1/os-keypairs => generated 400 bytes in 148 msecs (HTTP/1.1 201) 9 headers in 364 bytes (1 switches on core 0)
Sep 03 02:19:43.239778 n-d-855706-1 devstack@n-api.service[122772]: DEBUG nova.quota [None req-94e7b66f-7951-4c57-8c32-4c414777d370 tempest-ServersWithSpecificFlavorTestJSON-1331133313 tempest-ServersWithSpecificFlavorTestJSON-1331133313-project] Getting quotas for project d96fa01b46f14c6ba9ce81f6adc32973. Resources: {'cores', 'instances', 'ram'} {{(pid=122772) _get_quotas /opt/stack/nova/nova/quota.py:393}}
Sep 03 02:19:43.240839 n-d-855706-1 devstack@n-api.service[122773]: DEBUG nova.api.openstack.wsgi [None req-707e9617-0229-4980-8bf4-c3dc4349ff03 tempest-KeyPairsV210TestJSON-1979299701 tempest-KeyPairsV210TestJSON-1979299701-project-admin] Calling method '.version_select at 0x7fa34e57c160>' {{(pid=122773) _process_stack /opt/stack/nova/nova/api/openstack/wsgi.py:513}}
Sep 03 02:19:43.247597 n-d-855706-1 devstack@n-api.service[122772]: DEBUG nova.quota [None req-94e7b66f-7951-4c57-8c32-4c414777d370 tempest-ServersWithSpecificFlavorTestJSON-1331133313 tempest-ServersWithSpecificFlavorTestJSON-1331133313-project] Getting quotas for user bbe2e7d028f94edd99810111c1328f98 and project d96fa01b46f14c6ba9ce81f6adc32973. Resources: {'cores', 'instances', 'ram'} {{(pid=122772) _get_quotas /opt/stack/nova/nova/quota.py:383}}
Sep 03 02:19:43.251054 n-d-855706-1 devstack@n-api.service[122773]: INFO nova.api.openstack.requestlog [None req-707e9617-0229-4980-8bf4-c3dc4349ff03 tempest-KeyPairsV210TestJSON-1979299701 tempest-KeyPairsV210TestJSON-1979299701-project-admin] 10.222.0.18 "GET /compute/v2.1/os-keypairs/tempest-keypair-201372572?user_id=01f26f36a5924be5902e58189f8e8d4e" status: 200 len: 511 microversion: 2.10 time: 0.014031
Sep 03 02:19:43.251799 n-d-855706-1 devstack@n-api.service[122773]: [pid: 122773|app: 0|req: 51/123] 10.222.0.18 () {60 vars in 1337 bytes} [Sat Sep 3 02:19:43 2022] GET /compute/v2.1/os-keypairs/tempest-keypair-201372572?user_id=01f26f36a5924be5902e58189f8e8d4e => generated 511 bytes in 16 msecs (HTTP/1.1 200) 9 headers in 359 bytes (1 switches on core 0)
Sep 03 02:19:43.260067 n-d-855706-1 devstack@n-api.service[122772]: DEBUG nova.compute.api [None req-94e7b66f-7951-4c57-8c32-4c414777d370 tempest-ServersWithSpecificFlavorTestJSON-1331133313 tempest-ServersWithSpecificFlavorTestJSON-1331133313-project] Going to run 1 instances... {{(pid=122772) _provision_instances /opt/stack/nova/nova/compute/api.py:1403}}
Sep 03 02:19:43.263368 n-d-855706-1 devstack@n-api.service[122772]: DEBUG nova.compute.api [None req-94e7b66f-7951-4c57-8c32-4c414777d370 tempest-ServersWithSpecificFlavorTestJSON-1331133313 tempest-ServersWithSpecificFlavorTestJSON-1331133313-project] [instance: e70767a4-52c4-4cda-9aea-590518ba8638] block_device_mapping [BlockDeviceMapping(attachment_id=,boot_index=0,connection_info=None,created_at=,delete_on_termination=True,deleted=,deleted_at=,destination_type='local',device_name=None,device_type='disk',disk_bus=None,encrypted=False,encryption_format=None,encryption_options=None,encryption_secret_uuid=None,guest_format=None,id=,image_id='2b65bd61-8167-40da-9736-a9382fbd6841',instance=,instance_uuid=,no_device=False,snapshot_id=None,source_type='image',tag=None,updated_at=,uuid=,volume_id=None,volume_size=None,volume_type=None)] {{(pid=122772) _bdm_validate_set_size_and_instance /opt/stack/nova/nova/compute/api.py:1864}}
Sep 03 02:19:43.265863 n-d-855706-1 devstack@n-api.service[122773]: DEBUG nova.api.openstack.wsgi [None req-1efa5a4f-a737-43f3-854f-5ec14bb746a5 tempest-KeyPairsV210TestJSON-1979299701 tempest-KeyPairsV210TestJSON-1979299701-project-admin] Action: 'create', calling method: .version_select at 0x7fa34e57cb80>, body: {"keypair": {"name": "tempest-KeyPairsV210TestJSON-keypair-1729453046", "type": "ssh", "public_key": "ecdsa-sha2-nistp384 AAAAE2VjZHNhLXNoYTItbmlzdHAzODQAAAAIbmlzdHAzODQAAABhBAFaZQC+weKCfjSv+vsgoItzruy6AkVUdzDArv7C58MpBWPWhXxzFM/upO9jzcibUh/zJEVUtlSB5cSPDM8P7ucahflUja0Y4eU605btJDfFmuMM2yd4xuIb5NNokMUuhw=="}} {{(pid=122773) _process_stack /opt/stack/nova/nova/api/openstack/wsgi.py:511}}
