Sep 02 21:06:00.431269 n-d-855664-1 devstack@placement-api.service[107716]: DEBUG placement.requestlog [req-17d5a2be-3930-4908-a6da-823a46fe252a req-ff7b816f-24f0-41b4-8efe-3ca93cf21724 None None] Starting request: 10.222.0.76 "GET /placement/resource_providers/30058786-b1f4-4ed3-8039-35037735ce89/allocations" {{(pid=107716) __call__ /opt/stack/placement/placement/requestlog.py:55}}
Sep 02 21:06:00.481610 n-d-855664-1 devstack@placement-api.service[107717]: INFO placement.requestlog [req-17d5a2be-3930-4908-a6da-823a46fe252a req-50128612-18d3-460c-918d-3ea123adb41c service placement] 10.222.0.84 "GET /placement/resource_providers/a83af7b0-679c-444c-9c0e-3a479416052e/allocations" status: 200 len: 645 microversion: 1.0
Sep 02 21:06:00.483529 n-d-855664-1 devstack@placement-api.service[107717]: [pid: 107717|app: 0|req: 518/1041] 10.222.0.84 () {58 vars in 1390 bytes} [Fri Sep 2 21:06:00 2022] GET /placement/resource_providers/a83af7b0-679c-444c-9c0e-3a479416052e/allocations => generated 645 bytes in 87 msecs (HTTP/1.1 200) 6 headers in 224 bytes (1 switches on core 0)
Sep 02 21:06:00.492500 n-d-855664-1 devstack@placement-api.service[107717]: DEBUG placement.requestlog [req-17d5a2be-3930-4908-a6da-823a46fe252a req-21fde5b7-98ea-46ac-8d71-8ef44aaa2fc3 None None] Starting request: 10.222.0.84 "GET /placement/allocations/f206a0e7-035f-474f-90fa-38c6dfcffd74" {{(pid=107717) __call__ /opt/stack/placement/placement/requestlog.py:55}}
Sep 02 21:06:00.540239 n-d-855664-1 devstack@placement-api.service[107716]: INFO placement.requestlog [req-17d5a2be-3930-4908-a6da-823a46fe252a req-ff7b816f-24f0-41b4-8efe-3ca93cf21724 service placement] 10.222.0.76 "GET /placement/resource_providers/30058786-b1f4-4ed3-8039-35037735ce89/allocations" status: 200 len: 847 microversion: 1.0
Sep 02 21:06:00.541615 n-d-855664-1 devstack@placement-api.service[107717]: INFO placement.requestlog [req-17d5a2be-3930-4908-a6da-823a46fe252a req-21fde5b7-98ea-46ac-8d71-8ef44aaa2fc3 service placement] 10.222.0.84 "GET /placement/allocations/f206a0e7-035f-474f-90fa-38c6dfcffd74" status: 200 len: 259 microversion: 1.28
Sep 02 21:06:00.542102 n-d-855664-1 devstack@placement-api.service[107716]: [pid: 107716|app: 0|req: 524/1043] 10.222.0.76 () {58 vars in 1390 bytes} [Fri Sep 2 21:06:00 2022] GET /placement/resource_providers/30058786-b1f4-4ed3-8039-35037735ce89/allocations => generated 847 bytes in 112 msecs (HTTP/1.1 200) 6 headers in 224 bytes (2 switches on core 0)
Sep 02 21:06:00.543299 n-d-855664-1 devstack@placement-api.service[107717]: [pid: 107717|app: 0|req: 519/1043] 10.222.0.84 () {60 vars in 1377 bytes} [Fri Sep 2 21:06:00 2022] GET /placement/allocations/f206a0e7-035f-474f-90fa-38c6dfcffd74 => generated 259 bytes in 50 msecs (HTTP/1.1 200) 8 headers in 296 bytes (1 switches on core 0)
Sep 02 21:06:00.553803 n-d-855664-1 devstack@placement-api.service[107716]: DEBUG placement.requestlog [req-17d5a2be-3930-4908-a6da-823a46fe252a req-177f6e45-eb0a-4091-a170-dfd860d562b7 None None] Starting request: 10.222.0.84 "GET /placement/allocations/70414276-67de-49ee-95e1-9684d87fde9b" {{(pid=107716) __call__ /opt/stack/placement/placement/requestlog.py:55}}
Sep 02 21:06:00.588109 n-d-855664-1 devstack@placement-api.service[107717]: DEBUG placement.requestlog [req-17d5a2be-3930-4908-a6da-823a46fe252a req-168e9f12-70a7-41d9-841c-056a73d3ddf7 None None] Starting request: 10.222.0.76 "GET /placement/allocations/a6bb3dca-496a-43c2-9ec5-4ff1d587df4f" {{(pid=107717) __call__ /opt/stack/placement/placement/requestlog.py:55}}
Sep 02 21:06:00.591547 n-d-855664-1 devstack@placement-api.service[107716]: INFO placement.requestlog [req-17d5a2be-3930-4908-a6da-823a46fe252a req-177f6e45-eb0a-4091-a170-dfd860d562b7 service placement] 10.222.0.84 "GET /placement/allocations/70414276-67de-49ee-95e1-9684d87fde9b" status: 200 len: 259 microversion: 1.28
Sep 02 21:06:00.592494 n-d-855664-1 devstack@placement-api.service[107716]: [pid: 107716|app: 0|req: 525/1044] 10.222.0.84 () {60 vars in 1377 bytes} [Fri Sep 2 21:06:00 2022] GET /placement/allocations/70414276-67de-49ee-95e1-9684d87fde9b => generated 259 bytes in 39 msecs (HTTP/1.1 200) 8 headers in 296 bytes (1 switches on core 0)
Sep 02 21:06:00.599311 n-d-855664-1 devstack@placement-api.service[107716]: DEBUG placement.requestlog [req-17d5a2be-3930-4908-a6da-823a46fe252a req-9b3b0d57-0713-4840-84bf-b473291bdfc8 None None] Starting request: 10.222.0.84 "GET /placement/allocations/437a6a56-f811-4f3d-b468-62e288d08198" {{(pid=107716) __call__ /opt/stack/placement/placement/requestlog.py:55}}
Sep 02 21:06:00.626179 n-d-855664-1 devstack@placement-api.service[107717]: INFO placement.requestlog [req-17d5a2be-3930-4908-a6da-823a46fe252a req-168e9f12-70a7-41d9-841c-056a73d3ddf7 service placement] 10.222.0.76 "GET /placement/allocations/a6bb3dca-496a-43c2-9ec5-4ff1d587df4f" status: 200 len: 259 microversion: 1.28
Sep 02 21:06:00.627064 n-d-855664-1 devstack@placement-api.service[107717]: [pid: 107717|app: 0|req: 520/1045] 10.222.0.76 () {60 vars in 1377 bytes} [Fri Sep 2 21:06:00 2022] GET /placement/allocations/a6bb3dca-496a-43c2-9ec5-4ff1d587df4f => generated 259 bytes in 39 msecs (HTTP/1.1 200) 8 headers in 296 bytes (1 switches on core 0)
Sep 02 21:06:00.628945 n-d-855664-1 devstack@placement-api.service[107717]: DEBUG placement.requestlog [req-17d5a2be-3930-4908-a6da-823a46fe252a req-b4b048f3-bb61-44a0-9e8b-dd6b5f80bc6a None None] Starting request: 10.222.0.84 "GET /placement/resource_providers/a83af7b0-679c-444c-9c0e-3a479416052e/allocations" {{(pid=107717) __call__ /opt/stack/placement/placement/requestlog.py:55}}
Sep 02 21:06:00.634353 n-d-855664-1 devstack@placement-api.service[107716]: INFO placement.requestlog [req-17d5a2be-3930-4908-a6da-823a46fe252a req-9b3b0d57-0713-4840-84bf-b473291bdfc8 service placement] 10.222.0.84 "GET /placement/allocations/437a6a56-f811-4f3d-b468-62e288d08198" status: 200 len: 245 microversion: 1.28
Sep 02 21:06:00.635132 n-d-855664-1 devstack@placement-api.service[107716]: [pid: 107716|app: 0|req: 526/1046] 10.222.0.84 () {60 vars in 1377 bytes} [Fri Sep 2 21:06:00 2022] GET /placement/allocations/437a6a56-f811-4f3d-b468-62e288d08198 => generated 245 bytes in 36 msecs (HTTP/1.1 200) 8 headers in 296 bytes (1 switches on core 0)
Sep 02 21:06:00.643326 n-d-855664-1 devstack@placement-api.service[107716]: DEBUG placement.requestlog [req-17d5a2be-3930-4908-a6da-823a46fe252a req-1ee655c1-5760-4e2d-becd-21fd03c92244 None None] Starting request: 10.222.0.84 "GET /placement/allocations/6273b7a9-8b15-49c3-83b4-9ef1032cc229" {{(pid=107716) __call__ /opt/stack/placement/placement/requestlog.py:55}}
Sep 02 21:06:00.658384 n-d-855664-1 devstack@placement-api.service[107717]: INFO placement.requestlog [req-17d5a2be-3930-4908-a6da-823a46fe252a req-b4b048f3-bb61-44a0-9e8b-dd6b5f80bc6a service placement] 10.222.0.84 "GET /placement/resource_providers/a83af7b0-679c-444c-9c0e-3a479416052e/allocations" status: 200 len: 645 microversion: 1.0
Sep 02 21:06:00.658770 n-d-855664-1 devstack@placement-api.service[107717]: [pid: 107717|app: 0|req: 521/1047] 10.222.0.84 () {58 vars in 1390 bytes} [Fri Sep 2 21:06:00 2022] GET /placement/resource_providers/a83af7b0-679c-444c-9c0e-3a479416052e/allocations => generated 645 bytes in 30 msecs (HTTP/1.1 200) 6 headers in 224 bytes (1 switches on core 0)
Sep 02 21:06:00.659602 n-d-855664-1 devstack@placement-api.service[107717]: DEBUG placement.requestlog [req-17d5a2be-3930-4908-a6da-823a46fe252a req-c06664e3-1289-4af2-b6e4-9ff244ca19c6 None None] Starting request: 10.222.0.76 "GET /placement/allocations/89d32ae1-5732-4527-a1e1-d3b5042bcd7a" {{(pid=107717) __call__ /opt/stack/placement/placement/requestlog.py:55}}
Sep 02 21:06:00.662989 n-d-855664-1 devstack@placement-api.service[107716]: INFO placement.requestlog [req-17d5a2be-3930-4908-a6da-823a46fe252a req-1ee655c1-5760-4e2d-becd-21fd03c92244 service placement] 10.222.0.84 "GET /placement/allocations/6273b7a9-8b15-49c3-83b4-9ef1032cc229" status: 200 len: 259 microversion: 1.28
Sep 02 21:06:00.663619 n-d-855664-1 devstack@placement-api.service[107716]: [pid: 107716|app: 0|req: 527/1048] 10.222.0.84 () {60 vars in 1377 bytes} [Fri Sep 2 21:06:00 2022] GET /placement/allocations/6273b7a9-8b15-49c3-83b4-9ef1032cc229 => generated 259 bytes in 20 msecs (HTTP/1.1 200) 8 headers in 296 bytes (1 switches on core 0)
Sep 02 21:06:00.669824 n-d-855664-1 devstack@placement-api.service[107716]: DEBUG placement.requestlog [req-17d5a2be-3930-4908-a6da-823a46fe252a req-c60ef9b4-fe34-4dbd-af8b-c86a53262509 None None] Starting request: 10.222.0.84 "GET /placement/allocations/f206a0e7-035f-474f-90fa-38c6dfcffd74" {{(pid=107716) __call__ /opt/stack/placement/placement/requestlog.py:55}}
Sep 02 21:06:00.675883 n-d-855664-1 devstack@placement-api.service[107717]: INFO placement.requestlog [req-17d5a2be-3930-4908-a6da-823a46fe252a req-c06664e3-1289-4af2-b6e4-9ff244ca19c6 service placement] 10.222.0.76 "GET /placement/allocations/89d32ae1-5732-4527-a1e1-d3b5042bcd7a" status: 200 len: 245 microversion: 1.28
Sep 02 21:06:00.676986 n-d-855664-1 devstack@placement-api.service[107717]: [pid: 107717|app: 0|req: 522/1049] 10.222.0.76 () {60 vars in 1377 bytes} [Fri Sep 2 21:06:00 2022] GET /placement/allocations/89d32ae1-5732-4527-a1e1-d3b5042bcd7a => generated 245 bytes in 17 msecs (HTTP/1.1 200) 8 headers in 296 bytes (1 switches on core 0)
Sep 02 21:06:00.677767 n-d-855664-1 devstack@placement-api.service[107717]: DEBUG placement.requestlog [req-17d5a2be-3930-4908-a6da-823a46fe252a req-0d84463e-ebe7-4e66-814a-35507c6bde87 None None] Starting request: 10.222.0.84 "GET /placement/allocations/6e3277f3-ac21-41dd-840d-9d068c46ab9c" {{(pid=107717) __call__ /opt/stack/placement/placement/requestlog.py:55}}
Sep 02 21:06:00.687716 n-d-855664-1 devstack@placement-api.service[107716]: INFO placement.requestlog [req-17d5a2be-3930-4908-a6da-823a46fe252a req-c60ef9b4-fe34-4dbd-af8b-c86a53262509 service placement] 10.222.0.84 "GET /placement/allocations/f206a0e7-035f-474f-90fa-38c6dfcffd74" status: 200 len: 259 microversion: 1.28
Sep 02 21:06:00.688540 n-d-855664-1 devstack@placement-api.service[107716]: [pid: 107716|app: 0|req: 528/1050] 10.222.0.84 () {60 vars in 1377 bytes} [Fri Sep 2 21:06:00 2022] GET /placement/allocations/f206a0e7-035f-474f-90fa-38c6dfcffd74 => generated 259 bytes in 19 msecs (HTTP/1.1 200) 8 headers in 296 bytes (1 switches on core 0)
Sep 02 21:06:00.694344 n-d-855664-1 devstack@placement-api.service[107717]: INFO placement.requestlog [req-17d5a2be-3930-4908-a6da-823a46fe252a req-0d84463e-ebe7-4e66-814a-35507c6bde87 service placement] 10.222.0.84 "GET /placement/allocations/6e3277f3-ac21-41dd-840d-9d068c46ab9c" status: 200 len: 259 microversion: 1.28
Sep 02 21:06:00.695202 n-d-855664-1 devstack@placement-api.service[107717]: [pid: 107717|app: 0|req: 523/1051] 10.222.0.84 () {60 vars in 1377 bytes} [Fri Sep 2 21:06:00 2022] GET /placement/allocations/6e3277f3-ac21-41dd-840d-9d068c46ab9c => generated 259 bytes in 17 msecs (HTTP/1.1 200) 8 headers in 296 bytes (1 switches on core 0)
Sep 02 21:06:00.702254 n-d-855664-1 devstack@placement-api.service[107716]: DEBUG placement.requestlog [req-17d5a2be-3930-4908-a6da-823a46fe252a req-05581946-21ae-41a5-a110-115addbf3717 None None] Starting request: 10.222.0.84 "GET /placement/allocations/70414276-67de-49ee-95e1-9684d87fde9b" {{(pid=107716) __call__ /opt/stack/placement/placement/requestlog.py:55}}
Sep 02 21:06:00.702568 n-d-855664-1 devstack@placement-api.service[107717]: DEBUG placement.requestlog [req-17d5a2be-3930-4908-a6da-823a46fe252a req-7b5aeabc-c9b0-43e2-8c62-e9750bc06c96 None None] Starting request: 10.222.0.84 "GET /placement/allocations/bfa8861f-f667-4ef2-8246-22de74ee4ba4" {{(pid=107717) __call__ /opt/stack/placement/placement/requestlog.py:55}}
Sep 02 21:06:00.718263 n-d-855664-1 devstack@placement-api.service[107716]: INFO placement.requestlog [req-17d5a2be-3930-4908-a6da-823a46fe252a req-05581946-21ae-41a5-a110-115addbf3717 service placement] 10.222.0.84 "GET /placement/allocations/70414276-67de-49ee-95e1-9684d87fde9b" status: 200 len: 259 microversion: 1.28
Sep 02 21:06:00.718929 n-d-855664-1 devstack@placement-api.service[107716]: [pid: 107716|app: 0|req: 529/1052] 10.222.0.84 () {60 vars in 1377 bytes} [Fri Sep 2 21:06:00 2022] GET /placement/allocations/70414276-67de-49ee-95e1-9684d87fde9b => generated 259 bytes in 17 msecs (HTTP/1.1 200) 8 headers in 296 bytes (1 switches on core 0)
Sep 02 21:06:00.720043 n-d-855664-1 devstack@placement-api.service[107717]: INFO placement.requestlog [req-17d5a2be-3930-4908-a6da-823a46fe252a req-7b5aeabc-c9b0-43e2-8c62-e9750bc06c96 service placement] 10.222.0.84 "GET /placement/allocations/bfa8861f-f667-4ef2-8246-22de74ee4ba4" status: 200 len: 259 microversion: 1.28
Sep 02 21:06:00.720712 n-d-855664-1 devstack@placement-api.service[107717]: [pid: 107717|app: 0|req: 524/1053] 10.222.0.84 () {60 vars in 1377 bytes} [Fri Sep 2 21:06:00 2022] GET /placement/allocations/bfa8861f-f667-4ef2-8246-22de74ee4ba4 => generated 259 bytes in 18 msecs (HTTP/1.1 200) 8 headers in 296 bytes (1 switches on core 0)
Sep 02 21:06:00.764219 n-d-855664-1 devstack@placement-api.service[107716]: DEBUG placement.requestlog [req-17d5a2be-3930-4908-a6da-823a46fe252a req-82bb1498-bf76-458a-b9da-577fbe5675a8 None None] Starting request: 10.222.0.84 "GET /placement/allocations/437a6a56-f811-4f3d-b468-62e288d08198" {{(pid=107716) __call__ /opt/stack/placement/placement/requestlog.py:55}}
Sep 02 21:06:00.779626 n-d-855664-1 devstack@placement-api.service[107716]: INFO placement.requestlog [req-17d5a2be-3930-4908-a6da-823a46fe252a req-82bb1498-bf76-458a-b9da-577fbe5675a8 service placement] 10.222.0.84 "GET /placement/allocations/437a6a56-f811-4f3d-b468-62e288d08198" status: 200 len: 245 microversion: 1.28
Sep 02 21:06:00.780047 n-d-855664-1 devstack@placement-api.service[107716]: [pid: 107716|app: 0|req: 530/1054] 10.222.0.84 () {60 vars in 1377 bytes} [Fri Sep 2 21:06:00 2022] GET /placement/allocations/437a6a56-f811-4f3d-b468-62e288d08198 => generated 245 bytes in 16 msecs (HTTP/1.1 200) 8 headers in 296 bytes (1 switches on core 0)
Sep 02 21:06:00.835038 n-d-855664-1 devstack@placement-api.service[107717]: DEBUG placement.requestlog [req-17d5a2be-3930-4908-a6da-823a46fe252a req-3a3cb9af-4c49-425d-8c05-b1641b37b9c7 None None] Starting request: 10.222.0.76 "GET /placement/allocations/d298a965-a255-4748-9c50-9229cb885e10" {{(pid=107717) __call__ /opt/stack/placement/placement/requestlog.py:55}}
Sep 02 21:06:00.883978 n-d-855664-1 devstack@placement-api.service[107717]: DEBUG dbcounter [-] [107717] Writing DB stats placement:SELECT=92,placement:INSERT=4,placement:DELETE=2,placement:UPDATE=2 {{(pid=107717) stat_writer /usr/local/lib/python3.8/dist-packages/dbcounter.py:114}}
Sep 02 21:06:00.890075 n-d-855664-1 devstack@placement-api.service[107717]: INFO placement.requestlog [req-17d5a2be-3930-4908-a6da-823a46fe252a req-3a3cb9af-4c49-425d-8c05-b1641b37b9c7 service placement] 10.222.0.76 "GET /placement/allocations/d298a965-a255-4748-9c50-9229cb885e10" status: 200 len: 259 microversion: 1.28
Sep 02 21:06:00.891292 n-d-855664-1 devstack@placement-api.service[107717]: [pid: 107717|app: 0|req: 525/1055] 10.222.0.76 () {60 vars in 1377 bytes} [Fri Sep 2 21:06:00 2022] GET /placement/allocations/d298a965-a255-4748-9c50-9229cb885e10 => generated 259 bytes in 67 msecs (HTTP/1.1 200) 8 headers in 296 bytes (1 switches on core 0)
Sep 02 21:06:00.905797 n-d-855664-1 devstack@placement-api.service[107716]: DEBUG placement.requestlog [req-17d5a2be-3930-4908-a6da-823a46fe252a req-6cc6eaca-cfb2-48a1-99da-39e1db66b6ad None None] Starting request: 10.222.0.76 "GET /placement/allocations/e643ee22-51b6-45ec-956e-fd1ae8d2e673" {{(pid=107716) __call__ /opt/stack/placement/placement/requestlog.py:55}}
Sep 02 21:06:00.939071 n-d-855664-1 devstack@placement-api.service[107716]: INFO placement.requestlog [req-17d5a2be-3930-4908-a6da-823a46fe252a req-6cc6eaca-cfb2-48a1-99da-39e1db66b6ad service placement] 10.222.0.76 "GET /placement/allocations/e643ee22-51b6-45ec-956e-fd1ae8d2e673" status: 200 len: 259 microversion: 1.28
Sep 02 21:06:00.939071 n-d-855664-1 devstack@placement-api.service[107716]: [pid: 107716|app: 0|req: 531/1056] 10.222.0.76 () {60 vars in 1377 bytes} [Fri Sep 2 21:06:00 2022] GET /placement/allocations/e643ee22-51b6-45ec-956e-fd1ae8d2e673 => generated 259 bytes in 31 msecs (HTTP/1.1 200) 8 headers in 296 bytes (2 switches on core 0)
Sep 02 21:06:00.947159 n-d-855664-1 devstack@placement-api.service[107717]: DEBUG placement.requestlog [req-17d5a2be-3930-4908-a6da-823a46fe252a req-94c7b002-fb0f-4f7a-a30b-2cc663e842f6 None None] Starting request: 10.222.0.76 "GET /placement/allocations/35aa1194-e3b4-47c5-9022-bd03e6eb0e5e" {{(pid=107717) __call__ /opt/stack/placement/placement/requestlog.py:55}}
Sep 02 21:06:00.965069 n-d-855664-1 devstack@placement-api.service[107717]: INFO placement.requestlog [req-17d5a2be-3930-4908-a6da-823a46fe252a req-94c7b002-fb0f-4f7a-a30b-2cc663e842f6 service placement] 10.222.0.76 "GET /placement/allocations/35aa1194-e3b4-47c5-9022-bd03e6eb0e5e" status: 200 len: 259 microversion: 1.28
Sep 02 21:06:00.967515 n-d-855664-1 devstack@placement-api.service[107717]: [pid: 107717|app: 0|req: 526/1057] 10.222.0.76 () {60 vars in 1377 bytes} [Fri Sep 2 21:06:00 2022] GET /placement/allocations/35aa1194-e3b4-47c5-9022-bd03e6eb0e5e => generated 259 bytes in 19 msecs (HTTP/1.1 200) 8 headers in 296 bytes (1 switches on core 0)
Sep 02 21:06:00.974827 n-d-855664-1 devstack@placement-api.service[107716]: DEBUG placement.requestlog [req-17d5a2be-3930-4908-a6da-823a46fe252a req-ef61159a-4ee5-49e1-a614-2123d09f92c6 None None] Starting request: 10.222.0.76 "GET /placement/allocations/9871631a-1aa3-4e9e-b1b7-1e6df52e425c" {{(pid=107716) __call__ /opt/stack/placement/placement/requestlog.py:55}}
Sep 02 21:06:00.990415 n-d-855664-1 devstack@placement-api.service[107717]: DEBUG placement.requestlog [req-17d5a2be-3930-4908-a6da-823a46fe252a req-7c8f9726-8be0-48d5-9840-cdaf698b0df6 None None] Starting request: 10.222.0.84 "GET /placement/allocations/6273b7a9-8b15-49c3-83b4-9ef1032cc229" {{(pid=107717) __call__ /opt/stack/placement/placement/requestlog.py:55}}
Sep 02 21:06:01.017791 n-d-855664-1 devstack@placement-api.service[107716]: INFO placement.requestlog [req-17d5a2be-3930-4908-a6da-823a46fe252a req-ef61159a-4ee5-49e1-a614-2123d09f92c6 service placement] 10.222.0.76 "GET /placement/allocations/9871631a-1aa3-4e9e-b1b7-1e6df52e425c" status: 200 len: 259 microversion: 1.28
Sep 02 21:06:01.018765 n-d-855664-1 devstack@placement-api.service[107716]: [pid: 107716|app: 0|req: 532/1058] 10.222.0.76 () {60 vars in 1377 bytes} [Fri Sep 2 21:06:00 2022] GET /placement/allocations/9871631a-1aa3-4e9e-b1b7-1e6df52e425c => generated 259 bytes in 44 msecs (HTTP/1.1 200) 8 headers in 296 bytes (1 switches on core 0)
Sep 02 21:06:01.023100 n-d-855664-1 devstack@placement-api.service[107717]: INFO placement.requestlog [req-17d5a2be-3930-4908-a6da-823a46fe252a req-7c8f9726-8be0-48d5-9840-cdaf698b0df6 service placement] 10.222.0.84 "GET /placement/allocations/6273b7a9-8b15-49c3-83b4-9ef1032cc229" status: 200 len: 259 microversion: 1.28
Sep 02 21:06:01.024182 n-d-855664-1 devstack@placement-api.service[107717]: [pid: 107717|app: 0|req: 527/1059] 10.222.0.84 () {60 vars in 1377 bytes} [Fri Sep 2 21:06:00 2022] GET /placement/allocations/6273b7a9-8b15-49c3-83b4-9ef1032cc229 => generated 259 bytes in 34 msecs (HTTP/1.1 200) 8 headers in 296 bytes (2 switches on core 0)
Sep 02 21:06:01.027482 n-d-855664-1 devstack@placement-api.service[107716]: DEBUG placement.requestlog [req-17d5a2be-3930-4908-a6da-823a46fe252a req-3accc99b-2d9b-412e-9993-6c7cb164a6ac None None] Starting request: 10.222.0.76 "GET /placement/allocations/0d875efd-486d-41b7-adf1-99f9129db84b" {{(pid=107716) __call__ /opt/stack/placement/placement/requestlog.py:55}}
Sep 02 21:06:01.054898 n-d-855664-1 devstack@placement-api.service[107717]: DEBUG placement.requestlog [req-17d5a2be-3930-4908-a6da-823a46fe252a req-2206da42-6a4e-4029-8b8f-eddc1d3c4b7c None None] Starting request: 10.222.0.84 "GET /placement/allocations/6e3277f3-ac21-41dd-840d-9d068c46ab9c" {{(pid=107717) __call__ /opt/stack/placement/placement/requestlog.py:55}}
Sep 02 21:06:01.056034 n-d-855664-1 devstack@placement-api.service[107716]: INFO placement.requestlog [req-17d5a2be-3930-4908-a6da-823a46fe252a req-3accc99b-2d9b-412e-9993-6c7cb164a6ac service placement] 10.222.0.76 "GET /placement/allocations/0d875efd-486d-41b7-adf1-99f9129db84b" status: 200 len: 259 microversion: 1.28
Sep 02 21:06:01.056925 n-d-855664-1 devstack@placement-api.service[107716]: [pid: 107716|app: 0|req: 533/1060] 10.222.0.76 () {60 vars in 1377 bytes} [Fri Sep 2 21:06:01 2022] GET /placement/allocations/0d875efd-486d-41b7-adf1-99f9129db84b => generated 259 bytes in 30 msecs (HTTP/1.1 200) 8 headers in 296 bytes (2 switches on core 0)
Sep 02 21:06:01.072689 n-d-855664-1 devstack@placement-api.service[107716]: DEBUG placement.requestlog [req-17d5a2be-3930-4908-a6da-823a46fe252a req-c6d3498d-ea5c-4e72-a350-425d9bfce0e1 None None] Starting request: 10.222.0.76 "GET /placement/allocations/8e1ae3d8-ad50-48a8-877c-13fcd9ad2b31" {{(pid=107716) __call__ /opt/stack/placement/placement/requestlog.py:55}}
Sep 02 21:06:01.091833 n-d-855664-1 devstack@placement-api.service[107717]: INFO placement.requestlog [req-17d5a2be-3930-4908-a6da-823a46fe252a req-2206da42-6a4e-4029-8b8f-eddc1d3c4b7c service placement] 10.222.0.84 "GET /placement/allocations/6e3277f3-ac21-41dd-840d-9d068c46ab9c" status: 200 len: 259 microversion: 1.28
Sep 02 21:06:01.092915 n-d-855664-1 devstack@placement-api.service[107717]: [pid: 107717|app: 0|req: 528/1061] 10.222.0.84 () {60 vars in 1377 bytes} [Fri Sep 2 21:06:01 2022] GET /placement/allocations/6e3277f3-ac21-41dd-840d-9d068c46ab9c => generated 259 bytes in 38 msecs (HTTP/1.1 200) 8 headers in 296 bytes (1 switches on core 0)
Sep 02 21:06:01.095181 n-d-855664-1 devstack@placement-api.service[107716]: INFO placement.requestlog [req-17d5a2be-3930-4908-a6da-823a46fe252a req-c6d3498d-ea5c-4e72-a350-425d9bfce0e1 service placement] 10.222.0.76 "GET /placement/allocations/8e1ae3d8-ad50-48a8-877c-13fcd9ad2b31" status: 200 len: 259 microversion: 1.28
Sep 02 21:06:01.096813 n-d-855664-1 devstack@placement-api.service[107716]: [pid: 107716|app: 0|req: 534/1062] 10.222.0.76 () {60 vars in 1377 bytes} [Fri Sep 2 21:06:01 2022] GET /placement/allocations/8e1ae3d8-ad50-48a8-877c-13fcd9ad2b31 => generated 259 bytes in 24 msecs (HTTP/1.1 200) 8 headers in 296 bytes (1 switches on core 0)
Sep 02 21:06:01.102012 n-d-855664-1 devstack@placement-api.service[107717]: DEBUG placement.requestlog [req-17d5a2be-3930-4908-a6da-823a46fe252a req-df7732bf-e596-4d53-8191-224590133df7 None None] Starting request: 10.222.0.84 "GET /placement/allocations/bfa8861f-f667-4ef2-8246-22de74ee4ba4" {{(pid=107717) __call__ /opt/stack/placement/placement/requestlog.py:55}}
Sep 02 21:06:01.137943 n-d-855664-1 devstack@placement-api.service[107717]: INFO placement.requestlog [req-17d5a2be-3930-4908-a6da-823a46fe252a req-df7732bf-e596-4d53-8191-224590133df7 service placement] 10.222.0.84 "GET /placement/allocations/bfa8861f-f667-4ef2-8246-22de74ee4ba4" status: 200 len: 259 microversion: 1.28
Sep 02 21:06:01.139500 n-d-855664-1 devstack@placement-api.service[107717]: [pid: 107717|app: 0|req: 529/1063] 10.222.0.84 () {60 vars in 1377 bytes} [Fri Sep 2 21:06:01 2022] GET /placement/allocations/bfa8861f-f667-4ef2-8246-22de74ee4ba4 => generated 259 bytes in 38 msecs (HTTP/1.1 200) 8 headers in 296 bytes (1 switches on core 0)
Sep 02 21:06:05.221998 n-d-855664-1 devstack@placement-api.service[107716]: DEBUG placement.requestlog [req-8033ae5d-6bd8-46e5-8f43-46de7131b7a8 req-ab9dd70a-31c4-43c8-be84-47e0cabb82cf None None] Starting request: 10.222.0.48 "GET /placement/allocation_candidates?limit=1000&resources=DISK_GB%3A1%2CMEMORY_MB%3A1024%2CVCPU%3A1&root_required=%21COMPUTE_STATUS_DISABLED" {{(pid=107716) __call__ /opt/stack/placement/placement/requestlog.py:55}}
Sep 02 21:06:05.352850 n-d-855664-1 devstack@placement-api.service[107716]: DEBUG placement.objects.research_context [req-8033ae5d-6bd8-46e5-8f43-46de7131b7a8 req-ab9dd70a-31c4-43c8-be84-47e0cabb82cf service placement] getting providers with 1 DISK_GB {{(pid=107716) __init__ /opt/stack/placement/placement/objects/research_context.py:136}}
Sep 02 21:06:05.371780 n-d-855664-1 devstack@placement-api.service[107716]: DEBUG placement.objects.research_context [req-8033ae5d-6bd8-46e5-8f43-46de7131b7a8 req-ab9dd70a-31c4-43c8-be84-47e0cabb82cf service placement] getting providers with 1024 MEMORY_MB {{(pid=107716) __init__ /opt/stack/placement/placement/objects/research_context.py:136}}
Sep 02 21:06:05.382336 n-d-855664-1 devstack@placement-api.service[107716]: DEBUG placement.objects.research_context [req-8033ae5d-6bd8-46e5-8f43-46de7131b7a8 req-ab9dd70a-31c4-43c8-be84-47e0cabb82cf service placement] getting providers with 1 VCPU {{(pid=107716) __init__ /opt/stack/placement/placement/objects/research_context.py:136}}
Sep 02 21:06:05.394872 n-d-855664-1 devstack@placement-api.service[107716]: DEBUG placement.objects.research_context [req-8033ae5d-6bd8-46e5-8f43-46de7131b7a8 req-ab9dd70a-31c4-43c8-be84-47e0cabb82cf service placement] found 2 providers with available 1 DISK_GB {{(pid=107716) get_provider_ids_matching /opt/stack/placement/placement/objects/research_context.py:563}}
Sep 02 21:06:05.395660 n-d-855664-1 devstack@placement-api.service[107716]: DEBUG placement.objects.research_context [req-8033ae5d-6bd8-46e5-8f43-46de7131b7a8 req-ab9dd70a-31c4-43c8-be84-47e0cabb82cf service placement] found 2 providers with available 1024 MEMORY_MB {{(pid=107716) get_provider_ids_matching /opt/stack/placement/placement/objects/research_context.py:563}}
Sep 02 21:06:05.400809 n-d-855664-1 devstack@placement-api.service[107716]: DEBUG placement.objects.research_context [req-8033ae5d-6bd8-46e5-8f43-46de7131b7a8 req-ab9dd70a-31c4-43c8-be84-47e0cabb82cf service placement] found 2 providers after filtering by previous result {{(pid=107716) get_provider_ids_matching /opt/stack/placement/placement/objects/research_context.py:594}}
Sep 02 21:06:05.401414 n-d-855664-1 devstack@placement-api.service[107716]: DEBUG placement.objects.research_context [req-8033ae5d-6bd8-46e5-8f43-46de7131b7a8 req-ab9dd70a-31c4-43c8-be84-47e0cabb82cf service placement] found 2 providers with available 1 VCPU {{(pid=107716) get_provider_ids_matching /opt/stack/placement/placement/objects/research_context.py:563}}
Sep 02 21:06:05.402034 n-d-855664-1 devstack@placement-api.service[107716]: DEBUG placement.objects.research_context [req-8033ae5d-6bd8-46e5-8f43-46de7131b7a8 req-ab9dd70a-31c4-43c8-be84-47e0cabb82cf service placement] found 2 providers after filtering by previous result {{(pid=107716) get_provider_ids_matching /opt/stack/placement/placement/objects/research_context.py:594}}
Sep 02 21:06:05.416897 n-d-855664-1 devstack@placement-api.service[107716]: DEBUG placement.objects.allocation_candidate [req-8033ae5d-6bd8-46e5-8f43-46de7131b7a8 req-ab9dd70a-31c4-43c8-be84-47e0cabb82cf service placement] RequestGroup(use_same_provider=False, resources={DISK_GB:1, MEMORY_MB:1024, VCPU:1}, traits=(), aggregates=[]) (suffix '') returned 2 matches {{(pid=107716) _get_by_requests /opt/stack/placement/placement/objects/allocation_candidate.py:156}}
Sep 02 21:06:05.417540 n-d-855664-1 devstack@placement-api.service[107716]: DEBUG placement.objects.allocation_candidate [req-8033ae5d-6bd8-46e5-8f43-46de7131b7a8 req-ab9dd70a-31c4-43c8-be84-47e0cabb82cf service placement] Merging candidates yields 2 allocation requests and 2 provider summaries {{(pid=107716) _merge_candidates /opt/stack/placement/placement/objects/allocation_candidate.py:809}}
Sep 02 21:06:05.419605 n-d-855664-1 devstack@placement-api.service[107716]: INFO placement.requestlog [req-8033ae5d-6bd8-46e5-8f43-46de7131b7a8 req-ab9dd70a-31c4-43c8-be84-47e0cabb82cf service placement] 10.222.0.48 "GET /placement/allocation_candidates?limit=1000&resources=DISK_GB%3A1%2CMEMORY_MB%3A1024%2CVCPU%3A1&root_required=%21COMPUTE_STATUS_DISABLED" status: 200 len: 1309 microversion: 1.36
Sep 02 21:06:05.432741 n-d-855664-1 devstack@placement-api.service[107716]: [pid: 107716|app: 0|req: 535/1064] 10.222.0.48 () {60 vars in 1506 bytes} [Fri Sep 2 21:06:05 2022] GET /placement/allocation_candidates?limit=1000&resources=DISK_GB%3A1%2CMEMORY_MB%3A1024%2CVCPU%3A1&root_required=%21COMPUTE_STATUS_DISABLED => generated 1309 bytes in 204 msecs (HTTP/1.1 200) 8 headers in 297 bytes (1 switches on core 0)
Sep 02 21:06:05.508476 n-d-855664-1 devstack@placement-api.service[107717]: DEBUG placement.requestlog [req-8033ae5d-6bd8-46e5-8f43-46de7131b7a8 req-cf3475df-7404-41b1-8982-ceb54c625e6f None None] Starting request: 10.222.0.48 "GET /placement/allocations/1691f174-6123-4e60-a750-70e2a9dd0290" {{(pid=107717) __call__ /opt/stack/placement/placement/requestlog.py:55}}
Sep 02 21:06:05.527741 n-d-855664-1 devstack@placement-api.service[107717]: INFO placement.requestlog [req-8033ae5d-6bd8-46e5-8f43-46de7131b7a8 req-cf3475df-7404-41b1-8982-ceb54c625e6f service placement] 10.222.0.48 "GET /placement/allocations/1691f174-6123-4e60-a750-70e2a9dd0290" status: 200 len: 19 microversion: 1.28
Sep 02 21:06:05.528029 n-d-855664-1 devstack@placement-api.service[107717]: [pid: 107717|app: 0|req: 530/1065] 10.222.0.48 () {60 vars in 1380 bytes} [Fri Sep 2 21:06:05 2022] GET /placement/allocations/1691f174-6123-4e60-a750-70e2a9dd0290 => generated 19 bytes in 20 msecs (HTTP/1.1 200) 8 headers in 295 bytes (2 switches on core 0)
Sep 02 21:06:05.536627 n-d-855664-1 devstack@placement-api.service[107716]: DEBUG placement.requestlog [req-8033ae5d-6bd8-46e5-8f43-46de7131b7a8 req-d8b6d1ee-70d2-493a-87f7-a7b5f953802a None None] Starting request: 10.222.0.48 "PUT /placement/allocations/1691f174-6123-4e60-a750-70e2a9dd0290" {{(pid=107716) __call__ /opt/stack/placement/placement/requestlog.py:55}}
Sep 02 21:06:05.596155 n-d-855664-1 devstack@placement-api.service[107716]: DEBUG dbcounter [-] [107716] Writing DB stats placement:SELECT=92,placement:INSERT=4,placement:DELETE=2,placement:UPDATE=2 {{(pid=107716) stat_writer /usr/local/lib/python3.8/dist-packages/dbcounter.py:114}}
Sep 02 21:06:05.710694 n-d-855664-1 devstack@placement-api.service[107716]: DEBUG placement.handlers.allocation [req-8033ae5d-6bd8-46e5-8f43-46de7131b7a8 req-d8b6d1ee-70d2-493a-87f7-a7b5f953802a service placement] Successfully wrote allocations [, , ] {{(pid=107716) _update_consumers_and_create_allocations /opt/stack/placement/placement/handlers/allocation.py:462}}
Sep 02 21:06:05.718296 n-d-855664-1 devstack@placement-api.service[107716]: INFO placement.requestlog [req-8033ae5d-6bd8-46e5-8f43-46de7131b7a8 req-d8b6d1ee-70d2-493a-87f7-a7b5f953802a service placement] 10.222.0.48 "PUT /placement/allocations/1691f174-6123-4e60-a750-70e2a9dd0290" status: 204 len: 0 microversion: 1.36
Sep 02 21:06:05.718666 n-d-855664-1 devstack@placement-api.service[107716]: [pid: 107716|app: 0|req: 536/1066] 10.222.0.48 () {64 vars in 1433 bytes} [Fri Sep 2 21:06:05 2022] PUT /placement/allocations/1691f174-6123-4e60-a750-70e2a9dd0290 => generated 0 bytes in 183 msecs (HTTP/1.1 204) 5 headers in 199 bytes (1 switches on core 0)
Sep 02 21:06:06.291666 n-d-855664-1 devstack@placement-api.service[107717]: DEBUG placement.requestlog [req-8033ae5d-6bd8-46e5-8f43-46de7131b7a8 req-54d33f87-cede-4c0f-b7f3-7b276652e9cb None None] Starting request: 10.222.0.76 "GET /placement/allocations/1691f174-6123-4e60-a750-70e2a9dd0290" {{(pid=107717) __call__ /opt/stack/placement/placement/requestlog.py:55}}
Sep 02 21:06:06.323392 n-d-855664-1 devstack@placement-api.service[107717]: INFO placement.requestlog [req-8033ae5d-6bd8-46e5-8f43-46de7131b7a8 req-54d33f87-cede-4c0f-b7f3-7b276652e9cb service placement] 10.222.0.76 "GET /placement/allocations/1691f174-6123-4e60-a750-70e2a9dd0290" status: 200 len: 259 microversion: 1.28
Sep 02 21:06:06.324599 n-d-855664-1 devstack@placement-api.service[107717]: [pid: 107717|app: 0|req: 531/1067] 10.222.0.76 () {60 vars in 1377 bytes} [Fri Sep 2 21:06:06 2022] GET /placement/allocations/1691f174-6123-4e60-a750-70e2a9dd0290 => generated 259 bytes in 33 msecs (HTTP/1.1 200) 8 headers in 296 bytes (1 switches on core 0)
Sep 02 21:06:06.550890 n-d-855664-1 devstack@placement-api.service[107716]: DEBUG placement.requestlog [req-8033ae5d-6bd8-46e5-8f43-46de7131b7a8 req-8c449599-24d4-41d7-b643-fdc455baca3e None None] Starting request: 10.222.0.76 "GET /placement/resource_providers/30058786-b1f4-4ed3-8039-35037735ce89/allocations" {{(pid=107716) __call__ /opt/stack/placement/placement/requestlog.py:55}}
Sep 02 21:06:06.586254 n-d-855664-1 devstack@placement-api.service[107716]: INFO placement.requestlog [req-8033ae5d-6bd8-46e5-8f43-46de7131b7a8 req-8c449599-24d4-41d7-b643-fdc455baca3e service placement] 10.222.0.76 "GET /placement/resource_providers/30058786-b1f4-4ed3-8039-35037735ce89/allocations" status: 200 len: 948 microversion: 1.0
Sep 02 21:06:06.587413 n-d-855664-1 devstack@placement-api.service[107716]: [pid: 107716|app: 0|req: 537/1068] 10.222.0.76 () {58 vars in 1390 bytes} [Fri Sep 2 21:06:06 2022] GET /placement/resource_providers/30058786-b1f4-4ed3-8039-35037735ce89/allocations => generated 948 bytes in 37 msecs (HTTP/1.1 200) 6 headers in 224 bytes (1 switches on core 0)
Sep 02 21:06:06.602154 n-d-855664-1 devstack@placement-api.service[107717]: DEBUG placement.requestlog [req-8033ae5d-6bd8-46e5-8f43-46de7131b7a8 req-6103b4a8-ff90-478b-a044-c2b3857dcd73 None None] Starting request: 10.222.0.76 "GET /placement/allocations/a6bb3dca-496a-43c2-9ec5-4ff1d587df4f" {{(pid=107717) __call__ /opt/stack/placement/placement/requestlog.py:55}}
Sep 02 21:06:06.630235 n-d-855664-1 devstack@placement-api.service[107717]: INFO placement.requestlog [req-8033ae5d-6bd8-46e5-8f43-46de7131b7a8 req-6103b4a8-ff90-478b-a044-c2b3857dcd73 service placement] 10.222.0.76 "GET /placement/allocations/a6bb3dca-496a-43c2-9ec5-4ff1d587df4f" status: 200 len: 259 microversion: 1.28
Sep 02 21:06:06.633427 n-d-855664-1 devstack@placement-api.service[107717]: [pid: 107717|app: 0|req: 532/1069] 10.222.0.76 () {60 vars in 1377 bytes} [Fri Sep 2 21:06:06 2022] GET /placement/allocations/a6bb3dca-496a-43c2-9ec5-4ff1d587df4f => generated 259 bytes in 31 msecs (HTTP/1.1 200) 8 headers in 296 bytes (1 switches on core 0)
Sep 02 21:06:06.648129 n-d-855664-1 devstack@placement-api.service[107716]: DEBUG placement.requestlog [req-8033ae5d-6bd8-46e5-8f43-46de7131b7a8 req-d25f07f2-16c7-49a2-a36b-e77759efc3e5 None None] Starting request: 10.222.0.76 "GET /placement/allocations/89d32ae1-5732-4527-a1e1-d3b5042bcd7a" {{(pid=107716) __call__ /opt/stack/placement/placement/requestlog.py:55}}
Sep 02 21:06:06.680897 n-d-855664-1 devstack@placement-api.service[107716]: INFO placement.requestlog [req-8033ae5d-6bd8-46e5-8f43-46de7131b7a8 req-d25f07f2-16c7-49a2-a36b-e77759efc3e5 service placement] 10.222.0.76 "GET /placement/allocations/89d32ae1-5732-4527-a1e1-d3b5042bcd7a" status: 200 len: 245 microversion: 1.28
Sep 02 21:06:06.682152 n-d-855664-1 devstack@placement-api.service[107716]: [pid: 107716|app: 0|req: 538/1070] 10.222.0.76 () {60 vars in 1377 bytes} [Fri Sep 2 21:06:06 2022] GET /placement/allocations/89d32ae1-5732-4527-a1e1-d3b5042bcd7a => generated 245 bytes in 35 msecs (HTTP/1.1 200) 8 headers in 296 bytes (1 switches on core 0)
Sep 02 21:06:06.692032 n-d-855664-1 devstack@placement-api.service[107717]: DEBUG placement.requestlog [req-8033ae5d-6bd8-46e5-8f43-46de7131b7a8 req-711444ac-8ee7-4927-b218-c9ed9f3b173f None None] Starting request: 10.222.0.76 "GET /placement/allocations/d298a965-a255-4748-9c50-9229cb885e10" {{(pid=107717) __call__ /opt/stack/placement/placement/requestlog.py:55}}
Sep 02 21:06:06.718544 n-d-855664-1 devstack@placement-api.service[107717]: INFO placement.requestlog [req-8033ae5d-6bd8-46e5-8f43-46de7131b7a8 req-711444ac-8ee7-4927-b218-c9ed9f3b173f service placement] 10.222.0.76 "GET /placement/allocations/d298a965-a255-4748-9c50-9229cb885e10" status: 200 len: 259 microversion: 1.28
Sep 02 21:06:06.719596 n-d-855664-1 devstack@placement-api.service[107717]: [pid: 107717|app: 0|req: 533/1071] 10.222.0.76 () {60 vars in 1377 bytes} [Fri Sep 2 21:06:06 2022] GET /placement/allocations/d298a965-a255-4748-9c50-9229cb885e10 => generated 259 bytes in 28 msecs (HTTP/1.1 200) 8 headers in 296 bytes (1 switches on core 0)
Sep 02 21:06:06.730546 n-d-855664-1 devstack@placement-api.service[107716]: DEBUG placement.requestlog [req-8033ae5d-6bd8-46e5-8f43-46de7131b7a8 req-290fd83c-f9a8-433e-af74-a42bd2e88a58 None None] Starting request: 10.222.0.76 "GET /placement/allocations/e643ee22-51b6-45ec-956e-fd1ae8d2e673" {{(pid=107716) __call__ /opt/stack/placement/placement/requestlog.py:55}}
Sep 02 21:06:06.756587 n-d-855664-1 devstack@placement-api.service[107716]: INFO placement.requestlog [req-8033ae5d-6bd8-46e5-8f43-46de7131b7a8 req-290fd83c-f9a8-433e-af74-a42bd2e88a58 service placement] 10.222.0.76 "GET /placement/allocations/e643ee22-51b6-45ec-956e-fd1ae8d2e673" status: 200 len: 259 microversion: 1.28
Sep 02 21:06:06.757332 n-d-855664-1 devstack@placement-api.service[107716]: [pid: 107716|app: 0|req: 539/1072] 10.222.0.76 () {60 vars in 1377 bytes} [Fri Sep 2 21:06:06 2022] GET /placement/allocations/e643ee22-51b6-45ec-956e-fd1ae8d2e673 => generated 259 bytes in 27 msecs (HTTP/1.1 200) 8 headers in 296 bytes (1 switches on core 0)
Sep 02 21:06:06.769599 n-d-855664-1 devstack@placement-api.service[107717]: DEBUG placement.requestlog [req-8033ae5d-6bd8-46e5-8f43-46de7131b7a8 req-7d8d429d-531a-4a6f-8343-2c583a39cf7b None None] Starting request: 10.222.0.76 "GET /placement/allocations/35aa1194-e3b4-47c5-9022-bd03e6eb0e5e" {{(pid=107717) __call__ /opt/stack/placement/placement/requestlog.py:55}}
Sep 02 21:06:06.804387 n-d-855664-1 devstack@placement-api.service[107717]: INFO placement.requestlog [req-8033ae5d-6bd8-46e5-8f43-46de7131b7a8 req-7d8d429d-531a-4a6f-8343-2c583a39cf7b service placement] 10.222.0.76 "GET /placement/allocations/35aa1194-e3b4-47c5-9022-bd03e6eb0e5e" status: 200 len: 259 microversion: 1.28
Sep 02 21:06:06.805067 n-d-855664-1 devstack@placement-api.service[107717]: [pid: 107717|app: 0|req: 534/1073] 10.222.0.76 () {60 vars in 1377 bytes} [Fri Sep 2 21:06:06 2022] GET /placement/allocations/35aa1194-e3b4-47c5-9022-bd03e6eb0e5e => generated 259 bytes in 36 msecs (HTTP/1.1 200) 8 headers in 296 bytes (1 switches on core 0)
Sep 02 21:06:06.819949 n-d-855664-1 devstack@placement-api.service[107716]: DEBUG placement.requestlog [req-8033ae5d-6bd8-46e5-8f43-46de7131b7a8 req-12eab99e-9653-4be7-9d10-63caa3890a01 None None] Starting request: 10.222.0.76 "GET /placement/allocations/1691f174-6123-4e60-a750-70e2a9dd0290" {{(pid=107716) __call__ /opt/stack/placement/placement/requestlog.py:55}}
Sep 02 21:06:06.841438 n-d-855664-1 devstack@placement-api.service[107716]: INFO placement.requestlog [req-8033ae5d-6bd8-46e5-8f43-46de7131b7a8 req-12eab99e-9653-4be7-9d10-63caa3890a01 service placement] 10.222.0.76 "GET /placement/allocations/1691f174-6123-4e60-a750-70e2a9dd0290" status: 200 len: 259 microversion: 1.28
Sep 02 21:06:06.842449 n-d-855664-1 devstack@placement-api.service[107716]: [pid: 107716|app: 0|req: 540/1074] 10.222.0.76 () {60 vars in 1377 bytes} [Fri Sep 2 21:06:06 2022] GET /placement/allocations/1691f174-6123-4e60-a750-70e2a9dd0290 => generated 259 bytes in 23 msecs (HTTP/1.1 200) 8 headers in 296 bytes (1 switches on core 0)
Sep 02 21:06:06.853971 n-d-855664-1 devstack@placement-api.service[107717]: DEBUG placement.requestlog [req-8033ae5d-6bd8-46e5-8f43-46de7131b7a8 req-7f27cdeb-13a2-443d-9650-94c117542a8e None None] Starting request: 10.222.0.76 "GET /placement/allocations/9871631a-1aa3-4e9e-b1b7-1e6df52e425c" {{(pid=107717) __call__ /opt/stack/placement/placement/requestlog.py:55}}
Sep 02 21:06:06.878661 n-d-855664-1 devstack@placement-api.service[107717]: INFO placement.requestlog [req-8033ae5d-6bd8-46e5-8f43-46de7131b7a8 req-7f27cdeb-13a2-443d-9650-94c117542a8e service placement] 10.222.0.76 "GET /placement/allocations/9871631a-1aa3-4e9e-b1b7-1e6df52e425c" status: 200 len: 259 microversion: 1.28
Sep 02 21:06:06.879050 n-d-855664-1 devstack@placement-api.service[107717]: [pid: 107717|app: 0|req: 535/1075] 10.222.0.76 () {60 vars in 1377 bytes} [Fri Sep 2 21:06:06 2022] GET /placement/allocations/9871631a-1aa3-4e9e-b1b7-1e6df52e425c => generated 259 bytes in 25 msecs (HTTP/1.1 200) 8 headers in 296 bytes (1 switches on core 0)
Sep 02 21:06:06.887410 n-d-855664-1 devstack@placement-api.service[107716]: DEBUG placement.requestlog [req-8033ae5d-6bd8-46e5-8f43-46de7131b7a8 req-57ea1918-2e56-4b39-b46b-66db92480bda None None] Starting request: 10.222.0.76 "GET /placement/allocations/0d875efd-486d-41b7-adf1-99f9129db84b" {{(pid=107716) __call__ /opt/stack/placement/placement/requestlog.py:55}}
Sep 02 21:06:06.914537 n-d-855664-1 devstack@placement-api.service[107716]: INFO placement.requestlog [req-8033ae5d-6bd8-46e5-8f43-46de7131b7a8 req-57ea1918-2e56-4b39-b46b-66db92480bda service placement] 10.222.0.76 "GET /placement/allocations/0d875efd-486d-41b7-adf1-99f9129db84b" status: 200 len: 259 microversion: 1.28
Sep 02 21:06:06.915228 n-d-855664-1 devstack@placement-api.service[107716]: [pid: 107716|app: 0|req: 541/1076] 10.222.0.76 () {60 vars in 1377 bytes} [Fri Sep 2 21:06:06 2022] GET /placement/allocations/0d875efd-486d-41b7-adf1-99f9129db84b => generated 259 bytes in 28 msecs (HTTP/1.1 200) 8 headers in 296 bytes (1 switches on core 0)
Sep 02 21:06:06.925421 n-d-855664-1 devstack@placement-api.service[107717]: DEBUG placement.requestlog [req-8033ae5d-6bd8-46e5-8f43-46de7131b7a8 req-30af5502-d181-422d-8979-cfb841e6eea2 None None] Starting request: 10.222.0.76 "GET /placement/allocations/8e1ae3d8-ad50-48a8-877c-13fcd9ad2b31" {{(pid=107717) __call__ /opt/stack/placement/placement/requestlog.py:55}}
Sep 02 21:06:06.953574 n-d-855664-1 devstack@placement-api.service[107717]: INFO placement.requestlog [req-8033ae5d-6bd8-46e5-8f43-46de7131b7a8 req-30af5502-d181-422d-8979-cfb841e6eea2 service placement] 10.222.0.76 "GET /placement/allocations/8e1ae3d8-ad50-48a8-877c-13fcd9ad2b31" status: 200 len: 259 microversion: 1.28
Sep 02 21:06:06.953893 n-d-855664-1 devstack@placement-api.service[107717]: [pid: 107717|app: 0|req: 536/1077] 10.222.0.76 () {60 vars in 1377 bytes} [Fri Sep 2 21:06:06 2022] GET /placement/allocations/8e1ae3d8-ad50-48a8-877c-13fcd9ad2b31 => generated 259 bytes in 29 msecs (HTTP/1.1 200) 8 headers in 296 bytes (1 switches on core 0)
Sep 02 21:06:07.361486 n-d-855664-1 devstack@placement-api.service[107716]: DEBUG placement.requestlog [None req-2c35318a-3ae2-4479-86a8-0d036f929a6e None None] Starting request: 10.222.0.48 "GET /placement/resource_providers/8bb77a86-d13f-4cc4-b95b-5627f22cb9ae/aggregates" {{(pid=107716) __call__ /opt/stack/placement/placement/requestlog.py:55}}
Sep 02 21:06:07.701972 n-d-855664-1 devstack@placement-api.service[107716]: INFO placement.requestlog [None req-2c35318a-3ae2-4479-86a8-0d036f929a6e service placement] 10.222.0.48 "GET /placement/resource_providers/8bb77a86-d13f-4cc4-b95b-5627f22cb9ae/aggregates" status: 404 len: 235 microversion: 1.1
Sep 02 21:06:07.705007 n-d-855664-1 devstack@placement-api.service[107716]: [pid: 107716|app: 0|req: 542/1078] 10.222.0.48 () {58 vars in 1362 bytes} [Fri Sep 2 21:06:07 2022] GET /placement/resource_providers/8bb77a86-d13f-4cc4-b95b-5627f22cb9ae/aggregates => generated 235 bytes in 344 msecs (HTTP/1.1 404) 5 headers in 202 bytes (1 switches on core 0)
Sep 02 21:06:07.775942 n-d-855664-1 devstack@placement-api.service[107717]: DEBUG placement.requestlog [None req-bacc0617-479b-450c-af72-3d93df71dcb9 None None] Starting request: 10.222.0.48 "DELETE /placement/resource_providers/8bb77a86-d13f-4cc4-b95b-5627f22cb9ae" {{(pid=107717) __call__ /opt/stack/placement/placement/requestlog.py:55}}
Sep 02 21:06:07.792586 n-d-855664-1 devstack@placement-api.service[107717]: DEBUG placement.wsgi_wrapper [None req-bacc0617-479b-450c-af72-3d93df71dcb9 service placement] Placement API returning an error response: No resource provider with uuid 8bb77a86-d13f-4cc4-b95b-5627f22cb9ae found for delete {{(pid=107717) call_func /opt/stack/placement/placement/wsgi_wrapper.py:31}}
Sep 02 21:06:07.796072 n-d-855664-1 devstack@placement-api.service[107717]: INFO placement.requestlog [None req-bacc0617-479b-450c-af72-3d93df71dcb9 service placement] 10.222.0.48 "DELETE /placement/resource_providers/8bb77a86-d13f-4cc4-b95b-5627f22cb9ae" status: 404 len: 246 microversion: 1.1
Sep 02 21:06:07.803359 n-d-855664-1 devstack@placement-api.service[107717]: [pid: 107717|app: 0|req: 537/1079] 10.222.0.48 () {60 vars in 1351 bytes} [Fri Sep 2 21:06:07 2022] DELETE /placement/resource_providers/8bb77a86-d13f-4cc4-b95b-5627f22cb9ae => generated 246 bytes in 28 msecs (HTTP/1.1 404) 6 headers in 231 bytes (1 switches on core 0)
Sep 02 21:06:08.008453 n-d-855664-1 devstack@placement-api.service[107716]: DEBUG placement.requestlog [req-4b61893f-924b-44c1-8141-8c011a155f3a req-62a11e41-0ea1-479d-9047-53fed76c7fd5 None None] Starting request: 10.222.0.48 "GET /placement/allocation_candidates?limit=1000&resources=DISK_GB%3A1%2CMEMORY_MB%3A1024%2CVCPU%3A1&root_required=%21COMPUTE_STATUS_DISABLED" {{(pid=107716) __call__ /opt/stack/placement/placement/requestlog.py:55}}
Sep 02 21:06:08.137730 n-d-855664-1 devstack@placement-api.service[107716]: DEBUG placement.objects.research_context [req-4b61893f-924b-44c1-8141-8c011a155f3a req-62a11e41-0ea1-479d-9047-53fed76c7fd5 service placement] getting providers with 1 DISK_GB {{(pid=107716) __init__ /opt/stack/placement/placement/objects/research_context.py:136}}
Sep 02 21:06:08.148009 n-d-855664-1 devstack@placement-api.service[107716]: DEBUG placement.objects.research_context [req-4b61893f-924b-44c1-8141-8c011a155f3a req-62a11e41-0ea1-479d-9047-53fed76c7fd5 service placement] getting providers with 1024 MEMORY_MB {{(pid=107716) __init__ /opt/stack/placement/placement/objects/research_context.py:136}}
Sep 02 21:06:08.163814 n-d-855664-1 devstack@placement-api.service[107716]: DEBUG placement.objects.research_context [req-4b61893f-924b-44c1-8141-8c011a155f3a req-62a11e41-0ea1-479d-9047-53fed76c7fd5 service placement] getting providers with 1 VCPU {{(pid=107716) __init__ /opt/stack/placement/placement/objects/research_context.py:136}}
Sep 02 21:06:08.177978 n-d-855664-1 devstack@placement-api.service[107716]: DEBUG placement.objects.research_context [req-4b61893f-924b-44c1-8141-8c011a155f3a req-62a11e41-0ea1-479d-9047-53fed76c7fd5 service placement] found 2 providers with available 1 DISK_GB {{(pid=107716) get_provider_ids_matching /opt/stack/placement/placement/objects/research_context.py:563}}
Sep 02 21:06:08.178543 n-d-855664-1 devstack@placement-api.service[107716]: DEBUG placement.objects.research_context [req-4b61893f-924b-44c1-8141-8c011a155f3a req-62a11e41-0ea1-479d-9047-53fed76c7fd5 service placement] found 2 providers with available 1024 MEMORY_MB {{(pid=107716) get_provider_ids_matching /opt/stack/placement/placement/objects/research_context.py:563}}
Sep 02 21:06:08.178981 n-d-855664-1 devstack@placement-api.service[107716]: DEBUG placement.objects.research_context [req-4b61893f-924b-44c1-8141-8c011a155f3a req-62a11e41-0ea1-479d-9047-53fed76c7fd5 service placement] found 2 providers after filtering by previous result {{(pid=107716) get_provider_ids_matching /opt/stack/placement/placement/objects/research_context.py:594}}
Sep 02 21:06:08.179424 n-d-855664-1 devstack@placement-api.service[107716]: DEBUG placement.objects.research_context [req-4b61893f-924b-44c1-8141-8c011a155f3a req-62a11e41-0ea1-479d-9047-53fed76c7fd5 service placement] found 2 providers with available 1 VCPU {{(pid=107716) get_provider_ids_matching /opt/stack/placement/placement/objects/research_context.py:563}}
Sep 02 21:06:08.179870 n-d-855664-1 devstack@placement-api.service[107716]: DEBUG placement.objects.research_context [req-4b61893f-924b-44c1-8141-8c011a155f3a req-62a11e41-0ea1-479d-9047-53fed76c7fd5 service placement] found 2 providers after filtering by previous result {{(pid=107716) get_provider_ids_matching /opt/stack/placement/placement/objects/research_context.py:594}}
Sep 02 21:06:08.210813 n-d-855664-1 devstack@placement-api.service[107716]: DEBUG placement.objects.allocation_candidate [req-4b61893f-924b-44c1-8141-8c011a155f3a req-62a11e41-0ea1-479d-9047-53fed76c7fd5 service placement] RequestGroup(use_same_provider=False, resources={DISK_GB:1, MEMORY_MB:1024, VCPU:1}, traits=(), aggregates=[]) (suffix '') returned 2 matches {{(pid=107716) _get_by_requests /opt/stack/placement/placement/objects/allocation_candidate.py:156}}
Sep 02 21:06:08.211198 n-d-855664-1 devstack@placement-api.service[107716]: DEBUG placement.objects.allocation_candidate [req-4b61893f-924b-44c1-8141-8c011a155f3a req-62a11e41-0ea1-479d-9047-53fed76c7fd5 service placement] Merging candidates yields 2 allocation requests and 2 provider summaries {{(pid=107716) _merge_candidates /opt/stack/placement/placement/objects/allocation_candidate.py:809}}
Sep 02 21:06:08.213131 n-d-855664-1 devstack@placement-api.service[107716]: INFO placement.requestlog [req-4b61893f-924b-44c1-8141-8c011a155f3a req-62a11e41-0ea1-479d-9047-53fed76c7fd5 service placement] 10.222.0.48 "GET /placement/allocation_candidates?limit=1000&resources=DISK_GB%3A1%2CMEMORY_MB%3A1024%2CVCPU%3A1&root_required=%21COMPUTE_STATUS_DISABLED" status: 200 len: 1309 microversion: 1.36
