Oct 17 15:37:14.728112 n-d-855654-2 devstack@n-api.service[116450]: DEBUG oslo_db.sqlalchemy.engines [None req-d11319dd-fe19-4e5a-a1a3-f468dd04257c None None] MySQL server mode set to STRICT_TRANS_TABLES,STRICT_ALL_TABLES,NO_ZERO_IN_DATE,NO_ZERO_DATE,ERROR_FOR_DIVISION_BY_ZERO,TRADITIONAL,NO_ENGINE_SUBSTITUTION {{(pid=116450) _check_effective_sql_mode /usr/local/lib/python3.8/dist-packages/oslo_db/sqlalchemy/engines.py:314}}
Oct 17 15:37:14.729952 n-d-855654-2 devstack@n-api.service[116451]: DEBUG oslo_db.sqlalchemy.engines [None req-f8e30319-7671-4c6c-a949-38ff8810f727 None None] MySQL server mode set to STRICT_TRANS_TABLES,STRICT_ALL_TABLES,NO_ZERO_IN_DATE,NO_ZERO_DATE,ERROR_FOR_DIVISION_BY_ZERO,TRADITIONAL,NO_ENGINE_SUBSTITUTION {{(pid=116451) _check_effective_sql_mode /usr/local/lib/python3.8/dist-packages/oslo_db/sqlalchemy/engines.py:314}}
Oct 17 15:37:14.735190 n-d-855654-2 devstack@n-api.service[116450]: DEBUG dbcounter [-] [116450] Writer thread running {{(pid=116450) stat_writer /usr/local/lib/python3.8/dist-packages/dbcounter.py:99}}
Oct 17 15:37:14.736710 n-d-855654-2 devstack@n-api.service[116451]: DEBUG dbcounter [-] [116451] Writer thread running {{(pid=116451) stat_writer /usr/local/lib/python3.8/dist-packages/dbcounter.py:99}}
Oct 17 15:37:14.795380 n-d-855654-2 devstack@n-api.service[116450]: DEBUG nova.context [None req-d11319dd-fe19-4e5a-a1a3-f468dd04257c None None] Found 2 cells: 00000000-0000-0000-0000-000000000000(cell0),ab4357b0-5887-4444-951e-3539f7212f58(cell1) {{(pid=116450) load_cells /opt/stack/nova/nova/context.py:464}}
Oct 17 15:37:14.799386 n-d-855654-2 devstack@n-api.service[116450]: DEBUG oslo_concurrency.lockutils [None req-d11319dd-fe19-4e5a-a1a3-f468dd04257c None None] Acquiring lock "00000000-0000-0000-0000-000000000000" by "nova.context.set_target_cell..get_or_set_cached_cell_and_set_connections" {{(pid=116450) inner /usr/local/lib/python3.8/dist-packages/oslo_concurrency/lockutils.py:404}}
Oct 17 15:37:14.799697 n-d-855654-2 devstack@n-api.service[116451]: DEBUG nova.context [None req-f8e30319-7671-4c6c-a949-38ff8810f727 None None] Found 2 cells: 00000000-0000-0000-0000-000000000000(cell0),ab4357b0-5887-4444-951e-3539f7212f58(cell1) {{(pid=116451) load_cells /opt/stack/nova/nova/context.py:464}}
Oct 17 15:37:14.799868 n-d-855654-2 devstack@n-api.service[116450]: DEBUG oslo_concurrency.lockutils [None req-d11319dd-fe19-4e5a-a1a3-f468dd04257c None None] Lock "00000000-0000-0000-0000-000000000000" acquired by "nova.context.set_target_cell..get_or_set_cached_cell_and_set_connections" :: waited 0.001s {{(pid=116450) inner /usr/local/lib/python3.8/dist-packages/oslo_concurrency/lockutils.py:409}}
Oct 17 15:37:14.801999 n-d-855654-2 devstack@n-api.service[116450]: DEBUG oslo_concurrency.lockutils [None req-d11319dd-fe19-4e5a-a1a3-f468dd04257c None None] Lock "00000000-0000-0000-0000-000000000000" "released" by "nova.context.set_target_cell..get_or_set_cached_cell_and_set_connections" :: held 0.002s {{(pid=116450) inner /usr/local/lib/python3.8/dist-packages/oslo_concurrency/lockutils.py:423}}
Oct 17 15:37:14.802784 n-d-855654-2 devstack@n-api.service[116450]: DEBUG oslo_concurrency.lockutils [None req-d11319dd-fe19-4e5a-a1a3-f468dd04257c None None] Acquiring lock "ab4357b0-5887-4444-951e-3539f7212f58" by "nova.context.set_target_cell..get_or_set_cached_cell_and_set_connections" {{(pid=116450) inner /usr/local/lib/python3.8/dist-packages/oslo_concurrency/lockutils.py:404}}
Oct 17 15:37:14.803239 n-d-855654-2 devstack@n-api.service[116450]: DEBUG oslo_concurrency.lockutils [None req-d11319dd-fe19-4e5a-a1a3-f468dd04257c None None] Lock "ab4357b0-5887-4444-951e-3539f7212f58" acquired by "nova.context.set_target_cell..get_or_set_cached_cell_and_set_connections" :: waited 0.000s {{(pid=116450) inner /usr/local/lib/python3.8/dist-packages/oslo_concurrency/lockutils.py:409}}
Oct 17 15:37:14.804498 n-d-855654-2 devstack@n-api.service[116451]: DEBUG oslo_concurrency.lockutils [None req-f8e30319-7671-4c6c-a949-38ff8810f727 None None] Acquiring lock "00000000-0000-0000-0000-000000000000" by "nova.context.set_target_cell..get_or_set_cached_cell_and_set_connections" {{(pid=116451) inner /usr/local/lib/python3.8/dist-packages/oslo_concurrency/lockutils.py:404}}
Oct 17 15:37:14.804977 n-d-855654-2 devstack@n-api.service[116451]: DEBUG oslo_concurrency.lockutils [None req-f8e30319-7671-4c6c-a949-38ff8810f727 None None] Lock "00000000-0000-0000-0000-000000000000" acquired by "nova.context.set_target_cell..get_or_set_cached_cell_and_set_connections" :: waited 0.001s {{(pid=116451) inner /usr/local/lib/python3.8/dist-packages/oslo_concurrency/lockutils.py:409}}
Oct 17 15:37:14.805240 n-d-855654-2 devstack@n-api.service[116450]: DEBUG oslo_concurrency.lockutils [None req-d11319dd-fe19-4e5a-a1a3-f468dd04257c None None] Lock "ab4357b0-5887-4444-951e-3539f7212f58" "released" by "nova.context.set_target_cell..get_or_set_cached_cell_and_set_connections" :: held 0.002s {{(pid=116450) inner /usr/local/lib/python3.8/dist-packages/oslo_concurrency/lockutils.py:423}}
Oct 17 15:37:14.806569 n-d-855654-2 devstack@n-api.service[116451]: DEBUG oslo_concurrency.lockutils [None req-f8e30319-7671-4c6c-a949-38ff8810f727 None None] Lock "00000000-0000-0000-0000-000000000000" "released" by "nova.context.set_target_cell..get_or_set_cached_cell_and_set_connections" :: held 0.002s {{(pid=116451) inner /usr/local/lib/python3.8/dist-packages/oslo_concurrency/lockutils.py:423}}
Oct 17 15:37:14.807358 n-d-855654-2 devstack@n-api.service[116450]: INFO dbcounter [None req-d11319dd-fe19-4e5a-a1a3-f468dd04257c None None] Registered counter for database nova_cell0
Oct 17 15:37:14.807458 n-d-855654-2 devstack@n-api.service[116451]: DEBUG oslo_concurrency.lockutils [None req-f8e30319-7671-4c6c-a949-38ff8810f727 None None] Acquiring lock "ab4357b0-5887-4444-951e-3539f7212f58" by "nova.context.set_target_cell..get_or_set_cached_cell_and_set_connections" {{(pid=116451) inner /usr/local/lib/python3.8/dist-packages/oslo_concurrency/lockutils.py:404}}
Oct 17 15:37:14.807745 n-d-855654-2 devstack@n-api.service[116451]: DEBUG oslo_concurrency.lockutils [None req-f8e30319-7671-4c6c-a949-38ff8810f727 None None] Lock "ab4357b0-5887-4444-951e-3539f7212f58" acquired by "nova.context.set_target_cell..get_or_set_cached_cell_and_set_connections" :: waited 0.000s {{(pid=116451) inner /usr/local/lib/python3.8/dist-packages/oslo_concurrency/lockutils.py:409}}
Oct 17 15:37:14.809734 n-d-855654-2 devstack@n-api.service[116451]: DEBUG oslo_concurrency.lockutils [None req-f8e30319-7671-4c6c-a949-38ff8810f727 None None] Lock "ab4357b0-5887-4444-951e-3539f7212f58" "released" by "nova.context.set_target_cell..get_or_set_cached_cell_and_set_connections" :: held 0.002s {{(pid=116451) inner /usr/local/lib/python3.8/dist-packages/oslo_concurrency/lockutils.py:423}}
Oct 17 15:37:14.811511 n-d-855654-2 devstack@n-api.service[116450]: INFO dbcounter [None req-d11319dd-fe19-4e5a-a1a3-f468dd04257c None None] Registered counter for database nova_cell1
Oct 17 15:37:14.811780 n-d-855654-2 devstack@n-api.service[116451]: INFO dbcounter [None req-f8e30319-7671-4c6c-a949-38ff8810f727 None None] Registered counter for database nova_cell0
Oct 17 15:37:14.816083 n-d-855654-2 devstack@n-api.service[116451]: INFO dbcounter [None req-f8e30319-7671-4c6c-a949-38ff8810f727 None None] Registered counter for database nova_cell1
Oct 17 15:37:14.819897 n-d-855654-2 devstack@n-api.service[116450]: DEBUG oslo_db.sqlalchemy.engines [None req-d11319dd-fe19-4e5a-a1a3-f468dd04257c None None] MySQL server mode set to STRICT_TRANS_TABLES,STRICT_ALL_TABLES,NO_ZERO_IN_DATE,NO_ZERO_DATE,ERROR_FOR_DIVISION_BY_ZERO,TRADITIONAL,NO_ENGINE_SUBSTITUTION {{(pid=116450) _check_effective_sql_mode /usr/local/lib/python3.8/dist-packages/oslo_db/sqlalchemy/engines.py:314}}
Oct 17 15:37:14.823509 n-d-855654-2 devstack@n-api.service[116450]: DEBUG oslo_db.sqlalchemy.engines [None req-d11319dd-fe19-4e5a-a1a3-f468dd04257c None None] MySQL server mode set to STRICT_TRANS_TABLES,STRICT_ALL_TABLES,NO_ZERO_IN_DATE,NO_ZERO_DATE,ERROR_FOR_DIVISION_BY_ZERO,TRADITIONAL,NO_ENGINE_SUBSTITUTION {{(pid=116450) _check_effective_sql_mode /usr/local/lib/python3.8/dist-packages/oslo_db/sqlalchemy/engines.py:314}}
Oct 17 15:37:14.824230 n-d-855654-2 devstack@n-api.service[116451]: DEBUG oslo_db.sqlalchemy.engines [None req-f8e30319-7671-4c6c-a949-38ff8810f727 None None] MySQL server mode set to STRICT_TRANS_TABLES,STRICT_ALL_TABLES,NO_ZERO_IN_DATE,NO_ZERO_DATE,ERROR_FOR_DIVISION_BY_ZERO,TRADITIONAL,NO_ENGINE_SUBSTITUTION {{(pid=116451) _check_effective_sql_mode /usr/local/lib/python3.8/dist-packages/oslo_db/sqlalchemy/engines.py:314}}
Oct 17 15:37:14.826478 n-d-855654-2 devstack@n-api.service[116451]: DEBUG oslo_db.sqlalchemy.engines [None req-f8e30319-7671-4c6c-a949-38ff8810f727 None None] MySQL server mode set to STRICT_TRANS_TABLES,STRICT_ALL_TABLES,NO_ZERO_IN_DATE,NO_ZERO_DATE,ERROR_FOR_DIVISION_BY_ZERO,TRADITIONAL,NO_ENGINE_SUBSTITUTION {{(pid=116451) _check_effective_sql_mode /usr/local/lib/python3.8/dist-packages/oslo_db/sqlalchemy/engines.py:314}}
Oct 17 15:37:14.826981 n-d-855654-2 devstack@n-api.service[116450]: DEBUG dbcounter [-] [116450] Writer thread running {{(pid=116450) stat_writer /usr/local/lib/python3.8/dist-packages/dbcounter.py:99}}
Oct 17 15:37:14.831664 n-d-855654-2 devstack@n-api.service[116451]: DEBUG dbcounter [-] [116451] Writer thread running {{(pid=116451) stat_writer /usr/local/lib/python3.8/dist-packages/dbcounter.py:99}}
Oct 17 15:37:14.833453 n-d-855654-2 devstack@n-api.service[116450]: DEBUG dbcounter [-] [116450] Writer thread running {{(pid=116450) stat_writer /usr/local/lib/python3.8/dist-packages/dbcounter.py:99}}
Oct 17 15:37:14.841571 n-d-855654-2 devstack@n-api.service[116451]: DEBUG dbcounter [-] [116451] Writer thread running {{(pid=116451) stat_writer /usr/local/lib/python3.8/dist-packages/dbcounter.py:99}}
Oct 17 15:37:14.980673 n-d-855654-2 devstack@n-api.service[116450]: INFO dbcounter [None req-d11319dd-fe19-4e5a-a1a3-f468dd04257c None None] Registered counter for database nova_cell0
Oct 17 15:37:14.990576 n-d-855654-2 devstack@n-api.service[116450]: DEBUG oslo_db.sqlalchemy.engines [None req-d11319dd-fe19-4e5a-a1a3-f468dd04257c None None] MySQL server mode set to STRICT_TRANS_TABLES,STRICT_ALL_TABLES,NO_ZERO_IN_DATE,NO_ZERO_DATE,ERROR_FOR_DIVISION_BY_ZERO,TRADITIONAL,NO_ENGINE_SUBSTITUTION {{(pid=116450) _check_effective_sql_mode /usr/local/lib/python3.8/dist-packages/oslo_db/sqlalchemy/engines.py:314}}
Oct 17 15:37:14.992532 n-d-855654-2 devstack@n-api.service[116451]: INFO dbcounter [None req-f8e30319-7671-4c6c-a949-38ff8810f727 None None] Registered counter for database nova_cell0
Oct 17 15:37:14.995323 n-d-855654-2 devstack@n-api.service[116450]: DEBUG dbcounter [-] [116450] Writer thread running {{(pid=116450) stat_writer /usr/local/lib/python3.8/dist-packages/dbcounter.py:99}}
Oct 17 15:37:15.001296 n-d-855654-2 devstack@n-api.service[116451]: DEBUG oslo_db.sqlalchemy.engines [None req-f8e30319-7671-4c6c-a949-38ff8810f727 None None] MySQL server mode set to STRICT_TRANS_TABLES,STRICT_ALL_TABLES,NO_ZERO_IN_DATE,NO_ZERO_DATE,ERROR_FOR_DIVISION_BY_ZERO,TRADITIONAL,NO_ENGINE_SUBSTITUTION {{(pid=116451) _check_effective_sql_mode /usr/local/lib/python3.8/dist-packages/oslo_db/sqlalchemy/engines.py:314}}
Oct 17 15:37:15.006333 n-d-855654-2 devstack@n-api.service[116451]: DEBUG dbcounter [-] [116451] Writer thread running {{(pid=116451) stat_writer /usr/local/lib/python3.8/dist-packages/dbcounter.py:99}}
Oct 17 15:37:15.337403 n-d-855654-2 devstack@n-api.service[116451]: WARNING keystonemiddleware.auth_token [None req-f8e30319-7671-4c6c-a949-38ff8810f727 None None] AuthToken middleware is set with keystone_authtoken.service_token_roles_required set to False. This is backwards compatible but deprecated behaviour. Please set this to True.
Oct 17 15:37:15.338063 n-d-855654-2 devstack@n-api.service[116450]: WARNING keystonemiddleware.auth_token [None req-d11319dd-fe19-4e5a-a1a3-f468dd04257c None None] AuthToken middleware is set with keystone_authtoken.service_token_roles_required set to False. This is backwards compatible but deprecated behaviour. Please set this to True.
Oct 17 15:37:15.344700 n-d-855654-2 devstack@n-api.service[116451]: WARNING keystonemiddleware.auth_token [None req-f8e30319-7671-4c6c-a949-38ff8810f727 None None] Configuring www_authenticate_uri to point to the public identity endpoint is required; clients may not be able to authenticate against an admin endpoint
Oct 17 15:37:15.344846 n-d-855654-2 devstack@n-api.service[116450]: WARNING keystonemiddleware.auth_token [None req-d11319dd-fe19-4e5a-a1a3-f468dd04257c None None] Configuring www_authenticate_uri to point to the public identity endpoint is required; clients may not be able to authenticate against an admin endpoint
Oct 17 15:37:15.687438 n-d-855654-2 devstack@n-api.service[116450]: WARNING keystonemiddleware.auth_token [None req-d11319dd-fe19-4e5a-a1a3-f468dd04257c None None] AuthToken middleware is set with keystone_authtoken.service_token_roles_required set to False. This is backwards compatible but deprecated behaviour. Please set this to True.
Oct 17 15:37:15.689572 n-d-855654-2 devstack@n-api.service[116451]: WARNING keystonemiddleware.auth_token [None req-f8e30319-7671-4c6c-a949-38ff8810f727 None None] AuthToken middleware is set with keystone_authtoken.service_token_roles_required set to False. This is backwards compatible but deprecated behaviour. Please set this to True.
Oct 17 15:37:15.693963 n-d-855654-2 devstack@n-api.service[116450]: WARNING keystonemiddleware.auth_token [None req-d11319dd-fe19-4e5a-a1a3-f468dd04257c None None] Configuring www_authenticate_uri to point to the public identity endpoint is required; clients may not be able to authenticate against an admin endpoint
Oct 17 15:37:15.696198 n-d-855654-2 devstack@n-api.service[116451]: WARNING keystonemiddleware.auth_token [None req-f8e30319-7671-4c6c-a949-38ff8810f727 None None] Configuring www_authenticate_uri to point to the public identity endpoint is required; clients may not be able to authenticate against an admin endpoint
Oct 17 15:37:15.699298 n-d-855654-2 devstack@n-api.service[116450]: WSGI app 0 (mountpoint='') ready in 5 seconds on interpreter 0x555b9a3cc9c0 pid: 116450 (default app)
Oct 17 15:37:15.701341 n-d-855654-2 devstack@n-api.service[116450]: DEBUG nova.api.openstack.wsgi [None req-d11319dd-fe19-4e5a-a1a3-f468dd04257c None None] Calling method '>' {{(pid=116450) _process_stack /opt/stack/nova/nova/api/openstack/wsgi.py:513}}
Oct 17 15:37:15.701525 n-d-855654-2 devstack@n-api.service[116451]: WSGI app 0 (mountpoint='') ready in 5 seconds on interpreter 0x555b9a3cc9c0 pid: 116451 (default app)
Oct 17 15:37:15.702558 n-d-855654-2 devstack@n-api.service[116450]: INFO nova.api.openstack.requestlog [None req-d11319dd-fe19-4e5a-a1a3-f468dd04257c None None] 10.222.0.18 "GET /compute/v2.1/" status: 200 len: 388 microversion: 2.1 time: 0.001709
Oct 17 15:37:15.702966 n-d-855654-2 devstack@n-api.service[116450]: [pid: 116450|app: 0|req: 1/1] 10.222.0.18 () {50 vars in 788 bytes} [Mon Oct 17 15:37:15 2022] GET /compute/v2.1/ => generated 388 bytes in 3 msecs (HTTP/1.1 200) 9 headers in 357 bytes (1 switches on core 0)
Oct 17 15:38:41.129457 n-d-855654-2 devstack@n-api.service[116451]: DEBUG nova.api.openstack.wsgi [None req-f8e30319-7671-4c6c-a949-38ff8810f727 None None] Calling method '>' {{(pid=116451) _process_stack /opt/stack/nova/nova/api/openstack/wsgi.py:513}}
Oct 17 15:38:41.130629 n-d-855654-2 devstack@n-api.service[116451]: INFO nova.api.openstack.requestlog [None req-f8e30319-7671-4c6c-a949-38ff8810f727 None None] 10.222.0.18 "GET /compute/v2.1" status: 200 len: 388 microversion: 2.1 time: 0.001987
Oct 17 15:38:41.131021 n-d-855654-2 devstack@n-api.service[116451]: [pid: 116451|app: 0|req: 1/2] 10.222.0.18 () {54 vars in 931 bytes} [Mon Oct 17 15:38:41 2022] GET /compute/v2.1 => generated 388 bytes in 4 msecs (HTTP/1.1 200) 9 headers in 357 bytes (1 switches on core 0)
Oct 17 15:38:41.147742 n-d-855654-2 devstack@n-api.service[116450]: DEBUG dbcounter [-] [116450] Writing DB stats nova_api:SELECT=3 {{(pid=116450) stat_writer /usr/local/lib/python3.8/dist-packages/dbcounter.py:114}}
Oct 17 15:38:41.148990 n-d-855654-2 devstack@n-api.service[116450]: DEBUG dbcounter [-] [116450] Writing DB stats nova_cell0:SELECT=3 {{(pid=116450) stat_writer /usr/local/lib/python3.8/dist-packages/dbcounter.py:114}}
Oct 17 15:38:41.149809 n-d-855654-2 devstack@n-api.service[116450]: DEBUG dbcounter [-] [116450] Writing DB stats nova_cell1:SELECT=3 {{(pid=116450) stat_writer /usr/local/lib/python3.8/dist-packages/dbcounter.py:114}}
Oct 17 15:38:41.150758 n-d-855654-2 devstack@n-api.service[116450]: DEBUG dbcounter [-] [116450] Writing DB stats nova_cell0:SELECT=6,nova_cell0:INSERT=1 {{(pid=116450) stat_writer /usr/local/lib/python3.8/dist-packages/dbcounter.py:114}}
Oct 17 15:38:42.141068 n-d-855654-2 devstack@n-api.service[116450]: DEBUG nova.api.openstack.wsgi [None req-4e6a5445-dffd-42b5-8d8d-35cf5d9d3ec5 admin admin] Calling method '>' {{(pid=116450) _process_stack /opt/stack/nova/nova/api/openstack/wsgi.py:513}}
Oct 17 15:38:42.175057 n-d-855654-2 devstack@n-api.service[116450]: INFO nova.api.openstack.requestlog [None req-4e6a5445-dffd-42b5-8d8d-35cf5d9d3ec5 admin admin] 10.222.0.18 "GET /compute/v2.1/flavors/detail?is_public=True" status: 200 len: 15 microversion: 2.61 time: 1.037750
Oct 17 15:38:42.175722 n-d-855654-2 devstack@n-api.service[116450]: [pid: 116450|app: 0|req: 2/3] 10.222.0.18 () {60 vars in 1292 bytes} [Mon Oct 17 15:38:41 2022] GET /compute/v2.1/flavors/detail?is_public=True => generated 15 bytes in 1039 msecs (HTTP/1.1 200) 9 headers in 358 bytes (1 switches on core 0)
Oct 17 15:38:44.904550 n-d-855654-2 devstack@n-api.service[116451]: DEBUG nova.api.openstack.wsgi [None req-f8e30319-7671-4c6c-a949-38ff8810f727 None None] Calling method '>' {{(pid=116451) _process_stack /opt/stack/nova/nova/api/openstack/wsgi.py:513}}
Oct 17 15:38:44.905919 n-d-855654-2 devstack@n-api.service[116451]: INFO nova.api.openstack.requestlog [None req-f8e30319-7671-4c6c-a949-38ff8810f727 None None] 10.222.0.18 "GET /compute/v2.1" status: 200 len: 388 microversion: 2.1 time: 0.001685
Oct 17 15:38:44.906571 n-d-855654-2 devstack@n-api.service[116451]: [pid: 116451|app: 0|req: 2/4] 10.222.0.18 () {54 vars in 931 bytes} [Mon Oct 17 15:38:44 2022] GET /compute/v2.1 => generated 388 bytes in 3 msecs (HTTP/1.1 200) 9 headers in 357 bytes (1 switches on core 0)
Oct 17 15:38:45.406018 n-d-855654-2 devstack@n-api.service[116450]: DEBUG nova.api.openstack.wsgi [None req-0aad4c8e-5314-4421-8322-5c63e8641617 admin admin] Action: 'create', calling method: >, body: {"flavor": {"disk": 1, "OS-FLV-EXT-DATA:ephemeral": 0, "rxtx_factor": 1.0, "ram": 256, "swap": 0, "os-flavor-access:is_public": true, "name": "cirros256", "id": "c1", "vcpus": 1}} {{(pid=116450) _process_stack /opt/stack/nova/nova/api/openstack/wsgi.py:511}}
Oct 17 15:38:45.458167 n-d-855654-2 devstack@n-api.service[116450]: INFO nova.api.openstack.requestlog [None req-0aad4c8e-5314-4421-8322-5c63e8641617 admin admin] 10.222.0.18 "POST /compute/v2.1/flavors" status: 200 len: 407 microversion: 2.61 time: 0.545388
Oct 17 15:38:45.458667 n-d-855654-2 devstack@n-api.service[116450]: [pid: 116450|app: 0|req: 3/5] 10.222.0.18 () {64 vars in 1283 bytes} [Mon Oct 17 15:38:44 2022] POST /compute/v2.1/flavors => generated 407 bytes in 547 msecs (HTTP/1.1 200) 9 headers in 359 bytes (2 switches on core 0)
Oct 17 15:38:45.475428 n-d-855654-2 devstack@n-api.service[116451]: DEBUG dbcounter [-] [116451] Writing DB stats nova_api:SELECT=3 {{(pid=116451) stat_writer /usr/local/lib/python3.8/dist-packages/dbcounter.py:114}}
Oct 17 15:38:45.475428 n-d-855654-2 devstack@n-api.service[116451]: DEBUG dbcounter [-] [116451] Writing DB stats nova_cell0:SELECT=3 {{(pid=116451) stat_writer /usr/local/lib/python3.8/dist-packages/dbcounter.py:114}}
Oct 17 15:38:45.475744 n-d-855654-2 devstack@n-api.service[116451]: DEBUG dbcounter [-] [116451] Writing DB stats nova_cell1:SELECT=3 {{(pid=116451) stat_writer /usr/local/lib/python3.8/dist-packages/dbcounter.py:114}}
Oct 17 15:38:45.476390 n-d-855654-2 devstack@n-api.service[116451]: DEBUG dbcounter [-] [116451] Writing DB stats nova_cell0:SELECT=6,nova_cell0:INSERT=1 {{(pid=116451) stat_writer /usr/local/lib/python3.8/dist-packages/dbcounter.py:114}}
Oct 17 15:38:45.685695 n-d-855654-2 devstack@n-api.service[116451]: DEBUG nova.api.openstack.wsgi [None req-150531f4-29dc-483a-aac9-ed44acdef27f admin admin] Action: 'create', calling method: >, body: {"extra_specs": {"hw_rng:allowed": "True"}} {{(pid=116451) _process_stack /opt/stack/nova/nova/api/openstack/wsgi.py:511}}
Oct 17 15:38:45.759315 n-d-855654-2 devstack@n-api.service[116451]: INFO nova.api.openstack.requestlog [None req-150531f4-29dc-483a-aac9-ed44acdef27f admin admin] 10.222.0.18 "POST /compute/v2.1/flavors/c1/os-extra_specs" status: 200 len: 43 microversion: 2.61 time: 0.292331
Oct 17 15:38:45.759902 n-d-855654-2 devstack@n-api.service[116451]: [pid: 116451|app: 0|req: 3/6] 10.222.0.18 () {64 vars in 1336 bytes} [Mon Oct 17 15:38:45 2022] POST /compute/v2.1/flavors/c1/os-extra_specs => generated 43 bytes in 294 msecs (HTTP/1.1 200) 9 headers in 358 bytes (1 switches on core 0)
Oct 17 15:38:48.519062 n-d-855654-2 devstack@n-api.service[116450]: DEBUG nova.api.openstack.wsgi [None req-0aad4c8e-5314-4421-8322-5c63e8641617 admin admin] Calling method '>' {{(pid=116450) _process_stack /opt/stack/nova/nova/api/openstack/wsgi.py:513}}
Oct 17 15:38:48.519632 n-d-855654-2 devstack@n-api.service[116450]: INFO nova.api.openstack.requestlog [None req-0aad4c8e-5314-4421-8322-5c63e8641617 admin admin] 10.222.0.18 "GET /compute/v2.1" status: 200 len: 388 microversion: 2.1 time: 0.002346
Oct 17 15:38:48.526112 n-d-855654-2 devstack@n-api.service[116450]: [pid: 116450|app: 0|req: 4/7] 10.222.0.18 () {54 vars in 931 bytes} [Mon Oct 17 15:38:48 2022] GET /compute/v2.1 => generated 388 bytes in 10 msecs (HTTP/1.1 200) 9 headers in 357 bytes (1 switches on core 0)
Oct 17 15:38:49.370864 n-d-855654-2 devstack@n-api.service[116451]: DEBUG nova.api.openstack.wsgi [None req-c90a747d-e000-4054-b5f1-1acbb2f68540 admin admin] Action: 'create', calling method: >, body: {"flavor": {"id": "d1", "rxtx_factor": 1.0, "ram": 512, "vcpus": 1, "OS-FLV-EXT-DATA:ephemeral": 0, "os-flavor-access:is_public": true, "name": "ds512M", "disk": 5, "swap": 0}} {{(pid=116451) _process_stack /opt/stack/nova/nova/api/openstack/wsgi.py:511}}
Oct 17 15:38:49.442608 n-d-855654-2 devstack@n-api.service[116451]: INFO nova.api.openstack.requestlog [None req-c90a747d-e000-4054-b5f1-1acbb2f68540 admin admin] 10.222.0.18 "POST /compute/v2.1/flavors" status: 200 len: 404 microversion: 2.61 time: 0.913151
Oct 17 15:38:49.448217 n-d-855654-2 devstack@n-api.service[116451]: [pid: 116451|app: 0|req: 4/8] 10.222.0.18 () {64 vars in 1283 bytes} [Mon Oct 17 15:38:48 2022] POST /compute/v2.1/flavors => generated 404 bytes in 915 msecs (HTTP/1.1 200) 9 headers in 359 bytes (1 switches on core 0)
Oct 17 15:38:49.460982 n-d-855654-2 devstack@n-api.service[116450]: DEBUG nova.api.openstack.wsgi [None req-ff533b6b-6f1a-4b14-acb5-6dde18e6b6e4 admin admin] Action: 'create', calling method: >, body: {"extra_specs": {"hw_rng:allowed": "True"}} {{(pid=116450) _process_stack /opt/stack/nova/nova/api/openstack/wsgi.py:511}}
Oct 17 15:38:49.521988 n-d-855654-2 devstack@n-api.service[116450]: INFO nova.api.openstack.requestlog [None req-ff533b6b-6f1a-4b14-acb5-6dde18e6b6e4 admin admin] 10.222.0.18 "POST /compute/v2.1/flavors/d1/os-extra_specs" status: 200 len: 43 microversion: 2.61 time: 0.068046
Oct 17 15:38:49.523279 n-d-855654-2 devstack@n-api.service[116450]: [pid: 116450|app: 0|req: 5/9] 10.222.0.18 () {64 vars in 1336 bytes} [Mon Oct 17 15:38:49 2022] POST /compute/v2.1/flavors/d1/os-extra_specs => generated 43 bytes in 70 msecs (HTTP/1.1 200) 9 headers in 358 bytes (2 switches on core 0)
Oct 17 15:38:52.515977 n-d-855654-2 devstack@n-api.service[116451]: DEBUG nova.api.openstack.wsgi [None req-c90a747d-e000-4054-b5f1-1acbb2f68540 admin admin] Calling method '>' {{(pid=116451) _process_stack /opt/stack/nova/nova/api/openstack/wsgi.py:513}}
Oct 17 15:38:52.517119 n-d-855654-2 devstack@n-api.service[116451]: INFO nova.api.openstack.requestlog [None req-c90a747d-e000-4054-b5f1-1acbb2f68540 admin admin] 10.222.0.18 "GET /compute/v2.1" status: 200 len: 388 microversion: 2.1 time: 0.001475
Oct 17 15:38:52.517690 n-d-855654-2 devstack@n-api.service[116451]: [pid: 116451|app: 0|req: 5/10] 10.222.0.18 () {54 vars in 931 bytes} [Mon Oct 17 15:38:52 2022] GET /compute/v2.1 => generated 388 bytes in 4 msecs (HTTP/1.1 200) 9 headers in 357 bytes (1 switches on core 0)
Oct 17 15:38:53.228974 n-d-855654-2 devstack@n-api.service[116450]: DEBUG nova.api.openstack.wsgi [None req-13a4b555-90fc-4b06-9f5b-b32bdbcb14d9 admin admin] Action: 'create', calling method: >, body: {"flavor": {"ram": 1024, "name": "ds1G", "OS-FLV-EXT-DATA:ephemeral": 0, "swap": 0, "rxtx_factor": 1.0, "os-flavor-access:is_public": true, "disk": 10, "vcpus": 1, "id": "d2"}} {{(pid=116450) _process_stack /opt/stack/nova/nova/api/openstack/wsgi.py:511}}
Oct 17 15:38:53.251522 n-d-855654-2 devstack@n-api.service[116450]: INFO nova.api.openstack.requestlog [None req-13a4b555-90fc-4b06-9f5b-b32bdbcb14d9 admin admin] 10.222.0.18 "POST /compute/v2.1/flavors" status: 200 len: 404 microversion: 2.61 time: 0.722495
Oct 17 15:38:53.252439 n-d-855654-2 devstack@n-api.service[116450]: [pid: 116450|app: 0|req: 6/11] 10.222.0.18 () {64 vars in 1283 bytes} [Mon Oct 17 15:38:52 2022] POST /compute/v2.1/flavors => generated 404 bytes in 724 msecs (HTTP/1.1 200) 9 headers in 359 bytes (1 switches on core 0)
Oct 17 15:38:53.265485 n-d-855654-2 devstack@n-api.service[116451]: DEBUG nova.api.openstack.wsgi [None req-3c88ab0f-15a4-49e8-8174-62d96d102c29 admin admin] Action: 'create', calling method: >, body: {"extra_specs": {"hw_rng:allowed": "True"}} {{(pid=116451) _process_stack /opt/stack/nova/nova/api/openstack/wsgi.py:511}}
Oct 17 15:38:53.294012 n-d-855654-2 devstack@n-api.service[116451]: INFO nova.api.openstack.requestlog [None req-3c88ab0f-15a4-49e8-8174-62d96d102c29 admin admin] 10.222.0.18 "POST /compute/v2.1/flavors/d2/os-extra_specs" status: 200 len: 43 microversion: 2.61 time: 0.032358
Oct 17 15:38:53.294623 n-d-855654-2 devstack@n-api.service[116451]: [pid: 116451|app: 0|req: 6/12] 10.222.0.18 () {64 vars in 1336 bytes} [Mon Oct 17 15:38:53 2022] POST /compute/v2.1/flavors/d2/os-extra_specs => generated 43 bytes in 34 msecs (HTTP/1.1 200) 9 headers in 358 bytes (1 switches on core 0)
Oct 17 15:38:56.023620 n-d-855654-2 devstack@n-api.service[116450]: DEBUG nova.api.openstack.wsgi [None req-13a4b555-90fc-4b06-9f5b-b32bdbcb14d9 admin admin] Calling method '>' {{(pid=116450) _process_stack /opt/stack/nova/nova/api/openstack/wsgi.py:513}}
Oct 17 15:38:56.024541 n-d-855654-2 devstack@n-api.service[116450]: INFO nova.api.openstack.requestlog [None req-13a4b555-90fc-4b06-9f5b-b32bdbcb14d9 admin admin] 10.222.0.18 "GET /compute/v2.1" status: 200 len: 388 microversion: 2.1 time: 0.001480
Oct 17 15:38:56.025277 n-d-855654-2 devstack@n-api.service[116450]: [pid: 116450|app: 0|req: 7/13] 10.222.0.18 () {54 vars in 931 bytes} [Mon Oct 17 15:38:56 2022] GET /compute/v2.1 => generated 388 bytes in 3 msecs (HTTP/1.1 200) 9 headers in 357 bytes (1 switches on core 0)
Oct 17 15:38:56.513752 n-d-855654-2 devstack@n-api.service[116451]: DEBUG nova.api.openstack.wsgi [None req-b9a43ecd-a10b-4019-a440-f56ab19e434e admin admin] Action: 'create', calling method: >, body: {"flavor": {"ram": 2048, "id": "d3", "name": "ds2G", "swap": 0, "rxtx_factor": 1.0, "vcpus": 2, "os-flavor-access:is_public": true, "disk": 10, "OS-FLV-EXT-DATA:ephemeral": 0}} {{(pid=116451) _process_stack /opt/stack/nova/nova/api/openstack/wsgi.py:511}}
Oct 17 15:38:56.538636 n-d-855654-2 devstack@n-api.service[116451]: INFO nova.api.openstack.requestlog [None req-b9a43ecd-a10b-4019-a440-f56ab19e434e admin admin] 10.222.0.18 "POST /compute/v2.1/flavors" status: 200 len: 404 microversion: 2.61 time: 0.505826
Oct 17 15:38:56.539362 n-d-855654-2 devstack@n-api.service[116451]: [pid: 116451|app: 0|req: 7/14] 10.222.0.18 () {64 vars in 1283 bytes} [Mon Oct 17 15:38:56 2022] POST /compute/v2.1/flavors => generated 404 bytes in 507 msecs (HTTP/1.1 200) 9 headers in 359 bytes (1 switches on core 0)
Oct 17 15:38:56.551922 n-d-855654-2 devstack@n-api.service[116450]: DEBUG nova.api.openstack.wsgi [None req-9bd37117-456b-43ec-a798-1bf197e5b53f admin admin] Action: 'create', calling method: >, body: {"extra_specs": {"hw_rng:allowed": "True"}} {{(pid=116450) _process_stack /opt/stack/nova/nova/api/openstack/wsgi.py:511}}
Oct 17 15:38:56.588415 n-d-855654-2 devstack@n-api.service[116450]: INFO nova.api.openstack.requestlog [None req-9bd37117-456b-43ec-a798-1bf197e5b53f admin admin] 10.222.0.18 "POST /compute/v2.1/flavors/d3/os-extra_specs" status: 200 len: 43 microversion: 2.61 time: 0.040087
Oct 17 15:38:56.589094 n-d-855654-2 devstack@n-api.service[116450]: [pid: 116450|app: 0|req: 8/15] 10.222.0.18 () {64 vars in 1336 bytes} [Mon Oct 17 15:38:56 2022] POST /compute/v2.1/flavors/d3/os-extra_specs => generated 43 bytes in 41 msecs (HTTP/1.1 200) 9 headers in 358 bytes (1 switches on core 0)
Oct 17 15:38:59.353268 n-d-855654-2 devstack@n-api.service[116451]: DEBUG nova.api.openstack.wsgi [None req-b9a43ecd-a10b-4019-a440-f56ab19e434e admin admin] Calling method '>' {{(pid=116451) _process_stack /opt/stack/nova/nova/api/openstack/wsgi.py:513}}
Oct 17 15:38:59.355352 n-d-855654-2 devstack@n-api.service[116451]: INFO nova.api.openstack.requestlog [None req-b9a43ecd-a10b-4019-a440-f56ab19e434e admin admin] 10.222.0.18 "GET /compute/v2.1" status: 200 len: 388 microversion: 2.1 time: 0.002387
Oct 17 15:38:59.372126 n-d-855654-2 devstack@n-api.service[116451]: [pid: 116451|app: 0|req: 8/16] 10.222.0.18 () {54 vars in 931 bytes} [Mon Oct 17 15:38:59 2022] GET /compute/v2.1 => generated 388 bytes in 10 msecs (HTTP/1.1 200) 9 headers in 357 bytes (1 switches on core 0)
Oct 17 15:38:59.866758 n-d-855654-2 devstack@n-api.service[116450]: DEBUG nova.api.openstack.wsgi [None req-7c899091-6509-43bb-aa23-d42778dc7c6f admin admin] Action: 'create', calling method: >, body: {"flavor": {"rxtx_factor": 1.0, "name": "ds4G", "id": "d4", "ram": 4096, "os-flavor-access:is_public": true, "disk": 20, "swap": 0, "OS-FLV-EXT-DATA:ephemeral": 0, "vcpus": 4}} {{(pid=116450) _process_stack /opt/stack/nova/nova/api/openstack/wsgi.py:511}}
Oct 17 15:38:59.891872 n-d-855654-2 devstack@n-api.service[116450]: INFO nova.api.openstack.requestlog [None req-7c899091-6509-43bb-aa23-d42778dc7c6f admin admin] 10.222.0.18 "POST /compute/v2.1/flavors" status: 200 len: 404 microversion: 2.61 time: 0.528389
Oct 17 15:38:59.905643 n-d-855654-2 devstack@n-api.service[116451]: DEBUG nova.api.openstack.wsgi [None req-42d38b2d-e36e-48a3-9ed0-0b1eb974171c admin admin] Action: 'create', calling method: >, body: {"extra_specs": {"hw_rng:allowed": "True"}} {{(pid=116451) _process_stack /opt/stack/nova/nova/api/openstack/wsgi.py:511}}
Oct 17 15:38:59.911191 n-d-855654-2 devstack@n-api.service[116450]: [pid: 116450|app: 0|req: 9/17] 10.222.0.18 () {64 vars in 1283 bytes} [Mon Oct 17 15:38:59 2022] POST /compute/v2.1/flavors => generated 404 bytes in 548 msecs (HTTP/1.1 200) 9 headers in 359 bytes (1 switches on core 0)
Oct 17 15:38:59.933998 n-d-855654-2 devstack@n-api.service[116451]: INFO nova.api.openstack.requestlog [None req-42d38b2d-e36e-48a3-9ed0-0b1eb974171c admin admin] 10.222.0.18 "POST /compute/v2.1/flavors/d4/os-extra_specs" status: 200 len: 43 microversion: 2.61 time: 0.032213
Oct 17 15:38:59.950476 n-d-855654-2 devstack@n-api.service[116451]: [pid: 116451|app: 0|req: 9/18] 10.222.0.18 () {64 vars in 1336 bytes} [Mon Oct 17 15:38:59 2022] POST /compute/v2.1/flavors/d4/os-extra_specs => generated 43 bytes in 42 msecs (HTTP/1.1 200) 9 headers in 358 bytes (1 switches on core 0)
Oct 17 15:39:02.788724 n-d-855654-2 devstack@n-api.service[116450]: DEBUG nova.api.openstack.wsgi [None req-7c899091-6509-43bb-aa23-d42778dc7c6f admin admin] Calling method '>' {{(pid=116450) _process_stack /opt/stack/nova/nova/api/openstack/wsgi.py:513}}
Oct 17 15:39:02.789737 n-d-855654-2 devstack@n-api.service[116450]: INFO nova.api.openstack.requestlog [None req-7c899091-6509-43bb-aa23-d42778dc7c6f admin admin] 10.222.0.18 "GET /compute/v2.1" status: 200 len: 388 microversion: 2.1 time: 0.001458
Oct 17 15:39:02.790145 n-d-855654-2 devstack@n-api.service[116450]: [pid: 116450|app: 0|req: 10/19] 10.222.0.18 () {54 vars in 931 bytes} [Mon Oct 17 15:39:02 2022] GET /compute/v2.1 => generated 388 bytes in 2 msecs (HTTP/1.1 200) 9 headers in 357 bytes (1 switches on core 0)
Oct 17 15:39:03.390266 n-d-855654-2 devstack@n-api.service[116451]: DEBUG nova.api.openstack.wsgi [None req-905aefc6-4fda-4e59-bae2-4707bfd6a7a7 admin admin] Calling method '>' {{(pid=116451) _process_stack /opt/stack/nova/nova/api/openstack/wsgi.py:513}}
Oct 17 15:39:03.415917 n-d-855654-2 devstack@n-api.service[116451]: INFO nova.api.openstack.requestlog [None req-905aefc6-4fda-4e59-bae2-4707bfd6a7a7 admin admin] 10.222.0.18 "GET /compute/v2.1/flavors/detail?is_public=True" status: 200 len: 2106 microversion: 2.61 time: 0.618357
Oct 17 15:39:03.416478 n-d-855654-2 devstack@n-api.service[116451]: [pid: 116451|app: 0|req: 10/20] 10.222.0.18 () {60 vars in 1292 bytes} [Mon Oct 17 15:39:02 2022] GET /compute/v2.1/flavors/detail?is_public=True => generated 2106 bytes in 620 msecs (HTTP/1.1 200) 9 headers in 360 bytes (1 switches on core 0)
Oct 17 15:39:06.135702 n-d-855654-2 devstack@n-api.service[116450]: DEBUG nova.api.openstack.wsgi [None req-7c899091-6509-43bb-aa23-d42778dc7c6f admin admin] Calling method '>' {{(pid=116450) _process_stack /opt/stack/nova/nova/api/openstack/wsgi.py:513}}
Oct 17 15:39:06.137446 n-d-855654-2 devstack@n-api.service[116450]: INFO nova.api.openstack.requestlog [None req-7c899091-6509-43bb-aa23-d42778dc7c6f admin admin] 10.222.0.18 "GET /compute/v2.1" status: 200 len: 388 microversion: 2.1 time: 0.002193
Oct 17 15:39:06.137863 n-d-855654-2 devstack@n-api.service[116450]: [pid: 116450|app: 0|req: 11/21] 10.222.0.18 () {54 vars in 931 bytes} [Mon Oct 17 15:39:06 2022] GET /compute/v2.1 => generated 388 bytes in 3 msecs (HTTP/1.1 200) 9 headers in 357 bytes (1 switches on core 0)
Oct 17 15:39:06.759545 n-d-855654-2 devstack@n-api.service[116451]: DEBUG nova.api.openstack.wsgi [None req-5cf17aa8-a8b7-4ffd-9306-d69d444ba246 admin admin] Action: 'create', calling method: >, body: {"flavor": {"os-flavor-access:is_public": true, "OS-FLV-EXT-DATA:ephemeral": 0, "rxtx_factor": 1.0, "name": "m1.tiny", "vcpus": 1, "id": "1", "swap": 0, "ram": 512, "disk": 1}} {{(pid=116451) _process_stack /opt/stack/nova/nova/api/openstack/wsgi.py:511}}
Oct 17 15:39:06.782124 n-d-855654-2 devstack@n-api.service[116451]: INFO nova.api.openstack.requestlog [None req-5cf17aa8-a8b7-4ffd-9306-d69d444ba246 admin admin] 10.222.0.18 "POST /compute/v2.1/flavors" status: 200 len: 402 microversion: 2.61 time: 0.635489
Oct 17 15:39:06.782733 n-d-855654-2 devstack@n-api.service[116451]: [pid: 116451|app: 0|req: 11/22] 10.222.0.18 () {64 vars in 1283 bytes} [Mon Oct 17 15:39:06 2022] POST /compute/v2.1/flavors => generated 402 bytes in 637 msecs (HTTP/1.1 200) 9 headers in 359 bytes (1 switches on core 0)
Oct 17 15:39:06.795702 n-d-855654-2 devstack@n-api.service[116450]: DEBUG nova.api.openstack.wsgi [None req-a3308e29-325d-44fe-939d-3492e091af61 admin admin] Action: 'create', calling method: >, body: {"extra_specs": {"hw_rng:allowed": "True"}} {{(pid=116450) _process_stack /opt/stack/nova/nova/api/openstack/wsgi.py:511}}
Oct 17 15:39:06.825222 n-d-855654-2 devstack@n-api.service[116450]: INFO nova.api.openstack.requestlog [None req-a3308e29-325d-44fe-939d-3492e091af61 admin admin] 10.222.0.18 "POST /compute/v2.1/flavors/1/os-extra_specs" status: 200 len: 43 microversion: 2.61 time: 0.033423
Oct 17 15:39:06.825812 n-d-855654-2 devstack@n-api.service[116450]: [pid: 116450|app: 0|req: 12/23] 10.222.0.18 () {64 vars in 1333 bytes} [Mon Oct 17 15:39:06 2022] POST /compute/v2.1/flavors/1/os-extra_specs => generated 43 bytes in 35 msecs (HTTP/1.1 200) 9 headers in 358 bytes (2 switches on core 0)
Oct 17 15:39:09.485843 n-d-855654-2 devstack@n-api.service[116451]: DEBUG nova.api.openstack.wsgi [None req-5cf17aa8-a8b7-4ffd-9306-d69d444ba246 admin admin] Calling method '>' {{(pid=116451) _process_stack /opt/stack/nova/nova/api/openstack/wsgi.py:513}}
Oct 17 15:39:09.486873 n-d-855654-2 devstack@n-api.service[116451]: INFO nova.api.openstack.requestlog [None req-5cf17aa8-a8b7-4ffd-9306-d69d444ba246 admin admin] 10.222.0.18 "GET /compute/v2.1" status: 200 len: 388 microversion: 2.1 time: 0.001588
Oct 17 15:39:09.487269 n-d-855654-2 devstack@n-api.service[116451]: [pid: 116451|app: 0|req: 12/24] 10.222.0.18 () {54 vars in 931 bytes} [Mon Oct 17 15:39:09 2022] GET /compute/v2.1 => generated 388 bytes in 3 msecs (HTTP/1.1 200) 9 headers in 357 bytes (1 switches on core 0)
Oct 17 15:39:09.912764 n-d-855654-2 devstack@n-api.service[116450]: DEBUG nova.api.openstack.wsgi [None req-e6dd94ea-ddd0-40b7-84f5-ce55dbe76e22 admin admin] Action: 'create', calling method: >, body: {"flavor": {"name": "m1.small", "rxtx_factor": 1.0, "disk": 20, "ram": 2048, "id": "2", "vcpus": 1, "swap": 0, "os-flavor-access:is_public": true, "OS-FLV-EXT-DATA:ephemeral": 0}} {{(pid=116450) _process_stack /opt/stack/nova/nova/api/openstack/wsgi.py:511}}
Oct 17 15:39:09.934646 n-d-855654-2 devstack@n-api.service[116450]: INFO nova.api.openstack.requestlog [None req-e6dd94ea-ddd0-40b7-84f5-ce55dbe76e22 admin admin] 10.222.0.18 "POST /compute/v2.1/flavors" status: 200 len: 405 microversion: 2.61 time: 0.440774
Oct 17 15:39:09.935966 n-d-855654-2 devstack@n-api.service[116450]: [pid: 116450|app: 0|req: 13/25] 10.222.0.18 () {64 vars in 1283 bytes} [Mon Oct 17 15:39:09 2022] POST /compute/v2.1/flavors => generated 405 bytes in 442 msecs (HTTP/1.1 200) 9 headers in 359 bytes (2 switches on core 0)
Oct 17 15:39:09.948963 n-d-855654-2 devstack@n-api.service[116451]: DEBUG nova.api.openstack.wsgi [None req-6fe9b9ab-ebd6-4a33-b125-879edfa3538b admin admin] Action: 'create', calling method: >, body: {"extra_specs": {"hw_rng:allowed": "True"}} {{(pid=116451) _process_stack /opt/stack/nova/nova/api/openstack/wsgi.py:511}}
Oct 17 15:39:09.975653 n-d-855654-2 devstack@n-api.service[116451]: INFO nova.api.openstack.requestlog [None req-6fe9b9ab-ebd6-4a33-b125-879edfa3538b admin admin] 10.222.0.18 "POST /compute/v2.1/flavors/2/os-extra_specs" status: 200 len: 43 microversion: 2.61 time: 0.030324
Oct 17 15:39:09.976313 n-d-855654-2 devstack@n-api.service[116451]: [pid: 116451|app: 0|req: 13/26] 10.222.0.18 () {64 vars in 1333 bytes} [Mon Oct 17 15:39:09 2022] POST /compute/v2.1/flavors/2/os-extra_specs => generated 43 bytes in 32 msecs (HTTP/1.1 200) 9 headers in 358 bytes (1 switches on core 0)
Oct 17 15:39:12.601117 n-d-855654-2 devstack@n-api.service[116450]: DEBUG nova.api.openstack.wsgi [None req-e6dd94ea-ddd0-40b7-84f5-ce55dbe76e22 admin admin] Calling method '>' {{(pid=116450) _process_stack /opt/stack/nova/nova/api/openstack/wsgi.py:513}}
Oct 17 15:39:12.602126 n-d-855654-2 devstack@n-api.service[116450]: INFO nova.api.openstack.requestlog [None req-e6dd94ea-ddd0-40b7-84f5-ce55dbe76e22 admin admin] 10.222.0.18 "GET /compute/v2.1" status: 200 len: 388 microversion: 2.1 time: 0.001439
Oct 17 15:39:12.602560 n-d-855654-2 devstack@n-api.service[116450]: [pid: 116450|app: 0|req: 14/27] 10.222.0.18 () {54 vars in 931 bytes} [Mon Oct 17 15:39:12 2022] GET /compute/v2.1 => generated 388 bytes in 2 msecs (HTTP/1.1 200) 9 headers in 357 bytes (1 switches on core 0)
Oct 17 15:39:13.007922 n-d-855654-2 devstack@n-api.service[116451]: DEBUG nova.api.openstack.wsgi [None req-da81dbbe-4fde-4b26-8eea-a7fee32d1e7f admin admin] Action: 'create', calling method: >, body: {"flavor": {"OS-FLV-EXT-DATA:ephemeral": 0, "name": "m1.medium", "ram": 4096, "disk": 40, "os-flavor-access:is_public": true, "swap": 0, "vcpus": 2, "id": "3", "rxtx_factor": 1.0}} {{(pid=116451) _process_stack /opt/stack/nova/nova/api/openstack/wsgi.py:511}}
Oct 17 15:39:13.028457 n-d-855654-2 devstack@n-api.service[116451]: INFO nova.api.openstack.requestlog [None req-da81dbbe-4fde-4b26-8eea-a7fee32d1e7f admin admin] 10.222.0.18 "POST /compute/v2.1/flavors" status: 200 len: 406 microversion: 2.61 time: 0.419137
Oct 17 15:39:13.029019 n-d-855654-2 devstack@n-api.service[116451]: [pid: 116451|app: 0|req: 14/28] 10.222.0.18 () {64 vars in 1283 bytes} [Mon Oct 17 15:39:12 2022] POST /compute/v2.1/flavors => generated 406 bytes in 421 msecs (HTTP/1.1 200) 9 headers in 359 bytes (2 switches on core 0)
Oct 17 15:39:13.047223 n-d-855654-2 devstack@n-api.service[116450]: DEBUG nova.api.openstack.wsgi [None req-bd5bc194-160f-495b-8cb8-7ef57f3b437c admin admin] Action: 'create', calling method: >, body: {"extra_specs": {"hw_rng:allowed": "True"}} {{(pid=116450) _process_stack /opt/stack/nova/nova/api/openstack/wsgi.py:511}}
Oct 17 15:39:13.052239 n-d-855654-2 devstack@n-api.service[116450]: DEBUG dbcounter [-] [116450] Writing DB stats nova_api:SELECT=33,nova_api:INSERT=7,nova_api:SAVEPOINT=3,nova_api:RELEASE=3 {{(pid=116450) stat_writer /usr/local/lib/python3.8/dist-packages/dbcounter.py:114}}
Oct 17 15:39:13.078239 n-d-855654-2 devstack@n-api.service[116450]: INFO nova.api.openstack.requestlog [None req-bd5bc194-160f-495b-8cb8-7ef57f3b437c admin admin] 10.222.0.18 "POST /compute/v2.1/flavors/3/os-extra_specs" status: 200 len: 43 microversion: 2.61 time: 0.036176
Oct 17 15:39:13.078913 n-d-855654-2 devstack@n-api.service[116450]: [pid: 116450|app: 0|req: 15/29] 10.222.0.18 () {64 vars in 1333 bytes} [Mon Oct 17 15:39:13 2022] POST /compute/v2.1/flavors/3/os-extra_specs => generated 43 bytes in 38 msecs (HTTP/1.1 200) 9 headers in 358 bytes (2 switches on core 0)
Oct 17 15:39:15.830622 n-d-855654-2 devstack@n-api.service[116451]: DEBUG nova.api.openstack.wsgi [None req-da81dbbe-4fde-4b26-8eea-a7fee32d1e7f admin admin] Calling method '>' {{(pid=116451) _process_stack /opt/stack/nova/nova/api/openstack/wsgi.py:513}}
Oct 17 15:39:15.832187 n-d-855654-2 devstack@n-api.service[116451]: INFO nova.api.openstack.requestlog [None req-da81dbbe-4fde-4b26-8eea-a7fee32d1e7f admin admin] 10.222.0.18 "GET /compute/v2.1" status: 200 len: 388 microversion: 2.1 time: 0.002020
Oct 17 15:39:15.832849 n-d-855654-2 devstack@n-api.service[116451]: [pid: 116451|app: 0|req: 15/30] 10.222.0.18 () {54 vars in 931 bytes} [Mon Oct 17 15:39:15 2022] GET /compute/v2.1 => generated 388 bytes in 3 msecs (HTTP/1.1 200) 9 headers in 357 bytes (1 switches on core 0)
Oct 17 15:39:16.293526 n-d-855654-2 devstack@n-api.service[116450]: DEBUG nova.api.openstack.wsgi [None req-1ad5aae7-323b-47a6-8a66-647830ce7b09 admin admin] Action: 'create', calling method: >, body: {"flavor": {"vcpus": 4, "swap": 0, "rxtx_factor": 1.0, "id": "4", "ram": 8192, "OS-FLV-EXT-DATA:ephemeral": 0, "disk": 80, "name": "m1.large", "os-flavor-access:is_public": true}} {{(pid=116450) _process_stack /opt/stack/nova/nova/api/openstack/wsgi.py:511}}
Oct 17 15:39:16.322861 n-d-855654-2 devstack@n-api.service[116450]: INFO nova.api.openstack.requestlog [None req-1ad5aae7-323b-47a6-8a66-647830ce7b09 admin admin] 10.222.0.18 "POST /compute/v2.1/flavors" status: 200 len: 405 microversion: 2.61 time: 0.483780
Oct 17 15:39:16.323526 n-d-855654-2 devstack@n-api.service[116450]: [pid: 116450|app: 0|req: 16/31] 10.222.0.18 () {64 vars in 1283 bytes} [Mon Oct 17 15:39:15 2022] POST /compute/v2.1/flavors => generated 405 bytes in 485 msecs (HTTP/1.1 200) 9 headers in 359 bytes (1 switches on core 0)
Oct 17 15:39:16.340368 n-d-855654-2 devstack@n-api.service[116451]: DEBUG nova.api.openstack.wsgi [None req-49f228f1-8552-4a48-9579-e10a7f854508 admin admin] Action: 'create', calling method: >, body: {"extra_specs": {"hw_rng:allowed": "True"}} {{(pid=116451) _process_stack /opt/stack/nova/nova/api/openstack/wsgi.py:511}}
Oct 17 15:39:16.346587 n-d-855654-2 devstack@n-api.service[116451]: DEBUG dbcounter [-] [116451] Writing DB stats nova_api:SELECT=39,nova_api:SAVEPOINT=4,nova_api:INSERT=8,nova_api:RELEASE=4 {{(pid=116451) stat_writer /usr/local/lib/python3.8/dist-packages/dbcounter.py:114}}
Oct 17 15:39:16.369273 n-d-855654-2 devstack@n-api.service[116451]: INFO nova.api.openstack.requestlog [None req-49f228f1-8552-4a48-9579-e10a7f854508 admin admin] 10.222.0.18 "POST /compute/v2.1/flavors/4/os-extra_specs" status: 200 len: 43 microversion: 2.61 time: 0.032546
Oct 17 15:39:16.370172 n-d-855654-2 devstack@n-api.service[116451]: [pid: 116451|app: 0|req: 16/32] 10.222.0.18 () {64 vars in 1333 bytes} [Mon Oct 17 15:39:16 2022] POST /compute/v2.1/flavors/4/os-extra_specs => generated 43 bytes in 34 msecs (HTTP/1.1 200) 9 headers in 358 bytes (1 switches on core 0)
Oct 17 15:39:19.061046 n-d-855654-2 devstack@n-api.service[116450]: DEBUG nova.api.openstack.wsgi [None req-1ad5aae7-323b-47a6-8a66-647830ce7b09 admin admin] Calling method '>' {{(pid=116450) _process_stack /opt/stack/nova/nova/api/openstack/wsgi.py:513}}
Oct 17 15:39:19.062459 n-d-855654-2 devstack@n-api.service[116450]: INFO nova.api.openstack.requestlog [None req-1ad5aae7-323b-47a6-8a66-647830ce7b09 admin admin] 10.222.0.18 "GET /compute/v2.1" status: 200 len: 388 microversion: 2.1 time: 0.001870
Oct 17 15:39:19.066701 n-d-855654-2 devstack@n-api.service[116450]: [pid: 116450|app: 0|req: 17/33] 10.222.0.18 () {54 vars in 931 bytes} [Mon Oct 17 15:39:19 2022] GET /compute/v2.1 => generated 388 bytes in 6 msecs (HTTP/1.1 200) 9 headers in 357 bytes (1 switches on core 0)
Oct 17 15:39:19.558978 n-d-855654-2 devstack@n-api.service[116451]: DEBUG nova.api.openstack.wsgi [None req-da0321ac-56f6-4143-a427-2717a988cd62 admin admin] Action: 'create', calling method: >, body: {"flavor": {"vcpus": 8, "id": "5", "name": "m1.xlarge", "os-flavor-access:is_public": true, "ram": 16384, "disk": 160, "OS-FLV-EXT-DATA:ephemeral": 0, "swap": 0, "rxtx_factor": 1.0}} {{(pid=116451) _process_stack /opt/stack/nova/nova/api/openstack/wsgi.py:511}}
Oct 17 15:39:19.582526 n-d-855654-2 devstack@n-api.service[116451]: INFO nova.api.openstack.requestlog [None req-da0321ac-56f6-4143-a427-2717a988cd62 admin admin] 10.222.0.18 "POST /compute/v2.1/flavors" status: 200 len: 408 microversion: 2.61 time: 0.512807
Oct 17 15:39:19.583085 n-d-855654-2 devstack@n-api.service[116451]: [pid: 116451|app: 0|req: 17/34] 10.222.0.18 () {64 vars in 1283 bytes} [Mon Oct 17 15:39:19 2022] POST /compute/v2.1/flavors => generated 408 bytes in 514 msecs (HTTP/1.1 200) 9 headers in 359 bytes (2 switches on core 0)
Oct 17 15:39:19.596457 n-d-855654-2 devstack@n-api.service[116450]: DEBUG nova.api.openstack.wsgi [None req-9e6e7640-b156-4479-ad8f-0aa351ae0108 admin admin] Action: 'create', calling method: >, body: {"extra_specs": {"hw_rng:allowed": "True"}} {{(pid=116450) _process_stack /opt/stack/nova/nova/api/openstack/wsgi.py:511}}
Oct 17 15:39:19.622865 n-d-855654-2 devstack@n-api.service[116450]: INFO nova.api.openstack.requestlog [None req-9e6e7640-b156-4479-ad8f-0aa351ae0108 admin admin] 10.222.0.18 "POST /compute/v2.1/flavors/5/os-extra_specs" status: 200 len: 43 microversion: 2.61 time: 0.031394
Oct 17 15:39:19.623502 n-d-855654-2 devstack@n-api.service[116450]: [pid: 116450|app: 0|req: 18/35] 10.222.0.18 () {64 vars in 1333 bytes} [Mon Oct 17 15:39:19 2022] POST /compute/v2.1/flavors/5/os-extra_specs => generated 43 bytes in 33 msecs (HTTP/1.1 200) 9 headers in 358 bytes (1 switches on core 0)
Oct 17 15:39:41.527306 n-d-855654-2 devstack@n-api.service[116451]: DEBUG nova.api.openstack.wsgi [None req-da0321ac-56f6-4143-a427-2717a988cd62 admin admin] Calling method '>' {{(pid=116451) _process_stack /opt/stack/nova/nova/api/openstack/wsgi.py:513}}
Oct 17 15:39:41.528331 n-d-855654-2 devstack@n-api.service[116451]: INFO nova.api.openstack.requestlog [None req-da0321ac-56f6-4143-a427-2717a988cd62 admin admin] 10.222.0.18 "GET /compute/v2.1" status: 200 len: 388 microversion: 2.1 time: 0.001513
Oct 17 15:39:41.528750 n-d-855654-2 devstack@n-api.service[116451]: [pid: 116451|app: 0|req: 18/36] 10.222.0.18 () {54 vars in 931 bytes} [Mon Oct 17 15:39:41 2022] GET /compute/v2.1 => generated 388 bytes in 2 msecs (HTTP/1.1 200) 9 headers in 357 bytes (1 switches on core 0)
Oct 17 15:39:41.539686 n-d-855654-2 devstack@n-api.service[116450]: DEBUG dbcounter [-] [116450] Writing DB stats nova_api:SELECT=14,nova_api:SAVEPOINT=2,nova_api:INSERT=3,nova_api:RELEASE=2 {{(pid=116450) stat_writer /usr/local/lib/python3.8/dist-packages/dbcounter.py:114}}
Oct 17 15:39:41.964765 n-d-855654-2 devstack@n-api.service[116450]: DEBUG nova.api.openstack.wsgi [None req-0bdc6204-e905-4273-a086-de7cce46e37d admin admin] Calling method '>' {{(pid=116450) _process_stack /opt/stack/nova/nova/api/openstack/wsgi.py:513}}
Oct 17 15:39:41.984766 n-d-855654-2 devstack@n-api.service[116450]: INFO nova.api.openstack.requestlog [None req-0bdc6204-e905-4273-a086-de7cce46e37d admin admin] 10.222.0.18 "GET /compute/v2.1/flavors/detail?is_public=True" status: 200 len: 4202 microversion: 2.61 time: 0.449419
Oct 17 15:39:41.985318 n-d-855654-2 devstack@n-api.service[116450]: [pid: 116450|app: 0|req: 19/37] 10.222.0.18 () {60 vars in 1292 bytes} [Mon Oct 17 15:39:41 2022] GET /compute/v2.1/flavors/detail?is_public=True => generated 4202 bytes in 451 msecs (HTTP/1.1 200) 9 headers in 360 bytes (2 switches on core 0)
Oct 17 15:39:43.345575 n-d-855654-2 devstack@n-api.service[116451]: DEBUG nova.api.openstack.wsgi [None req-da0321ac-56f6-4143-a427-2717a988cd62 admin admin] Calling method '>' {{(pid=116451) _process_stack /opt/stack/nova/nova/api/openstack/wsgi.py:513}}
