Sep 02 19:58:07.016156 n-d-855650-2 devstack@keystone.service[82222]: DEBUG oslo_db.sqlalchemy.engines [None req-3e48e1ea-20e2-4424-9138-d0d6cd693795 None None] MySQL server mode set to STRICT_TRANS_TABLES,STRICT_ALL_TABLES,NO_ZERO_IN_DATE,NO_ZERO_DATE,ERROR_FOR_DIVISION_BY_ZERO,TRADITIONAL,NO_ENGINE_SUBSTITUTION {{(pid=82222) _check_effective_sql_mode /usr/local/lib/python3.8/dist-packages/oslo_db/sqlalchemy/engines.py:314}}
Sep 02 19:58:07.022421 n-d-855650-2 devstack@keystone.service[82222]: DEBUG dbcounter [-] [82222] Writer thread running {{(pid=82222) stat_writer /usr/local/lib/python3.8/dist-packages/dbcounter.py:99}}
Sep 02 19:58:07.140462 n-d-855650-2 devstack@keystone.service[82222]: DEBUG keystone.server.flask.request_processing.middleware.auth_context [None req-3e48e1ea-20e2-4424-9138-d0d6cd693795 None None] Validating token access rules against request {{(pid=82222) validate_allowed_request /usr/local/lib/python3.8/dist-packages/keystonemiddleware/auth_token/__init__.py:545}}
Sep 02 19:58:07.144648 n-d-855650-2 devstack@keystone.service[82222]: DEBUG keystone.server.flask.request_processing.middleware.auth_context [None req-9e86f214-98be-4832-904a-9dd699af9ba5 admin admin] RBAC: auth_context: {'token': , 'domain_id': None, 'trust_id': None, 'trustor_id': None, 'trustee_id': None, 'domain_name': None, 'group_ids': [], 'user_id': 'add0444b1673409182b91c26a2144e75', 'user_domain_id': 'default', 'system_scope': None, 'project_id': '8459d34148cb4164abc80499465ffb81', 'project_domain_id': 'default', 'roles': ['reader', 'admin', 'member'], 'is_admin_project': True, 'service_user_id': None, 'service_user_domain_id': None, 'service_project_id': None, 'service_project_domain_id': None, 'service_roles': []} {{(pid=82222) fill_context /opt/stack/keystone/keystone/server/flask/request_processing/middleware/auth_context.py:478}}
Sep 02 19:58:07.145270 n-d-855650-2 devstack@keystone.service[82222]: DEBUG keystone.server.flask.request_processing.req_logging [None req-9e86f214-98be-4832-904a-9dd699af9ba5 admin admin] REQUEST_METHOD: `GET` {{(pid=82222) log_request_info /opt/stack/keystone/keystone/server/flask/request_processing/req_logging.py:27}}
Sep 02 19:58:07.145548 n-d-855650-2 devstack@keystone.service[82222]: DEBUG keystone.server.flask.request_processing.req_logging [None req-9e86f214-98be-4832-904a-9dd699af9ba5 admin admin] SCRIPT_NAME: `/identity` {{(pid=82222) log_request_info /opt/stack/keystone/keystone/server/flask/request_processing/req_logging.py:28}}
Sep 02 19:58:07.145818 n-d-855650-2 devstack@keystone.service[82222]: DEBUG keystone.server.flask.request_processing.req_logging [None req-9e86f214-98be-4832-904a-9dd699af9ba5 admin admin] PATH_INFO: `/v3/auth/tokens` {{(pid=82222) log_request_info /opt/stack/keystone/keystone/server/flask/request_processing/req_logging.py:29}}
Sep 02 19:58:07.154462 n-d-855650-2 devstack@keystone.service[82222]: DEBUG keystone.common.rbac_enforcer.enforcer [None req-9e86f214-98be-4832-904a-9dd699af9ba5 admin admin] RBAC: Authorizing `identity:validate_token()` {{(pid=82222) enforce_call /opt/stack/keystone/keystone/common/rbac_enforcer/enforcer.py:449}}
Sep 02 19:58:07.205499 n-d-855650-2 devstack@keystone.service[82222]: WARNING keystone.common.rbac_enforcer.enforcer [None req-9e86f214-98be-4832-904a-9dd699af9ba5 admin admin] Deprecated policy rules found. Use oslopolicy-policy-generator and oslopolicy-policy-upgrade to detect and resolve deprecated policies in your configuration.
Sep 02 19:58:07.205836 n-d-855650-2 devstack@keystone.service[82222]: DEBUG keystone.common.rbac_enforcer.enforcer [None req-9e86f214-98be-4832-904a-9dd699af9ba5 admin admin] RBAC: Authorization granted {{(pid=82222) enforce_call /opt/stack/keystone/keystone/common/rbac_enforcer/enforcer.py:457}}
Sep 02 19:58:07.215152 n-d-855650-2 devstack@keystone.service[82222]: [pid: 82222|app: 0|req: 2/4] 10.222.0.16 () {58 vars in 1324 bytes} [Fri Sep 2 19:58:06 2022] GET /identity/v3/auth/tokens => generated 914 bytes in 290 msecs (HTTP/1.1 200) 6 headers in 379 bytes (1 switches on core 0)
Sep 02 19:58:07.221812 n-d-855650-2 devstack@keystone.service[82223]: DEBUG keystone.server.flask.request_processing.middleware.auth_context [None req-3bdc6d39-0d1b-4651-8e23-14301bbe4a72 None None] Authenticating user token {{(pid=82223) process_request /usr/local/lib/python3.8/dist-packages/keystonemiddleware/auth_token/__init__.py:407}}
Sep 02 19:58:07.236439 n-d-855650-2 devstack@keystone.service[82223]: DEBUG keystone.server.flask.request_processing.middleware.auth_context [None req-3bdc6d39-0d1b-4651-8e23-14301bbe4a72 None None] Validating token access rules against request {{(pid=82223) validate_allowed_request /usr/local/lib/python3.8/dist-packages/keystonemiddleware/auth_token/__init__.py:545}}
Sep 02 19:58:07.240875 n-d-855650-2 devstack@keystone.service[82223]: DEBUG keystone.server.flask.request_processing.middleware.auth_context [None req-959e19df-d13c-407d-9261-30b4feee1705 admin admin] RBAC: auth_context: {'token': , 'domain_id': None, 'trust_id': None, 'trustor_id': None, 'trustee_id': None, 'domain_name': None, 'group_ids': [], 'user_id': 'add0444b1673409182b91c26a2144e75', 'user_domain_id': 'default', 'system_scope': None, 'project_id': '8459d34148cb4164abc80499465ffb81', 'project_domain_id': 'default', 'roles': ['reader', 'admin', 'member'], 'is_admin_project': True, 'service_user_id': None, 'service_user_domain_id': None, 'service_project_id': None, 'service_project_domain_id': None, 'service_roles': []} {{(pid=82223) fill_context /opt/stack/keystone/keystone/server/flask/request_processing/middleware/auth_context.py:478}}
Sep 02 19:58:07.241966 n-d-855650-2 devstack@keystone.service[82223]: DEBUG keystone.server.flask.request_processing.req_logging [None req-959e19df-d13c-407d-9261-30b4feee1705 admin admin] REQUEST_METHOD: `GET` {{(pid=82223) log_request_info /opt/stack/keystone/keystone/server/flask/request_processing/req_logging.py:27}}
Sep 02 19:58:07.242254 n-d-855650-2 devstack@keystone.service[82223]: DEBUG keystone.server.flask.request_processing.req_logging [None req-959e19df-d13c-407d-9261-30b4feee1705 admin admin] SCRIPT_NAME: `/identity` {{(pid=82223) log_request_info /opt/stack/keystone/keystone/server/flask/request_processing/req_logging.py:28}}
Sep 02 19:58:07.242565 n-d-855650-2 devstack@keystone.service[82223]: DEBUG keystone.server.flask.request_processing.req_logging [None req-959e19df-d13c-407d-9261-30b4feee1705 admin admin] PATH_INFO: `/v3/projects/8459d34148cb4164abc80499465ffb81` {{(pid=82223) log_request_info /opt/stack/keystone/keystone/server/flask/request_processing/req_logging.py:29}}
Sep 02 19:58:07.244128 n-d-855650-2 devstack@keystone.service[82223]: DEBUG keystone.common.rbac_enforcer.enforcer [None req-959e19df-d13c-407d-9261-30b4feee1705 admin admin] RBAC: Authorizing `identity:get_project(project_id=8459d34148cb4164abc80499465ffb81)` {{(pid=82223) enforce_call /opt/stack/keystone/keystone/common/rbac_enforcer/enforcer.py:449}}
Sep 02 19:58:07.301754 n-d-855650-2 devstack@keystone.service[82223]: WARNING keystone.common.rbac_enforcer.enforcer [None req-959e19df-d13c-407d-9261-30b4feee1705 admin admin] Deprecated policy rules found. Use oslopolicy-policy-generator and oslopolicy-policy-upgrade to detect and resolve deprecated policies in your configuration.
Sep 02 19:58:07.302096 n-d-855650-2 devstack@keystone.service[82223]: DEBUG keystone.common.rbac_enforcer.enforcer [None req-959e19df-d13c-407d-9261-30b4feee1705 admin admin] RBAC: Authorization granted {{(pid=82223) enforce_call /opt/stack/keystone/keystone/common/rbac_enforcer/enforcer.py:457}}
Sep 02 19:58:07.306676 n-d-855650-2 devstack@keystone.service[82223]: [pid: 82223|app: 0|req: 3/5] 10.222.0.16 () {56 vars in 1207 bytes} [Fri Sep 2 19:58:07 2022] GET /identity/v3/projects/8459d34148cb4164abc80499465ffb81 => generated 344 bytes in 86 msecs (HTTP/1.1 200) 5 headers in 177 bytes (1 switches on core 0)
Sep 02 19:58:09.189973 n-d-855650-2 devstack@keystone.service[82222]: DEBUG keystone.server.flask.request_processing.req_logging [None req-89ed6e3b-0cd5-4401-b5b3-1a9d312cfb89 None None] REQUEST_METHOD: `GET` {{(pid=82222) log_request_info /opt/stack/keystone/keystone/server/flask/request_processing/req_logging.py:27}}
Sep 02 19:58:09.190465 n-d-855650-2 devstack@keystone.service[82222]: DEBUG keystone.server.flask.request_processing.req_logging [None req-89ed6e3b-0cd5-4401-b5b3-1a9d312cfb89 None None] SCRIPT_NAME: `/identity` {{(pid=82222) log_request_info /opt/stack/keystone/keystone/server/flask/request_processing/req_logging.py:28}}
Sep 02 19:58:09.190465 n-d-855650-2 devstack@keystone.service[82222]: DEBUG keystone.server.flask.request_processing.req_logging [None req-89ed6e3b-0cd5-4401-b5b3-1a9d312cfb89 None None] PATH_INFO: `/` {{(pid=82222) log_request_info /opt/stack/keystone/keystone/server/flask/request_processing/req_logging.py:29}}
Sep 02 19:58:09.195637 n-d-855650-2 devstack@keystone.service[82222]: [pid: 82222|app: 0|req: 3/6] 10.222.0.16 () {54 vars in 927 bytes} [Fri Sep 2 19:58:09 2022] GET /identity => generated 270 bytes in 7 msecs (HTTP/1.1 300) 6 headers in 234 bytes (1 switches on core 0)
Sep 02 19:58:09.202472 n-d-855650-2 devstack@keystone.service[82223]: DEBUG keystone.server.flask.request_processing.req_logging [None req-3863e91d-6dde-4314-9384-a3b81205050a None None] REQUEST_METHOD: `POST` {{(pid=82223) log_request_info /opt/stack/keystone/keystone/server/flask/request_processing/req_logging.py:27}}
Sep 02 19:58:09.202987 n-d-855650-2 devstack@keystone.service[82223]: DEBUG keystone.server.flask.request_processing.req_logging [None req-3863e91d-6dde-4314-9384-a3b81205050a None None] SCRIPT_NAME: `/identity` {{(pid=82223) log_request_info /opt/stack/keystone/keystone/server/flask/request_processing/req_logging.py:28}}
Sep 02 19:58:09.203074 n-d-855650-2 devstack@keystone.service[82223]: DEBUG keystone.server.flask.request_processing.req_logging [None req-3863e91d-6dde-4314-9384-a3b81205050a None None] PATH_INFO: `/v3/auth/tokens` {{(pid=82223) log_request_info /opt/stack/keystone/keystone/server/flask/request_processing/req_logging.py:29}}
Sep 02 19:58:09.222957 n-d-855650-2 devstack@keystone.service[82223]: DEBUG keystone.auth.core [None req-3863e91d-6dde-4314-9384-a3b81205050a None None] MFA Rules not processed for user `add0444b1673409182b91c26a2144e75`. Rule list: `[]` (Enabled: `True`). {{(pid=82223) check_auth_methods_against_rules /opt/stack/keystone/keystone/auth/core.py:438}}
Sep 02 19:58:09.224472 n-d-855650-2 devstack@keystone.service[82223]: DEBUG keystone.common.fernet_utils [None req-3863e91d-6dde-4314-9384-a3b81205050a None None] Loaded 2 Fernet keys from /etc/keystone/fernet-keys/, but `[fernet_tokens] max_active_keys = 3`; perhaps there have not been enough key rotations to reach `max_active_keys` yet? {{(pid=82223) load_keys /opt/stack/keystone/keystone/common/fernet_utils.py:286}}
Sep 02 19:58:09.232647 n-d-855650-2 devstack@keystone.service[82223]: [pid: 82223|app: 0|req: 4/7] 10.222.0.16 () {58 vars in 1024 bytes} [Fri Sep 2 19:58:09 2022] POST /identity/v3/auth/tokens => generated 914 bytes in 32 msecs (HTTP/1.1 201) 6 headers in 384 bytes (2 switches on core 0)
Sep 02 19:58:09.598450 n-d-855650-2 devstack@keystone.service[82222]: DEBUG keystone.server.flask.request_processing.middleware.auth_context [None req-89ed6e3b-0cd5-4401-b5b3-1a9d312cfb89 None None] Authenticating user token {{(pid=82222) process_request /usr/local/lib/python3.8/dist-packages/keystonemiddleware/auth_token/__init__.py:407}}
Sep 02 19:58:09.598450 n-d-855650-2 devstack@keystone.service[82222]: DEBUG keystone.server.flask.request_processing.middleware.auth_context [None req-89ed6e3b-0cd5-4401-b5b3-1a9d312cfb89 None None] Validating token access rules against request {{(pid=82222) validate_allowed_request /usr/local/lib/python3.8/dist-packages/keystonemiddleware/auth_token/__init__.py:545}}
Sep 02 19:58:09.598450 n-d-855650-2 devstack@keystone.service[82222]: DEBUG keystone.server.flask.request_processing.middleware.auth_context [None req-7d69cd6a-0500-479d-9303-9d0bfde964a3 admin admin] RBAC: auth_context: {'token': , 'domain_id': None, 'trust_id': None, 'trustor_id': None, 'trustee_id': None, 'domain_name': None, 'group_ids': [], 'user_id': 'add0444b1673409182b91c26a2144e75', 'user_domain_id': 'default', 'system_scope': None, 'project_id': '8459d34148cb4164abc80499465ffb81', 'project_domain_id': 'default', 'roles': ['reader', 'admin', 'member'], 'is_admin_project': True, 'service_user_id': None, 'service_user_domain_id': None, 'service_project_id': None, 'service_project_domain_id': None, 'service_roles': []} {{(pid=82222) fill_context /opt/stack/keystone/keystone/server/flask/request_processing/middleware/auth_context.py:478}}
Sep 02 19:58:09.598450 n-d-855650-2 devstack@keystone.service[82222]: DEBUG keystone.server.flask.request_processing.req_logging [None req-7d69cd6a-0500-479d-9303-9d0bfde964a3 admin admin] REQUEST_METHOD: `GET` {{(pid=82222) log_request_info /opt/stack/keystone/keystone/server/flask/request_processing/req_logging.py:27}}
Sep 02 19:58:09.598977 n-d-855650-2 devstack@keystone.service[82222]: DEBUG keystone.server.flask.request_processing.req_logging [None req-7d69cd6a-0500-479d-9303-9d0bfde964a3 admin admin] SCRIPT_NAME: `/identity` {{(pid=82222) log_request_info /opt/stack/keystone/keystone/server/flask/request_processing/req_logging.py:28}}
Sep 02 19:58:09.598977 n-d-855650-2 devstack@keystone.service[82222]: DEBUG keystone.server.flask.request_processing.req_logging [None req-7d69cd6a-0500-479d-9303-9d0bfde964a3 admin admin] PATH_INFO: `/v3/auth/tokens` {{(pid=82222) log_request_info /opt/stack/keystone/keystone/server/flask/request_processing/req_logging.py:29}}
Sep 02 19:58:09.598977 n-d-855650-2 devstack@keystone.service[82222]: DEBUG keystone.common.rbac_enforcer.enforcer [None req-7d69cd6a-0500-479d-9303-9d0bfde964a3 admin admin] RBAC: Authorizing `identity:validate_token()` {{(pid=82222) enforce_call /opt/stack/keystone/keystone/common/rbac_enforcer/enforcer.py:449}}
Sep 02 19:58:09.598977 n-d-855650-2 devstack@keystone.service[82222]: DEBUG keystone.common.rbac_enforcer.enforcer [None req-7d69cd6a-0500-479d-9303-9d0bfde964a3 admin admin] RBAC: Authorization granted {{(pid=82222) enforce_call /opt/stack/keystone/keystone/common/rbac_enforcer/enforcer.py:457}}
Sep 02 19:58:09.598977 n-d-855650-2 devstack@keystone.service[82222]: [pid: 82222|app: 0|req: 4/8] 10.222.0.16 () {58 vars in 1324 bytes} [Fri Sep 2 19:58:09 2022] GET /identity/v3/auth/tokens => generated 914 bytes in 39 msecs (HTTP/1.1 200) 6 headers in 379 bytes (1 switches on core 0)
Sep 02 19:58:09.599340 n-d-855650-2 devstack@keystone.service[82223]: DEBUG keystone.server.flask.request_processing.middleware.auth_context [None req-3863e91d-6dde-4314-9384-a3b81205050a None None] Authenticating user token {{(pid=82223) process_request /usr/local/lib/python3.8/dist-packages/keystonemiddleware/auth_token/__init__.py:407}}
Sep 02 19:58:09.599340 n-d-855650-2 devstack@keystone.service[82223]: DEBUG keystone.server.flask.request_processing.middleware.auth_context [None req-3863e91d-6dde-4314-9384-a3b81205050a None None] Validating token access rules against request {{(pid=82223) validate_allowed_request /usr/local/lib/python3.8/dist-packages/keystonemiddleware/auth_token/__init__.py:545}}
Sep 02 19:58:09.599340 n-d-855650-2 devstack@keystone.service[82223]: DEBUG keystone.server.flask.request_processing.middleware.auth_context [None req-4fbf6cdf-2135-4042-a503-748c0c35b01f admin admin] RBAC: auth_context: {'token': , 'domain_id': None, 'trust_id': None, 'trustor_id': None, 'trustee_id': None, 'domain_name': None, 'group_ids': [], 'user_id': 'add0444b1673409182b91c26a2144e75', 'user_domain_id': 'default', 'system_scope': None, 'project_id': '8459d34148cb4164abc80499465ffb81', 'project_domain_id': 'default', 'roles': ['reader', 'admin', 'member'], 'is_admin_project': True, 'service_user_id': None, 'service_user_domain_id': None, 'service_project_id': None, 'service_project_domain_id': None, 'service_roles': []} {{(pid=82223) fill_context /opt/stack/keystone/keystone/server/flask/request_processing/middleware/auth_context.py:478}}
Sep 02 19:58:09.599340 n-d-855650-2 devstack@keystone.service[82223]: DEBUG keystone.server.flask.request_processing.req_logging [None req-4fbf6cdf-2135-4042-a503-748c0c35b01f admin admin] REQUEST_METHOD: `GET` {{(pid=82223) log_request_info /opt/stack/keystone/keystone/server/flask/request_processing/req_logging.py:27}}
Sep 02 19:58:09.599655 n-d-855650-2 devstack@keystone.service[82223]: DEBUG keystone.server.flask.request_processing.req_logging [None req-4fbf6cdf-2135-4042-a503-748c0c35b01f admin admin] SCRIPT_NAME: `/identity` {{(pid=82223) log_request_info /opt/stack/keystone/keystone/server/flask/request_processing/req_logging.py:28}}
Sep 02 19:58:09.599655 n-d-855650-2 devstack@keystone.service[82223]: DEBUG keystone.server.flask.request_processing.req_logging [None req-4fbf6cdf-2135-4042-a503-748c0c35b01f admin admin] PATH_INFO: `/v3/users/add0444b1673409182b91c26a2144e75` {{(pid=82223) log_request_info /opt/stack/keystone/keystone/server/flask/request_processing/req_logging.py:29}}
Sep 02 19:58:09.599655 n-d-855650-2 devstack@keystone.service[82223]: DEBUG keystone.common.rbac_enforcer.enforcer [None req-4fbf6cdf-2135-4042-a503-748c0c35b01f admin admin] RBAC: Authorizing `identity:get_user(user_id=add0444b1673409182b91c26a2144e75)` {{(pid=82223) enforce_call /opt/stack/keystone/keystone/common/rbac_enforcer/enforcer.py:449}}
Sep 02 19:58:09.599655 n-d-855650-2 devstack@keystone.service[82223]: DEBUG keystone.common.rbac_enforcer.enforcer [None req-4fbf6cdf-2135-4042-a503-748c0c35b01f admin admin] RBAC: Authorization granted {{(pid=82223) enforce_call /opt/stack/keystone/keystone/common/rbac_enforcer/enforcer.py:457}}
Sep 02 19:58:09.599655 n-d-855650-2 devstack@keystone.service[82223]: [pid: 82223|app: 0|req: 5/9] 10.222.0.16 () {56 vars in 1198 bytes} [Fri Sep 2 19:58:09 2022] GET /identity/v3/users/add0444b1673409182b91c26a2144e75 => generated 247 bytes in 20 msecs (HTTP/1.1 200) 5 headers in 177 bytes (1 switches on core 0)
Sep 02 19:58:11.521570 n-d-855650-2 devstack@keystone.service[82222]: DEBUG keystone.server.flask.request_processing.req_logging [None req-3d40145d-689f-40a1-9cf9-4c4bb1edd926 None None] REQUEST_METHOD: `GET` {{(pid=82222) log_request_info /opt/stack/keystone/keystone/server/flask/request_processing/req_logging.py:27}}
Sep 02 19:58:11.522121 n-d-855650-2 devstack@keystone.service[82222]: DEBUG keystone.server.flask.request_processing.req_logging [None req-3d40145d-689f-40a1-9cf9-4c4bb1edd926 None None] SCRIPT_NAME: `/identity` {{(pid=82222) log_request_info /opt/stack/keystone/keystone/server/flask/request_processing/req_logging.py:28}}
Sep 02 19:58:11.522121 n-d-855650-2 devstack@keystone.service[82222]: DEBUG keystone.server.flask.request_processing.req_logging [None req-3d40145d-689f-40a1-9cf9-4c4bb1edd926 None None] PATH_INFO: `/` {{(pid=82222) log_request_info /opt/stack/keystone/keystone/server/flask/request_processing/req_logging.py:29}}
Sep 02 19:58:11.523632 n-d-855650-2 devstack@keystone.service[82222]: [pid: 82222|app: 0|req: 5/10] 10.222.0.16 () {54 vars in 927 bytes} [Fri Sep 2 19:58:11 2022] GET /identity => generated 270 bytes in 3 msecs (HTTP/1.1 300) 6 headers in 234 bytes (1 switches on core 0)
Sep 02 19:58:11.528541 n-d-855650-2 devstack@keystone.service[82223]: DEBUG keystone.server.flask.request_processing.req_logging [None req-49e75b9b-b213-4c7c-807d-003cf97cbbd8 None None] REQUEST_METHOD: `POST` {{(pid=82223) log_request_info /opt/stack/keystone/keystone/server/flask/request_processing/req_logging.py:27}}
Sep 02 19:58:11.529555 n-d-855650-2 devstack@keystone.service[82223]: DEBUG keystone.server.flask.request_processing.req_logging [None req-49e75b9b-b213-4c7c-807d-003cf97cbbd8 None None] SCRIPT_NAME: `/identity` {{(pid=82223) log_request_info /opt/stack/keystone/keystone/server/flask/request_processing/req_logging.py:28}}
Sep 02 19:58:11.529877 n-d-855650-2 devstack@keystone.service[82223]: DEBUG keystone.server.flask.request_processing.req_logging [None req-49e75b9b-b213-4c7c-807d-003cf97cbbd8 None None] PATH_INFO: `/v3/auth/tokens` {{(pid=82223) log_request_info /opt/stack/keystone/keystone/server/flask/request_processing/req_logging.py:29}}
Sep 02 19:58:11.548519 n-d-855650-2 devstack@keystone.service[82223]: DEBUG keystone.auth.core [None req-49e75b9b-b213-4c7c-807d-003cf97cbbd8 None None] MFA Rules not processed for user `add0444b1673409182b91c26a2144e75`. Rule list: `[]` (Enabled: `True`). {{(pid=82223) check_auth_methods_against_rules /opt/stack/keystone/keystone/auth/core.py:438}}
Sep 02 19:58:11.549698 n-d-855650-2 devstack@keystone.service[82223]: DEBUG keystone.common.fernet_utils [None req-49e75b9b-b213-4c7c-807d-003cf97cbbd8 None None] Loaded 2 Fernet keys from /etc/keystone/fernet-keys/, but `[fernet_tokens] max_active_keys = 3`; perhaps there have not been enough key rotations to reach `max_active_keys` yet? {{(pid=82223) load_keys /opt/stack/keystone/keystone/common/fernet_utils.py:286}}
Sep 02 19:58:11.575397 n-d-855650-2 devstack@keystone.service[82222]: DEBUG keystone.server.flask.request_processing.req_logging [None req-efaba905-936b-43cc-b78a-ac71aa183404 None None] REQUEST_METHOD: `GET` {{(pid=82222) log_request_info /opt/stack/keystone/keystone/server/flask/request_processing/req_logging.py:27}}
Sep 02 19:58:11.575705 n-d-855650-2 devstack@keystone.service[82222]: DEBUG keystone.server.flask.request_processing.req_logging [None req-efaba905-936b-43cc-b78a-ac71aa183404 None None] SCRIPT_NAME: `/identity` {{(pid=82222) log_request_info /opt/stack/keystone/keystone/server/flask/request_processing/req_logging.py:28}}
Sep 02 19:58:11.575981 n-d-855650-2 devstack@keystone.service[82222]: DEBUG keystone.server.flask.request_processing.req_logging [None req-efaba905-936b-43cc-b78a-ac71aa183404 None None] PATH_INFO: `/` {{(pid=82222) log_request_info /opt/stack/keystone/keystone/server/flask/request_processing/req_logging.py:29}}
Sep 02 19:58:11.577295 n-d-855650-2 devstack@keystone.service[82222]: [pid: 82222|app: 0|req: 6/11] 10.222.0.16 () {54 vars in 927 bytes} [Fri Sep 2 19:58:11 2022] GET /identity => generated 270 bytes in 3 msecs (HTTP/1.1 300) 6 headers in 234 bytes (2 switches on core 0)
Sep 02 19:58:11.582300 n-d-855650-2 devstack@keystone.service[82222]: DEBUG keystone.server.flask.request_processing.req_logging [None req-a2a33dd6-3fe6-45d2-916d-59576ddc862a None None] REQUEST_METHOD: `POST` {{(pid=82222) log_request_info /opt/stack/keystone/keystone/server/flask/request_processing/req_logging.py:27}}
Sep 02 19:58:11.582611 n-d-855650-2 devstack@keystone.service[82222]: DEBUG keystone.server.flask.request_processing.req_logging [None req-a2a33dd6-3fe6-45d2-916d-59576ddc862a None None] SCRIPT_NAME: `/identity` {{(pid=82222) log_request_info /opt/stack/keystone/keystone/server/flask/request_processing/req_logging.py:28}}
Sep 02 19:58:11.582891 n-d-855650-2 devstack@keystone.service[82222]: DEBUG keystone.server.flask.request_processing.req_logging [None req-a2a33dd6-3fe6-45d2-916d-59576ddc862a None None] PATH_INFO: `/v3/auth/tokens` {{(pid=82222) log_request_info /opt/stack/keystone/keystone/server/flask/request_processing/req_logging.py:29}}
Sep 02 19:58:11.626986 n-d-855650-2 devstack@keystone.service[82222]: DEBUG passlib.handlers.bcrypt [None req-a2a33dd6-3fe6-45d2-916d-59576ddc862a None None] detected 'bcrypt' backend, version '4.0.0' {{(pid=82222) _load_backend_mixin /usr/local/lib/python3.8/dist-packages/passlib/handlers/bcrypt.py:625}}
Sep 02 19:58:11.627530 n-d-855650-2 devstack@keystone.service[82222]: DEBUG passlib.handlers.bcrypt [None req-a2a33dd6-3fe6-45d2-916d-59576ddc862a None None] 'bcrypt' backend lacks $2$ support, enabling workaround {{(pid=82222) _finalize_backend_mixin /usr/local/lib/python3.8/dist-packages/passlib/handlers/bcrypt.py:406}}
Sep 02 19:58:11.632210 n-d-855650-2 devstack@keystone.service[82223]: [pid: 82223|app: 0|req: 6/12] 10.222.0.16 () {58 vars in 1024 bytes} [Fri Sep 2 19:58:11 2022] POST /identity/v3/auth/tokens => generated 799 bytes in 105 msecs (HTTP/1.1 201) 6 headers in 363 bytes (1 switches on core 0)
Sep 02 19:58:11.676947 n-d-855650-2 devstack@keystone.service[82222]: DEBUG keystone.auth.core [None req-a2a33dd6-3fe6-45d2-916d-59576ddc862a None None] MFA Rules not processed for user `add0444b1673409182b91c26a2144e75`. Rule list: `[]` (Enabled: `True`). {{(pid=82222) check_auth_methods_against_rules /opt/stack/keystone/keystone/auth/core.py:438}}
Sep 02 19:58:11.678570 n-d-855650-2 devstack@keystone.service[82222]: DEBUG keystone.common.fernet_utils [None req-a2a33dd6-3fe6-45d2-916d-59576ddc862a None None] Loaded 2 Fernet keys from /etc/keystone/fernet-keys/, but `[fernet_tokens] max_active_keys = 3`; perhaps there have not been enough key rotations to reach `max_active_keys` yet? {{(pid=82222) load_keys /opt/stack/keystone/keystone/common/fernet_utils.py:286}}
Sep 02 19:58:11.776963 n-d-855650-2 devstack@keystone.service[82222]: [pid: 82222|app: 0|req: 7/13] 10.222.0.16 () {58 vars in 1024 bytes} [Fri Sep 2 19:58:11 2022] POST /identity/v3/auth/tokens => generated 799 bytes in 195 msecs (HTTP/1.1 201) 6 headers in 363 bytes (2 switches on core 0)
Sep 02 19:58:11.900633 n-d-855650-2 devstack@keystone.service[82223]: DEBUG keystone.server.flask.request_processing.middleware.auth_context [None req-49e75b9b-b213-4c7c-807d-003cf97cbbd8 None None] Authenticating user token {{(pid=82223) process_request /usr/local/lib/python3.8/dist-packages/keystonemiddleware/auth_token/__init__.py:407}}
Sep 02 19:58:11.924690 n-d-855650-2 devstack@keystone.service[82223]: DEBUG dbcounter [-] [82223] Writing DB stats keystone:SELECT=100 {{(pid=82223) stat_writer /usr/local/lib/python3.8/dist-packages/dbcounter.py:114}}
Sep 02 19:58:12.003913 n-d-855650-2 devstack@keystone.service[82223]: DEBUG keystone.server.flask.request_processing.middleware.auth_context [None req-49e75b9b-b213-4c7c-807d-003cf97cbbd8 None None] Validating token access rules against request {{(pid=82223) validate_allowed_request /usr/local/lib/python3.8/dist-packages/keystonemiddleware/auth_token/__init__.py:545}}
Sep 02 19:58:12.037183 n-d-855650-2 devstack@keystone.service[82223]: DEBUG keystone.server.flask.request_processing.middleware.auth_context [None req-a552e8d8-a43e-4fa9-84b3-f874a79bb097 None admin] RBAC: auth_context: {'token': , 'domain_id': None, 'trust_id': None, 'trustor_id': None, 'trustee_id': None, 'domain_name': None, 'group_ids': [], 'user_id': 'add0444b1673409182b91c26a2144e75', 'user_domain_id': 'default', 'system_scope': 'all', 'project_id': None, 'project_domain_id': None, 'roles': ['admin', 'member', 'reader'], 'is_admin_project': True, 'service_user_id': None, 'service_user_domain_id': None, 'service_project_id': None, 'service_project_domain_id': None, 'service_roles': []} {{(pid=82223) fill_context /opt/stack/keystone/keystone/server/flask/request_processing/middleware/auth_context.py:478}}
Sep 02 19:58:12.037751 n-d-855650-2 devstack@keystone.service[82223]: DEBUG keystone.server.flask.request_processing.req_logging [None req-a552e8d8-a43e-4fa9-84b3-f874a79bb097 None admin] REQUEST_METHOD: `GET` {{(pid=82223) log_request_info /opt/stack/keystone/keystone/server/flask/request_processing/req_logging.py:27}}
Sep 02 19:58:12.038035 n-d-855650-2 devstack@keystone.service[82223]: DEBUG keystone.server.flask.request_processing.req_logging [None req-a552e8d8-a43e-4fa9-84b3-f874a79bb097 None admin] SCRIPT_NAME: `/identity` {{(pid=82223) log_request_info /opt/stack/keystone/keystone/server/flask/request_processing/req_logging.py:28}}
Sep 02 19:58:12.038312 n-d-855650-2 devstack@keystone.service[82223]: DEBUG keystone.server.flask.request_processing.req_logging [None req-a552e8d8-a43e-4fa9-84b3-f874a79bb097 None admin] PATH_INFO: `/v3/roles/admin` {{(pid=82223) log_request_info /opt/stack/keystone/keystone/server/flask/request_processing/req_logging.py:29}}
Sep 02 19:58:12.042215 n-d-855650-2 devstack@keystone.service[82222]: DEBUG keystone.server.flask.request_processing.middleware.auth_context [None req-a2a33dd6-3fe6-45d2-916d-59576ddc862a None None] Authenticating user token {{(pid=82222) process_request /usr/local/lib/python3.8/dist-packages/keystonemiddleware/auth_token/__init__.py:407}}
Sep 02 19:58:12.050241 n-d-855650-2 devstack@keystone.service[82223]: DEBUG keystone.common.rbac_enforcer.enforcer [None req-a552e8d8-a43e-4fa9-84b3-f874a79bb097 None admin] Extracting inferred target data resulted in "NOT FOUND (404)". {{(pid=82223) enforce_call /opt/stack/keystone/keystone/common/rbac_enforcer/enforcer.py:409}}
Sep 02 19:58:12.058806 n-d-855650-2 devstack@keystone.service[82223]: ERROR keystone.server.flask.application [None req-a552e8d8-a43e-4fa9-84b3-f874a79bb097 None admin] Could not find role: admin.: keystone.exception.RoleNotFound: Could not find role: admin.
Sep 02 19:58:12.058806 n-d-855650-2 devstack@keystone.service[82223]: ERROR keystone.server.flask.application
Traceback (most recent call last):
Sep 02 19:58:12.058806 n-d-855650-2 devstack@keystone.service[82223]: ERROR keystone.server.flask.application
File "/usr/local/lib/python3.8/dist-packages/flask/app.py", line 1820, in full_dispatch_request
Sep 02 19:58:12.058806 n-d-855650-2 devstack@keystone.service[82223]: ERROR keystone.server.flask.application rv = self.dispatch_request()
Sep 02 19:58:12.058806 n-d-855650-2 devstack@keystone.service[82223]: ERROR keystone.server.flask.application
File "/usr/local/lib/python3.8/dist-packages/flask/app.py", line 1796, in dispatch_request
Sep 02 19:58:12.058806 n-d-855650-2 devstack@keystone.service[82223]: ERROR keystone.server.flask.application return self.ensure_sync(self.view_functions[rule.endpoint])(**view_args)
Sep 02 19:58:12.058806 n-d-855650-2 devstack@keystone.service[82223]: ERROR keystone.server.flask.application
File "/usr/local/lib/python3.8/dist-packages/flask_restful/__init__.py", line 467, in wrapper
Sep 02 19:58:12.058806 n-d-855650-2 devstack@keystone.service[82223]: ERROR keystone.server.flask.application resp = resource(*args, **kwargs)
Sep 02 19:58:12.058806 n-d-855650-2 devstack@keystone.service[82223]: ERROR keystone.server.flask.application
File "/usr/local/lib/python3.8/dist-packages/flask/views.py", line 107, in view
Sep 02 19:58:12.058806 n-d-855650-2 devstack@keystone.service[82223]: ERROR keystone.server.flask.application return current_app.ensure_sync(self.dispatch_request)(**kwargs)
Sep 02 19:58:12.058806 n-d-855650-2 devstack@keystone.service[82223]: ERROR keystone.server.flask.application
File "/usr/local/lib/python3.8/dist-packages/flask_restful/__init__.py", line 582, in dispatch_request
Sep 02 19:58:12.058806 n-d-855650-2 devstack@keystone.service[82223]: ERROR keystone.server.flask.application resp = meth(*args, **kwargs)
Sep 02 19:58:12.058806 n-d-855650-2 devstack@keystone.service[82223]: ERROR keystone.server.flask.application
File "/opt/stack/keystone/keystone/api/roles.py", line 50, in get
Sep 02 19:58:12.058806 n-d-855650-2 devstack@keystone.service[82223]: ERROR keystone.server.flask.application return self._get_role(role_id)
Sep 02 19:58:12.058806 n-d-855650-2 devstack@keystone.service[82223]: ERROR keystone.server.flask.application
File "/opt/stack/keystone/keystone/api/roles.py", line 70, in _get_role
Sep 02 19:58:12.058806 n-d-855650-2 devstack@keystone.service[82223]: ERROR keystone.server.flask.application ENFORCER.enforce_call(action='identity:get_role')
Sep 02 19:58:12.059751 n-d-855650-2 devstack@keystone.service[82223]: ERROR keystone.server.flask.application
File "/opt/stack/keystone/keystone/common/rbac_enforcer/enforcer.py", line 402, in enforce_call
Sep 02 19:58:12.059751 n-d-855650-2 devstack@keystone.service[82223]: ERROR keystone.server.flask.application policy_dict.update(cls._extract_member_target_data(
Sep 02 19:58:12.059751 n-d-855650-2 devstack@keystone.service[82223]: ERROR keystone.server.flask.application
File "/opt/stack/keystone/keystone/common/rbac_enforcer/enforcer.py", line 234, in _extract_member_target_data
Sep 02 19:58:12.059751 n-d-855650-2 devstack@keystone.service[82223]: ERROR keystone.server.flask.application member_name: func(flask.request.view_args[key])
Sep 02 19:58:12.059751 n-d-855650-2 devstack@keystone.service[82223]: ERROR keystone.server.flask.application
File "/opt/stack/keystone/keystone/common/manager.py", line 115, in wrapped
Sep 02 19:58:12.059751 n-d-855650-2 devstack@keystone.service[82223]: ERROR keystone.server.flask.application __ret_val = __f(*args, **kwargs)
Sep 02 19:58:12.059751 n-d-855650-2 devstack@keystone.service[82223]: ERROR keystone.server.flask.application
File "/usr/local/lib/python3.8/dist-packages/decorator.py", line 232, in fun
Sep 02 19:58:12.059751 n-d-855650-2 devstack@keystone.service[82223]: ERROR keystone.server.flask.application return caller(func, *(extras + args), **kw)
Sep 02 19:58:12.059751 n-d-855650-2 devstack@keystone.service[82223]: ERROR keystone.server.flask.application
File "/usr/local/lib/python3.8/dist-packages/dogpile/cache/region.py", line 1577, in get_or_create_for_user_func
Sep 02 19:58:12.059751 n-d-855650-2 devstack@keystone.service[82223]: ERROR keystone.server.flask.application return self.get_or_create(
Sep 02 19:58:12.059751 n-d-855650-2 devstack@keystone.service[82223]: ERROR keystone.server.flask.application
File "/usr/local/lib/python3.8/dist-packages/dogpile/cache/region.py", line 1042, in get_or_create
Sep 02 19:58:12.059751 n-d-855650-2 devstack@keystone.service[82223]: ERROR keystone.server.flask.application with Lock(
Sep 02 19:58:12.059751 n-d-855650-2 devstack@keystone.service[82223]: ERROR keystone.server.flask.application
File "/usr/local/lib/python3.8/dist-packages/dogpile/lock.py", line 185, in __enter__
Sep 02 19:58:12.059751 n-d-855650-2 devstack@keystone.service[82223]: ERROR keystone.server.flask.application return self._enter()
Sep 02 19:58:12.059751 n-d-855650-2 devstack@keystone.service[82223]: ERROR keystone.server.flask.application
File "/usr/local/lib/python3.8/dist-packages/dogpile/lock.py", line 94, in _enter
Sep 02 19:58:12.059751 n-d-855650-2 devstack@keystone.service[82223]: ERROR keystone.server.flask.application generated = self._enter_create(value, createdtime)
Sep 02 19:58:12.061216 n-d-855650-2 devstack@keystone.service[82223]: ERROR keystone.server.flask.application
File "/usr/local/lib/python3.8/dist-packages/dogpile/lock.py", line 178, in _enter_create
Sep 02 19:58:12.061216 n-d-855650-2 devstack@keystone.service[82223]: ERROR keystone.server.flask.application return self.creator()
Sep 02 19:58:12.061216 n-d-855650-2 devstack@keystone.service[82223]: ERROR keystone.server.flask.application
File "/usr/local/lib/python3.8/dist-packages/dogpile/cache/region.py", line 995, in gen_value
Sep 02 19:58:12.061216 n-d-855650-2 devstack@keystone.service[82223]: ERROR keystone.server.flask.application created_value = creator(
Sep 02 19:58:12.061216 n-d-855650-2 devstack@keystone.service[82223]: ERROR keystone.server.flask.application
File "/opt/stack/keystone/keystone/assignment/core.py", line 1276, in get_role
Sep 02 19:58:12.061216 n-d-855650-2 devstack@keystone.service[82223]: ERROR keystone.server.flask.application return self.driver.get_role(role_id)
Sep 02 19:58:12.061216 n-d-855650-2 devstack@keystone.service[82223]: ERROR keystone.server.flask.application
File "/opt/stack/keystone/keystone/assignment/role_backends/sql.py", line 70, in get_role
Sep 02 19:58:12.061216 n-d-855650-2 devstack@keystone.service[82223]: ERROR keystone.server.flask.application return self._get_role(session, role_id).to_dict()
Sep 02 19:58:12.061216 n-d-855650-2 devstack@keystone.service[82223]: ERROR keystone.server.flask.application
File "/opt/stack/keystone/keystone/assignment/role_backends/sql.py", line 65, in _get_role
Sep 02 19:58:12.061216 n-d-855650-2 devstack@keystone.service[82223]: ERROR keystone.server.flask.application raise exception.RoleNotFound(role_id=role_id)
Sep 02 19:58:12.061216 n-d-855650-2 devstack@keystone.service[82223]: ERROR keystone.server.flask.application keystone.exception.RoleNotFound: Could not find role: admin.
Sep 02 19:58:12.061216 n-d-855650-2 devstack@keystone.service[82223]: ERROR keystone.server.flask.application
Sep 02 19:58:12.061216 n-d-855650-2 devstack@keystone.service[82223]: [pid: 82223|app: 0|req: 7/14] 10.222.0.16 () {56 vars in 1096 bytes} [Fri Sep 2 19:58:11 2022] GET /identity/v3/roles/admin => generated 83 bytes in 160 msecs (HTTP/1.1 404) 5 headers in 183 bytes (1 switches on core 0)
Sep 02 19:58:12.066385 n-d-855650-2 devstack@keystone.service[82223]: DEBUG keystone.server.flask.request_processing.middleware.auth_context [None req-a552e8d8-a43e-4fa9-84b3-f874a79bb097 None admin] Authenticating user token {{(pid=82223) process_request /usr/local/lib/python3.8/dist-packages/keystonemiddleware/auth_token/__init__.py:407}}
Sep 02 19:58:12.144153 n-d-855650-2 devstack@keystone.service[82222]: DEBUG keystone.server.flask.request_processing.middleware.auth_context [None req-a2a33dd6-3fe6-45d2-916d-59576ddc862a None None] Validating token access rules against request {{(pid=82222) validate_allowed_request /usr/local/lib/python3.8/dist-packages/keystonemiddleware/auth_token/__init__.py:545}}
Sep 02 19:58:12.146416 n-d-855650-2 devstack@keystone.service[82222]: DEBUG dbcounter [-] [82222] Writing DB stats keystone:SELECT=100 {{(pid=82222) stat_writer /usr/local/lib/python3.8/dist-packages/dbcounter.py:114}}
Sep 02 19:58:12.147784 n-d-855650-2 devstack@keystone.service[82223]: DEBUG dbcounter [-] [82223] Writing DB stats keystone:SELECT=100 {{(pid=82223) stat_writer /usr/local/lib/python3.8/dist-packages/dbcounter.py:114}}
Sep 02 19:58:12.165242 n-d-855650-2 devstack@keystone.service[82223]: DEBUG keystone.server.flask.request_processing.middleware.auth_context [None req-a552e8d8-a43e-4fa9-84b3-f874a79bb097 None admin] Validating token access rules against request {{(pid=82223) validate_allowed_request /usr/local/lib/python3.8/dist-packages/keystonemiddleware/auth_token/__init__.py:545}}
Sep 02 19:58:12.181448 n-d-855650-2 devstack@keystone.service[82222]: DEBUG keystone.server.flask.request_processing.middleware.auth_context [None req-624c4a6f-febc-4e35-a993-12f3ee4df794 None admin] RBAC: auth_context: {'token': , 'domain_id': None, 'trust_id': None, 'trustor_id': None, 'trustee_id': None, 'domain_name': None, 'group_ids': [], 'user_id': 'add0444b1673409182b91c26a2144e75', 'user_domain_id': 'default', 'system_scope': 'all', 'project_id': None, 'project_domain_id': None, 'roles': ['admin', 'member', 'reader'], 'is_admin_project': True, 'service_user_id': None, 'service_user_domain_id': None, 'service_project_id': None, 'service_project_domain_id': None, 'service_roles': []} {{(pid=82222) fill_context /opt/stack/keystone/keystone/server/flask/request_processing/middleware/auth_context.py:478}}
Sep 02 19:58:12.182296 n-d-855650-2 devstack@keystone.service[82222]: DEBUG keystone.server.flask.request_processing.req_logging [None req-624c4a6f-febc-4e35-a993-12f3ee4df794 None admin] REQUEST_METHOD: `GET` {{(pid=82222) log_request_info /opt/stack/keystone/keystone/server/flask/request_processing/req_logging.py:27}}
Sep 02 19:58:12.182622 n-d-855650-2 devstack@keystone.service[82222]: DEBUG keystone.server.flask.request_processing.req_logging [None req-624c4a6f-febc-4e35-a993-12f3ee4df794 None admin] SCRIPT_NAME: `/identity` {{(pid=82222) log_request_info /opt/stack/keystone/keystone/server/flask/request_processing/req_logging.py:28}}
Sep 02 19:58:12.182897 n-d-855650-2 devstack@keystone.service[82222]: DEBUG keystone.server.flask.request_processing.req_logging [None req-624c4a6f-febc-4e35-a993-12f3ee4df794 None admin] PATH_INFO: `/v3/auth/tokens` {{(pid=82222) log_request_info /opt/stack/keystone/keystone/server/flask/request_processing/req_logging.py:29}}
Sep 02 19:58:12.199608 n-d-855650-2 devstack@keystone.service[82223]: DEBUG keystone.server.flask.request_processing.middleware.auth_context [None req-879c1eee-59dd-4ed7-98af-909d961f233a None admin] RBAC: auth_context: {'token': , 'domain_id': None, 'trust_id': None, 'trustor_id': None, 'trustee_id': None, 'domain_name': None, 'group_ids': [], 'user_id': 'add0444b1673409182b91c26a2144e75', 'user_domain_id': 'default', 'system_scope': 'all', 'project_id': None, 'project_domain_id': None, 'roles': ['admin', 'member', 'reader'], 'is_admin_project': True, 'service_user_id': None, 'service_user_domain_id': None, 'service_project_id': None, 'service_project_domain_id': None, 'service_roles': []} {{(pid=82223) fill_context /opt/stack/keystone/keystone/server/flask/request_processing/middleware/auth_context.py:478}}
Sep 02 19:58:12.200209 n-d-855650-2 devstack@keystone.service[82223]: DEBUG keystone.server.flask.request_processing.req_logging [None req-879c1eee-59dd-4ed7-98af-909d961f233a None admin] REQUEST_METHOD: `GET` {{(pid=82223) log_request_info /opt/stack/keystone/keystone/server/flask/request_processing/req_logging.py:27}}
Sep 02 19:58:12.200508 n-d-855650-2 devstack@keystone.service[82223]: DEBUG keystone.server.flask.request_processing.req_logging [None req-879c1eee-59dd-4ed7-98af-909d961f233a None admin] SCRIPT_NAME: `/identity` {{(pid=82223) log_request_info /opt/stack/keystone/keystone/server/flask/request_processing/req_logging.py:28}}
Sep 02 19:58:12.200858 n-d-855650-2 devstack@keystone.service[82223]: DEBUG keystone.server.flask.request_processing.req_logging [None req-879c1eee-59dd-4ed7-98af-909d961f233a None admin] PATH_INFO: `/v3/roles` {{(pid=82223) log_request_info /opt/stack/keystone/keystone/server/flask/request_processing/req_logging.py:29}}
Sep 02 19:58:12.201526 n-d-855650-2 devstack@keystone.service[82223]: DEBUG keystone.common.rbac_enforcer.enforcer [None req-879c1eee-59dd-4ed7-98af-909d961f233a None admin] RBAC: Adding query filter params (name=admin) {{(pid=82223) _extract_filter_values /opt/stack/keystone/keystone/common/rbac_enforcer/enforcer.py:167}}
Sep 02 19:58:12.201824 n-d-855650-2 devstack@keystone.service[82223]: DEBUG keystone.common.rbac_enforcer.enforcer [None req-879c1eee-59dd-4ed7-98af-909d961f233a None admin] RBAC: Authorizing `identity:list_roles()` {{(pid=82223) enforce_call /opt/stack/keystone/keystone/common/rbac_enforcer/enforcer.py:449}}
Sep 02 19:58:12.203234 n-d-855650-2 devstack@keystone.service[82223]: DEBUG keystone.common.rbac_enforcer.enforcer [None req-879c1eee-59dd-4ed7-98af-909d961f233a None admin] RBAC: Authorization granted {{(pid=82223) enforce_call /opt/stack/keystone/keystone/common/rbac_enforcer/enforcer.py:457}}
Sep 02 19:58:12.214741 n-d-855650-2 devstack@keystone.service[82223]: [pid: 82223|app: 0|req: 8/15] 10.222.0.16 () {56 vars in 1099 bytes} [Fri Sep 2 19:58:12 2022] GET /identity/v3/roles?name=admin => generated 339 bytes in 149 msecs (HTTP/1.1 200) 5 headers in 177 bytes (2 switches on core 0)
Sep 02 19:58:12.220804 n-d-855650-2 devstack@keystone.service[82223]: DEBUG keystone.server.flask.request_processing.middleware.auth_context [None req-879c1eee-59dd-4ed7-98af-909d961f233a None admin] Authenticating user token {{(pid=82223) process_request /usr/local/lib/python3.8/dist-packages/keystonemiddleware/auth_token/__init__.py:407}}
Sep 02 19:58:12.252633 n-d-855650-2 devstack@keystone.service[82222]: DEBUG keystone.common.rbac_enforcer.enforcer [None req-624c4a6f-febc-4e35-a993-12f3ee4df794 None admin] RBAC: Authorizing `identity:validate_token()` {{(pid=82222) enforce_call /opt/stack/keystone/keystone/common/rbac_enforcer/enforcer.py:449}}
Sep 02 19:58:12.254169 n-d-855650-2 devstack@keystone.service[82222]: DEBUG keystone.common.rbac_enforcer.enforcer [None req-624c4a6f-febc-4e35-a993-12f3ee4df794 None admin] RBAC: Authorization granted {{(pid=82222) enforce_call /opt/stack/keystone/keystone/common/rbac_enforcer/enforcer.py:457}}
Sep 02 19:58:12.319259 n-d-855650-2 devstack@keystone.service[82223]: DEBUG keystone.server.flask.request_processing.middleware.auth_context [None req-879c1eee-59dd-4ed7-98af-909d961f233a None admin] Validating token access rules against request {{(pid=82223) validate_allowed_request /usr/local/lib/python3.8/dist-packages/keystonemiddleware/auth_token/__init__.py:545}}
Sep 02 19:58:12.353337 n-d-855650-2 devstack@keystone.service[82223]: DEBUG keystone.server.flask.request_processing.middleware.auth_context [None req-0bab977a-648d-4e43-9218-aa1f1ce20b82 None admin] RBAC: auth_context: {'token': , 'domain_id': None, 'trust_id': None, 'trustor_id': None, 'trustee_id': None, 'domain_name': None, 'group_ids': [], 'user_id': 'add0444b1673409182b91c26a2144e75', 'user_domain_id': 'default', 'system_scope': 'all', 'project_id': None, 'project_domain_id': None, 'roles': ['admin', 'member', 'reader'], 'is_admin_project': True, 'service_user_id': None, 'service_user_domain_id': None, 'service_project_id': None, 'service_project_domain_id': None, 'service_roles': []} {{(pid=82223) fill_context /opt/stack/keystone/keystone/server/flask/request_processing/middleware/auth_context.py:478}}
Sep 02 19:58:12.353967 n-d-855650-2 devstack@keystone.service[82223]: DEBUG keystone.server.flask.request_processing.req_logging [None req-0bab977a-648d-4e43-9218-aa1f1ce20b82 None admin] REQUEST_METHOD: `GET` {{(pid=82223) log_request_info /opt/stack/keystone/keystone/server/flask/request_processing/req_logging.py:27}}
Sep 02 19:58:12.354253 n-d-855650-2 devstack@keystone.service[82223]: DEBUG keystone.server.flask.request_processing.req_logging [None req-0bab977a-648d-4e43-9218-aa1f1ce20b82 None admin] SCRIPT_NAME: `/identity` {{(pid=82223) log_request_info /opt/stack/keystone/keystone/server/flask/request_processing/req_logging.py:28}}
Sep 02 19:58:12.354557 n-d-855650-2 devstack@keystone.service[82223]: DEBUG keystone.server.flask.request_processing.req_logging [None req-0bab977a-648d-4e43-9218-aa1f1ce20b82 None admin] PATH_INFO: `/v3/users/add0444b1673409182b91c26a2144e75` {{(pid=82223) log_request_info /opt/stack/keystone/keystone/server/flask/request_processing/req_logging.py:29}}
Sep 02 19:58:12.355683 n-d-855650-2 devstack@keystone.service[82222]: [pid: 82222|app: 0|req: 8/16] 10.222.0.16 () {58 vars in 1282 bytes} [Fri Sep 2 19:58:12 2022] GET /identity/v3/auth/tokens => generated 799 bytes in 314 msecs (HTTP/1.1 200) 6 headers in 358 bytes (2 switches on core 0)
Sep 02 19:58:12.355793 n-d-855650-2 devstack@keystone.service[82223]: DEBUG keystone.common.rbac_enforcer.enforcer [None req-0bab977a-648d-4e43-9218-aa1f1ce20b82 None admin] RBAC: Authorizing `identity:get_user(user_id=add0444b1673409182b91c26a2144e75)` {{(pid=82223) enforce_call /opt/stack/keystone/keystone/common/rbac_enforcer/enforcer.py:449}}
Sep 02 19:58:12.357474 n-d-855650-2 devstack@keystone.service[82223]: DEBUG keystone.common.rbac_enforcer.enforcer [None req-0bab977a-648d-4e43-9218-aa1f1ce20b82 None admin] RBAC: Authorization granted {{(pid=82223) enforce_call /opt/stack/keystone/keystone/common/rbac_enforcer/enforcer.py:457}}
Sep 02 19:58:12.359272 n-d-855650-2 devstack@keystone.service[82223]: [pid: 82223|app: 0|req: 9/17] 10.222.0.16 () {56 vars in 1177 bytes} [Fri Sep 2 19:58:12 2022] GET /identity/v3/users/add0444b1673409182b91c26a2144e75 => generated 247 bytes in 139 msecs (HTTP/1.1 200) 5 headers in 177 bytes (2 switches on core 0)
Sep 02 19:58:12.361619 n-d-855650-2 devstack@keystone.service[82222]: DEBUG keystone.server.flask.request_processing.middleware.auth_context [None req-624c4a6f-febc-4e35-a993-12f3ee4df794 None admin] Authenticating user token {{(pid=82222) process_request /usr/local/lib/python3.8/dist-packages/keystonemiddleware/auth_token/__init__.py:407}}
Sep 02 19:58:12.364307 n-d-855650-2 devstack@keystone.service[82223]: DEBUG keystone.server.flask.request_processing.middleware.auth_context [None req-0bab977a-648d-4e43-9218-aa1f1ce20b82 None admin] Authenticating user token {{(pid=82223) process_request /usr/local/lib/python3.8/dist-packages/keystonemiddleware/auth_token/__init__.py:407}}
Sep 02 19:58:12.364593 n-d-855650-2 devstack@keystone.service[82222]: DEBUG dbcounter [-] [82222] Writing DB stats keystone:SELECT=100 {{(pid=82222) stat_writer /usr/local/lib/python3.8/dist-packages/dbcounter.py:114}}
Sep 02 19:58:12.380015 n-d-855650-2 devstack@keystone.service[82223]: DEBUG dbcounter [-] [82223] Writing DB stats keystone:SELECT=100 {{(pid=82223) stat_writer /usr/local/lib/python3.8/dist-packages/dbcounter.py:114}}
Sep 02 19:58:12.462666 n-d-855650-2 devstack@keystone.service[82222]: DEBUG keystone.server.flask.request_processing.middleware.auth_context [None req-624c4a6f-febc-4e35-a993-12f3ee4df794 None admin] Validating token access rules against request {{(pid=82222) validate_allowed_request /usr/local/lib/python3.8/dist-packages/keystonemiddleware/auth_token/__init__.py:545}}
Sep 02 19:58:12.469825 n-d-855650-2 devstack@keystone.service[82223]: DEBUG keystone.server.flask.request_processing.middleware.auth_context [None req-0bab977a-648d-4e43-9218-aa1f1ce20b82 None admin] Validating token access rules against request {{(pid=82223) validate_allowed_request /usr/local/lib/python3.8/dist-packages/keystonemiddleware/auth_token/__init__.py:545}}
