Nov 02 11:50:18.395133 n-d-855649-4 devstack@placement-api.service[112972]: DEBUG placement.objects.resource_provider [req-81e294b0-d6e5-4d49-8a80-db4bd8e974aa req-3a7622a1-12df-4faa-863c-7aa81f3db495 service placement] Setting aggregates for provider 18f9dda8-282d-48d8-8f50-a29a96e08ac1. Successfully associated aggregate 077773ae-85e4-4a32-bbbc-8cc413024f3d. {{(pid=112972) _set_aggregates /opt/stack/placement/placement/objects/resource_provider.py:389}}
Nov 02 11:50:18.476569 n-d-855649-4 devstack@placement-api.service[112972]: INFO placement.requestlog [req-81e294b0-d6e5-4d49-8a80-db4bd8e974aa req-3a7622a1-12df-4faa-863c-7aa81f3db495 service placement] 10.222.0.48 "PUT /placement/resource_providers/18f9dda8-282d-48d8-8f50-a29a96e08ac1/aggregates" status: 200 len: 91 microversion: 1.19
Nov 02 11:50:18.477163 n-d-855649-4 devstack@placement-api.service[112972]: [pid: 112972|app: 0|req: 16/32] 10.222.0.48 () {64 vars in 1477 bytes} [Wed Nov 2 11:50:18 2022] PUT /placement/resource_providers/18f9dda8-282d-48d8-8f50-a29a96e08ac1/aggregates => generated 91 bytes in 114 msecs (HTTP/1.1 200) 8 headers in 295 bytes (1 switches on core 0)
Nov 02 11:50:20.590912 n-d-855649-4 devstack@placement-api.service[112973]: DEBUG placement.requestlog [req-c1cc1e1a-357f-488e-829a-b283db98832b req-12f43d29-70e6-47c1-a01a-ac1304fdeee7 None None] Starting request: 10.222.0.48 "GET /placement/allocation_candidates?limit=1000&member_of=in%3A077773ae-85e4-4a32-bbbc-8cc413024f3d&resources=DISK_GB%3A1%2CMEMORY_MB%3A1024%2CVCPU%3A1&root_required=%21COMPUTE_STATUS_DISABLED" {{(pid=112973) __call__ /opt/stack/placement/placement/requestlog.py:55}}
Nov 02 11:50:20.818006 n-d-855649-4 devstack@placement-api.service[112973]: DEBUG placement.objects.research_context [req-c1cc1e1a-357f-488e-829a-b283db98832b req-12f43d29-70e6-47c1-a01a-ac1304fdeee7 service placement] getting providers with 1 DISK_GB {{(pid=112973) __init__ /opt/stack/placement/placement/objects/research_context.py:136}}
Nov 02 11:50:20.826909 n-d-855649-4 devstack@placement-api.service[112973]: DEBUG placement.objects.research_context [req-c1cc1e1a-357f-488e-829a-b283db98832b req-12f43d29-70e6-47c1-a01a-ac1304fdeee7 service placement] getting providers with 1024 MEMORY_MB {{(pid=112973) __init__ /opt/stack/placement/placement/objects/research_context.py:136}}
Nov 02 11:50:20.832537 n-d-855649-4 devstack@placement-api.service[112973]: DEBUG placement.objects.research_context [req-c1cc1e1a-357f-488e-829a-b283db98832b req-12f43d29-70e6-47c1-a01a-ac1304fdeee7 service placement] getting providers with 1 VCPU {{(pid=112973) __init__ /opt/stack/placement/placement/objects/research_context.py:136}}
Nov 02 11:50:20.839913 n-d-855649-4 devstack@placement-api.service[112973]: DEBUG placement.objects.research_context [req-c1cc1e1a-357f-488e-829a-b283db98832b req-12f43d29-70e6-47c1-a01a-ac1304fdeee7 service placement] found 1 providers after applying required aggregates filter ([{'077773ae-85e4-4a32-bbbc-8cc413024f3d'}]) {{(pid=112973) get_provider_ids_for_traits_and_aggs /opt/stack/placement/placement/objects/research_context.py:1158}}
Nov 02 11:50:20.840388 n-d-855649-4 devstack@placement-api.service[112973]: DEBUG placement.objects.research_context [req-c1cc1e1a-357f-488e-829a-b283db98832b req-12f43d29-70e6-47c1-a01a-ac1304fdeee7 service placement] found 2 providers with available 1 DISK_GB {{(pid=112973) get_provider_ids_matching /opt/stack/placement/placement/objects/research_context.py:563}}
Nov 02 11:50:20.840875 n-d-855649-4 devstack@placement-api.service[112973]: DEBUG placement.objects.research_context [req-c1cc1e1a-357f-488e-829a-b283db98832b req-12f43d29-70e6-47c1-a01a-ac1304fdeee7 service placement] found 1 providers after applying initial aggregate and trait filters {{(pid=112973) get_provider_ids_matching /opt/stack/placement/placement/objects/research_context.py:575}}
Nov 02 11:50:20.841290 n-d-855649-4 devstack@placement-api.service[112973]: DEBUG placement.objects.research_context [req-c1cc1e1a-357f-488e-829a-b283db98832b req-12f43d29-70e6-47c1-a01a-ac1304fdeee7 service placement] found 2 providers with available 1024 MEMORY_MB {{(pid=112973) get_provider_ids_matching /opt/stack/placement/placement/objects/research_context.py:563}}
Nov 02 11:50:20.841711 n-d-855649-4 devstack@placement-api.service[112973]: DEBUG placement.objects.research_context [req-c1cc1e1a-357f-488e-829a-b283db98832b req-12f43d29-70e6-47c1-a01a-ac1304fdeee7 service placement] found 1 providers after filtering by previous result {{(pid=112973) get_provider_ids_matching /opt/stack/placement/placement/objects/research_context.py:594}}
Nov 02 11:50:20.841969 n-d-855649-4 devstack@placement-api.service[112973]: DEBUG placement.objects.research_context [req-c1cc1e1a-357f-488e-829a-b283db98832b req-12f43d29-70e6-47c1-a01a-ac1304fdeee7 service placement] found 2 providers with available 1 VCPU {{(pid=112973) get_provider_ids_matching /opt/stack/placement/placement/objects/research_context.py:563}}
Nov 02 11:50:20.842493 n-d-855649-4 devstack@placement-api.service[112973]: DEBUG placement.objects.research_context [req-c1cc1e1a-357f-488e-829a-b283db98832b req-12f43d29-70e6-47c1-a01a-ac1304fdeee7 service placement] found 1 providers after filtering by previous result {{(pid=112973) get_provider_ids_matching /opt/stack/placement/placement/objects/research_context.py:594}}
Nov 02 11:50:20.856109 n-d-855649-4 devstack@placement-api.service[112973]: DEBUG placement.objects.allocation_candidate [req-c1cc1e1a-357f-488e-829a-b283db98832b req-12f43d29-70e6-47c1-a01a-ac1304fdeee7 service placement] RequestGroup(use_same_provider=False, resources={DISK_GB:1, MEMORY_MB:1024, VCPU:1}, traits=(), aggregates=[[077773ae-85e4-4a32-bbbc-8cc413024f3d]]) (suffix '') returned 1 matches {{(pid=112973) _get_by_requests /opt/stack/placement/placement/objects/allocation_candidate.py:156}}
Nov 02 11:50:20.857036 n-d-855649-4 devstack@placement-api.service[112973]: DEBUG placement.objects.allocation_candidate [req-c1cc1e1a-357f-488e-829a-b283db98832b req-12f43d29-70e6-47c1-a01a-ac1304fdeee7 service placement] Merging candidates yields 1 allocation requests and 1 provider summaries {{(pid=112973) _merge_candidates /opt/stack/placement/placement/objects/allocation_candidate.py:809}}
Nov 02 11:50:20.858778 n-d-855649-4 devstack@placement-api.service[112973]: INFO placement.requestlog [req-c1cc1e1a-357f-488e-829a-b283db98832b req-12f43d29-70e6-47c1-a01a-ac1304fdeee7 service placement] 10.222.0.48 "GET /placement/allocation_candidates?limit=1000&member_of=in%3A077773ae-85e4-4a32-bbbc-8cc413024f3d&resources=DISK_GB%3A1%2CMEMORY_MB%3A1024%2CVCPU%3A1&root_required=%21COMPUTE_STATUS_DISABLED" status: 200 len: 676 microversion: 1.36
Nov 02 11:50:20.859391 n-d-855649-4 devstack@placement-api.service[112973]: [pid: 112973|app: 0|req: 17/33] 10.222.0.48 () {60 vars in 1610 bytes} [Wed Nov 2 11:50:20 2022] GET /placement/allocation_candidates?limit=1000&member_of=in%3A077773ae-85e4-4a32-bbbc-8cc413024f3d&resources=DISK_GB%3A1%2CMEMORY_MB%3A1024%2CVCPU%3A1&root_required=%21COMPUTE_STATUS_DISABLED => generated 676 bytes in 290 msecs (HTTP/1.1 200) 8 headers in 296 bytes (1 switches on core 0)
Nov 02 11:50:20.962516 n-d-855649-4 devstack@placement-api.service[112972]: DEBUG placement.requestlog [req-c1cc1e1a-357f-488e-829a-b283db98832b req-8ad8f819-c94a-4010-b273-b9e4a562798a None None] Starting request: 10.222.0.48 "GET /placement/allocations/422a8101-2746-4cee-b94f-3dd3ab8eed38" {{(pid=112972) __call__ /opt/stack/placement/placement/requestlog.py:55}}
Nov 02 11:50:20.977670 n-d-855649-4 devstack@placement-api.service[112972]: INFO placement.requestlog [req-c1cc1e1a-357f-488e-829a-b283db98832b req-8ad8f819-c94a-4010-b273-b9e4a562798a service placement] 10.222.0.48 "GET /placement/allocations/422a8101-2746-4cee-b94f-3dd3ab8eed38" status: 200 len: 19 microversion: 1.28
Nov 02 11:50:20.978130 n-d-855649-4 devstack@placement-api.service[112972]: [pid: 112972|app: 0|req: 17/34] 10.222.0.48 () {60 vars in 1380 bytes} [Wed Nov 2 11:50:20 2022] GET /placement/allocations/422a8101-2746-4cee-b94f-3dd3ab8eed38 => generated 19 bytes in 16 msecs (HTTP/1.1 200) 8 headers in 295 bytes (2 switches on core 0)
Nov 02 11:50:20.984920 n-d-855649-4 devstack@placement-api.service[112973]: DEBUG placement.requestlog [req-c1cc1e1a-357f-488e-829a-b283db98832b req-6d6879d5-5e2e-4d4b-9d13-775bf2733045 None None] Starting request: 10.222.0.48 "PUT /placement/allocations/422a8101-2746-4cee-b94f-3dd3ab8eed38" {{(pid=112973) __call__ /opt/stack/placement/placement/requestlog.py:55}}
Nov 02 11:50:21.325945 n-d-855649-4 devstack@placement-api.service[112973]: DEBUG placement.handlers.allocation [req-c1cc1e1a-357f-488e-829a-b283db98832b req-6d6879d5-5e2e-4d4b-9d13-775bf2733045 service placement] Successfully wrote allocations [, , ] {{(pid=112973) _update_consumers_and_create_allocations /opt/stack/placement/placement/handlers/allocation.py:462}}
Nov 02 11:50:21.404577 n-d-855649-4 devstack@placement-api.service[112973]: INFO placement.requestlog [req-c1cc1e1a-357f-488e-829a-b283db98832b req-6d6879d5-5e2e-4d4b-9d13-775bf2733045 service placement] 10.222.0.48 "PUT /placement/allocations/422a8101-2746-4cee-b94f-3dd3ab8eed38" status: 204 len: 0 microversion: 1.36
Nov 02 11:50:21.405906 n-d-855649-4 devstack@placement-api.service[112973]: [pid: 112973|app: 0|req: 18/35] 10.222.0.48 () {64 vars in 1433 bytes} [Wed Nov 2 11:50:20 2022] PUT /placement/allocations/422a8101-2746-4cee-b94f-3dd3ab8eed38 => generated 0 bytes in 421 msecs (HTTP/1.1 204) 5 headers in 199 bytes (1 switches on core 0)
Nov 02 11:50:22.928482 n-d-855649-4 devstack@placement-api.service[112972]: DEBUG placement.requestlog [req-c1cc1e1a-357f-488e-829a-b283db98832b req-87da1241-9327-4756-918b-e1b5c25ed650 None None] Starting request: 10.222.0.52 "GET /placement/allocations/422a8101-2746-4cee-b94f-3dd3ab8eed38" {{(pid=112972) __call__ /opt/stack/placement/placement/requestlog.py:55}}
Nov 02 11:50:22.949423 n-d-855649-4 devstack@placement-api.service[112972]: INFO placement.requestlog [req-c1cc1e1a-357f-488e-829a-b283db98832b req-87da1241-9327-4756-918b-e1b5c25ed650 service placement] 10.222.0.52 "GET /placement/allocations/422a8101-2746-4cee-b94f-3dd3ab8eed38" status: 200 len: 258 microversion: 1.28
Nov 02 11:50:22.949836 n-d-855649-4 devstack@placement-api.service[112972]: [pid: 112972|app: 0|req: 18/36] 10.222.0.52 () {60 vars in 1377 bytes} [Wed Nov 2 11:50:22 2022] GET /placement/allocations/422a8101-2746-4cee-b94f-3dd3ab8eed38 => generated 258 bytes in 24 msecs (HTTP/1.1 200) 8 headers in 296 bytes (1 switches on core 0)
Nov 02 11:50:23.168225 n-d-855649-4 devstack@placement-api.service[112973]: DEBUG placement.requestlog [req-c1cc1e1a-357f-488e-829a-b283db98832b req-27b56149-676b-4696-84dc-1e129077fa76 None None] Starting request: 10.222.0.52 "GET /placement/resource_providers/18f9dda8-282d-48d8-8f50-a29a96e08ac1/allocations" {{(pid=112973) __call__ /opt/stack/placement/placement/requestlog.py:55}}
Nov 02 11:50:23.205687 n-d-855649-4 devstack@placement-api.service[112973]: INFO placement.requestlog [req-c1cc1e1a-357f-488e-829a-b283db98832b req-27b56149-676b-4696-84dc-1e129077fa76 service placement] 10.222.0.52 "GET /placement/resource_providers/18f9dda8-282d-48d8-8f50-a29a96e08ac1/allocations" status: 200 len: 153 microversion: 1.0
Nov 02 11:50:23.207272 n-d-855649-4 devstack@placement-api.service[112973]: [pid: 112973|app: 0|req: 19/37] 10.222.0.52 () {58 vars in 1390 bytes} [Wed Nov 2 11:50:23 2022] GET /placement/resource_providers/18f9dda8-282d-48d8-8f50-a29a96e08ac1/allocations => generated 153 bytes in 39 msecs (HTTP/1.1 200) 6 headers in 224 bytes (1 switches on core 0)
Nov 02 11:50:23.213047 n-d-855649-4 devstack@placement-api.service[112972]: DEBUG placement.requestlog [req-c1cc1e1a-357f-488e-829a-b283db98832b req-85c757b0-c836-4fa2-b9f7-4425fbf3cdff None None] Starting request: 10.222.0.52 "GET /placement/allocations/422a8101-2746-4cee-b94f-3dd3ab8eed38" {{(pid=112972) __call__ /opt/stack/placement/placement/requestlog.py:55}}
Nov 02 11:50:23.250620 n-d-855649-4 devstack@placement-api.service[112972]: INFO placement.requestlog [req-c1cc1e1a-357f-488e-829a-b283db98832b req-85c757b0-c836-4fa2-b9f7-4425fbf3cdff service placement] 10.222.0.52 "GET /placement/allocations/422a8101-2746-4cee-b94f-3dd3ab8eed38" status: 200 len: 258 microversion: 1.28
Nov 02 11:50:23.250925 n-d-855649-4 devstack@placement-api.service[112972]: [pid: 112972|app: 0|req: 19/38] 10.222.0.52 () {60 vars in 1377 bytes} [Wed Nov 2 11:50:23 2022] GET /placement/allocations/422a8101-2746-4cee-b94f-3dd3ab8eed38 => generated 258 bytes in 38 msecs (HTTP/1.1 200) 8 headers in 296 bytes (1 switches on core 0)
Nov 02 11:50:33.201152 n-d-855649-4 devstack@placement-api.service[112973]: DEBUG dbcounter [-] [112973] Writing DB stats placement:SELECT=39,placement:INSERT=6,placement:DELETE=2,placement:UPDATE=2 {{(pid=112973) stat_writer /usr/local/lib/python3.8/dist-packages/dbcounter.py:114}}
Nov 02 11:50:33.249712 n-d-855649-4 devstack@placement-api.service[112972]: DEBUG dbcounter [-] [112972] Writing DB stats placement:SELECT=17,placement:INSERT=2,placement:UPDATE=1 {{(pid=112972) stat_writer /usr/local/lib/python3.8/dist-packages/dbcounter.py:114}}
Nov 02 11:50:46.209237 n-d-855649-4 devstack@placement-api.service[112973]: DEBUG placement.requestlog [req-54696950-65e1-4450-8164-edd5a1323a65 req-0149cc3a-c47a-4f9b-b8a2-48a0eb3b45f2 None None] Starting request: 10.222.0.48 "GET /placement/allocation_candidates?limit=1000&resources=DISK_GB%3A1%2CMEMORY_MB%3A1024%2CVCPU%3A1&root_required=%21COMPUTE_STATUS_DISABLED" {{(pid=112973) __call__ /opt/stack/placement/placement/requestlog.py:55}}
Nov 02 11:50:46.258642 n-d-855649-4 devstack@placement-api.service[112973]: DEBUG placement.objects.research_context [req-54696950-65e1-4450-8164-edd5a1323a65 req-0149cc3a-c47a-4f9b-b8a2-48a0eb3b45f2 service placement] getting providers with 1 DISK_GB {{(pid=112973) __init__ /opt/stack/placement/placement/objects/research_context.py:136}}
Nov 02 11:50:46.265250 n-d-855649-4 devstack@placement-api.service[112973]: DEBUG placement.objects.research_context [req-54696950-65e1-4450-8164-edd5a1323a65 req-0149cc3a-c47a-4f9b-b8a2-48a0eb3b45f2 service placement] getting providers with 1024 MEMORY_MB {{(pid=112973) __init__ /opt/stack/placement/placement/objects/research_context.py:136}}
Nov 02 11:50:46.275959 n-d-855649-4 devstack@placement-api.service[112973]: DEBUG placement.objects.research_context [req-54696950-65e1-4450-8164-edd5a1323a65 req-0149cc3a-c47a-4f9b-b8a2-48a0eb3b45f2 service placement] getting providers with 1 VCPU {{(pid=112973) __init__ /opt/stack/placement/placement/objects/research_context.py:136}}
Nov 02 11:50:46.281680 n-d-855649-4 devstack@placement-api.service[112973]: DEBUG placement.objects.research_context [req-54696950-65e1-4450-8164-edd5a1323a65 req-0149cc3a-c47a-4f9b-b8a2-48a0eb3b45f2 service placement] found 2 providers with available 1 DISK_GB {{(pid=112973) get_provider_ids_matching /opt/stack/placement/placement/objects/research_context.py:563}}
Nov 02 11:50:46.281958 n-d-855649-4 devstack@placement-api.service[112973]: DEBUG placement.objects.research_context [req-54696950-65e1-4450-8164-edd5a1323a65 req-0149cc3a-c47a-4f9b-b8a2-48a0eb3b45f2 service placement] found 2 providers with available 1024 MEMORY_MB {{(pid=112973) get_provider_ids_matching /opt/stack/placement/placement/objects/research_context.py:563}}
Nov 02 11:50:46.282499 n-d-855649-4 devstack@placement-api.service[112973]: DEBUG placement.objects.research_context [req-54696950-65e1-4450-8164-edd5a1323a65 req-0149cc3a-c47a-4f9b-b8a2-48a0eb3b45f2 service placement] found 2 providers after filtering by previous result {{(pid=112973) get_provider_ids_matching /opt/stack/placement/placement/objects/research_context.py:594}}
Nov 02 11:50:46.283111 n-d-855649-4 devstack@placement-api.service[112973]: DEBUG placement.objects.research_context [req-54696950-65e1-4450-8164-edd5a1323a65 req-0149cc3a-c47a-4f9b-b8a2-48a0eb3b45f2 service placement] found 2 providers with available 1 VCPU {{(pid=112973) get_provider_ids_matching /opt/stack/placement/placement/objects/research_context.py:563}}
Nov 02 11:50:46.283381 n-d-855649-4 devstack@placement-api.service[112973]: DEBUG placement.objects.research_context [req-54696950-65e1-4450-8164-edd5a1323a65 req-0149cc3a-c47a-4f9b-b8a2-48a0eb3b45f2 service placement] found 2 providers after filtering by previous result {{(pid=112973) get_provider_ids_matching /opt/stack/placement/placement/objects/research_context.py:594}}
Nov 02 11:50:46.297012 n-d-855649-4 devstack@placement-api.service[112973]: DEBUG placement.objects.allocation_candidate [req-54696950-65e1-4450-8164-edd5a1323a65 req-0149cc3a-c47a-4f9b-b8a2-48a0eb3b45f2 service placement] RequestGroup(use_same_provider=False, resources={DISK_GB:1, MEMORY_MB:1024, VCPU:1}, traits=(), aggregates=[]) (suffix '') returned 2 matches {{(pid=112973) _get_by_requests /opt/stack/placement/placement/objects/allocation_candidate.py:156}}
Nov 02 11:50:46.297383 n-d-855649-4 devstack@placement-api.service[112973]: DEBUG placement.objects.allocation_candidate [req-54696950-65e1-4450-8164-edd5a1323a65 req-0149cc3a-c47a-4f9b-b8a2-48a0eb3b45f2 service placement] Merging candidates yields 2 allocation requests and 2 provider summaries {{(pid=112973) _merge_candidates /opt/stack/placement/placement/objects/allocation_candidate.py:809}}
Nov 02 11:50:46.301674 n-d-855649-4 devstack@placement-api.service[112973]: INFO placement.requestlog [req-54696950-65e1-4450-8164-edd5a1323a65 req-0149cc3a-c47a-4f9b-b8a2-48a0eb3b45f2 service placement] 10.222.0.48 "GET /placement/allocation_candidates?limit=1000&resources=DISK_GB%3A1%2CMEMORY_MB%3A1024%2CVCPU%3A1&root_required=%21COMPUTE_STATUS_DISABLED" status: 200 len: 1306 microversion: 1.36
Nov 02 11:50:46.302354 n-d-855649-4 devstack@placement-api.service[112973]: [pid: 112973|app: 0|req: 20/39] 10.222.0.48 () {60 vars in 1506 bytes} [Wed Nov 2 11:50:46 2022] GET /placement/allocation_candidates?limit=1000&resources=DISK_GB%3A1%2CMEMORY_MB%3A1024%2CVCPU%3A1&root_required=%21COMPUTE_STATUS_DISABLED => generated 1306 bytes in 94 msecs (HTTP/1.1 200) 8 headers in 297 bytes (1 switches on core 0)
Nov 02 11:50:46.536503 n-d-855649-4 devstack@placement-api.service[112972]: DEBUG placement.requestlog [req-54696950-65e1-4450-8164-edd5a1323a65 req-77dccda5-196c-4490-acb0-219ea23e571e None None] Starting request: 10.222.0.48 "GET /placement/allocations/79f01c5e-3ef8-4f56-affe-03b6962a8975" {{(pid=112972) __call__ /opt/stack/placement/placement/requestlog.py:55}}
Nov 02 11:50:46.549489 n-d-855649-4 devstack@placement-api.service[112972]: INFO placement.requestlog [req-54696950-65e1-4450-8164-edd5a1323a65 req-77dccda5-196c-4490-acb0-219ea23e571e service placement] 10.222.0.48 "GET /placement/allocations/79f01c5e-3ef8-4f56-affe-03b6962a8975" status: 200 len: 19 microversion: 1.28
Nov 02 11:50:46.550207 n-d-855649-4 devstack@placement-api.service[112972]: [pid: 112972|app: 0|req: 20/40] 10.222.0.48 () {60 vars in 1380 bytes} [Wed Nov 2 11:50:46 2022] GET /placement/allocations/79f01c5e-3ef8-4f56-affe-03b6962a8975 => generated 19 bytes in 14 msecs (HTTP/1.1 200) 8 headers in 295 bytes (1 switches on core 0)
Nov 02 11:50:46.557493 n-d-855649-4 devstack@placement-api.service[112973]: DEBUG placement.requestlog [req-54696950-65e1-4450-8164-edd5a1323a65 req-507d6ad1-32f3-4234-85aa-5ac44db90537 None None] Starting request: 10.222.0.48 "PUT /placement/allocations/79f01c5e-3ef8-4f56-affe-03b6962a8975" {{(pid=112973) __call__ /opt/stack/placement/placement/requestlog.py:55}}
Nov 02 11:50:46.993612 n-d-855649-4 devstack@placement-api.service[112973]: DEBUG placement.handlers.allocation [req-54696950-65e1-4450-8164-edd5a1323a65 req-507d6ad1-32f3-4234-85aa-5ac44db90537 service placement] Successfully wrote allocations [, , ] {{(pid=112973) _update_consumers_and_create_allocations /opt/stack/placement/placement/handlers/allocation.py:462}}
Nov 02 11:50:47.089558 n-d-855649-4 devstack@placement-api.service[112973]: INFO placement.requestlog [req-54696950-65e1-4450-8164-edd5a1323a65 req-507d6ad1-32f3-4234-85aa-5ac44db90537 service placement] 10.222.0.48 "PUT /placement/allocations/79f01c5e-3ef8-4f56-affe-03b6962a8975" status: 204 len: 0 microversion: 1.36
Nov 02 11:50:47.090272 n-d-855649-4 devstack@placement-api.service[112973]: [pid: 112973|app: 0|req: 21/41] 10.222.0.48 () {64 vars in 1433 bytes} [Wed Nov 2 11:50:46 2022] PUT /placement/allocations/79f01c5e-3ef8-4f56-affe-03b6962a8975 => generated 0 bytes in 533 msecs (HTTP/1.1 204) 5 headers in 199 bytes (1 switches on core 0)
Nov 02 11:50:48.612160 n-d-855649-4 devstack@placement-api.service[112972]: DEBUG placement.requestlog [req-54696950-65e1-4450-8164-edd5a1323a65 req-0725d24b-9aa2-4332-9d9c-054ccbf841e0 None None] Starting request: 10.222.0.26 "GET /placement/allocations/79f01c5e-3ef8-4f56-affe-03b6962a8975" {{(pid=112972) __call__ /opt/stack/placement/placement/requestlog.py:55}}
Nov 02 11:50:48.644797 n-d-855649-4 devstack@placement-api.service[112972]: INFO placement.requestlog [req-54696950-65e1-4450-8164-edd5a1323a65 req-0725d24b-9aa2-4332-9d9c-054ccbf841e0 service placement] 10.222.0.26 "GET /placement/allocations/79f01c5e-3ef8-4f56-affe-03b6962a8975" status: 200 len: 258 microversion: 1.28
Nov 02 11:50:48.646797 n-d-855649-4 devstack@placement-api.service[112972]: [pid: 112972|app: 0|req: 21/42] 10.222.0.26 () {60 vars in 1377 bytes} [Wed Nov 2 11:50:48 2022] GET /placement/allocations/79f01c5e-3ef8-4f56-affe-03b6962a8975 => generated 258 bytes in 35 msecs (HTTP/1.1 200) 8 headers in 296 bytes (1 switches on core 0)
Nov 02 11:50:48.980451 n-d-855649-4 devstack@placement-api.service[112973]: DEBUG placement.requestlog [req-54696950-65e1-4450-8164-edd5a1323a65 req-b651faf0-dc19-4799-9e6b-0c23dc628cc9 None None] Starting request: 10.222.0.26 "GET /placement/resource_providers/a366a262-b605-48a8-8479-23d400d6c965/allocations" {{(pid=112973) __call__ /opt/stack/placement/placement/requestlog.py:55}}
Nov 02 11:50:49.017585 n-d-855649-4 devstack@placement-api.service[112973]: INFO placement.requestlog [req-54696950-65e1-4450-8164-edd5a1323a65 req-b651faf0-dc19-4799-9e6b-0c23dc628cc9 service placement] 10.222.0.26 "GET /placement/resource_providers/a366a262-b605-48a8-8479-23d400d6c965/allocations" status: 200 len: 153 microversion: 1.0
Nov 02 11:50:49.018622 n-d-855649-4 devstack@placement-api.service[112973]: [pid: 112973|app: 0|req: 22/43] 10.222.0.26 () {58 vars in 1390 bytes} [Wed Nov 2 11:50:48 2022] GET /placement/resource_providers/a366a262-b605-48a8-8479-23d400d6c965/allocations => generated 153 bytes in 38 msecs (HTTP/1.1 200) 6 headers in 224 bytes (1 switches on core 0)
Nov 02 11:50:49.024845 n-d-855649-4 devstack@placement-api.service[112972]: DEBUG placement.requestlog [req-54696950-65e1-4450-8164-edd5a1323a65 req-b7079c4f-cd40-49dd-b28f-a1cf74209b36 None None] Starting request: 10.222.0.26 "GET /placement/allocations/79f01c5e-3ef8-4f56-affe-03b6962a8975" {{(pid=112972) __call__ /opt/stack/placement/placement/requestlog.py:55}}
Nov 02 11:50:49.042319 n-d-855649-4 devstack@placement-api.service[112972]: INFO placement.requestlog [req-54696950-65e1-4450-8164-edd5a1323a65 req-b7079c4f-cd40-49dd-b28f-a1cf74209b36 service placement] 10.222.0.26 "GET /placement/allocations/79f01c5e-3ef8-4f56-affe-03b6962a8975" status: 200 len: 258 microversion: 1.28
Nov 02 11:50:49.042883 n-d-855649-4 devstack@placement-api.service[112972]: [pid: 112972|app: 0|req: 22/44] 10.222.0.26 () {60 vars in 1377 bytes} [Wed Nov 2 11:50:49 2022] GET /placement/allocations/79f01c5e-3ef8-4f56-affe-03b6962a8975 => generated 258 bytes in 18 msecs (HTTP/1.1 200) 8 headers in 296 bytes (1 switches on core 0)
Nov 02 11:50:54.321470 n-d-855649-4 devstack@placement-api.service[112973]: DEBUG placement.requestlog [req-b15f8986-56ad-49ff-8859-e787500f4672 req-155c1b44-05f8-4814-aacf-ada8d10cf803 None None] Starting request: 10.222.0.52 "GET /placement/resource_providers/18f9dda8-282d-48d8-8f50-a29a96e08ac1/allocations" {{(pid=112973) __call__ /opt/stack/placement/placement/requestlog.py:55}}
Nov 02 11:50:54.394187 n-d-855649-4 devstack@placement-api.service[112973]: INFO placement.requestlog [req-b15f8986-56ad-49ff-8859-e787500f4672 req-155c1b44-05f8-4814-aacf-ada8d10cf803 service placement] 10.222.0.52 "GET /placement/resource_providers/18f9dda8-282d-48d8-8f50-a29a96e08ac1/allocations" status: 200 len: 153 microversion: 1.0
Nov 02 11:50:54.395638 n-d-855649-4 devstack@placement-api.service[112973]: [pid: 112973|app: 0|req: 23/45] 10.222.0.52 () {58 vars in 1390 bytes} [Wed Nov 2 11:50:54 2022] GET /placement/resource_providers/18f9dda8-282d-48d8-8f50-a29a96e08ac1/allocations => generated 153 bytes in 79 msecs (HTTP/1.1 200) 6 headers in 224 bytes (1 switches on core 0)
Nov 02 11:50:54.408611 n-d-855649-4 devstack@placement-api.service[112972]: DEBUG placement.requestlog [req-b15f8986-56ad-49ff-8859-e787500f4672 req-822d35f2-5469-4fd3-b9c2-44d682dbe78d None None] Starting request: 10.222.0.52 "GET /placement/resource_providers/18f9dda8-282d-48d8-8f50-a29a96e08ac1/allocations" {{(pid=112972) __call__ /opt/stack/placement/placement/requestlog.py:55}}
Nov 02 11:50:54.482742 n-d-855649-4 devstack@placement-api.service[112972]: INFO placement.requestlog [req-b15f8986-56ad-49ff-8859-e787500f4672 req-822d35f2-5469-4fd3-b9c2-44d682dbe78d service placement] 10.222.0.52 "GET /placement/resource_providers/18f9dda8-282d-48d8-8f50-a29a96e08ac1/allocations" status: 200 len: 153 microversion: 1.0
Nov 02 11:50:54.486726 n-d-855649-4 devstack@placement-api.service[112972]: [pid: 112972|app: 0|req: 23/46] 10.222.0.52 () {58 vars in 1390 bytes} [Wed Nov 2 11:50:54 2022] GET /placement/resource_providers/18f9dda8-282d-48d8-8f50-a29a96e08ac1/allocations => generated 153 bytes in 79 msecs (HTTP/1.1 200) 6 headers in 224 bytes (1 switches on core 0)
Nov 02 11:50:54.490950 n-d-855649-4 devstack@placement-api.service[112973]: DEBUG placement.requestlog [req-b15f8986-56ad-49ff-8859-e787500f4672 req-ac971c37-6528-4123-b148-795222ce2c98 None None] Starting request: 10.222.0.52 "GET /placement/allocations/422a8101-2746-4cee-b94f-3dd3ab8eed38" {{(pid=112973) __call__ /opt/stack/placement/placement/requestlog.py:55}}
Nov 02 11:50:54.546283 n-d-855649-4 devstack@placement-api.service[112973]: INFO placement.requestlog [req-b15f8986-56ad-49ff-8859-e787500f4672 req-ac971c37-6528-4123-b148-795222ce2c98 service placement] 10.222.0.52 "GET /placement/allocations/422a8101-2746-4cee-b94f-3dd3ab8eed38" status: 200 len: 258 microversion: 1.28
Nov 02 11:50:54.546283 n-d-855649-4 devstack@placement-api.service[112973]: [pid: 112973|app: 0|req: 24/47] 10.222.0.52 () {60 vars in 1377 bytes} [Wed Nov 2 11:50:54 2022] GET /placement/allocations/422a8101-2746-4cee-b94f-3dd3ab8eed38 => generated 258 bytes in 55 msecs (HTTP/1.1 200) 8 headers in 296 bytes (1 switches on core 0)
Nov 02 11:50:54.935245 n-d-855649-4 devstack@placement-api.service[112972]: DEBUG placement.requestlog [req-bfbcc722-e9a9-40b6-b5a1-aa4419f36afc req-dc5dfacc-ab07-4b6b-bc20-40e155d6ccb5 None None] Starting request: 10.222.0.52 "GET /placement/resource_providers/18f9dda8-282d-48d8-8f50-a29a96e08ac1/allocations" {{(pid=112972) __call__ /opt/stack/placement/placement/requestlog.py:55}}
Nov 02 11:50:54.977146 n-d-855649-4 devstack@placement-api.service[112972]: INFO placement.requestlog [req-bfbcc722-e9a9-40b6-b5a1-aa4419f36afc req-dc5dfacc-ab07-4b6b-bc20-40e155d6ccb5 service placement] 10.222.0.52 "GET /placement/resource_providers/18f9dda8-282d-48d8-8f50-a29a96e08ac1/allocations" status: 200 len: 153 microversion: 1.0
Nov 02 11:50:54.980603 n-d-855649-4 devstack@placement-api.service[112972]: [pid: 112972|app: 0|req: 24/48] 10.222.0.52 () {58 vars in 1390 bytes} [Wed Nov 2 11:50:54 2022] GET /placement/resource_providers/18f9dda8-282d-48d8-8f50-a29a96e08ac1/allocations => generated 153 bytes in 43 msecs (HTTP/1.1 200) 6 headers in 224 bytes (1 switches on core 0)
Nov 02 11:50:54.987209 n-d-855649-4 devstack@placement-api.service[112973]: DEBUG placement.requestlog [req-bfbcc722-e9a9-40b6-b5a1-aa4419f36afc req-670a1e40-0d45-4d6a-a69f-b86778c61260 None None] Starting request: 10.222.0.52 "GET /placement/allocations/422a8101-2746-4cee-b94f-3dd3ab8eed38" {{(pid=112973) __call__ /opt/stack/placement/placement/requestlog.py:55}}
Nov 02 11:50:55.033714 n-d-855649-4 devstack@placement-api.service[112973]: INFO placement.requestlog [req-bfbcc722-e9a9-40b6-b5a1-aa4419f36afc req-670a1e40-0d45-4d6a-a69f-b86778c61260 service placement] 10.222.0.52 "GET /placement/allocations/422a8101-2746-4cee-b94f-3dd3ab8eed38" status: 200 len: 258 microversion: 1.28
Nov 02 11:50:55.036330 n-d-855649-4 devstack@placement-api.service[112973]: [pid: 112973|app: 0|req: 25/49] 10.222.0.52 () {60 vars in 1377 bytes} [Wed Nov 2 11:50:54 2022] GET /placement/allocations/422a8101-2746-4cee-b94f-3dd3ab8eed38 => generated 258 bytes in 50 msecs (HTTP/1.1 200) 8 headers in 296 bytes (1 switches on core 0)
Nov 02 11:50:55.361183 n-d-855649-4 devstack@placement-api.service[112972]: DEBUG placement.requestlog [req-bfbcc722-e9a9-40b6-b5a1-aa4419f36afc req-07bc54f0-61df-4e5b-989d-183ba3714216 None None] Starting request: 10.222.0.52 "DELETE /placement/allocations/422a8101-2746-4cee-b94f-3dd3ab8eed38" {{(pid=112972) __call__ /opt/stack/placement/placement/requestlog.py:55}}
Nov 02 11:50:55.589774 n-d-855649-4 devstack@placement-api.service[112972]: DEBUG placement.handlers.allocation [req-bfbcc722-e9a9-40b6-b5a1-aa4419f36afc req-07bc54f0-61df-4e5b-989d-183ba3714216 service placement] Successfully deleted allocations [, , ] {{(pid=112972) delete_allocations /opt/stack/placement/placement/handlers/allocation.py:627}}
Nov 02 11:50:55.592088 n-d-855649-4 devstack@placement-api.service[112972]: INFO placement.requestlog [req-bfbcc722-e9a9-40b6-b5a1-aa4419f36afc req-07bc54f0-61df-4e5b-989d-183ba3714216 service placement] 10.222.0.52 "DELETE /placement/allocations/422a8101-2746-4cee-b94f-3dd3ab8eed38" status: 204 len: 0 microversion: 1.0
Nov 02 11:50:55.593829 n-d-855649-4 devstack@placement-api.service[112972]: [pid: 112972|app: 0|req: 25/50] 10.222.0.52 () {60 vars in 1355 bytes} [Wed Nov 2 11:50:55 2022] DELETE /placement/allocations/422a8101-2746-4cee-b94f-3dd3ab8eed38 => generated 0 bytes in 233 msecs (HTTP/1.1 204) 5 headers in 198 bytes (1 switches on core 0)
Nov 02 11:50:56.168400 n-d-855649-4 devstack@placement-api.service[112973]: DEBUG placement.requestlog [req-79c11895-4a44-4dc9-a6ed-4aa5ad90e513 req-7f33478d-70bc-46fd-b109-4bea999e7d9a None None] Starting request: 10.222.0.48 "GET /placement/allocation_candidates?limit=1000&resources=DISK_GB%3A1%2CMEMORY_MB%3A1024%2CVCPU%3A1&root_required=%21COMPUTE_STATUS_DISABLED" {{(pid=112973) __call__ /opt/stack/placement/placement/requestlog.py:55}}
Nov 02 11:50:56.204002 n-d-855649-4 devstack@placement-api.service[112972]: DEBUG placement.requestlog [req-6fe1bcaa-5048-44eb-8529-03c165ca7f4f req-58fcfa1e-dfeb-4b7e-9845-3f5db4f8fce9 None None] Starting request: 10.222.0.48 "GET /placement/resource_providers?name=n-h1-855649-4" {{(pid=112972) __call__ /opt/stack/placement/placement/requestlog.py:55}}
Nov 02 11:50:56.232284 n-d-855649-4 devstack@placement-api.service[112972]: INFO placement.requestlog [req-6fe1bcaa-5048-44eb-8529-03c165ca7f4f req-58fcfa1e-dfeb-4b7e-9845-3f5db4f8fce9 service placement] 10.222.0.48 "GET /placement/resource_providers?name=n-h1-855649-4" status: 200 len: 440 microversion: 1.0
Nov 02 11:50:56.233171 n-d-855649-4 devstack@placement-api.service[112972]: [pid: 112972|app: 0|req: 26/51] 10.222.0.48 () {58 vars in 1274 bytes} [Wed Nov 2 11:50:56 2022] GET /placement/resource_providers?name=n-h1-855649-4 => generated 440 bytes in 29 msecs (HTTP/1.1 200) 6 headers in 224 bytes (1 switches on core 0)
Nov 02 11:50:56.243495 n-d-855649-4 devstack@placement-api.service[112972]: DEBUG placement.requestlog [req-6fe1bcaa-5048-44eb-8529-03c165ca7f4f req-ed1dad2e-b046-4409-9657-07850f379d6d None None] Starting request: 10.222.0.48 "GET /placement/resource_providers/18f9dda8-282d-48d8-8f50-a29a96e08ac1/aggregates" {{(pid=112972) __call__ /opt/stack/placement/placement/requestlog.py:55}}
Nov 02 11:50:56.262647 n-d-855649-4 devstack@placement-api.service[112973]: DEBUG placement.objects.research_context [req-79c11895-4a44-4dc9-a6ed-4aa5ad90e513 req-7f33478d-70bc-46fd-b109-4bea999e7d9a service placement] getting providers with 1 DISK_GB {{(pid=112973) __init__ /opt/stack/placement/placement/objects/research_context.py:136}}
Nov 02 11:50:56.269877 n-d-855649-4 devstack@placement-api.service[112972]: INFO placement.requestlog [req-6fe1bcaa-5048-44eb-8529-03c165ca7f4f req-ed1dad2e-b046-4409-9657-07850f379d6d service placement] 10.222.0.48 "GET /placement/resource_providers/18f9dda8-282d-48d8-8f50-a29a96e08ac1/aggregates" status: 200 len: 91 microversion: 1.19
Nov 02 11:50:56.270479 n-d-855649-4 devstack@placement-api.service[112972]: [pid: 112972|app: 0|req: 27/52] 10.222.0.48 () {60 vars in 1425 bytes} [Wed Nov 2 11:50:56 2022] GET /placement/resource_providers/18f9dda8-282d-48d8-8f50-a29a96e08ac1/aggregates => generated 91 bytes in 27 msecs (HTTP/1.1 200) 8 headers in 295 bytes (2 switches on core 0)
Nov 02 11:50:56.271852 n-d-855649-4 devstack@placement-api.service[112973]: DEBUG placement.objects.research_context [req-79c11895-4a44-4dc9-a6ed-4aa5ad90e513 req-7f33478d-70bc-46fd-b109-4bea999e7d9a service placement] getting providers with 1024 MEMORY_MB {{(pid=112973) __init__ /opt/stack/placement/placement/objects/research_context.py:136}}
Nov 02 11:50:56.278376 n-d-855649-4 devstack@placement-api.service[112973]: DEBUG placement.objects.research_context [req-79c11895-4a44-4dc9-a6ed-4aa5ad90e513 req-7f33478d-70bc-46fd-b109-4bea999e7d9a service placement] getting providers with 1 VCPU {{(pid=112973) __init__ /opt/stack/placement/placement/objects/research_context.py:136}}
Nov 02 11:50:56.278959 n-d-855649-4 devstack@placement-api.service[112972]: DEBUG placement.requestlog [req-6fe1bcaa-5048-44eb-8529-03c165ca7f4f req-3adb0950-ffbf-4e2a-ace4-e67405b7361f None None] Starting request: 10.222.0.48 "PUT /placement/resource_providers/18f9dda8-282d-48d8-8f50-a29a96e08ac1/aggregates" {{(pid=112972) __call__ /opt/stack/placement/placement/requestlog.py:55}}
Nov 02 11:50:56.287088 n-d-855649-4 devstack@placement-api.service[112973]: DEBUG placement.objects.research_context [req-79c11895-4a44-4dc9-a6ed-4aa5ad90e513 req-7f33478d-70bc-46fd-b109-4bea999e7d9a service placement] found 2 providers with available 1 DISK_GB {{(pid=112973) get_provider_ids_matching /opt/stack/placement/placement/objects/research_context.py:563}}
Nov 02 11:50:56.287682 n-d-855649-4 devstack@placement-api.service[112973]: DEBUG placement.objects.research_context [req-79c11895-4a44-4dc9-a6ed-4aa5ad90e513 req-7f33478d-70bc-46fd-b109-4bea999e7d9a service placement] found 2 providers with available 1024 MEMORY_MB {{(pid=112973) get_provider_ids_matching /opt/stack/placement/placement/objects/research_context.py:563}}
Nov 02 11:50:56.288173 n-d-855649-4 devstack@placement-api.service[112973]: DEBUG placement.objects.research_context [req-79c11895-4a44-4dc9-a6ed-4aa5ad90e513 req-7f33478d-70bc-46fd-b109-4bea999e7d9a service placement] found 2 providers after filtering by previous result {{(pid=112973) get_provider_ids_matching /opt/stack/placement/placement/objects/research_context.py:594}}
Nov 02 11:50:56.288629 n-d-855649-4 devstack@placement-api.service[112973]: DEBUG placement.objects.research_context [req-79c11895-4a44-4dc9-a6ed-4aa5ad90e513 req-7f33478d-70bc-46fd-b109-4bea999e7d9a service placement] found 2 providers with available 1 VCPU {{(pid=112973) get_provider_ids_matching /opt/stack/placement/placement/objects/research_context.py:563}}
Nov 02 11:50:56.289103 n-d-855649-4 devstack@placement-api.service[112973]: DEBUG placement.objects.research_context [req-79c11895-4a44-4dc9-a6ed-4aa5ad90e513 req-7f33478d-70bc-46fd-b109-4bea999e7d9a service placement] found 2 providers after filtering by previous result {{(pid=112973) get_provider_ids_matching /opt/stack/placement/placement/objects/research_context.py:594}}
Nov 02 11:50:56.302724 n-d-855649-4 devstack@placement-api.service[112973]: DEBUG placement.objects.allocation_candidate [req-79c11895-4a44-4dc9-a6ed-4aa5ad90e513 req-7f33478d-70bc-46fd-b109-4bea999e7d9a service placement] RequestGroup(use_same_provider=False, resources={DISK_GB:1, MEMORY_MB:1024, VCPU:1}, traits=(), aggregates=[]) (suffix '') returned 2 matches {{(pid=112973) _get_by_requests /opt/stack/placement/placement/objects/allocation_candidate.py:156}}
Nov 02 11:50:56.304767 n-d-855649-4 devstack@placement-api.service[112973]: DEBUG placement.objects.allocation_candidate [req-79c11895-4a44-4dc9-a6ed-4aa5ad90e513 req-7f33478d-70bc-46fd-b109-4bea999e7d9a service placement] Merging candidates yields 2 allocation requests and 2 provider summaries {{(pid=112973) _merge_candidates /opt/stack/placement/placement/objects/allocation_candidate.py:809}}
Nov 02 11:50:56.306557 n-d-855649-4 devstack@placement-api.service[112973]: INFO placement.requestlog [req-79c11895-4a44-4dc9-a6ed-4aa5ad90e513 req-7f33478d-70bc-46fd-b109-4bea999e7d9a service placement] 10.222.0.48 "GET /placement/allocation_candidates?limit=1000&resources=DISK_GB%3A1%2CMEMORY_MB%3A1024%2CVCPU%3A1&root_required=%21COMPUTE_STATUS_DISABLED" status: 200 len: 1306 microversion: 1.36
Nov 02 11:50:56.307543 n-d-855649-4 devstack@placement-api.service[112973]: [pid: 112973|app: 0|req: 26/53] 10.222.0.48 () {60 vars in 1506 bytes} [Wed Nov 2 11:50:56 2022] GET /placement/allocation_candidates?limit=1000&resources=DISK_GB%3A1%2CMEMORY_MB%3A1024%2CVCPU%3A1&root_required=%21COMPUTE_STATUS_DISABLED => generated 1306 bytes in 139 msecs (HTTP/1.1 200) 8 headers in 297 bytes (1 switches on core 0)
Nov 02 11:50:56.345436 n-d-855649-4 devstack@placement-api.service[112972]: DEBUG placement.objects.resource_provider [req-6fe1bcaa-5048-44eb-8529-03c165ca7f4f req-3adb0950-ffbf-4e2a-ace4-e67405b7361f service placement] Setting aggregates for provider 18f9dda8-282d-48d8-8f50-a29a96e08ac1. Successfully disassociated aggregate 077773ae-85e4-4a32-bbbc-8cc413024f3d. {{(pid=112972) _set_aggregates /opt/stack/placement/placement/objects/resource_provider.py:404}}
Nov 02 11:50:56.481875 n-d-855649-4 devstack@placement-api.service[112973]: DEBUG placement.requestlog [req-79c11895-4a44-4dc9-a6ed-4aa5ad90e513 req-90864470-8d5e-468a-8621-c82fa70f4a14 None None] Starting request: 10.222.0.48 "GET /placement/allocations/153f71f0-b8d7-42d5-931c-fb0157936853" {{(pid=112973) __call__ /opt/stack/placement/placement/requestlog.py:55}}
Nov 02 11:50:56.489430 n-d-855649-4 devstack@placement-api.service[112972]: INFO placement.requestlog [req-6fe1bcaa-5048-44eb-8529-03c165ca7f4f req-3adb0950-ffbf-4e2a-ace4-e67405b7361f service placement] 10.222.0.48 "PUT /placement/resource_providers/18f9dda8-282d-48d8-8f50-a29a96e08ac1/aggregates" status: 200 len: 53 microversion: 1.19
Nov 02 11:50:56.493447 n-d-855649-4 devstack@placement-api.service[112972]: [pid: 112972|app: 0|req: 28/54] 10.222.0.48 () {64 vars in 1477 bytes} [Wed Nov 2 11:50:56 2022] PUT /placement/resource_providers/18f9dda8-282d-48d8-8f50-a29a96e08ac1/aggregates => generated 53 bytes in 212 msecs (HTTP/1.1 200) 8 headers in 295 bytes (1 switches on core 0)
Nov 02 11:50:56.498418 n-d-855649-4 devstack@placement-api.service[112973]: INFO placement.requestlog [req-79c11895-4a44-4dc9-a6ed-4aa5ad90e513 req-90864470-8d5e-468a-8621-c82fa70f4a14 service placement] 10.222.0.48 "GET /placement/allocations/153f71f0-b8d7-42d5-931c-fb0157936853" status: 200 len: 19 microversion: 1.28
Nov 02 11:50:56.501888 n-d-855649-4 devstack@placement-api.service[112973]: [pid: 112973|app: 0|req: 27/55] 10.222.0.48 () {60 vars in 1380 bytes} [Wed Nov 2 11:50:56 2022] GET /placement/allocations/153f71f0-b8d7-42d5-931c-fb0157936853 => generated 19 bytes in 20 msecs (HTTP/1.1 200) 8 headers in 295 bytes (2 switches on core 0)
Nov 02 11:50:56.509822 n-d-855649-4 devstack@placement-api.service[112972]: DEBUG placement.requestlog [req-79c11895-4a44-4dc9-a6ed-4aa5ad90e513 req-0ed3014d-e989-4122-ac54-9ceb884e5db0 None None] Starting request: 10.222.0.48 "PUT /placement/allocations/153f71f0-b8d7-42d5-931c-fb0157936853" {{(pid=112972) __call__ /opt/stack/placement/placement/requestlog.py:55}}
Nov 02 11:50:56.914305 n-d-855649-4 devstack@placement-api.service[112972]: DEBUG placement.handlers.allocation [req-79c11895-4a44-4dc9-a6ed-4aa5ad90e513 req-0ed3014d-e989-4122-ac54-9ceb884e5db0 service placement] Successfully wrote allocations [, , ] {{(pid=112972) _update_consumers_and_create_allocations /opt/stack/placement/placement/handlers/allocation.py:462}}
Nov 02 11:50:57.024142 n-d-855649-4 devstack@placement-api.service[112972]: INFO placement.requestlog [req-79c11895-4a44-4dc9-a6ed-4aa5ad90e513 req-0ed3014d-e989-4122-ac54-9ceb884e5db0 service placement] 10.222.0.48 "PUT /placement/allocations/153f71f0-b8d7-42d5-931c-fb0157936853" status: 204 len: 0 microversion: 1.36
Nov 02 11:50:57.024834 n-d-855649-4 devstack@placement-api.service[112972]: [pid: 112972|app: 0|req: 29/56] 10.222.0.48 () {64 vars in 1433 bytes} [Wed Nov 2 11:50:56 2022] PUT /placement/allocations/153f71f0-b8d7-42d5-931c-fb0157936853 => generated 0 bytes in 515 msecs (HTTP/1.1 204) 5 headers in 199 bytes (2 switches on core 0)
Nov 02 11:50:58.063440 n-d-855649-4 devstack@placement-api.service[112973]: DEBUG placement.requestlog [None req-abfd0f07-ff1e-4d3b-8a7e-560d74e2b103 None None] Starting request: 10.222.0.48 "GET /placement/" {{(pid=112973) __call__ /opt/stack/placement/placement/requestlog.py:55}}
Nov 02 11:50:58.064413 n-d-855649-4 devstack@placement-api.service[112973]: INFO placement.requestlog [None req-abfd0f07-ff1e-4d3b-8a7e-560d74e2b103 None None] 10.222.0.48 "GET /placement/" status: 200 len: 136 microversion: 1.0
Nov 02 11:50:58.064740 n-d-855649-4 devstack@placement-api.service[112973]: [pid: 112973|app: 0|req: 28/57] 10.222.0.48 () {54 vars in 907 bytes} [Wed Nov 2 11:50:58 2022] GET /placement => generated 136 bytes in 2 msecs (HTTP/1.1 200) 6 headers in 224 bytes (1 switches on core 0)
Nov 02 11:50:58.091794 n-d-855649-4 devstack@placement-api.service[112972]: DEBUG placement.requestlog [req-95646c5a-af79-4445-b4ee-1d70822252dd req-0fa756e7-faa2-447c-986b-e14788a1adfc None None] Starting request: 10.222.0.48 "GET /placement/resource_providers?name=n-h1-855649-4" {{(pid=112972) __call__ /opt/stack/placement/placement/requestlog.py:55}}
Nov 02 11:50:58.273673 n-d-855649-4 devstack@placement-api.service[112972]: INFO placement.requestlog [req-95646c5a-af79-4445-b4ee-1d70822252dd req-0fa756e7-faa2-447c-986b-e14788a1adfc service placement] 10.222.0.48 "GET /placement/resource_providers?name=n-h1-855649-4" status: 200 len: 440 microversion: 1.0
Nov 02 11:50:58.276584 n-d-855649-4 devstack@placement-api.service[112972]: [pid: 112972|app: 0|req: 30/58] 10.222.0.48 () {58 vars in 1274 bytes} [Wed Nov 2 11:50:58 2022] GET /placement/resource_providers?name=n-h1-855649-4 => generated 440 bytes in 185 msecs (HTTP/1.1 200) 6 headers in 224 bytes (1 switches on core 0)
Nov 02 11:50:58.284553 n-d-855649-4 devstack@placement-api.service[112973]: DEBUG placement.requestlog [req-95646c5a-af79-4445-b4ee-1d70822252dd req-6030cfae-7d97-40c9-8645-04a7d89c6317 None None] Starting request: 10.222.0.48 "GET /placement/resource_providers/18f9dda8-282d-48d8-8f50-a29a96e08ac1/aggregates" {{(pid=112973) __call__ /opt/stack/placement/placement/requestlog.py:55}}
Nov 02 11:50:58.321580 n-d-855649-4 devstack@placement-api.service[112973]: INFO placement.requestlog [req-95646c5a-af79-4445-b4ee-1d70822252dd req-6030cfae-7d97-40c9-8645-04a7d89c6317 service placement] 10.222.0.48 "GET /placement/resource_providers/18f9dda8-282d-48d8-8f50-a29a96e08ac1/aggregates" status: 200 len: 53 microversion: 1.19
Nov 02 11:50:58.321580 n-d-855649-4 devstack@placement-api.service[112973]: [pid: 112973|app: 0|req: 29/59] 10.222.0.48 () {60 vars in 1425 bytes} [Wed Nov 2 11:50:58 2022] GET /placement/resource_providers/18f9dda8-282d-48d8-8f50-a29a96e08ac1/aggregates => generated 53 bytes in 28 msecs (HTTP/1.1 200) 8 headers in 295 bytes (1 switches on core 0)
Nov 02 11:50:58.322005 n-d-855649-4 devstack@placement-api.service[112972]: DEBUG placement.requestlog [req-95646c5a-af79-4445-b4ee-1d70822252dd req-fd456e57-c165-4c07-950a-e6fd22a0ba7b None None] Starting request: 10.222.0.48 "PUT /placement/resource_providers/18f9dda8-282d-48d8-8f50-a29a96e08ac1/aggregates" {{(pid=112972) __call__ /opt/stack/placement/placement/requestlog.py:55}}
Nov 02 11:50:58.360456 n-d-855649-4 devstack@placement-api.service[112973]: DEBUG placement.requestlog [req-79c11895-4a44-4dc9-a6ed-4aa5ad90e513 req-e1c4fca3-e2fa-4ad0-828c-ac44a286bec2 None None] Starting request: 10.222.0.52 "GET /placement/allocations/153f71f0-b8d7-42d5-931c-fb0157936853" {{(pid=112973) __call__ /opt/stack/placement/placement/requestlog.py:55}}
Nov 02 11:50:58.385813 n-d-855649-4 devstack@placement-api.service[112972]: DEBUG placement.objects.resource_provider [req-95646c5a-af79-4445-b4ee-1d70822252dd req-fd456e57-c165-4c07-950a-e6fd22a0ba7b service placement] _ensure_aggregate() did not find aggregate c1e13043-7e95-466d-8169-6c812e13bcf0. Attempting to create it. {{(pid=112972) _ensure_aggregate /opt/stack/placement/placement/objects/resource_provider.py:321}}
Nov 02 11:50:58.389174 n-d-855649-4 devstack@placement-api.service[112972]: DEBUG placement.objects.resource_provider [req-95646c5a-af79-4445-b4ee-1d70822252dd req-fd456e57-c165-4c07-950a-e6fd22a0ba7b service placement] _ensure_aggregate() created new aggregate c1e13043-7e95-466d-8169-6c812e13bcf0 (id=2). {{(pid=112972) _ensure_aggregate /opt/stack/placement/placement/objects/resource_provider.py:327}}
Nov 02 11:50:58.390767 n-d-855649-4 devstack@placement-api.service[112973]: INFO placement.requestlog [req-79c11895-4a44-4dc9-a6ed-4aa5ad90e513 req-e1c4fca3-e2fa-4ad0-828c-ac44a286bec2 service placement] 10.222.0.52 "GET /placement/allocations/153f71f0-b8d7-42d5-931c-fb0157936853" status: 200 len: 258 microversion: 1.28
Nov 02 11:50:58.391300 n-d-855649-4 devstack@placement-api.service[112973]: [pid: 112973|app: 0|req: 30/60] 10.222.0.52 () {60 vars in 1377 bytes} [Wed Nov 2 11:50:58 2022] GET /placement/allocations/153f71f0-b8d7-42d5-931c-fb0157936853 => generated 258 bytes in 31 msecs (HTTP/1.1 200) 8 headers in 296 bytes (2 switches on core 0)
Nov 02 11:50:58.392648 n-d-855649-4 devstack@placement-api.service[112972]: DEBUG placement.objects.resource_provider [req-95646c5a-af79-4445-b4ee-1d70822252dd req-fd456e57-c165-4c07-950a-e6fd22a0ba7b service placement] Setting aggregates for provider 18f9dda8-282d-48d8-8f50-a29a96e08ac1. Successfully associated aggregate c1e13043-7e95-466d-8169-6c812e13bcf0. {{(pid=112972) _set_aggregates /opt/stack/placement/placement/objects/resource_provider.py:389}}
Nov 02 11:50:58.478134 n-d-855649-4 devstack@placement-api.service[112972]: INFO placement.requestlog [req-95646c5a-af79-4445-b4ee-1d70822252dd req-fd456e57-c165-4c07-950a-e6fd22a0ba7b service placement] 10.222.0.48 "PUT /placement/resource_providers/18f9dda8-282d-48d8-8f50-a29a96e08ac1/aggregates" status: 200 len: 91 microversion: 1.19
Nov 02 11:50:58.478808 n-d-855649-4 devstack@placement-api.service[112972]: [pid: 112972|app: 0|req: 31/61] 10.222.0.48 () {64 vars in 1477 bytes} [Wed Nov 2 11:50:58 2022] PUT /placement/resource_providers/18f9dda8-282d-48d8-8f50-a29a96e08ac1/aggregates => generated 91 bytes in 158 msecs (HTTP/1.1 200) 8 headers in 295 bytes (2 switches on core 0)
Nov 02 11:50:58.608581 n-d-855649-4 devstack@placement-api.service[112973]: DEBUG placement.requestlog [req-79c11895-4a44-4dc9-a6ed-4aa5ad90e513 req-ee7171d8-497a-4d3f-a575-8262b144f69e None None] Starting request: 10.222.0.52 "GET /placement/resource_providers/18f9dda8-282d-48d8-8f50-a29a96e08ac1/allocations" {{(pid=112973) __call__ /opt/stack/placement/placement/requestlog.py:55}}
Nov 02 11:50:58.652253 n-d-855649-4 devstack@placement-api.service[112973]: INFO placement.requestlog [req-79c11895-4a44-4dc9-a6ed-4aa5ad90e513 req-ee7171d8-497a-4d3f-a575-8262b144f69e service placement] 10.222.0.52 "GET /placement/resource_providers/18f9dda8-282d-48d8-8f50-a29a96e08ac1/allocations" status: 200 len: 153 microversion: 1.0
Nov 02 11:50:58.654538 n-d-855649-4 devstack@placement-api.service[112973]: [pid: 112973|app: 0|req: 31/62] 10.222.0.52 () {58 vars in 1390 bytes} [Wed Nov 2 11:50:58 2022] GET /placement/resource_providers/18f9dda8-282d-48d8-8f50-a29a96e08ac1/allocations => generated 153 bytes in 46 msecs (HTTP/1.1 200) 6 headers in 224 bytes (1 switches on core 0)
Nov 02 11:50:58.661763 n-d-855649-4 devstack@placement-api.service[112972]: DEBUG placement.requestlog [req-79c11895-4a44-4dc9-a6ed-4aa5ad90e513 req-3e1dfcf7-451f-445a-bf1f-919b1f902d8f None None] Starting request: 10.222.0.52 "GET /placement/allocations/153f71f0-b8d7-42d5-931c-fb0157936853" {{(pid=112972) __call__ /opt/stack/placement/placement/requestlog.py:55}}
Nov 02 11:50:58.687360 n-d-855649-4 devstack@placement-api.service[112972]: INFO placement.requestlog [req-79c11895-4a44-4dc9-a6ed-4aa5ad90e513 req-3e1dfcf7-451f-445a-bf1f-919b1f902d8f service placement] 10.222.0.52 "GET /placement/allocations/153f71f0-b8d7-42d5-931c-fb0157936853" status: 200 len: 258 microversion: 1.28
Nov 02 11:50:58.688254 n-d-855649-4 devstack@placement-api.service[112972]: [pid: 112972|app: 0|req: 32/63] 10.222.0.52 () {60 vars in 1377 bytes} [Wed Nov 2 11:50:58 2022] GET /placement/allocations/153f71f0-b8d7-42d5-931c-fb0157936853 => generated 258 bytes in 27 msecs (HTTP/1.1 200) 8 headers in 296 bytes (1 switches on core 0)
