Aug 30 18:57:43.890919 n-d-854929-5 devstack@placement-api.service[114832]: DEBUG placement.requestlog [req-aa710eaa-48e7-4866-8bc1-da0f58b9c673 req-91194ecc-ab1f-472b-9802-dc117bdd8016 None None] Starting request: 10.222.0.74 "DELETE /placement/allocations/58e6d8ab-30c5-48cc-9fa2-9327f7060d42" {{(pid=114832) __call__ /opt/stack/placement/placement/requestlog.py:55}}
Aug 30 18:57:44.146290 n-d-854929-5 devstack@placement-api.service[114833]: DEBUG placement.handlers.allocation [req-1af9469e-3f40-4f07-91d8-d85020feaea2 req-2a72275d-7c47-461c-9bc4-c854b7a943e8 service placement] Successfully deleted allocations [, , ] {{(pid=114833) delete_allocations /opt/stack/placement/placement/handlers/allocation.py:627}}
Aug 30 18:57:44.146545 n-d-854929-5 devstack@placement-api.service[114832]: DEBUG placement.handlers.allocation [req-aa710eaa-48e7-4866-8bc1-da0f58b9c673 req-91194ecc-ab1f-472b-9802-dc117bdd8016 service placement] Successfully deleted allocations [, , ] {{(pid=114832) delete_allocations /opt/stack/placement/placement/handlers/allocation.py:627}}
Aug 30 18:57:44.146820 n-d-854929-5 devstack@placement-api.service[114833]: INFO placement.requestlog [req-1af9469e-3f40-4f07-91d8-d85020feaea2 req-2a72275d-7c47-461c-9bc4-c854b7a943e8 service placement] 10.222.0.77 "DELETE /placement/allocations/5b8ff98f-e444-40f5-8869-7e40fce4a387" status: 204 len: 0 microversion: 1.0
Aug 30 18:57:44.147372 n-d-854929-5 devstack@placement-api.service[114832]: INFO placement.requestlog [req-aa710eaa-48e7-4866-8bc1-da0f58b9c673 req-91194ecc-ab1f-472b-9802-dc117bdd8016 service placement] 10.222.0.74 "DELETE /placement/allocations/58e6d8ab-30c5-48cc-9fa2-9327f7060d42" status: 204 len: 0 microversion: 1.0
Aug 30 18:57:44.147520 n-d-854929-5 devstack@placement-api.service[114833]: [pid: 114833|app: 0|req: 601/1212] 10.222.0.77 () {60 vars in 1355 bytes} [Tue Aug 30 18:57:43 2022] DELETE /placement/allocations/5b8ff98f-e444-40f5-8869-7e40fce4a387 => generated 0 bytes in 297 msecs (HTTP/1.1 204) 5 headers in 198 bytes (1 switches on core 0)
Aug 30 18:57:44.147790 n-d-854929-5 devstack@placement-api.service[114832]: [pid: 114832|app: 0|req: 612/1213] 10.222.0.74 () {60 vars in 1355 bytes} [Tue Aug 30 18:57:43 2022] DELETE /placement/allocations/58e6d8ab-30c5-48cc-9fa2-9327f7060d42 => generated 0 bytes in 257 msecs (HTTP/1.1 204) 5 headers in 198 bytes (2 switches on core 0)
Aug 30 18:57:44.329917 n-d-854929-5 devstack@placement-api.service[114833]: DEBUG placement.requestlog [req-07703461-3979-40e1-a964-73cf074b77dc req-cadb13c1-9d44-41f6-914c-dda9d904e06d None None] Starting request: 10.222.0.76 "GET /placement/allocations/d53a4f3d-3e81-49d6-a806-cdc12537ae72" {{(pid=114833) __call__ /opt/stack/placement/placement/requestlog.py:55}}
Aug 30 18:57:44.353166 n-d-854929-5 devstack@placement-api.service[114833]: INFO placement.requestlog [req-07703461-3979-40e1-a964-73cf074b77dc req-cadb13c1-9d44-41f6-914c-dda9d904e06d service placement] 10.222.0.76 "GET /placement/allocations/d53a4f3d-3e81-49d6-a806-cdc12537ae72" status: 200 len: 245 microversion: 1.28
Aug 30 18:57:44.359347 n-d-854929-5 devstack@placement-api.service[114833]: [pid: 114833|app: 0|req: 602/1214] 10.222.0.76 () {60 vars in 1380 bytes} [Tue Aug 30 18:57:44 2022] GET /placement/allocations/d53a4f3d-3e81-49d6-a806-cdc12537ae72 => generated 245 bytes in 26 msecs (HTTP/1.1 200) 8 headers in 296 bytes (1 switches on core 0)
Aug 30 18:57:44.362645 n-d-854929-5 devstack@placement-api.service[114832]: DEBUG placement.requestlog [req-07703461-3979-40e1-a964-73cf074b77dc req-0a38f2f0-caec-4ac2-9c59-e9a6eacef772 None None] Starting request: 10.222.0.76 "GET /placement/allocations/d53a4f3d-3e81-49d6-a806-cdc12537ae72" {{(pid=114832) __call__ /opt/stack/placement/placement/requestlog.py:55}}
Aug 30 18:57:44.398245 n-d-854929-5 devstack@placement-api.service[114832]: INFO placement.requestlog [req-07703461-3979-40e1-a964-73cf074b77dc req-0a38f2f0-caec-4ac2-9c59-e9a6eacef772 service placement] 10.222.0.76 "GET /placement/allocations/d53a4f3d-3e81-49d6-a806-cdc12537ae72" status: 200 len: 245 microversion: 1.28
Aug 30 18:57:44.398245 n-d-854929-5 devstack@placement-api.service[114832]: [pid: 114832|app: 0|req: 613/1215] 10.222.0.76 () {60 vars in 1380 bytes} [Tue Aug 30 18:57:44 2022] GET /placement/allocations/d53a4f3d-3e81-49d6-a806-cdc12537ae72 => generated 245 bytes in 35 msecs (HTTP/1.1 200) 8 headers in 296 bytes (1 switches on core 0)
Aug 30 18:57:44.416330 n-d-854929-5 devstack@placement-api.service[114833]: DEBUG placement.requestlog [req-07703461-3979-40e1-a964-73cf074b77dc req-592c3378-8fb6-458d-a50d-ce3413036fca None None] Starting request: 10.222.0.76 "GET /placement/allocations/2eda5483-b8b8-4586-abdf-201ba41f3cef" {{(pid=114833) __call__ /opt/stack/placement/placement/requestlog.py:55}}
Aug 30 18:57:44.456864 n-d-854929-5 devstack@placement-api.service[114833]: INFO placement.requestlog [req-07703461-3979-40e1-a964-73cf074b77dc req-592c3378-8fb6-458d-a50d-ce3413036fca service placement] 10.222.0.76 "GET /placement/allocations/2eda5483-b8b8-4586-abdf-201ba41f3cef" status: 200 len: 19 microversion: 1.28
Aug 30 18:57:44.457407 n-d-854929-5 devstack@placement-api.service[114833]: [pid: 114833|app: 0|req: 603/1216] 10.222.0.76 () {60 vars in 1380 bytes} [Tue Aug 30 18:57:44 2022] GET /placement/allocations/2eda5483-b8b8-4586-abdf-201ba41f3cef => generated 19 bytes in 43 msecs (HTTP/1.1 200) 8 headers in 295 bytes (1 switches on core 0)
Aug 30 18:57:44.475045 n-d-854929-5 devstack@placement-api.service[114832]: DEBUG placement.requestlog [req-07703461-3979-40e1-a964-73cf074b77dc req-f2e7a1e1-292c-4b33-b995-53b3704c8979 None None] Starting request: 10.222.0.76 "POST /placement/allocations" {{(pid=114832) __call__ /opt/stack/placement/placement/requestlog.py:55}}
Aug 30 18:57:44.751825 n-d-854929-5 devstack@placement-api.service[114832]: DEBUG dbcounter [-] [114832] Writing DB stats placement:SELECT=91,placement:DELETE=6,placement:INSERT=3 {{(pid=114832) stat_writer /usr/local/lib/python3.8/dist-packages/dbcounter.py:114}}
Aug 30 18:57:44.766547 n-d-854929-5 devstack@placement-api.service[114832]: DEBUG placement.handlers.allocation [req-07703461-3979-40e1-a964-73cf074b77dc req-f2e7a1e1-292c-4b33-b995-53b3704c8979 service placement] Successfully wrote allocations [, , , ] {{(pid=114832) _update_consumers_and_create_allocations /opt/stack/placement/placement/handlers/allocation.py:572}}
Aug 30 18:57:44.861506 n-d-854929-5 devstack@placement-api.service[114832]: INFO placement.requestlog [req-07703461-3979-40e1-a964-73cf074b77dc req-f2e7a1e1-292c-4b33-b995-53b3704c8979 service placement] 10.222.0.76 "POST /placement/allocations" status: 204 len: 0 microversion: 1.28
Aug 30 18:57:44.862323 n-d-854929-5 devstack@placement-api.service[114832]: [pid: 114832|app: 0|req: 614/1217] 10.222.0.76 () {64 vars in 1323 bytes} [Tue Aug 30 18:57:44 2022] POST /placement/allocations => generated 0 bytes in 388 msecs (HTTP/1.1 204) 5 headers in 199 bytes (1 switches on core 0)
Aug 30 18:57:44.938478 n-d-854929-5 devstack@placement-api.service[114833]: DEBUG placement.requestlog [req-07703461-3979-40e1-a964-73cf074b77dc req-4b551fe1-6419-44e6-a8b5-a2d99e18bdcb None None] Starting request: 10.222.0.76 "GET /placement/allocations/d53a4f3d-3e81-49d6-a806-cdc12537ae72" {{(pid=114833) __call__ /opt/stack/placement/placement/requestlog.py:55}}
Aug 30 18:57:44.968239 n-d-854929-5 devstack@placement-api.service[114833]: INFO placement.requestlog [req-07703461-3979-40e1-a964-73cf074b77dc req-4b551fe1-6419-44e6-a8b5-a2d99e18bdcb service placement] 10.222.0.76 "GET /placement/allocations/d53a4f3d-3e81-49d6-a806-cdc12537ae72" status: 200 len: 19 microversion: 1.28
Aug 30 18:57:44.972637 n-d-854929-5 devstack@placement-api.service[114833]: [pid: 114833|app: 0|req: 604/1218] 10.222.0.76 () {60 vars in 1380 bytes} [Tue Aug 30 18:57:44 2022] GET /placement/allocations/d53a4f3d-3e81-49d6-a806-cdc12537ae72 => generated 19 bytes in 35 msecs (HTTP/1.1 200) 8 headers in 295 bytes (1 switches on core 0)
Aug 30 18:57:44.980911 n-d-854929-5 devstack@placement-api.service[114832]: DEBUG placement.requestlog [req-07703461-3979-40e1-a964-73cf074b77dc req-d12d876b-7325-435c-87cb-e2beeb2dd657 None None] Starting request: 10.222.0.76 "PUT /placement/allocations/d53a4f3d-3e81-49d6-a806-cdc12537ae72" {{(pid=114832) __call__ /opt/stack/placement/placement/requestlog.py:55}}
Aug 30 18:57:45.275975 n-d-854929-5 devstack@placement-api.service[114832]: DEBUG placement.handlers.allocation [req-07703461-3979-40e1-a964-73cf074b77dc req-d12d876b-7325-435c-87cb-e2beeb2dd657 service placement] Successfully wrote allocations [, ] {{(pid=114832) _update_consumers_and_create_allocations /opt/stack/placement/placement/handlers/allocation.py:462}}
Aug 30 18:57:45.438519 n-d-854929-5 devstack@placement-api.service[114832]: INFO placement.requestlog [req-07703461-3979-40e1-a964-73cf074b77dc req-d12d876b-7325-435c-87cb-e2beeb2dd657 service placement] 10.222.0.76 "PUT /placement/allocations/d53a4f3d-3e81-49d6-a806-cdc12537ae72" status: 204 len: 0 microversion: 1.28
Aug 30 18:57:45.442049 n-d-854929-5 devstack@placement-api.service[114832]: [pid: 114832|app: 0|req: 615/1219] 10.222.0.76 () {64 vars in 1433 bytes} [Tue Aug 30 18:57:44 2022] PUT /placement/allocations/d53a4f3d-3e81-49d6-a806-cdc12537ae72 => generated 0 bytes in 459 msecs (HTTP/1.1 204) 5 headers in 199 bytes (1 switches on core 0)
Aug 30 18:57:45.849352 n-d-854929-5 devstack@placement-api.service[114833]: DEBUG placement.requestlog [req-07703461-3979-40e1-a964-73cf074b77dc req-4c0703fb-ebf3-465f-b3da-b6742b2a163e None None] Starting request: 10.222.0.77 "GET /placement/allocations/d53a4f3d-3e81-49d6-a806-cdc12537ae72" {{(pid=114833) __call__ /opt/stack/placement/placement/requestlog.py:55}}
Aug 30 18:57:45.878402 n-d-854929-5 devstack@placement-api.service[114833]: INFO placement.requestlog [req-07703461-3979-40e1-a964-73cf074b77dc req-4c0703fb-ebf3-465f-b3da-b6742b2a163e service placement] 10.222.0.77 "GET /placement/allocations/d53a4f3d-3e81-49d6-a806-cdc12537ae72" status: 200 len: 245 microversion: 1.28
Aug 30 18:57:45.879461 n-d-854929-5 devstack@placement-api.service[114833]: [pid: 114833|app: 0|req: 605/1220] 10.222.0.77 () {60 vars in 1377 bytes} [Tue Aug 30 18:57:45 2022] GET /placement/allocations/d53a4f3d-3e81-49d6-a806-cdc12537ae72 => generated 245 bytes in 31 msecs (HTTP/1.1 200) 8 headers in 296 bytes (1 switches on core 0)
Aug 30 18:57:51.053899 n-d-854929-5 devstack@placement-api.service[114832]: DEBUG placement.requestlog [None req-2767aa3f-7f30-41ce-aaca-6bbcec3c035f None None] Starting request: 10.222.0.76 "GET /placement/resource_providers/37e25b04-40ce-4716-97e7-f672e1fc6736/aggregates" {{(pid=114832) __call__ /opt/stack/placement/placement/requestlog.py:55}}
Aug 30 18:57:51.067867 n-d-854929-5 devstack@placement-api.service[114832]: INFO placement.requestlog [None req-2767aa3f-7f30-41ce-aaca-6bbcec3c035f service placement] 10.222.0.76 "GET /placement/resource_providers/37e25b04-40ce-4716-97e7-f672e1fc6736/aggregates" status: 404 len: 235 microversion: 1.1
Aug 30 18:57:51.070026 n-d-854929-5 devstack@placement-api.service[114832]: [pid: 114832|app: 0|req: 616/1221] 10.222.0.76 () {58 vars in 1362 bytes} [Tue Aug 30 18:57:51 2022] GET /placement/resource_providers/37e25b04-40ce-4716-97e7-f672e1fc6736/aggregates => generated 235 bytes in 20 msecs (HTTP/1.1 404) 5 headers in 202 bytes (1 switches on core 0)
Aug 30 18:57:51.211677 n-d-854929-5 devstack@placement-api.service[114833]: DEBUG placement.requestlog [None req-21637aaa-a10b-4cb9-abe9-65cbb5dbadc8 None None] Starting request: 10.222.0.76 "DELETE /placement/resource_providers/37e25b04-40ce-4716-97e7-f672e1fc6736" {{(pid=114833) __call__ /opt/stack/placement/placement/requestlog.py:55}}
Aug 30 18:57:51.234230 n-d-854929-5 devstack@placement-api.service[114833]: DEBUG placement.wsgi_wrapper [None req-21637aaa-a10b-4cb9-abe9-65cbb5dbadc8 service placement] Placement API returning an error response: No resource provider with uuid 37e25b04-40ce-4716-97e7-f672e1fc6736 found for delete {{(pid=114833) call_func /opt/stack/placement/placement/wsgi_wrapper.py:31}}
Aug 30 18:57:51.238524 n-d-854929-5 devstack@placement-api.service[114833]: INFO placement.requestlog [None req-21637aaa-a10b-4cb9-abe9-65cbb5dbadc8 service placement] 10.222.0.76 "DELETE /placement/resource_providers/37e25b04-40ce-4716-97e7-f672e1fc6736" status: 404 len: 246 microversion: 1.1
Aug 30 18:57:51.240399 n-d-854929-5 devstack@placement-api.service[114833]: [pid: 114833|app: 0|req: 606/1222] 10.222.0.76 () {60 vars in 1351 bytes} [Tue Aug 30 18:57:51 2022] DELETE /placement/resource_providers/37e25b04-40ce-4716-97e7-f672e1fc6736 => generated 246 bytes in 30 msecs (HTTP/1.1 404) 6 headers in 231 bytes (1 switches on core 0)
Aug 30 18:57:54.522609 n-d-854929-5 devstack@placement-api.service[114832]: DEBUG placement.requestlog [req-5ef31396-8a1e-4290-a85a-f918b5990487 req-115158bc-4491-4cc5-836c-7740cf0a7559 None None] Starting request: 10.222.0.76 "GET /placement/allocation_candidates?limit=1000&resources=DISK_GB%3A1%2CMEMORY_MB%3A1024%2CVCPU%3A1&root_required=%21COMPUTE_STATUS_DISABLED" {{(pid=114832) __call__ /opt/stack/placement/placement/requestlog.py:55}}
Aug 30 18:57:54.619613 n-d-854929-5 devstack@placement-api.service[114832]: DEBUG placement.objects.research_context [req-5ef31396-8a1e-4290-a85a-f918b5990487 req-115158bc-4491-4cc5-836c-7740cf0a7559 service placement] getting providers with 1 DISK_GB {{(pid=114832) __init__ /opt/stack/placement/placement/objects/research_context.py:136}}
Aug 30 18:57:54.633757 n-d-854929-5 devstack@placement-api.service[114832]: DEBUG placement.objects.research_context [req-5ef31396-8a1e-4290-a85a-f918b5990487 req-115158bc-4491-4cc5-836c-7740cf0a7559 service placement] getting providers with 1024 MEMORY_MB {{(pid=114832) __init__ /opt/stack/placement/placement/objects/research_context.py:136}}
Aug 30 18:57:54.643885 n-d-854929-5 devstack@placement-api.service[114832]: DEBUG placement.objects.research_context [req-5ef31396-8a1e-4290-a85a-f918b5990487 req-115158bc-4491-4cc5-836c-7740cf0a7559 service placement] getting providers with 1 VCPU {{(pid=114832) __init__ /opt/stack/placement/placement/objects/research_context.py:136}}
Aug 30 18:57:54.650346 n-d-854929-5 devstack@placement-api.service[114832]: DEBUG placement.objects.research_context [req-5ef31396-8a1e-4290-a85a-f918b5990487 req-115158bc-4491-4cc5-836c-7740cf0a7559 service placement] found 2 providers with available 1 DISK_GB {{(pid=114832) get_provider_ids_matching /opt/stack/placement/placement/objects/research_context.py:563}}
Aug 30 18:57:54.651444 n-d-854929-5 devstack@placement-api.service[114832]: DEBUG placement.objects.research_context [req-5ef31396-8a1e-4290-a85a-f918b5990487 req-115158bc-4491-4cc5-836c-7740cf0a7559 service placement] found 2 providers with available 1024 MEMORY_MB {{(pid=114832) get_provider_ids_matching /opt/stack/placement/placement/objects/research_context.py:563}}
Aug 30 18:57:54.651946 n-d-854929-5 devstack@placement-api.service[114832]: DEBUG placement.objects.research_context [req-5ef31396-8a1e-4290-a85a-f918b5990487 req-115158bc-4491-4cc5-836c-7740cf0a7559 service placement] found 2 providers after filtering by previous result {{(pid=114832) get_provider_ids_matching /opt/stack/placement/placement/objects/research_context.py:594}}
Aug 30 18:57:54.652690 n-d-854929-5 devstack@placement-api.service[114832]: DEBUG placement.objects.research_context [req-5ef31396-8a1e-4290-a85a-f918b5990487 req-115158bc-4491-4cc5-836c-7740cf0a7559 service placement] found 2 providers with available 1 VCPU {{(pid=114832) get_provider_ids_matching /opt/stack/placement/placement/objects/research_context.py:563}}
Aug 30 18:57:54.653145 n-d-854929-5 devstack@placement-api.service[114832]: DEBUG placement.objects.research_context [req-5ef31396-8a1e-4290-a85a-f918b5990487 req-115158bc-4491-4cc5-836c-7740cf0a7559 service placement] found 2 providers after filtering by previous result {{(pid=114832) get_provider_ids_matching /opt/stack/placement/placement/objects/research_context.py:594}}
Aug 30 18:57:54.671813 n-d-854929-5 devstack@placement-api.service[114832]: DEBUG placement.objects.allocation_candidate [req-5ef31396-8a1e-4290-a85a-f918b5990487 req-115158bc-4491-4cc5-836c-7740cf0a7559 service placement] RequestGroup(use_same_provider=False, resources={DISK_GB:1, MEMORY_MB:1024, VCPU:1}, traits=(), aggregates=[]) (suffix '') returned 2 matches {{(pid=114832) _get_by_requests /opt/stack/placement/placement/objects/allocation_candidate.py:156}}
Aug 30 18:57:54.672657 n-d-854929-5 devstack@placement-api.service[114832]: DEBUG placement.objects.allocation_candidate [req-5ef31396-8a1e-4290-a85a-f918b5990487 req-115158bc-4491-4cc5-836c-7740cf0a7559 service placement] Merging candidates yields 2 allocation requests and 2 provider summaries {{(pid=114832) _merge_candidates /opt/stack/placement/placement/objects/allocation_candidate.py:809}}
Aug 30 18:57:54.674736 n-d-854929-5 devstack@placement-api.service[114832]: INFO placement.requestlog [req-5ef31396-8a1e-4290-a85a-f918b5990487 req-115158bc-4491-4cc5-836c-7740cf0a7559 service placement] 10.222.0.76 "GET /placement/allocation_candidates?limit=1000&resources=DISK_GB%3A1%2CMEMORY_MB%3A1024%2CVCPU%3A1&root_required=%21COMPUTE_STATUS_DISABLED" status: 200 len: 1309 microversion: 1.36
Aug 30 18:57:54.675597 n-d-854929-5 devstack@placement-api.service[114832]: [pid: 114832|app: 0|req: 617/1223] 10.222.0.76 () {60 vars in 1506 bytes} [Tue Aug 30 18:57:54 2022] GET /placement/allocation_candidates?limit=1000&resources=DISK_GB%3A1%2CMEMORY_MB%3A1024%2CVCPU%3A1&root_required=%21COMPUTE_STATUS_DISABLED => generated 1309 bytes in 154 msecs (HTTP/1.1 200) 8 headers in 297 bytes (1 switches on core 0)
Aug 30 18:57:54.749936 n-d-854929-5 devstack@placement-api.service[114833]: DEBUG placement.requestlog [req-5ef31396-8a1e-4290-a85a-f918b5990487 req-c59f8522-5dbc-44ac-a216-9400c0629df7 None None] Starting request: 10.222.0.76 "GET /placement/allocations/7daf4028-9b45-4d7d-b073-a9e6637f3a20" {{(pid=114833) __call__ /opt/stack/placement/placement/requestlog.py:55}}
Aug 30 18:57:54.783245 n-d-854929-5 devstack@placement-api.service[114833]: INFO placement.requestlog [req-5ef31396-8a1e-4290-a85a-f918b5990487 req-c59f8522-5dbc-44ac-a216-9400c0629df7 service placement] 10.222.0.76 "GET /placement/allocations/7daf4028-9b45-4d7d-b073-a9e6637f3a20" status: 200 len: 19 microversion: 1.28
Aug 30 18:57:54.784110 n-d-854929-5 devstack@placement-api.service[114833]: [pid: 114833|app: 0|req: 607/1224] 10.222.0.76 () {60 vars in 1380 bytes} [Tue Aug 30 18:57:54 2022] GET /placement/allocations/7daf4028-9b45-4d7d-b073-a9e6637f3a20 => generated 19 bytes in 34 msecs (HTTP/1.1 200) 8 headers in 295 bytes (1 switches on core 0)
Aug 30 18:57:54.797090 n-d-854929-5 devstack@placement-api.service[114832]: DEBUG placement.requestlog [req-5ef31396-8a1e-4290-a85a-f918b5990487 req-ed9661ec-3638-4e2a-bcb8-f2b35ffdf93a None None] Starting request: 10.222.0.76 "PUT /placement/allocations/7daf4028-9b45-4d7d-b073-a9e6637f3a20" {{(pid=114832) __call__ /opt/stack/placement/placement/requestlog.py:55}}
Aug 30 18:57:55.249393 n-d-854929-5 devstack@placement-api.service[114832]: DEBUG placement.handlers.allocation [req-5ef31396-8a1e-4290-a85a-f918b5990487 req-ed9661ec-3638-4e2a-bcb8-f2b35ffdf93a service placement] Successfully wrote allocations [, , ] {{(pid=114832) _update_consumers_and_create_allocations /opt/stack/placement/placement/handlers/allocation.py:462}}
Aug 30 18:57:55.363326 n-d-854929-5 devstack@placement-api.service[114832]: INFO placement.requestlog [req-5ef31396-8a1e-4290-a85a-f918b5990487 req-ed9661ec-3638-4e2a-bcb8-f2b35ffdf93a service placement] 10.222.0.76 "PUT /placement/allocations/7daf4028-9b45-4d7d-b073-a9e6637f3a20" status: 204 len: 0 microversion: 1.36
Aug 30 18:57:55.364097 n-d-854929-5 devstack@placement-api.service[114832]: [pid: 114832|app: 0|req: 618/1225] 10.222.0.76 () {64 vars in 1433 bytes} [Tue Aug 30 18:57:54 2022] PUT /placement/allocations/7daf4028-9b45-4d7d-b073-a9e6637f3a20 => generated 0 bytes in 567 msecs (HTTP/1.1 204) 5 headers in 199 bytes (1 switches on core 0)
Aug 30 18:57:56.797413 n-d-854929-5 devstack@placement-api.service[114833]: DEBUG placement.requestlog [req-877a3abd-d778-4c57-a7a3-7f5b6a2468e2 req-8e7d9269-dd8d-4576-a424-c7a1477a7fd2 None None] Starting request: 10.222.0.76 "GET /placement/allocation_candidates?limit=1000&resources=DISK_GB%3A1%2CMEMORY_MB%3A1024%2CVCPU%3A1&root_required=%21COMPUTE_STATUS_DISABLED" {{(pid=114833) __call__ /opt/stack/placement/placement/requestlog.py:55}}
Aug 30 18:57:56.962105 n-d-854929-5 devstack@placement-api.service[114833]: DEBUG placement.objects.research_context [req-877a3abd-d778-4c57-a7a3-7f5b6a2468e2 req-8e7d9269-dd8d-4576-a424-c7a1477a7fd2 service placement] getting providers with 1 DISK_GB {{(pid=114833) __init__ /opt/stack/placement/placement/objects/research_context.py:136}}
Aug 30 18:57:56.986668 n-d-854929-5 devstack@placement-api.service[114833]: DEBUG placement.objects.research_context [req-877a3abd-d778-4c57-a7a3-7f5b6a2468e2 req-8e7d9269-dd8d-4576-a424-c7a1477a7fd2 service placement] getting providers with 1024 MEMORY_MB {{(pid=114833) __init__ /opt/stack/placement/placement/objects/research_context.py:136}}
Aug 30 18:57:57.012629 n-d-854929-5 devstack@placement-api.service[114833]: DEBUG placement.objects.research_context [req-877a3abd-d778-4c57-a7a3-7f5b6a2468e2 req-8e7d9269-dd8d-4576-a424-c7a1477a7fd2 service placement] getting providers with 1 VCPU {{(pid=114833) __init__ /opt/stack/placement/placement/objects/research_context.py:136}}
Aug 30 18:57:57.021002 n-d-854929-5 devstack@placement-api.service[114832]: DEBUG placement.requestlog [req-5ef31396-8a1e-4290-a85a-f918b5990487 req-c99eb5b1-a330-497b-be9d-3b2a3bb288d2 None None] Starting request: 10.222.0.77 "GET /placement/allocations/7daf4028-9b45-4d7d-b073-a9e6637f3a20" {{(pid=114832) __call__ /opt/stack/placement/placement/requestlog.py:55}}
Aug 30 18:57:57.034232 n-d-854929-5 devstack@placement-api.service[114833]: DEBUG placement.objects.research_context [req-877a3abd-d778-4c57-a7a3-7f5b6a2468e2 req-8e7d9269-dd8d-4576-a424-c7a1477a7fd2 service placement] found 2 providers with available 1 DISK_GB {{(pid=114833) get_provider_ids_matching /opt/stack/placement/placement/objects/research_context.py:563}}
Aug 30 18:57:57.038257 n-d-854929-5 devstack@placement-api.service[114833]: DEBUG placement.objects.research_context [req-877a3abd-d778-4c57-a7a3-7f5b6a2468e2 req-8e7d9269-dd8d-4576-a424-c7a1477a7fd2 service placement] found 2 providers with available 1024 MEMORY_MB {{(pid=114833) get_provider_ids_matching /opt/stack/placement/placement/objects/research_context.py:563}}
Aug 30 18:57:57.038814 n-d-854929-5 devstack@placement-api.service[114833]: DEBUG placement.objects.research_context [req-877a3abd-d778-4c57-a7a3-7f5b6a2468e2 req-8e7d9269-dd8d-4576-a424-c7a1477a7fd2 service placement] found 2 providers after filtering by previous result {{(pid=114833) get_provider_ids_matching /opt/stack/placement/placement/objects/research_context.py:594}}
Aug 30 18:57:57.039640 n-d-854929-5 devstack@placement-api.service[114833]: DEBUG placement.objects.research_context [req-877a3abd-d778-4c57-a7a3-7f5b6a2468e2 req-8e7d9269-dd8d-4576-a424-c7a1477a7fd2 service placement] found 2 providers with available 1 VCPU {{(pid=114833) get_provider_ids_matching /opt/stack/placement/placement/objects/research_context.py:563}}
Aug 30 18:57:57.041165 n-d-854929-5 devstack@placement-api.service[114833]: DEBUG placement.objects.research_context [req-877a3abd-d778-4c57-a7a3-7f5b6a2468e2 req-8e7d9269-dd8d-4576-a424-c7a1477a7fd2 service placement] found 2 providers after filtering by previous result {{(pid=114833) get_provider_ids_matching /opt/stack/placement/placement/objects/research_context.py:594}}
Aug 30 18:57:57.055849 n-d-854929-5 devstack@placement-api.service[114832]: INFO placement.requestlog [req-5ef31396-8a1e-4290-a85a-f918b5990487 req-c99eb5b1-a330-497b-be9d-3b2a3bb288d2 service placement] 10.222.0.77 "GET /placement/allocations/7daf4028-9b45-4d7d-b073-a9e6637f3a20" status: 200 len: 259 microversion: 1.28
Aug 30 18:57:57.057544 n-d-854929-5 devstack@placement-api.service[114832]: [pid: 114832|app: 0|req: 619/1226] 10.222.0.77 () {60 vars in 1377 bytes} [Tue Aug 30 18:57:57 2022] GET /placement/allocations/7daf4028-9b45-4d7d-b073-a9e6637f3a20 => generated 259 bytes in 37 msecs (HTTP/1.1 200) 8 headers in 296 bytes (1 switches on core 0)
Aug 30 18:57:57.103868 n-d-854929-5 devstack@placement-api.service[114833]: DEBUG placement.objects.allocation_candidate [req-877a3abd-d778-4c57-a7a3-7f5b6a2468e2 req-8e7d9269-dd8d-4576-a424-c7a1477a7fd2 service placement] RequestGroup(use_same_provider=False, resources={DISK_GB:1, MEMORY_MB:1024, VCPU:1}, traits=(), aggregates=[]) (suffix '') returned 2 matches {{(pid=114833) _get_by_requests /opt/stack/placement/placement/objects/allocation_candidate.py:156}}
Aug 30 18:57:57.106710 n-d-854929-5 devstack@placement-api.service[114833]: DEBUG placement.objects.allocation_candidate [req-877a3abd-d778-4c57-a7a3-7f5b6a2468e2 req-8e7d9269-dd8d-4576-a424-c7a1477a7fd2 service placement] Merging candidates yields 2 allocation requests and 2 provider summaries {{(pid=114833) _merge_candidates /opt/stack/placement/placement/objects/allocation_candidate.py:809}}
Aug 30 18:57:57.114858 n-d-854929-5 devstack@placement-api.service[114833]: INFO placement.requestlog [req-877a3abd-d778-4c57-a7a3-7f5b6a2468e2 req-8e7d9269-dd8d-4576-a424-c7a1477a7fd2 service placement] 10.222.0.76 "GET /placement/allocation_candidates?limit=1000&resources=DISK_GB%3A1%2CMEMORY_MB%3A1024%2CVCPU%3A1&root_required=%21COMPUTE_STATUS_DISABLED" status: 200 len: 1309 microversion: 1.36
Aug 30 18:57:57.116750 n-d-854929-5 devstack@placement-api.service[114833]: [pid: 114833|app: 0|req: 608/1227] 10.222.0.76 () {60 vars in 1506 bytes} [Tue Aug 30 18:57:56 2022] GET /placement/allocation_candidates?limit=1000&resources=DISK_GB%3A1%2CMEMORY_MB%3A1024%2CVCPU%3A1&root_required=%21COMPUTE_STATUS_DISABLED => generated 1309 bytes in 319 msecs (HTTP/1.1 200) 8 headers in 297 bytes (1 switches on core 0)
Aug 30 18:57:57.227792 n-d-854929-5 devstack@placement-api.service[114832]: DEBUG placement.requestlog [req-877a3abd-d778-4c57-a7a3-7f5b6a2468e2 req-3450a910-4ab5-4050-a237-40acd7f8ad0c None None] Starting request: 10.222.0.76 "GET /placement/allocations/746fb849-3f7a-4d42-924d-93c0a80c6429" {{(pid=114832) __call__ /opt/stack/placement/placement/requestlog.py:55}}
Aug 30 18:57:57.246469 n-d-854929-5 devstack@placement-api.service[114832]: INFO placement.requestlog [req-877a3abd-d778-4c57-a7a3-7f5b6a2468e2 req-3450a910-4ab5-4050-a237-40acd7f8ad0c service placement] 10.222.0.76 "GET /placement/allocations/746fb849-3f7a-4d42-924d-93c0a80c6429" status: 200 len: 19 microversion: 1.28
Aug 30 18:57:57.247174 n-d-854929-5 devstack@placement-api.service[114832]: [pid: 114832|app: 0|req: 620/1228] 10.222.0.76 () {60 vars in 1380 bytes} [Tue Aug 30 18:57:57 2022] GET /placement/allocations/746fb849-3f7a-4d42-924d-93c0a80c6429 => generated 19 bytes in 20 msecs (HTTP/1.1 200) 8 headers in 295 bytes (1 switches on core 0)
Aug 30 18:57:57.255782 n-d-854929-5 devstack@placement-api.service[114833]: DEBUG placement.requestlog [req-877a3abd-d778-4c57-a7a3-7f5b6a2468e2 req-1f69a440-e30b-4560-ad69-16a5fa3ff272 None None] Starting request: 10.222.0.76 "PUT /placement/allocations/746fb849-3f7a-4d42-924d-93c0a80c6429" {{(pid=114833) __call__ /opt/stack/placement/placement/requestlog.py:55}}
Aug 30 18:57:57.314257 n-d-854929-5 devstack@placement-api.service[114833]: DEBUG dbcounter [-] [114833] Writing DB stats placement:SELECT=96,placement:DELETE=4 {{(pid=114833) stat_writer /usr/local/lib/python3.8/dist-packages/dbcounter.py:114}}
Aug 30 18:57:57.418172 n-d-854929-5 devstack@placement-api.service[114832]: DEBUG placement.requestlog [req-5ef31396-8a1e-4290-a85a-f918b5990487 req-69ca2670-8a30-456d-9790-f1bf74ccaca4 None None] Starting request: 10.222.0.77 "GET /placement/resource_providers/b6e2f1b6-1ca7-41c9-9884-9958abbc77cd/allocations" {{(pid=114832) __call__ /opt/stack/placement/placement/requestlog.py:55}}
Aug 30 18:57:57.540193 n-d-854929-5 devstack@placement-api.service[114832]: INFO placement.requestlog [req-5ef31396-8a1e-4290-a85a-f918b5990487 req-69ca2670-8a30-456d-9790-f1bf74ccaca4 service placement] 10.222.0.77 "GET /placement/resource_providers/b6e2f1b6-1ca7-41c9-9884-9958abbc77cd/allocations" status: 200 len: 631 microversion: 1.0
Aug 30 18:57:57.544649 n-d-854929-5 devstack@placement-api.service[114832]: [pid: 114832|app: 0|req: 621/1229] 10.222.0.77 () {58 vars in 1390 bytes} [Tue Aug 30 18:57:57 2022] GET /placement/resource_providers/b6e2f1b6-1ca7-41c9-9884-9958abbc77cd/allocations => generated 631 bytes in 126 msecs (HTTP/1.1 200) 6 headers in 224 bytes (2 switches on core 0)
Aug 30 18:57:57.571741 n-d-854929-5 devstack@placement-api.service[114832]: DEBUG placement.requestlog [req-5ef31396-8a1e-4290-a85a-f918b5990487 req-46b3c530-97bc-4c4c-9ceb-5214219ae5c1 None None] Starting request: 10.222.0.77 "GET /placement/allocations/7daf4028-9b45-4d7d-b073-a9e6637f3a20" {{(pid=114832) __call__ /opt/stack/placement/placement/requestlog.py:55}}
Aug 30 18:57:57.635878 n-d-854929-5 devstack@placement-api.service[114832]: INFO placement.requestlog [req-5ef31396-8a1e-4290-a85a-f918b5990487 req-46b3c530-97bc-4c4c-9ceb-5214219ae5c1 service placement] 10.222.0.77 "GET /placement/allocations/7daf4028-9b45-4d7d-b073-a9e6637f3a20" status: 200 len: 259 microversion: 1.28
Aug 30 18:57:57.648979 n-d-854929-5 devstack@placement-api.service[114832]: [pid: 114832|app: 0|req: 622/1230] 10.222.0.77 () {60 vars in 1377 bytes} [Tue Aug 30 18:57:57 2022] GET /placement/allocations/7daf4028-9b45-4d7d-b073-a9e6637f3a20 => generated 259 bytes in 68 msecs (HTTP/1.1 200) 8 headers in 296 bytes (1 switches on core 0)
Aug 30 18:57:57.649861 n-d-854929-5 devstack@placement-api.service[114832]: DEBUG placement.requestlog [req-5ef31396-8a1e-4290-a85a-f918b5990487 req-b4d3b727-f080-4427-a278-e2aed244c985 None None] Starting request: 10.222.0.77 "GET /placement/allocations/c1611b33-d7a1-4c00-9756-f037e978ee1f" {{(pid=114832) __call__ /opt/stack/placement/placement/requestlog.py:55}}
Aug 30 18:57:57.686211 n-d-854929-5 devstack@placement-api.service[114833]: DEBUG placement.handlers.allocation [req-877a3abd-d778-4c57-a7a3-7f5b6a2468e2 req-1f69a440-e30b-4560-ad69-16a5fa3ff272 service placement] Successfully wrote allocations [, , ] {{(pid=114833) _update_consumers_and_create_allocations /opt/stack/placement/placement/handlers/allocation.py:462}}
Aug 30 18:57:57.702593 n-d-854929-5 devstack@placement-api.service[114832]: INFO placement.requestlog [req-5ef31396-8a1e-4290-a85a-f918b5990487 req-b4d3b727-f080-4427-a278-e2aed244c985 service placement] 10.222.0.77 "GET /placement/allocations/c1611b33-d7a1-4c00-9756-f037e978ee1f" status: 200 len: 259 microversion: 1.28
Aug 30 18:57:57.704441 n-d-854929-5 devstack@placement-api.service[114832]: [pid: 114832|app: 0|req: 623/1231] 10.222.0.77 () {60 vars in 1377 bytes} [Tue Aug 30 18:57:57 2022] GET /placement/allocations/c1611b33-d7a1-4c00-9756-f037e978ee1f => generated 259 bytes in 55 msecs (HTTP/1.1 200) 8 headers in 296 bytes (1 switches on core 0)
Aug 30 18:57:57.714117 n-d-854929-5 devstack@placement-api.service[114832]: DEBUG placement.requestlog [req-5ef31396-8a1e-4290-a85a-f918b5990487 req-72af8880-e9d9-416d-ba10-8e3e2a883387 None None] Starting request: 10.222.0.77 "GET /placement/allocations/44f234b3-fef2-4319-a62b-8e658a503226" {{(pid=114832) __call__ /opt/stack/placement/placement/requestlog.py:55}}
Aug 30 18:57:57.762192 n-d-854929-5 devstack@placement-api.service[114832]: INFO placement.requestlog [req-5ef31396-8a1e-4290-a85a-f918b5990487 req-72af8880-e9d9-416d-ba10-8e3e2a883387 service placement] 10.222.0.77 "GET /placement/allocations/44f234b3-fef2-4319-a62b-8e658a503226" status: 200 len: 259 microversion: 1.28
Aug 30 18:57:57.764195 n-d-854929-5 devstack@placement-api.service[114832]: [pid: 114832|app: 0|req: 624/1232] 10.222.0.77 () {60 vars in 1377 bytes} [Tue Aug 30 18:57:57 2022] GET /placement/allocations/44f234b3-fef2-4319-a62b-8e658a503226 => generated 259 bytes in 49 msecs (HTTP/1.1 200) 8 headers in 296 bytes (1 switches on core 0)
Aug 30 18:57:57.772522 n-d-854929-5 devstack@placement-api.service[114833]: INFO placement.requestlog [req-877a3abd-d778-4c57-a7a3-7f5b6a2468e2 req-1f69a440-e30b-4560-ad69-16a5fa3ff272 service placement] 10.222.0.76 "PUT /placement/allocations/746fb849-3f7a-4d42-924d-93c0a80c6429" status: 204 len: 0 microversion: 1.36
Aug 30 18:57:57.773619 n-d-854929-5 devstack@placement-api.service[114833]: [pid: 114833|app: 0|req: 609/1233] 10.222.0.76 () {64 vars in 1433 bytes} [Tue Aug 30 18:57:57 2022] PUT /placement/allocations/746fb849-3f7a-4d42-924d-93c0a80c6429 => generated 0 bytes in 518 msecs (HTTP/1.1 204) 5 headers in 199 bytes (1 switches on core 0)
Aug 30 18:57:57.782939 n-d-854929-5 devstack@placement-api.service[114832]: DEBUG placement.requestlog [req-5ef31396-8a1e-4290-a85a-f918b5990487 req-9b2a3854-2494-4e4c-aaf1-ebc956ac8eee None None] Starting request: 10.222.0.77 "GET /placement/allocations/9c8fcd81-aa3b-4ad4-8f96-1a838cd93364" {{(pid=114832) __call__ /opt/stack/placement/placement/requestlog.py:55}}
Aug 30 18:57:57.817434 n-d-854929-5 devstack@placement-api.service[114832]: INFO placement.requestlog [req-5ef31396-8a1e-4290-a85a-f918b5990487 req-9b2a3854-2494-4e4c-aaf1-ebc956ac8eee service placement] 10.222.0.77 "GET /placement/allocations/9c8fcd81-aa3b-4ad4-8f96-1a838cd93364" status: 200 len: 259 microversion: 1.28
Aug 30 18:57:57.818855 n-d-854929-5 devstack@placement-api.service[114832]: [pid: 114832|app: 0|req: 625/1234] 10.222.0.77 () {60 vars in 1377 bytes} [Tue Aug 30 18:57:57 2022] GET /placement/allocations/9c8fcd81-aa3b-4ad4-8f96-1a838cd93364 => generated 259 bytes in 37 msecs (HTTP/1.1 200) 8 headers in 296 bytes (1 switches on core 0)
Aug 30 18:57:57.837083 n-d-854929-5 devstack@placement-api.service[114833]: DEBUG placement.requestlog [req-5ef31396-8a1e-4290-a85a-f918b5990487 req-f448af2e-adc2-4106-b890-6a026eb6a5af None None] Starting request: 10.222.0.77 "GET /placement/allocations/d53a4f3d-3e81-49d6-a806-cdc12537ae72" {{(pid=114833) __call__ /opt/stack/placement/placement/requestlog.py:55}}
Aug 30 18:57:57.881292 n-d-854929-5 devstack@placement-api.service[114833]: INFO placement.requestlog [req-5ef31396-8a1e-4290-a85a-f918b5990487 req-f448af2e-adc2-4106-b890-6a026eb6a5af service placement] 10.222.0.77 "GET /placement/allocations/d53a4f3d-3e81-49d6-a806-cdc12537ae72" status: 200 len: 245 microversion: 1.28
Aug 30 18:57:57.884578 n-d-854929-5 devstack@placement-api.service[114833]: [pid: 114833|app: 0|req: 610/1235] 10.222.0.77 () {60 vars in 1377 bytes} [Tue Aug 30 18:57:57 2022] GET /placement/allocations/d53a4f3d-3e81-49d6-a806-cdc12537ae72 => generated 245 bytes in 48 msecs (HTTP/1.1 200) 8 headers in 296 bytes (1 switches on core 0)
Aug 30 18:57:57.908094 n-d-854929-5 devstack@placement-api.service[114832]: DEBUG placement.requestlog [req-5ef31396-8a1e-4290-a85a-f918b5990487 req-de2ad001-274e-47f5-90b9-ae4d842bc8e9 None None] Starting request: 10.222.0.77 "GET /placement/allocations/ba94a983-13eb-4149-a3ec-44b92d47dee1" {{(pid=114832) __call__ /opt/stack/placement/placement/requestlog.py:55}}
Aug 30 18:57:57.959982 n-d-854929-5 devstack@placement-api.service[114832]: INFO placement.requestlog [req-5ef31396-8a1e-4290-a85a-f918b5990487 req-de2ad001-274e-47f5-90b9-ae4d842bc8e9 service placement] 10.222.0.77 "GET /placement/allocations/ba94a983-13eb-4149-a3ec-44b92d47dee1" status: 200 len: 245 microversion: 1.28
Aug 30 18:57:57.961375 n-d-854929-5 devstack@placement-api.service[114832]: [pid: 114832|app: 0|req: 626/1236] 10.222.0.77 () {60 vars in 1377 bytes} [Tue Aug 30 18:57:57 2022] GET /placement/allocations/ba94a983-13eb-4149-a3ec-44b92d47dee1 => generated 245 bytes in 54 msecs (HTTP/1.1 200) 8 headers in 296 bytes (1 switches on core 0)
Aug 30 18:57:58.981066 n-d-854929-5 devstack@placement-api.service[114833]: DEBUG placement.requestlog [req-515f57e0-c37f-49df-988a-55cd61ff39cf req-afd6a5a1-5a6d-4475-bfee-acd2af874225 None None] Starting request: 10.222.0.77 "GET /placement/resource_providers/b6e2f1b6-1ca7-41c9-9884-9958abbc77cd/allocations" {{(pid=114833) __call__ /opt/stack/placement/placement/requestlog.py:55}}
Aug 30 18:57:59.037675 n-d-854929-5 devstack@placement-api.service[114833]: INFO placement.requestlog [req-515f57e0-c37f-49df-988a-55cd61ff39cf req-afd6a5a1-5a6d-4475-bfee-acd2af874225 service placement] 10.222.0.77 "GET /placement/resource_providers/b6e2f1b6-1ca7-41c9-9884-9958abbc77cd/allocations" status: 200 len: 732 microversion: 1.0
Aug 30 18:57:59.039973 n-d-854929-5 devstack@placement-api.service[114833]: [pid: 114833|app: 0|req: 611/1237] 10.222.0.77 () {58 vars in 1390 bytes} [Tue Aug 30 18:57:58 2022] GET /placement/resource_providers/b6e2f1b6-1ca7-41c9-9884-9958abbc77cd/allocations => generated 732 bytes in 59 msecs (HTTP/1.1 200) 6 headers in 224 bytes (2 switches on core 0)
Aug 30 18:57:59.471835 n-d-854929-5 devstack@placement-api.service[114832]: DEBUG placement.requestlog [req-515f57e0-c37f-49df-988a-55cd61ff39cf req-cf56f6bc-40de-490a-98f3-6d9a86d476fe None None] Starting request: 10.222.0.77 "GET /placement/resource_providers/b6e2f1b6-1ca7-41c9-9884-9958abbc77cd/allocations" {{(pid=114832) __call__ /opt/stack/placement/placement/requestlog.py:55}}
Aug 30 18:57:59.493413 n-d-854929-5 devstack@placement-api.service[114832]: DEBUG dbcounter [-] [114832] Writing DB stats placement:UPDATE=7,placement:SELECT=79,placement:DELETE=5,placement:INSERT=9 {{(pid=114832) stat_writer /usr/local/lib/python3.8/dist-packages/dbcounter.py:114}}
Aug 30 18:57:59.518365 n-d-854929-5 devstack@placement-api.service[114832]: INFO placement.requestlog [req-515f57e0-c37f-49df-988a-55cd61ff39cf req-cf56f6bc-40de-490a-98f3-6d9a86d476fe service placement] 10.222.0.77 "GET /placement/resource_providers/b6e2f1b6-1ca7-41c9-9884-9958abbc77cd/allocations" status: 200 len: 732 microversion: 1.0
Aug 30 18:57:59.519553 n-d-854929-5 devstack@placement-api.service[114832]: [pid: 114832|app: 0|req: 627/1238] 10.222.0.77 () {58 vars in 1390 bytes} [Tue Aug 30 18:57:59 2022] GET /placement/resource_providers/b6e2f1b6-1ca7-41c9-9884-9958abbc77cd/allocations => generated 732 bytes in 48 msecs (HTTP/1.1 200) 6 headers in 224 bytes (1 switches on core 0)
Aug 30 18:57:59.530376 n-d-854929-5 devstack@placement-api.service[114833]: DEBUG placement.requestlog [req-515f57e0-c37f-49df-988a-55cd61ff39cf req-726aa15b-aa13-4517-8d50-de1d90b25feb None None] Starting request: 10.222.0.77 "GET /placement/allocations/7daf4028-9b45-4d7d-b073-a9e6637f3a20" {{(pid=114833) __call__ /opt/stack/placement/placement/requestlog.py:55}}
Aug 30 18:57:59.563588 n-d-854929-5 devstack@placement-api.service[114833]: INFO placement.requestlog [req-515f57e0-c37f-49df-988a-55cd61ff39cf req-726aa15b-aa13-4517-8d50-de1d90b25feb service placement] 10.222.0.77 "GET /placement/allocations/7daf4028-9b45-4d7d-b073-a9e6637f3a20" status: 200 len: 259 microversion: 1.28
Aug 30 18:57:59.564759 n-d-854929-5 devstack@placement-api.service[114833]: [pid: 114833|app: 0|req: 612/1239] 10.222.0.77 () {60 vars in 1377 bytes} [Tue Aug 30 18:57:59 2022] GET /placement/allocations/7daf4028-9b45-4d7d-b073-a9e6637f3a20 => generated 259 bytes in 35 msecs (HTTP/1.1 200) 8 headers in 296 bytes (1 switches on core 0)
Aug 30 18:57:59.576875 n-d-854929-5 devstack@placement-api.service[114832]: DEBUG placement.requestlog [req-515f57e0-c37f-49df-988a-55cd61ff39cf req-a4871cf4-d0e5-46cc-be09-62379b0b1211 None None] Starting request: 10.222.0.77 "GET /placement/allocations/c1611b33-d7a1-4c00-9756-f037e978ee1f" {{(pid=114832) __call__ /opt/stack/placement/placement/requestlog.py:55}}
Aug 30 18:57:59.603011 n-d-854929-5 devstack@placement-api.service[114833]: DEBUG placement.requestlog [None req-1d6cf17e-d287-47ed-9e4f-65be75a60f64 None None] Starting request: 10.222.0.76 "GET /placement/resource_providers/f7187aea-674b-4f74-81fe-991621b0f054/aggregates" {{(pid=114833) __call__ /opt/stack/placement/placement/requestlog.py:55}}
Aug 30 18:57:59.615619 n-d-854929-5 devstack@placement-api.service[114832]: INFO placement.requestlog [req-515f57e0-c37f-49df-988a-55cd61ff39cf req-a4871cf4-d0e5-46cc-be09-62379b0b1211 service placement] 10.222.0.77 "GET /placement/allocations/c1611b33-d7a1-4c00-9756-f037e978ee1f" status: 200 len: 259 microversion: 1.28
Aug 30 18:57:59.621225 n-d-854929-5 devstack@placement-api.service[114832]: [pid: 114832|app: 0|req: 628/1240] 10.222.0.77 () {60 vars in 1377 bytes} [Tue Aug 30 18:57:59 2022] GET /placement/allocations/c1611b33-d7a1-4c00-9756-f037e978ee1f => generated 259 bytes in 45 msecs (HTTP/1.1 200) 8 headers in 296 bytes (1 switches on core 0)
Aug 30 18:57:59.622392 n-d-854929-5 devstack@placement-api.service[114832]: DEBUG placement.requestlog [req-877a3abd-d778-4c57-a7a3-7f5b6a2468e2 req-be3c868f-a99b-4578-9e4e-6064be7fc399 None None] Starting request: 10.222.0.77 "GET /placement/allocations/746fb849-3f7a-4d42-924d-93c0a80c6429" {{(pid=114832) __call__ /opt/stack/placement/placement/requestlog.py:55}}
Aug 30 18:57:59.643670 n-d-854929-5 devstack@placement-api.service[114833]: INFO placement.requestlog [None req-1d6cf17e-d287-47ed-9e4f-65be75a60f64 service placement] 10.222.0.76 "GET /placement/resource_providers/f7187aea-674b-4f74-81fe-991621b0f054/aggregates" status: 404 len: 235 microversion: 1.1
Aug 30 18:57:59.644046 n-d-854929-5 devstack@placement-api.service[114833]: [pid: 114833|app: 0|req: 613/1241] 10.222.0.76 () {58 vars in 1362 bytes} [Tue Aug 30 18:57:59 2022] GET /placement/resource_providers/f7187aea-674b-4f74-81fe-991621b0f054/aggregates => generated 235 bytes in 41 msecs (HTTP/1.1 404) 5 headers in 202 bytes (1 switches on core 0)
Aug 30 18:57:59.649543 n-d-854929-5 devstack@placement-api.service[114832]: INFO placement.requestlog [req-877a3abd-d778-4c57-a7a3-7f5b6a2468e2 req-be3c868f-a99b-4578-9e4e-6064be7fc399 service placement] 10.222.0.77 "GET /placement/allocations/746fb849-3f7a-4d42-924d-93c0a80c6429" status: 200 len: 259 microversion: 1.28
Aug 30 18:57:59.649766 n-d-854929-5 devstack@placement-api.service[114833]: DEBUG placement.requestlog [req-515f57e0-c37f-49df-988a-55cd61ff39cf req-fe48545b-8fd5-44ae-b035-169fa87e09c5 None None] Starting request: 10.222.0.77 "GET /placement/allocations/746fb849-3f7a-4d42-924d-93c0a80c6429" {{(pid=114833) __call__ /opt/stack/placement/placement/requestlog.py:55}}
Aug 30 18:57:59.650747 n-d-854929-5 devstack@placement-api.service[114832]: [pid: 114832|app: 0|req: 629/1242] 10.222.0.77 () {60 vars in 1377 bytes} [Tue Aug 30 18:57:59 2022] GET /placement/allocations/746fb849-3f7a-4d42-924d-93c0a80c6429 => generated 259 bytes in 28 msecs (HTTP/1.1 200) 8 headers in 296 bytes (1 switches on core 0)
Aug 30 18:57:59.699398 n-d-854929-5 devstack@placement-api.service[114833]: INFO placement.requestlog [req-515f57e0-c37f-49df-988a-55cd61ff39cf req-fe48545b-8fd5-44ae-b035-169fa87e09c5 service placement] 10.222.0.77 "GET /placement/allocations/746fb849-3f7a-4d42-924d-93c0a80c6429" status: 200 len: 259 microversion: 1.28
Aug 30 18:57:59.703563 n-d-854929-5 devstack@placement-api.service[114833]: [pid: 114833|app: 0|req: 614/1243] 10.222.0.77 () {60 vars in 1377 bytes} [Tue Aug 30 18:57:59 2022] GET /placement/allocations/746fb849-3f7a-4d42-924d-93c0a80c6429 => generated 259 bytes in 51 msecs (HTTP/1.1 200) 8 headers in 296 bytes (1 switches on core 0)
Aug 30 18:57:59.723644 n-d-854929-5 devstack@placement-api.service[114832]: DEBUG placement.requestlog [None req-039650de-b848-4c4a-997b-fd26a055bde1 None None] Starting request: 10.222.0.76 "DELETE /placement/resource_providers/f7187aea-674b-4f74-81fe-991621b0f054" {{(pid=114832) __call__ /opt/stack/placement/placement/requestlog.py:55}}
Aug 30 18:57:59.765611 n-d-854929-5 devstack@placement-api.service[114832]: DEBUG placement.wsgi_wrapper [None req-039650de-b848-4c4a-997b-fd26a055bde1 service placement] Placement API returning an error response: No resource provider with uuid f7187aea-674b-4f74-81fe-991621b0f054 found for delete {{(pid=114832) call_func /opt/stack/placement/placement/wsgi_wrapper.py:31}}
Aug 30 18:57:59.767244 n-d-854929-5 devstack@placement-api.service[114832]: INFO placement.requestlog [None req-039650de-b848-4c4a-997b-fd26a055bde1 service placement] 10.222.0.76 "DELETE /placement/resource_providers/f7187aea-674b-4f74-81fe-991621b0f054" status: 404 len: 246 microversion: 1.1
Aug 30 18:57:59.769054 n-d-854929-5 devstack@placement-api.service[114832]: [pid: 114832|app: 0|req: 630/1244] 10.222.0.76 () {60 vars in 1351 bytes} [Tue Aug 30 18:57:59 2022] DELETE /placement/resource_providers/f7187aea-674b-4f74-81fe-991621b0f054 => generated 246 bytes in 45 msecs (HTTP/1.1 404) 6 headers in 231 bytes (1 switches on core 0)
Aug 30 18:57:59.847554 n-d-854929-5 devstack@placement-api.service[114833]: DEBUG placement.requestlog [req-515f57e0-c37f-49df-988a-55cd61ff39cf req-c2d0f797-ccc8-4dd9-bdc4-82593f79fdc7 None None] Starting request: 10.222.0.77 "GET /placement/allocations/44f234b3-fef2-4319-a62b-8e658a503226" {{(pid=114833) __call__ /opt/stack/placement/placement/requestlog.py:55}}
Aug 30 18:57:59.929855 n-d-854929-5 devstack@placement-api.service[114833]: INFO placement.requestlog [req-515f57e0-c37f-49df-988a-55cd61ff39cf req-c2d0f797-ccc8-4dd9-bdc4-82593f79fdc7 service placement] 10.222.0.77 "GET /placement/allocations/44f234b3-fef2-4319-a62b-8e658a503226" status: 200 len: 259 microversion: 1.28
Aug 30 18:57:59.931519 n-d-854929-5 devstack@placement-api.service[114833]: [pid: 114833|app: 0|req: 615/1245] 10.222.0.77 () {60 vars in 1377 bytes} [Tue Aug 30 18:57:59 2022] GET /placement/allocations/44f234b3-fef2-4319-a62b-8e658a503226 => generated 259 bytes in 84 msecs (HTTP/1.1 200) 8 headers in 296 bytes (1 switches on core 0)
Aug 30 18:57:59.941199 n-d-854929-5 devstack@placement-api.service[114832]: DEBUG placement.requestlog [req-515f57e0-c37f-49df-988a-55cd61ff39cf req-8341c5ea-80c0-4446-842f-c357026913f5 None None] Starting request: 10.222.0.77 "GET /placement/allocations/9c8fcd81-aa3b-4ad4-8f96-1a838cd93364" {{(pid=114832) __call__ /opt/stack/placement/placement/requestlog.py:55}}
Aug 30 18:57:59.986823 n-d-854929-5 devstack@placement-api.service[114832]: INFO placement.requestlog [req-515f57e0-c37f-49df-988a-55cd61ff39cf req-8341c5ea-80c0-4446-842f-c357026913f5 service placement] 10.222.0.77 "GET /placement/allocations/9c8fcd81-aa3b-4ad4-8f96-1a838cd93364" status: 200 len: 259 microversion: 1.28
Aug 30 18:57:59.986823 n-d-854929-5 devstack@placement-api.service[114832]: [pid: 114832|app: 0|req: 631/1246] 10.222.0.77 () {60 vars in 1377 bytes} [Tue Aug 30 18:57:59 2022] GET /placement/allocations/9c8fcd81-aa3b-4ad4-8f96-1a838cd93364 => generated 259 bytes in 33 msecs (HTTP/1.1 200) 8 headers in 296 bytes (1 switches on core 0)
Aug 30 18:57:59.987190 n-d-854929-5 devstack@placement-api.service[114833]: DEBUG placement.requestlog [req-515f57e0-c37f-49df-988a-55cd61ff39cf req-5b58c9b3-6717-4a75-9f2b-4ef64930f1a3 None None] Starting request: 10.222.0.77 "GET /placement/allocations/d53a4f3d-3e81-49d6-a806-cdc12537ae72" {{(pid=114833) __call__ /opt/stack/placement/placement/requestlog.py:55}}
Aug 30 18:58:00.021153 n-d-854929-5 devstack@placement-api.service[114833]: INFO placement.requestlog [req-515f57e0-c37f-49df-988a-55cd61ff39cf req-5b58c9b3-6717-4a75-9f2b-4ef64930f1a3 service placement] 10.222.0.77 "GET /placement/allocations/d53a4f3d-3e81-49d6-a806-cdc12537ae72" status: 200 len: 245 microversion: 1.28
Aug 30 18:58:00.024881 n-d-854929-5 devstack@placement-api.service[114833]: [pid: 114833|app: 0|req: 616/1247] 10.222.0.77 () {60 vars in 1377 bytes} [Tue Aug 30 18:57:59 2022] GET /placement/allocations/d53a4f3d-3e81-49d6-a806-cdc12537ae72 => generated 245 bytes in 39 msecs (HTTP/1.1 200) 8 headers in 296 bytes (1 switches on core 0)
Aug 30 18:58:00.036733 n-d-854929-5 devstack@placement-api.service[114832]: DEBUG placement.requestlog [req-515f57e0-c37f-49df-988a-55cd61ff39cf req-1f595f0f-4a55-4413-9c62-242961f8a922 None None] Starting request: 10.222.0.77 "GET /placement/allocations/ba94a983-13eb-4149-a3ec-44b92d47dee1" {{(pid=114832) __call__ /opt/stack/placement/placement/requestlog.py:55}}
Aug 30 18:58:00.054605 n-d-854929-5 devstack@placement-api.service[114832]: INFO placement.requestlog [req-515f57e0-c37f-49df-988a-55cd61ff39cf req-1f595f0f-4a55-4413-9c62-242961f8a922 service placement] 10.222.0.77 "GET /placement/allocations/ba94a983-13eb-4149-a3ec-44b92d47dee1" status: 200 len: 245 microversion: 1.28
Aug 30 18:58:00.055534 n-d-854929-5 devstack@placement-api.service[114832]: [pid: 114832|app: 0|req: 632/1248] 10.222.0.77 () {60 vars in 1377 bytes} [Tue Aug 30 18:58:00 2022] GET /placement/allocations/ba94a983-13eb-4149-a3ec-44b92d47dee1 => generated 245 bytes in 19 msecs (HTTP/1.1 200) 8 headers in 296 bytes (1 switches on core 0)
Aug 30 18:58:00.910471 n-d-854929-5 devstack@placement-api.service[114833]: DEBUG placement.requestlog [req-877a3abd-d778-4c57-a7a3-7f5b6a2468e2 req-2e59cef1-8450-471b-956a-12a578fe4f07 None None] Starting request: 10.222.0.77 "GET /placement/resource_providers/b6e2f1b6-1ca7-41c9-9884-9958abbc77cd/allocations" {{(pid=114833) __call__ /opt/stack/placement/placement/requestlog.py:55}}
Aug 30 18:58:00.976255 n-d-854929-5 devstack@placement-api.service[114833]: INFO placement.requestlog [req-877a3abd-d778-4c57-a7a3-7f5b6a2468e2 req-2e59cef1-8450-471b-956a-12a578fe4f07 service placement] 10.222.0.77 "GET /placement/resource_providers/b6e2f1b6-1ca7-41c9-9884-9958abbc77cd/allocations" status: 200 len: 732 microversion: 1.0
