Aug 30 18:25:17.519058 n-d-854929-5 devstack@keystone.service[82063]: ERROR keystone.server.flask.application
File "/usr/local/lib/python3.8/dist-packages/dogpile/cache/region.py", line 1042, in get_or_create
Aug 30 18:25:17.519058 n-d-854929-5 devstack@keystone.service[82063]: ERROR keystone.server.flask.application with Lock(
Aug 30 18:25:17.519058 n-d-854929-5 devstack@keystone.service[82063]: ERROR keystone.server.flask.application
File "/usr/local/lib/python3.8/dist-packages/dogpile/lock.py", line 185, in __enter__
Aug 30 18:25:17.519058 n-d-854929-5 devstack@keystone.service[82063]: ERROR keystone.server.flask.application return self._enter()
Aug 30 18:25:17.519058 n-d-854929-5 devstack@keystone.service[82063]: ERROR keystone.server.flask.application
File "/usr/local/lib/python3.8/dist-packages/dogpile/lock.py", line 94, in _enter
Aug 30 18:25:17.519058 n-d-854929-5 devstack@keystone.service[82063]: ERROR keystone.server.flask.application generated = self._enter_create(value, createdtime)
Aug 30 18:25:17.520667 n-d-854929-5 devstack@keystone.service[82063]: ERROR keystone.server.flask.application
File "/usr/local/lib/python3.8/dist-packages/dogpile/lock.py", line 178, in _enter_create
Aug 30 18:25:17.520667 n-d-854929-5 devstack@keystone.service[82063]: ERROR keystone.server.flask.application return self.creator()
Aug 30 18:25:17.520667 n-d-854929-5 devstack@keystone.service[82063]: ERROR keystone.server.flask.application
File "/usr/local/lib/python3.8/dist-packages/dogpile/cache/region.py", line 995, in gen_value
Aug 30 18:25:17.520667 n-d-854929-5 devstack@keystone.service[82063]: ERROR keystone.server.flask.application created_value = creator(
Aug 30 18:25:17.520667 n-d-854929-5 devstack@keystone.service[82063]: ERROR keystone.server.flask.application
File "/opt/stack/keystone/keystone/assignment/core.py", line 1276, in get_role
Aug 30 18:25:17.520667 n-d-854929-5 devstack@keystone.service[82063]: ERROR keystone.server.flask.application return self.driver.get_role(role_id)
Aug 30 18:25:17.520667 n-d-854929-5 devstack@keystone.service[82063]: ERROR keystone.server.flask.application
File "/opt/stack/keystone/keystone/assignment/role_backends/sql.py", line 70, in get_role
Aug 30 18:25:17.520667 n-d-854929-5 devstack@keystone.service[82063]: ERROR keystone.server.flask.application return self._get_role(session, role_id).to_dict()
Aug 30 18:25:17.520667 n-d-854929-5 devstack@keystone.service[82063]: ERROR keystone.server.flask.application
File "/opt/stack/keystone/keystone/assignment/role_backends/sql.py", line 65, in _get_role
Aug 30 18:25:17.520667 n-d-854929-5 devstack@keystone.service[82063]: ERROR keystone.server.flask.application raise exception.RoleNotFound(role_id=role_id)
Aug 30 18:25:17.520667 n-d-854929-5 devstack@keystone.service[82063]: ERROR keystone.server.flask.application keystone.exception.RoleNotFound: Could not find role: member.
Aug 30 18:25:17.520667 n-d-854929-5 devstack@keystone.service[82063]: ERROR keystone.server.flask.application
Aug 30 18:25:17.520667 n-d-854929-5 devstack@keystone.service[82063]: [pid: 82063|app: 0|req: 151/297] 10.222.0.76 () {56 vars in 1099 bytes} [Tue Aug 30 18:25:17 2022] GET /identity/v3/roles/member => generated 84 bytes in 172 msecs (HTTP/1.1 404) 5 headers in 183 bytes (1 switches on core 0)
Aug 30 18:25:17.526772 n-d-854929-5 devstack@keystone.service[82062]: [pid: 82062|app: 0|req: 147/298] 10.222.0.76 () {54 vars in 927 bytes} [Tue Aug 30 18:25:17 2022] GET /identity => generated 270 bytes in 7 msecs (HTTP/1.1 300) 6 headers in 234 bytes (1 switches on core 0)
Aug 30 18:25:17.526906 n-d-854929-5 devstack@keystone.service[82063]: DEBUG keystone.server.flask.request_processing.middleware.auth_context [None req-2ec132a2-1ded-476c-a40d-4dbab904bf29 None admin] Authenticating user token {{(pid=82063) process_request /usr/local/lib/python3.8/dist-packages/keystonemiddleware/auth_token/__init__.py:407}}
Aug 30 18:25:17.529641 n-d-854929-5 devstack@keystone.service[82062]: DEBUG keystone.server.flask.request_processing.req_logging [None req-ce6925f1-948d-4194-97d9-b5e81a14db6a None None] REQUEST_METHOD: `POST` {{(pid=82062) log_request_info /opt/stack/keystone/keystone/server/flask/request_processing/req_logging.py:27}}
Aug 30 18:25:17.529919 n-d-854929-5 devstack@keystone.service[82062]: DEBUG keystone.server.flask.request_processing.req_logging [None req-ce6925f1-948d-4194-97d9-b5e81a14db6a None None] SCRIPT_NAME: `/identity` {{(pid=82062) log_request_info /opt/stack/keystone/keystone/server/flask/request_processing/req_logging.py:28}}
Aug 30 18:25:17.530187 n-d-854929-5 devstack@keystone.service[82062]: DEBUG keystone.server.flask.request_processing.req_logging [None req-ce6925f1-948d-4194-97d9-b5e81a14db6a None None] PATH_INFO: `/v3/auth/tokens` {{(pid=82062) log_request_info /opt/stack/keystone/keystone/server/flask/request_processing/req_logging.py:29}}
Aug 30 18:25:17.554925 n-d-854929-5 devstack@keystone.service[82062]: DEBUG keystone.auth.core [None req-ce6925f1-948d-4194-97d9-b5e81a14db6a None None] MFA Rules not processed for user `a788d403ad2f431695ad89c35d0d35f3`. Rule list: `[]` (Enabled: `True`). {{(pid=82062) check_auth_methods_against_rules /opt/stack/keystone/keystone/auth/core.py:438}}
Aug 30 18:25:17.557140 n-d-854929-5 devstack@keystone.service[82062]: DEBUG keystone.common.fernet_utils [None req-ce6925f1-948d-4194-97d9-b5e81a14db6a None None] Loaded 2 Fernet keys from /etc/keystone/fernet-keys/, but `[fernet_tokens] max_active_keys = 3`; perhaps there have not been enough key rotations to reach `max_active_keys` yet? {{(pid=82062) load_keys /opt/stack/keystone/keystone/common/fernet_utils.py:286}}
Aug 30 18:25:17.637181 n-d-854929-5 devstack@keystone.service[82063]: DEBUG keystone.server.flask.request_processing.middleware.auth_context [None req-2ec132a2-1ded-476c-a40d-4dbab904bf29 None admin] Validating token access rules against request {{(pid=82063) validate_allowed_request /usr/local/lib/python3.8/dist-packages/keystonemiddleware/auth_token/__init__.py:545}}
Aug 30 18:25:17.659088 n-d-854929-5 devstack@keystone.service[82062]: [pid: 82062|app: 0|req: 148/299] 10.222.0.76 () {58 vars in 1024 bytes} [Tue Aug 30 18:25:17 2022] POST /identity/v3/auth/tokens => generated 799 bytes in 125 msecs (HTTP/1.1 201) 6 headers in 363 bytes (1 switches on core 0)
Aug 30 18:25:17.673958 n-d-854929-5 devstack@keystone.service[82062]: DEBUG keystone.server.flask.request_processing.req_logging [None req-db9b9014-cc49-45f6-9aca-de07c1ebac04 None None] REQUEST_METHOD: `GET` {{(pid=82062) log_request_info /opt/stack/keystone/keystone/server/flask/request_processing/req_logging.py:27}}
Aug 30 18:25:17.674250 n-d-854929-5 devstack@keystone.service[82062]: DEBUG keystone.server.flask.request_processing.req_logging [None req-db9b9014-cc49-45f6-9aca-de07c1ebac04 None None] SCRIPT_NAME: `/identity` {{(pid=82062) log_request_info /opt/stack/keystone/keystone/server/flask/request_processing/req_logging.py:28}}
Aug 30 18:25:17.674530 n-d-854929-5 devstack@keystone.service[82062]: DEBUG keystone.server.flask.request_processing.req_logging [None req-db9b9014-cc49-45f6-9aca-de07c1ebac04 None None] PATH_INFO: `/` {{(pid=82062) log_request_info /opt/stack/keystone/keystone/server/flask/request_processing/req_logging.py:29}}
Aug 30 18:25:17.676088 n-d-854929-5 devstack@keystone.service[82062]: [pid: 82062|app: 0|req: 149/300] 10.222.0.76 () {54 vars in 927 bytes} [Tue Aug 30 18:25:17 2022] GET /identity => generated 270 bytes in 3 msecs (HTTP/1.1 300) 6 headers in 234 bytes (1 switches on core 0)
Aug 30 18:25:17.678557 n-d-854929-5 devstack@keystone.service[82063]: DEBUG keystone.server.flask.request_processing.middleware.auth_context [None req-61e0e655-f141-48be-81fd-1e873b094e84 None admin] RBAC: auth_context: {'token': , 'domain_id': None, 'trust_id': None, 'trustor_id': None, 'trustee_id': None, 'domain_name': None, 'group_ids': [], 'user_id': 'a788d403ad2f431695ad89c35d0d35f3', 'user_domain_id': 'default', 'system_scope': 'all', 'project_id': None, 'project_domain_id': None, 'roles': ['admin', 'member', 'reader'], 'is_admin_project': True, 'service_user_id': None, 'service_user_domain_id': None, 'service_project_id': None, 'service_project_domain_id': None, 'service_roles': []} {{(pid=82063) fill_context /opt/stack/keystone/keystone/server/flask/request_processing/middleware/auth_context.py:478}}
Aug 30 18:25:17.679405 n-d-854929-5 devstack@keystone.service[82063]: DEBUG keystone.server.flask.request_processing.req_logging [None req-61e0e655-f141-48be-81fd-1e873b094e84 None admin] REQUEST_METHOD: `GET` {{(pid=82063) log_request_info /opt/stack/keystone/keystone/server/flask/request_processing/req_logging.py:27}}
Aug 30 18:25:17.679825 n-d-854929-5 devstack@keystone.service[82063]: DEBUG keystone.server.flask.request_processing.req_logging [None req-61e0e655-f141-48be-81fd-1e873b094e84 None admin] SCRIPT_NAME: `/identity` {{(pid=82063) log_request_info /opt/stack/keystone/keystone/server/flask/request_processing/req_logging.py:28}}
Aug 30 18:25:17.680335 n-d-854929-5 devstack@keystone.service[82063]: DEBUG keystone.server.flask.request_processing.req_logging [None req-61e0e655-f141-48be-81fd-1e873b094e84 None admin] PATH_INFO: `/v3/roles` {{(pid=82063) log_request_info /opt/stack/keystone/keystone/server/flask/request_processing/req_logging.py:29}}
Aug 30 18:25:17.681176 n-d-854929-5 devstack@keystone.service[82063]: DEBUG keystone.common.rbac_enforcer.enforcer [None req-61e0e655-f141-48be-81fd-1e873b094e84 None admin] RBAC: Adding query filter params (name=member) {{(pid=82063) _extract_filter_values /opt/stack/keystone/keystone/common/rbac_enforcer/enforcer.py:167}}
Aug 30 18:25:17.681297 n-d-854929-5 devstack@keystone.service[82062]: DEBUG keystone.server.flask.request_processing.req_logging [None req-6b4f09f9-f703-4d8e-ae88-3ee0e3f2181f None None] REQUEST_METHOD: `POST` {{(pid=82062) log_request_info /opt/stack/keystone/keystone/server/flask/request_processing/req_logging.py:27}}
Aug 30 18:25:17.681584 n-d-854929-5 devstack@keystone.service[82062]: DEBUG keystone.server.flask.request_processing.req_logging [None req-6b4f09f9-f703-4d8e-ae88-3ee0e3f2181f None None] SCRIPT_NAME: `/identity` {{(pid=82062) log_request_info /opt/stack/keystone/keystone/server/flask/request_processing/req_logging.py:28}}
Aug 30 18:25:17.681863 n-d-854929-5 devstack@keystone.service[82062]: DEBUG keystone.server.flask.request_processing.req_logging [None req-6b4f09f9-f703-4d8e-ae88-3ee0e3f2181f None None] PATH_INFO: `/v3/auth/tokens` {{(pid=82062) log_request_info /opt/stack/keystone/keystone/server/flask/request_processing/req_logging.py:29}}
Aug 30 18:25:17.681986 n-d-854929-5 devstack@keystone.service[82063]: DEBUG keystone.common.rbac_enforcer.enforcer [None req-61e0e655-f141-48be-81fd-1e873b094e84 None admin] RBAC: Authorizing `identity:list_roles()` {{(pid=82063) enforce_call /opt/stack/keystone/keystone/common/rbac_enforcer/enforcer.py:449}}
Aug 30 18:25:17.683685 n-d-854929-5 devstack@keystone.service[82063]: DEBUG keystone.common.rbac_enforcer.enforcer [None req-61e0e655-f141-48be-81fd-1e873b094e84 None admin] RBAC: Authorization granted {{(pid=82063) enforce_call /opt/stack/keystone/keystone/common/rbac_enforcer/enforcer.py:457}}
Aug 30 18:25:17.696908 n-d-854929-5 devstack@keystone.service[82063]: [pid: 82063|app: 0|req: 152/301] 10.222.0.76 () {56 vars in 1101 bytes} [Tue Aug 30 18:25:17 2022] GET /identity/v3/roles?name=member => generated 341 bytes in 172 msecs (HTTP/1.1 200) 5 headers in 177 bytes (1 switches on core 0)
Aug 30 18:25:17.702653 n-d-854929-5 devstack@keystone.service[82063]: DEBUG keystone.server.flask.request_processing.middleware.auth_context [None req-61e0e655-f141-48be-81fd-1e873b094e84 None admin] Authenticating user token {{(pid=82063) process_request /usr/local/lib/python3.8/dist-packages/keystonemiddleware/auth_token/__init__.py:407}}
Aug 30 18:25:17.703555 n-d-854929-5 devstack@keystone.service[82062]: DEBUG keystone.auth.core [None req-6b4f09f9-f703-4d8e-ae88-3ee0e3f2181f None None] MFA Rules not processed for user `a788d403ad2f431695ad89c35d0d35f3`. Rule list: `[]` (Enabled: `True`). {{(pid=82062) check_auth_methods_against_rules /opt/stack/keystone/keystone/auth/core.py:438}}
Aug 30 18:25:17.704883 n-d-854929-5 devstack@keystone.service[82062]: DEBUG keystone.common.fernet_utils [None req-6b4f09f9-f703-4d8e-ae88-3ee0e3f2181f None None] Loaded 2 Fernet keys from /etc/keystone/fernet-keys/, but `[fernet_tokens] max_active_keys = 3`; perhaps there have not been enough key rotations to reach `max_active_keys` yet? {{(pid=82062) load_keys /opt/stack/keystone/keystone/common/fernet_utils.py:286}}
Aug 30 18:25:17.728547 n-d-854929-5 devstack@keystone.service[82062]: DEBUG dbcounter [-] [82062] Writing DB stats keystone:SELECT=100 {{(pid=82062) stat_writer /usr/local/lib/python3.8/dist-packages/dbcounter.py:114}}
Aug 30 18:25:17.780575 n-d-854929-5 devstack@keystone.service[82063]: DEBUG dbcounter [-] [82063] Writing DB stats keystone:SELECT=100 {{(pid=82063) stat_writer /usr/local/lib/python3.8/dist-packages/dbcounter.py:114}}
Aug 30 18:25:17.805662 n-d-854929-5 devstack@keystone.service[82062]: [pid: 82062|app: 0|req: 150/302] 10.222.0.76 () {58 vars in 1024 bytes} [Tue Aug 30 18:25:17 2022] POST /identity/v3/auth/tokens => generated 799 bytes in 124 msecs (HTTP/1.1 201) 6 headers in 363 bytes (1 switches on core 0)
Aug 30 18:25:17.822077 n-d-854929-5 devstack@keystone.service[82063]: DEBUG keystone.server.flask.request_processing.middleware.auth_context [None req-61e0e655-f141-48be-81fd-1e873b094e84 None admin] Validating token access rules against request {{(pid=82063) validate_allowed_request /usr/local/lib/python3.8/dist-packages/keystonemiddleware/auth_token/__init__.py:545}}
Aug 30 18:25:17.857805 n-d-854929-5 devstack@keystone.service[82063]: DEBUG keystone.server.flask.request_processing.middleware.auth_context [None req-ab22fca4-e246-40c6-97e8-802534d501f8 None admin] RBAC: auth_context: {'token': , 'domain_id': None, 'trust_id': None, 'trustor_id': None, 'trustee_id': None, 'domain_name': None, 'group_ids': [], 'user_id': 'a788d403ad2f431695ad89c35d0d35f3', 'user_domain_id': 'default', 'system_scope': 'all', 'project_id': None, 'project_domain_id': None, 'roles': ['admin', 'member', 'reader'], 'is_admin_project': True, 'service_user_id': None, 'service_user_domain_id': None, 'service_project_id': None, 'service_project_domain_id': None, 'service_roles': []} {{(pid=82063) fill_context /opt/stack/keystone/keystone/server/flask/request_processing/middleware/auth_context.py:478}}
Aug 30 18:25:17.858448 n-d-854929-5 devstack@keystone.service[82063]: DEBUG keystone.server.flask.request_processing.req_logging [None req-ab22fca4-e246-40c6-97e8-802534d501f8 None admin] REQUEST_METHOD: `GET` {{(pid=82063) log_request_info /opt/stack/keystone/keystone/server/flask/request_processing/req_logging.py:27}}
Aug 30 18:25:17.858727 n-d-854929-5 devstack@keystone.service[82063]: DEBUG keystone.server.flask.request_processing.req_logging [None req-ab22fca4-e246-40c6-97e8-802534d501f8 None admin] SCRIPT_NAME: `/identity` {{(pid=82063) log_request_info /opt/stack/keystone/keystone/server/flask/request_processing/req_logging.py:28}}
Aug 30 18:25:17.859007 n-d-854929-5 devstack@keystone.service[82063]: DEBUG keystone.server.flask.request_processing.req_logging [None req-ab22fca4-e246-40c6-97e8-802534d501f8 None admin] PATH_INFO: `/v3/users/da94860f85d54f0197f385271694ba86` {{(pid=82063) log_request_info /opt/stack/keystone/keystone/server/flask/request_processing/req_logging.py:29}}
Aug 30 18:25:17.860245 n-d-854929-5 devstack@keystone.service[82063]: DEBUG keystone.common.rbac_enforcer.enforcer [None req-ab22fca4-e246-40c6-97e8-802534d501f8 None admin] RBAC: Authorizing `identity:get_user(user_id=da94860f85d54f0197f385271694ba86)` {{(pid=82063) enforce_call /opt/stack/keystone/keystone/common/rbac_enforcer/enforcer.py:449}}
Aug 30 18:25:17.861767 n-d-854929-5 devstack@keystone.service[82063]: DEBUG keystone.common.rbac_enforcer.enforcer [None req-ab22fca4-e246-40c6-97e8-802534d501f8 None admin] RBAC: Authorization granted {{(pid=82063) enforce_call /opt/stack/keystone/keystone/common/rbac_enforcer/enforcer.py:457}}
Aug 30 18:25:17.863420 n-d-854929-5 devstack@keystone.service[82063]: [pid: 82063|app: 0|req: 153/303] 10.222.0.76 () {56 vars in 1177 bytes} [Tue Aug 30 18:25:17 2022] GET /identity/v3/users/da94860f85d54f0197f385271694ba86 => generated 293 bytes in 161 msecs (HTTP/1.1 200) 5 headers in 177 bytes (1 switches on core 0)
Aug 30 18:25:17.869844 n-d-854929-5 devstack@keystone.service[82062]: DEBUG keystone.server.flask.request_processing.middleware.auth_context [None req-6b4f09f9-f703-4d8e-ae88-3ee0e3f2181f None None] Authenticating user token {{(pid=82062) process_request /usr/local/lib/python3.8/dist-packages/keystonemiddleware/auth_token/__init__.py:407}}
Aug 30 18:25:17.945149 n-d-854929-5 devstack@keystone.service[82063]: DEBUG keystone.server.flask.request_processing.middleware.auth_context [None req-ab22fca4-e246-40c6-97e8-802534d501f8 None admin] Authenticating user token {{(pid=82063) process_request /usr/local/lib/python3.8/dist-packages/keystonemiddleware/auth_token/__init__.py:407}}
Aug 30 18:25:17.983184 n-d-854929-5 devstack@keystone.service[82062]: DEBUG keystone.server.flask.request_processing.middleware.auth_context [None req-6b4f09f9-f703-4d8e-ae88-3ee0e3f2181f None None] Validating token access rules against request {{(pid=82062) validate_allowed_request /usr/local/lib/python3.8/dist-packages/keystonemiddleware/auth_token/__init__.py:545}}
Aug 30 18:25:18.020947 n-d-854929-5 devstack@keystone.service[82062]: DEBUG keystone.server.flask.request_processing.middleware.auth_context [None req-210b4dcc-563b-4a96-be5d-2d592c610dd7 None admin] RBAC: auth_context: {'token': , 'domain_id': None, 'trust_id': None, 'trustor_id': None, 'trustee_id': None, 'domain_name': None, 'group_ids': [], 'user_id': 'a788d403ad2f431695ad89c35d0d35f3', 'user_domain_id': 'default', 'system_scope': 'all', 'project_id': None, 'project_domain_id': None, 'roles': ['admin', 'member', 'reader'], 'is_admin_project': True, 'service_user_id': None, 'service_user_domain_id': None, 'service_project_id': None, 'service_project_domain_id': None, 'service_roles': []} {{(pid=82062) fill_context /opt/stack/keystone/keystone/server/flask/request_processing/middleware/auth_context.py:478}}
Aug 30 18:25:18.022016 n-d-854929-5 devstack@keystone.service[82062]: DEBUG keystone.server.flask.request_processing.req_logging [None req-210b4dcc-563b-4a96-be5d-2d592c610dd7 None admin] REQUEST_METHOD: `PUT` {{(pid=82062) log_request_info /opt/stack/keystone/keystone/server/flask/request_processing/req_logging.py:27}}
Aug 30 18:25:18.022296 n-d-854929-5 devstack@keystone.service[82062]: DEBUG keystone.server.flask.request_processing.req_logging [None req-210b4dcc-563b-4a96-be5d-2d592c610dd7 None admin] SCRIPT_NAME: `/identity` {{(pid=82062) log_request_info /opt/stack/keystone/keystone/server/flask/request_processing/req_logging.py:28}}
Aug 30 18:25:18.022562 n-d-854929-5 devstack@keystone.service[82062]: DEBUG keystone.server.flask.request_processing.req_logging [None req-210b4dcc-563b-4a96-be5d-2d592c610dd7 None admin] PATH_INFO: `/v3/system/users/da94860f85d54f0197f385271694ba86/roles/7d53846e590747889a4efdebd59733c4` {{(pid=82062) log_request_info /opt/stack/keystone/keystone/server/flask/request_processing/req_logging.py:29}}
Aug 30 18:25:18.024533 n-d-854929-5 devstack@keystone.service[82062]: DEBUG keystone.common.rbac_enforcer.enforcer [None req-210b4dcc-563b-4a96-be5d-2d592c610dd7 None admin] RBAC: Authorizing `identity:create_system_grant_for_user(user_id=da94860f85d54f0197f385271694ba86, role_id=7d53846e590747889a4efdebd59733c4)` {{(pid=82062) enforce_call /opt/stack/keystone/keystone/common/rbac_enforcer/enforcer.py:449}}
Aug 30 18:25:18.025910 n-d-854929-5 devstack@keystone.service[82062]: DEBUG keystone.common.rbac_enforcer.enforcer [None req-210b4dcc-563b-4a96-be5d-2d592c610dd7 None admin] RBAC: Authorization granted {{(pid=82062) enforce_call /opt/stack/keystone/keystone/common/rbac_enforcer/enforcer.py:457}}
Aug 30 18:25:18.052349 n-d-854929-5 devstack@keystone.service[82063]: DEBUG keystone.server.flask.request_processing.middleware.auth_context [None req-ab22fca4-e246-40c6-97e8-802534d501f8 None admin] Validating token access rules against request {{(pid=82063) validate_allowed_request /usr/local/lib/python3.8/dist-packages/keystonemiddleware/auth_token/__init__.py:545}}
Aug 30 18:25:18.072332 n-d-854929-5 devstack@keystone.service[82063]: DEBUG dbcounter [-] [82063] Writing DB stats keystone:SELECT=100 {{(pid=82063) stat_writer /usr/local/lib/python3.8/dist-packages/dbcounter.py:114}}
Aug 30 18:25:18.085878 n-d-854929-5 devstack@keystone.service[82063]: DEBUG keystone.server.flask.request_processing.middleware.auth_context [None req-582c155d-a2d0-4909-936a-349c423a3ffb None admin] RBAC: auth_context: {'token': , 'domain_id': None, 'trust_id': None, 'trustor_id': None, 'trustee_id': None, 'domain_name': None, 'group_ids': [], 'user_id': 'a788d403ad2f431695ad89c35d0d35f3', 'user_domain_id': 'default', 'system_scope': 'all', 'project_id': None, 'project_domain_id': None, 'roles': ['admin', 'member', 'reader'], 'is_admin_project': True, 'service_user_id': None, 'service_user_domain_id': None, 'service_project_id': None, 'service_project_domain_id': None, 'service_roles': []} {{(pid=82063) fill_context /opt/stack/keystone/keystone/server/flask/request_processing/middleware/auth_context.py:478}}
Aug 30 18:25:18.086508 n-d-854929-5 devstack@keystone.service[82063]: DEBUG keystone.server.flask.request_processing.req_logging [None req-582c155d-a2d0-4909-936a-349c423a3ffb None admin] REQUEST_METHOD: `GET` {{(pid=82063) log_request_info /opt/stack/keystone/keystone/server/flask/request_processing/req_logging.py:27}}
Aug 30 18:25:18.086789 n-d-854929-5 devstack@keystone.service[82063]: DEBUG keystone.server.flask.request_processing.req_logging [None req-582c155d-a2d0-4909-936a-349c423a3ffb None admin] SCRIPT_NAME: `/identity` {{(pid=82063) log_request_info /opt/stack/keystone/keystone/server/flask/request_processing/req_logging.py:28}}
Aug 30 18:25:18.087061 n-d-854929-5 devstack@keystone.service[82063]: DEBUG keystone.server.flask.request_processing.req_logging [None req-582c155d-a2d0-4909-936a-349c423a3ffb None admin] PATH_INFO: `/v3/roles/reader` {{(pid=82063) log_request_info /opt/stack/keystone/keystone/server/flask/request_processing/req_logging.py:29}}
Aug 30 18:25:18.097251 n-d-854929-5 devstack@keystone.service[82063]: DEBUG keystone.common.rbac_enforcer.enforcer [None req-582c155d-a2d0-4909-936a-349c423a3ffb None admin] Extracting inferred target data resulted in "NOT FOUND (404)". {{(pid=82063) enforce_call /opt/stack/keystone/keystone/common/rbac_enforcer/enforcer.py:409}}
Aug 30 18:25:18.102162 n-d-854929-5 devstack@keystone.service[82063]: ERROR keystone.server.flask.application [None req-582c155d-a2d0-4909-936a-349c423a3ffb None admin] Could not find role: reader.: keystone.exception.RoleNotFound: Could not find role: reader.
Aug 30 18:25:18.102162 n-d-854929-5 devstack@keystone.service[82063]: ERROR keystone.server.flask.application
Traceback (most recent call last):
Aug 30 18:25:18.102162 n-d-854929-5 devstack@keystone.service[82063]: ERROR keystone.server.flask.application
File "/usr/local/lib/python3.8/dist-packages/flask/app.py", line 1820, in full_dispatch_request
Aug 30 18:25:18.102162 n-d-854929-5 devstack@keystone.service[82063]: ERROR keystone.server.flask.application rv = self.dispatch_request()
Aug 30 18:25:18.102162 n-d-854929-5 devstack@keystone.service[82063]: ERROR keystone.server.flask.application
File "/usr/local/lib/python3.8/dist-packages/flask/app.py", line 1796, in dispatch_request
Aug 30 18:25:18.102162 n-d-854929-5 devstack@keystone.service[82063]: ERROR keystone.server.flask.application return self.ensure_sync(self.view_functions[rule.endpoint])(**view_args)
Aug 30 18:25:18.102162 n-d-854929-5 devstack@keystone.service[82063]: ERROR keystone.server.flask.application
File "/usr/local/lib/python3.8/dist-packages/flask_restful/__init__.py", line 467, in wrapper
Aug 30 18:25:18.102162 n-d-854929-5 devstack@keystone.service[82063]: ERROR keystone.server.flask.application resp = resource(*args, **kwargs)
Aug 30 18:25:18.102162 n-d-854929-5 devstack@keystone.service[82063]: ERROR keystone.server.flask.application
File "/usr/local/lib/python3.8/dist-packages/flask/views.py", line 107, in view
Aug 30 18:25:18.102162 n-d-854929-5 devstack@keystone.service[82063]: ERROR keystone.server.flask.application return current_app.ensure_sync(self.dispatch_request)(**kwargs)
Aug 30 18:25:18.102162 n-d-854929-5 devstack@keystone.service[82063]: ERROR keystone.server.flask.application
File "/usr/local/lib/python3.8/dist-packages/flask_restful/__init__.py", line 582, in dispatch_request
Aug 30 18:25:18.102162 n-d-854929-5 devstack@keystone.service[82063]: ERROR keystone.server.flask.application resp = meth(*args, **kwargs)
Aug 30 18:25:18.102162 n-d-854929-5 devstack@keystone.service[82063]: ERROR keystone.server.flask.application
File "/opt/stack/keystone/keystone/api/roles.py", line 50, in get
Aug 30 18:25:18.102162 n-d-854929-5 devstack@keystone.service[82063]: ERROR keystone.server.flask.application return self._get_role(role_id)
Aug 30 18:25:18.102162 n-d-854929-5 devstack@keystone.service[82063]: ERROR keystone.server.flask.application
File "/opt/stack/keystone/keystone/api/roles.py", line 70, in _get_role
Aug 30 18:25:18.102162 n-d-854929-5 devstack@keystone.service[82063]: ERROR keystone.server.flask.application ENFORCER.enforce_call(action='identity:get_role')
Aug 30 18:25:18.111653 n-d-854929-5 devstack@keystone.service[82063]: ERROR keystone.server.flask.application
File "/opt/stack/keystone/keystone/common/rbac_enforcer/enforcer.py", line 402, in enforce_call
Aug 30 18:25:18.111653 n-d-854929-5 devstack@keystone.service[82063]: ERROR keystone.server.flask.application policy_dict.update(cls._extract_member_target_data(
Aug 30 18:25:18.111653 n-d-854929-5 devstack@keystone.service[82063]: ERROR keystone.server.flask.application
File "/opt/stack/keystone/keystone/common/rbac_enforcer/enforcer.py", line 234, in _extract_member_target_data
Aug 30 18:25:18.111653 n-d-854929-5 devstack@keystone.service[82063]: ERROR keystone.server.flask.application member_name: func(flask.request.view_args[key])
Aug 30 18:25:18.111653 n-d-854929-5 devstack@keystone.service[82063]: ERROR keystone.server.flask.application
File "/opt/stack/keystone/keystone/common/manager.py", line 115, in wrapped
Aug 30 18:25:18.111653 n-d-854929-5 devstack@keystone.service[82063]: ERROR keystone.server.flask.application __ret_val = __f(*args, **kwargs)
Aug 30 18:25:18.111653 n-d-854929-5 devstack@keystone.service[82063]: ERROR keystone.server.flask.application
File "/usr/local/lib/python3.8/dist-packages/decorator.py", line 232, in fun
Aug 30 18:25:18.111653 n-d-854929-5 devstack@keystone.service[82063]: ERROR keystone.server.flask.application return caller(func, *(extras + args), **kw)
Aug 30 18:25:18.111653 n-d-854929-5 devstack@keystone.service[82063]: ERROR keystone.server.flask.application
File "/usr/local/lib/python3.8/dist-packages/dogpile/cache/region.py", line 1577, in get_or_create_for_user_func
Aug 30 18:25:18.111653 n-d-854929-5 devstack@keystone.service[82063]: ERROR keystone.server.flask.application return self.get_or_create(
Aug 30 18:25:18.111653 n-d-854929-5 devstack@keystone.service[82063]: ERROR keystone.server.flask.application
File "/usr/local/lib/python3.8/dist-packages/dogpile/cache/region.py", line 1042, in get_or_create
Aug 30 18:25:18.111653 n-d-854929-5 devstack@keystone.service[82063]: ERROR keystone.server.flask.application with Lock(
Aug 30 18:25:18.111653 n-d-854929-5 devstack@keystone.service[82063]: ERROR keystone.server.flask.application
File "/usr/local/lib/python3.8/dist-packages/dogpile/lock.py", line 185, in __enter__
Aug 30 18:25:18.111653 n-d-854929-5 devstack@keystone.service[82063]: ERROR keystone.server.flask.application return self._enter()
Aug 30 18:25:18.111653 n-d-854929-5 devstack@keystone.service[82063]: ERROR keystone.server.flask.application
File "/usr/local/lib/python3.8/dist-packages/dogpile/lock.py", line 94, in _enter
Aug 30 18:25:18.111653 n-d-854929-5 devstack@keystone.service[82063]: ERROR keystone.server.flask.application generated = self._enter_create(value, createdtime)
Aug 30 18:25:18.112677 n-d-854929-5 devstack@keystone.service[82063]: ERROR keystone.server.flask.application
File "/usr/local/lib/python3.8/dist-packages/dogpile/lock.py", line 178, in _enter_create
Aug 30 18:25:18.112677 n-d-854929-5 devstack@keystone.service[82063]: ERROR keystone.server.flask.application return self.creator()
Aug 30 18:25:18.112677 n-d-854929-5 devstack@keystone.service[82063]: ERROR keystone.server.flask.application
File "/usr/local/lib/python3.8/dist-packages/dogpile/cache/region.py", line 995, in gen_value
Aug 30 18:25:18.112677 n-d-854929-5 devstack@keystone.service[82063]: ERROR keystone.server.flask.application created_value = creator(
Aug 30 18:25:18.112677 n-d-854929-5 devstack@keystone.service[82063]: ERROR keystone.server.flask.application
File "/opt/stack/keystone/keystone/assignment/core.py", line 1276, in get_role
Aug 30 18:25:18.112677 n-d-854929-5 devstack@keystone.service[82063]: ERROR keystone.server.flask.application return self.driver.get_role(role_id)
Aug 30 18:25:18.112677 n-d-854929-5 devstack@keystone.service[82063]: ERROR keystone.server.flask.application
File "/opt/stack/keystone/keystone/assignment/role_backends/sql.py", line 70, in get_role
Aug 30 18:25:18.112677 n-d-854929-5 devstack@keystone.service[82063]: ERROR keystone.server.flask.application return self._get_role(session, role_id).to_dict()
Aug 30 18:25:18.112677 n-d-854929-5 devstack@keystone.service[82063]: ERROR keystone.server.flask.application
File "/opt/stack/keystone/keystone/assignment/role_backends/sql.py", line 65, in _get_role
Aug 30 18:25:18.112677 n-d-854929-5 devstack@keystone.service[82063]: ERROR keystone.server.flask.application raise exception.RoleNotFound(role_id=role_id)
Aug 30 18:25:18.112677 n-d-854929-5 devstack@keystone.service[82063]: ERROR keystone.server.flask.application keystone.exception.RoleNotFound: Could not find role: reader.
Aug 30 18:25:18.112677 n-d-854929-5 devstack@keystone.service[82063]: ERROR keystone.server.flask.application
Aug 30 18:25:18.112677 n-d-854929-5 devstack@keystone.service[82063]: [pid: 82063|app: 0|req: 154/304] 10.222.0.76 () {56 vars in 1099 bytes} [Tue Aug 30 18:25:17 2022] GET /identity/v3/roles/reader => generated 84 bytes in 159 msecs (HTTP/1.1 404) 5 headers in 183 bytes (2 switches on core 0)
Aug 30 18:25:18.112677 n-d-854929-5 devstack@keystone.service[82063]: DEBUG keystone.server.flask.request_processing.req_logging [None req-80aaf33b-615d-46f8-a615-f99743985920 None None] REQUEST_METHOD: `GET` {{(pid=82063) log_request_info /opt/stack/keystone/keystone/server/flask/request_processing/req_logging.py:27}}
Aug 30 18:25:18.113564 n-d-854929-5 devstack@keystone.service[82063]: DEBUG keystone.server.flask.request_processing.req_logging [None req-80aaf33b-615d-46f8-a615-f99743985920 None None] SCRIPT_NAME: `/identity` {{(pid=82063) log_request_info /opt/stack/keystone/keystone/server/flask/request_processing/req_logging.py:28}}
Aug 30 18:25:18.113564 n-d-854929-5 devstack@keystone.service[82063]: DEBUG keystone.server.flask.request_processing.req_logging [None req-80aaf33b-615d-46f8-a615-f99743985920 None None] PATH_INFO: `/` {{(pid=82063) log_request_info /opt/stack/keystone/keystone/server/flask/request_processing/req_logging.py:29}}
Aug 30 18:25:18.113564 n-d-854929-5 devstack@keystone.service[82063]: [pid: 82063|app: 0|req: 155/305] 10.222.0.76 () {54 vars in 927 bytes} [Tue Aug 30 18:25:18 2022] GET /identity => generated 270 bytes in 2 msecs (HTTP/1.1 300) 6 headers in 234 bytes (1 switches on core 0)
Aug 30 18:25:18.113564 n-d-854929-5 devstack@keystone.service[82063]: DEBUG keystone.server.flask.request_processing.middleware.auth_context [None req-80aaf33b-615d-46f8-a615-f99743985920 None None] Authenticating user token {{(pid=82063) process_request /usr/local/lib/python3.8/dist-packages/keystonemiddleware/auth_token/__init__.py:407}}
Aug 30 18:25:18.136881 n-d-854929-5 devstack@keystone.service[82062]: [pid: 82062|app: 0|req: 151/306] 10.222.0.76 () {58 vars in 1334 bytes} [Tue Aug 30 18:25:17 2022] PUT /identity/v3/system/users/da94860f85d54f0197f385271694ba86/roles/7d53846e590747889a4efdebd59733c4 => generated 0 bytes in 267 msecs (HTTP/1.1 204) 3 headers in 132 bytes (1 switches on core 0)
Aug 30 18:25:18.144077 n-d-854929-5 devstack@keystone.service[82062]: DEBUG keystone.server.flask.request_processing.middleware.auth_context [None req-210b4dcc-563b-4a96-be5d-2d592c610dd7 None admin] Authenticating user token {{(pid=82062) process_request /usr/local/lib/python3.8/dist-packages/keystonemiddleware/auth_token/__init__.py:407}}
Aug 30 18:25:18.166324 n-d-854929-5 devstack@keystone.service[82062]: DEBUG dbcounter [-] [82062] Writing DB stats keystone:SELECT=99,keystone:INSERT=1 {{(pid=82062) stat_writer /usr/local/lib/python3.8/dist-packages/dbcounter.py:114}}
Aug 30 18:25:18.223146 n-d-854929-5 devstack@keystone.service[82063]: DEBUG keystone.server.flask.request_processing.middleware.auth_context [None req-80aaf33b-615d-46f8-a615-f99743985920 None None] Validating token access rules against request {{(pid=82063) validate_allowed_request /usr/local/lib/python3.8/dist-packages/keystonemiddleware/auth_token/__init__.py:545}}
Aug 30 18:25:18.259906 n-d-854929-5 devstack@keystone.service[82062]: DEBUG keystone.server.flask.request_processing.middleware.auth_context [None req-210b4dcc-563b-4a96-be5d-2d592c610dd7 None admin] Validating token access rules against request {{(pid=82062) validate_allowed_request /usr/local/lib/python3.8/dist-packages/keystonemiddleware/auth_token/__init__.py:545}}
Aug 30 18:25:18.260834 n-d-854929-5 devstack@keystone.service[82063]: DEBUG keystone.server.flask.request_processing.middleware.auth_context [None req-b726fd0b-bdc9-4203-85eb-1821a4c35b9c None admin] RBAC: auth_context: {'token': , 'domain_id': None, 'trust_id': None, 'trustor_id': None, 'trustee_id': None, 'domain_name': None, 'group_ids': [], 'user_id': 'a788d403ad2f431695ad89c35d0d35f3', 'user_domain_id': 'default', 'system_scope': 'all', 'project_id': None, 'project_domain_id': None, 'roles': ['admin', 'member', 'reader'], 'is_admin_project': True, 'service_user_id': None, 'service_user_domain_id': None, 'service_project_id': None, 'service_project_domain_id': None, 'service_roles': []} {{(pid=82063) fill_context /opt/stack/keystone/keystone/server/flask/request_processing/middleware/auth_context.py:478}}
Aug 30 18:25:18.261476 n-d-854929-5 devstack@keystone.service[82063]: DEBUG keystone.server.flask.request_processing.req_logging [None req-b726fd0b-bdc9-4203-85eb-1821a4c35b9c None admin] REQUEST_METHOD: `GET` {{(pid=82063) log_request_info /opt/stack/keystone/keystone/server/flask/request_processing/req_logging.py:27}}
Aug 30 18:25:18.261761 n-d-854929-5 devstack@keystone.service[82063]: DEBUG keystone.server.flask.request_processing.req_logging [None req-b726fd0b-bdc9-4203-85eb-1821a4c35b9c None admin] SCRIPT_NAME: `/identity` {{(pid=82063) log_request_info /opt/stack/keystone/keystone/server/flask/request_processing/req_logging.py:28}}
Aug 30 18:25:18.262037 n-d-854929-5 devstack@keystone.service[82063]: DEBUG keystone.server.flask.request_processing.req_logging [None req-b726fd0b-bdc9-4203-85eb-1821a4c35b9c None admin] PATH_INFO: `/v3/domains/default` {{(pid=82063) log_request_info /opt/stack/keystone/keystone/server/flask/request_processing/req_logging.py:29}}
Aug 30 18:25:18.263233 n-d-854929-5 devstack@keystone.service[82063]: DEBUG keystone.common.rbac_enforcer.enforcer [None req-b726fd0b-bdc9-4203-85eb-1821a4c35b9c None admin] RBAC: Authorizing `identity:get_domain(domain_id=default)` {{(pid=82063) enforce_call /opt/stack/keystone/keystone/common/rbac_enforcer/enforcer.py:449}}
Aug 30 18:25:18.264747 n-d-854929-5 devstack@keystone.service[82063]: DEBUG keystone.common.rbac_enforcer.enforcer [None req-b726fd0b-bdc9-4203-85eb-1821a4c35b9c None admin] RBAC: Authorization granted {{(pid=82063) enforce_call /opt/stack/keystone/keystone/common/rbac_enforcer/enforcer.py:457}}
Aug 30 18:25:18.266566 n-d-854929-5 devstack@keystone.service[82063]: [pid: 82063|app: 0|req: 156/307] 10.222.0.76 () {56 vars in 1108 bytes} [Tue Aug 30 18:25:18 2022] GET /identity/v3/domains/default => generated 199 bytes in 160 msecs (HTTP/1.1 200) 5 headers in 177 bytes (1 switches on core 0)
Aug 30 18:25:18.267745 n-d-854929-5 devstack@keystone.service[82063]: DEBUG keystone.server.flask.request_processing.req_logging [None req-1e376a0a-26ac-418d-a61b-84afc4f7da1b None None] REQUEST_METHOD: `POST` {{(pid=82063) log_request_info /opt/stack/keystone/keystone/server/flask/request_processing/req_logging.py:27}}
Aug 30 18:25:18.268032 n-d-854929-5 devstack@keystone.service[82063]: DEBUG keystone.server.flask.request_processing.req_logging [None req-1e376a0a-26ac-418d-a61b-84afc4f7da1b None None] SCRIPT_NAME: `/identity` {{(pid=82063) log_request_info /opt/stack/keystone/keystone/server/flask/request_processing/req_logging.py:28}}
Aug 30 18:25:18.268331 n-d-854929-5 devstack@keystone.service[82063]: DEBUG keystone.server.flask.request_processing.req_logging [None req-1e376a0a-26ac-418d-a61b-84afc4f7da1b None None] PATH_INFO: `/v3/auth/tokens` {{(pid=82063) log_request_info /opt/stack/keystone/keystone/server/flask/request_processing/req_logging.py:29}}
Aug 30 18:25:18.289044 n-d-854929-5 devstack@keystone.service[82063]: DEBUG keystone.auth.core [None req-1e376a0a-26ac-418d-a61b-84afc4f7da1b None None] MFA Rules not processed for user `a788d403ad2f431695ad89c35d0d35f3`. Rule list: `[]` (Enabled: `True`). {{(pid=82063) check_auth_methods_against_rules /opt/stack/keystone/keystone/auth/core.py:438}}
Aug 30 18:25:18.290315 n-d-854929-5 devstack@keystone.service[82063]: DEBUG keystone.common.fernet_utils [None req-1e376a0a-26ac-418d-a61b-84afc4f7da1b None None] Loaded 2 Fernet keys from /etc/keystone/fernet-keys/, but `[fernet_tokens] max_active_keys = 3`; perhaps there have not been enough key rotations to reach `max_active_keys` yet? {{(pid=82063) load_keys /opt/stack/keystone/keystone/common/fernet_utils.py:286}}
Aug 30 18:25:18.302697 n-d-854929-5 devstack@keystone.service[82062]: DEBUG keystone.server.flask.request_processing.middleware.auth_context [None req-db27cc64-f041-414e-84ad-81df290c0b50 None admin] RBAC: auth_context: {'token': , 'domain_id': None, 'trust_id': None, 'trustor_id': None, 'trustee_id': None, 'domain_name': None, 'group_ids': [], 'user_id': 'a788d403ad2f431695ad89c35d0d35f3', 'user_domain_id': 'default', 'system_scope': 'all', 'project_id': None, 'project_domain_id': None, 'roles': ['admin', 'member', 'reader'], 'is_admin_project': True, 'service_user_id': None, 'service_user_domain_id': None, 'service_project_id': None, 'service_project_domain_id': None, 'service_roles': []} {{(pid=82062) fill_context /opt/stack/keystone/keystone/server/flask/request_processing/middleware/auth_context.py:478}}
Aug 30 18:25:18.303310 n-d-854929-5 devstack@keystone.service[82062]: DEBUG keystone.server.flask.request_processing.req_logging [None req-db27cc64-f041-414e-84ad-81df290c0b50 None admin] REQUEST_METHOD: `GET` {{(pid=82062) log_request_info /opt/stack/keystone/keystone/server/flask/request_processing/req_logging.py:27}}
Aug 30 18:25:18.303588 n-d-854929-5 devstack@keystone.service[82062]: DEBUG keystone.server.flask.request_processing.req_logging [None req-db27cc64-f041-414e-84ad-81df290c0b50 None admin] SCRIPT_NAME: `/identity` {{(pid=82062) log_request_info /opt/stack/keystone/keystone/server/flask/request_processing/req_logging.py:28}}
Aug 30 18:25:18.303859 n-d-854929-5 devstack@keystone.service[82062]: DEBUG keystone.server.flask.request_processing.req_logging [None req-db27cc64-f041-414e-84ad-81df290c0b50 None admin] PATH_INFO: `/v3/roles` {{(pid=82062) log_request_info /opt/stack/keystone/keystone/server/flask/request_processing/req_logging.py:29}}
Aug 30 18:25:18.305118 n-d-854929-5 devstack@keystone.service[82062]: DEBUG keystone.common.rbac_enforcer.enforcer [None req-db27cc64-f041-414e-84ad-81df290c0b50 None admin] RBAC: Adding query filter params (name=reader) {{(pid=82062) _extract_filter_values /opt/stack/keystone/keystone/common/rbac_enforcer/enforcer.py:167}}
Aug 30 18:25:18.305421 n-d-854929-5 devstack@keystone.service[82062]: DEBUG keystone.common.rbac_enforcer.enforcer [None req-db27cc64-f041-414e-84ad-81df290c0b50 None admin] RBAC: Authorizing `identity:list_roles()` {{(pid=82062) enforce_call /opt/stack/keystone/keystone/common/rbac_enforcer/enforcer.py:449}}
Aug 30 18:25:18.306803 n-d-854929-5 devstack@keystone.service[82062]: DEBUG keystone.common.rbac_enforcer.enforcer [None req-db27cc64-f041-414e-84ad-81df290c0b50 None admin] RBAC: Authorization granted {{(pid=82062) enforce_call /opt/stack/keystone/keystone/common/rbac_enforcer/enforcer.py:457}}
Aug 30 18:25:18.315690 n-d-854929-5 devstack@keystone.service[82062]: [pid: 82062|app: 0|req: 152/308] 10.222.0.76 () {56 vars in 1101 bytes} [Tue Aug 30 18:25:18 2022] GET /identity/v3/roles?name=reader => generated 341 bytes in 178 msecs (HTTP/1.1 200) 5 headers in 177 bytes (1 switches on core 0)
Aug 30 18:25:18.316516 n-d-854929-5 devstack@keystone.service[82062]: DEBUG keystone.server.flask.request_processing.middleware.auth_context [None req-db27cc64-f041-414e-84ad-81df290c0b50 None admin] Authenticating user token {{(pid=82062) process_request /usr/local/lib/python3.8/dist-packages/keystonemiddleware/auth_token/__init__.py:407}}
Aug 30 18:25:18.341182 n-d-854929-5 devstack@keystone.service[82063]: DEBUG dbcounter [-] [82063] Writing DB stats keystone:SELECT=100 {{(pid=82063) stat_writer /usr/local/lib/python3.8/dist-packages/dbcounter.py:114}}
Aug 30 18:25:18.365166 n-d-854929-5 devstack@keystone.service[82063]: [pid: 82063|app: 0|req: 157/309] 10.222.0.76 () {58 vars in 1024 bytes} [Tue Aug 30 18:25:18 2022] POST /identity/v3/auth/tokens => generated 799 bytes in 98 msecs (HTTP/1.1 201) 6 headers in 363 bytes (1 switches on core 0)
Aug 30 18:25:18.366126 n-d-854929-5 devstack@keystone.service[82063]: DEBUG keystone.server.flask.request_processing.middleware.auth_context [None req-1e376a0a-26ac-418d-a61b-84afc4f7da1b None None] Authenticating user token {{(pid=82063) process_request /usr/local/lib/python3.8/dist-packages/keystonemiddleware/auth_token/__init__.py:407}}
Aug 30 18:25:18.421210 n-d-854929-5 devstack@keystone.service[82062]: DEBUG dbcounter [-] [82062] Writing DB stats keystone:SELECT=100 {{(pid=82062) stat_writer /usr/local/lib/python3.8/dist-packages/dbcounter.py:114}}
Aug 30 18:25:18.445811 n-d-854929-5 devstack@keystone.service[82062]: DEBUG keystone.server.flask.request_processing.middleware.auth_context [None req-db27cc64-f041-414e-84ad-81df290c0b50 None admin] Validating token access rules against request {{(pid=82062) validate_allowed_request /usr/local/lib/python3.8/dist-packages/keystonemiddleware/auth_token/__init__.py:545}}
Aug 30 18:25:18.470964 n-d-854929-5 devstack@keystone.service[82063]: DEBUG keystone.server.flask.request_processing.middleware.auth_context [None req-1e376a0a-26ac-418d-a61b-84afc4f7da1b None None] Validating token access rules against request {{(pid=82063) validate_allowed_request /usr/local/lib/python3.8/dist-packages/keystonemiddleware/auth_token/__init__.py:545}}
Aug 30 18:25:18.484402 n-d-854929-5 devstack@keystone.service[82062]: DEBUG keystone.server.flask.request_processing.middleware.auth_context [None req-dabbabbe-cef0-4058-a61a-cd4229b079d3 None admin] RBAC: auth_context: {'token': , 'domain_id': None, 'trust_id': None, 'trustor_id': None, 'trustee_id': None, 'domain_name': None, 'group_ids': [], 'user_id': 'a788d403ad2f431695ad89c35d0d35f3', 'user_domain_id': 'default', 'system_scope': 'all', 'project_id': None, 'project_domain_id': None, 'roles': ['admin', 'member', 'reader'], 'is_admin_project': True, 'service_user_id': None, 'service_user_domain_id': None, 'service_project_id': None, 'service_project_domain_id': None, 'service_roles': []} {{(pid=82062) fill_context /opt/stack/keystone/keystone/server/flask/request_processing/middleware/auth_context.py:478}}
Aug 30 18:25:18.485539 n-d-854929-5 devstack@keystone.service[82062]: DEBUG keystone.server.flask.request_processing.req_logging [None req-dabbabbe-cef0-4058-a61a-cd4229b079d3 None admin] REQUEST_METHOD: `POST` {{(pid=82062) log_request_info /opt/stack/keystone/keystone/server/flask/request_processing/req_logging.py:27}}
Aug 30 18:25:18.486028 n-d-854929-5 devstack@keystone.service[82062]: DEBUG keystone.server.flask.request_processing.req_logging [None req-dabbabbe-cef0-4058-a61a-cd4229b079d3 None admin] SCRIPT_NAME: `/identity` {{(pid=82062) log_request_info /opt/stack/keystone/keystone/server/flask/request_processing/req_logging.py:28}}
Aug 30 18:25:18.486512 n-d-854929-5 devstack@keystone.service[82062]: DEBUG keystone.server.flask.request_processing.req_logging [None req-dabbabbe-cef0-4058-a61a-cd4229b079d3 None admin] PATH_INFO: `/v3/groups` {{(pid=82062) log_request_info /opt/stack/keystone/keystone/server/flask/request_processing/req_logging.py:29}}
Aug 30 18:25:18.487381 n-d-854929-5 devstack@keystone.service[82062]: DEBUG keystone.common.rbac_enforcer.enforcer [None req-dabbabbe-cef0-4058-a61a-cd4229b079d3 None admin] RBAC: Authorizing `identity:create_group()` {{(pid=82062) enforce_call /opt/stack/keystone/keystone/common/rbac_enforcer/enforcer.py:449}}
Aug 30 18:25:18.489084 n-d-854929-5 devstack@keystone.service[82062]: DEBUG keystone.common.rbac_enforcer.enforcer [None req-dabbabbe-cef0-4058-a61a-cd4229b079d3 None admin] RBAC: Authorization granted {{(pid=82062) enforce_call /opt/stack/keystone/keystone/common/rbac_enforcer/enforcer.py:457}}
Aug 30 18:25:18.505763 n-d-854929-5 devstack@keystone.service[82063]: DEBUG keystone.server.flask.request_processing.middleware.auth_context [None req-08881211-c28f-46c7-9098-2ec4dd814fee None admin] RBAC: auth_context: {'token': , 'domain_id': None, 'trust_id': None, 'trustor_id': None, 'trustee_id': None, 'domain_name': None, 'group_ids': [], 'user_id': 'a788d403ad2f431695ad89c35d0d35f3', 'user_domain_id': 'default', 'system_scope': 'all', 'project_id': None, 'project_domain_id': None, 'roles': ['admin', 'member', 'reader'], 'is_admin_project': True, 'service_user_id': None, 'service_user_domain_id': None, 'service_project_id': None, 'service_project_domain_id': None, 'service_roles': []} {{(pid=82063) fill_context /opt/stack/keystone/keystone/server/flask/request_processing/middleware/auth_context.py:478}}
Aug 30 18:25:18.507939 n-d-854929-5 devstack@keystone.service[82063]: DEBUG keystone.server.flask.request_processing.req_logging [None req-08881211-c28f-46c7-9098-2ec4dd814fee None admin] REQUEST_METHOD: `GET` {{(pid=82063) log_request_info /opt/stack/keystone/keystone/server/flask/request_processing/req_logging.py:27}}
Aug 30 18:25:18.507939 n-d-854929-5 devstack@keystone.service[82063]: DEBUG keystone.server.flask.request_processing.req_logging [None req-08881211-c28f-46c7-9098-2ec4dd814fee None admin] SCRIPT_NAME: `/identity` {{(pid=82063) log_request_info /opt/stack/keystone/keystone/server/flask/request_processing/req_logging.py:28}}
Aug 30 18:25:18.507939 n-d-854929-5 devstack@keystone.service[82063]: DEBUG keystone.server.flask.request_processing.req_logging [None req-08881211-c28f-46c7-9098-2ec4dd814fee None admin] PATH_INFO: `/v3/users/1708c29e2f944bcbb81915a945e8e16f` {{(pid=82063) log_request_info /opt/stack/keystone/keystone/server/flask/request_processing/req_logging.py:29}}
Aug 30 18:25:18.521523 n-d-854929-5 devstack@keystone.service[82063]: DEBUG keystone.common.rbac_enforcer.enforcer [None req-08881211-c28f-46c7-9098-2ec4dd814fee None admin] RBAC: Authorizing `identity:get_user(user_id=1708c29e2f944bcbb81915a945e8e16f)` {{(pid=82063) enforce_call /opt/stack/keystone/keystone/common/rbac_enforcer/enforcer.py:449}}
Aug 30 18:25:18.523054 n-d-854929-5 devstack@keystone.service[82063]: DEBUG keystone.common.rbac_enforcer.enforcer [None req-08881211-c28f-46c7-9098-2ec4dd814fee None admin] RBAC: Authorization granted {{(pid=82063) enforce_call /opt/stack/keystone/keystone/common/rbac_enforcer/enforcer.py:457}}
Aug 30 18:25:18.525387 n-d-854929-5 devstack@keystone.service[82063]: [pid: 82063|app: 0|req: 158/310] 10.222.0.76 () {56 vars in 1177 bytes} [Tue Aug 30 18:25:18 2022] GET /identity/v3/users/1708c29e2f944bcbb81915a945e8e16f => generated 293 bytes in 159 msecs (HTTP/1.1 200) 5 headers in 177 bytes (1 switches on core 0)
Aug 30 18:25:18.531152 n-d-854929-5 devstack@keystone.service[82063]: DEBUG keystone.server.flask.request_processing.middleware.auth_context [None req-08881211-c28f-46c7-9098-2ec4dd814fee None admin] Authenticating user token {{(pid=82063) process_request /usr/local/lib/python3.8/dist-packages/keystonemiddleware/auth_token/__init__.py:407}}
Aug 30 18:25:18.567872 n-d-854929-5 devstack@keystone.service[82063]: DEBUG dbcounter [-] [82063] Writing DB stats keystone:SELECT=100 {{(pid=82063) stat_writer /usr/local/lib/python3.8/dist-packages/dbcounter.py:114}}
Aug 30 18:25:18.574971 n-d-854929-5 devstack@keystone.service[82062]: [pid: 82062|app: 0|req: 153/311] 10.222.0.76 () {60 vars in 1134 bytes} [Tue Aug 30 18:25:18 2022] POST /identity/v3/groups => generated 229 bytes in 259 msecs (HTTP/1.1 201) 5 headers in 182 bytes (1 switches on core 0)
