Aug 29 10:31:22.647932 n-d-854929-3 devstack@placement-api.service[107998]: INFO placement.requestlog [req-ba650d22-cf6b-40b7-9b64-973f307de773 req-3fe63621-24f6-4f27-95c3-02b14e34c53e service placement] 10.222.0.20 "GET /placement/allocations/877873fd-9289-4ac9-a4c1-d0e2ce4a6b4e" status: 200 len: 259 microversion: 1.28
Aug 29 10:31:22.648507 n-d-854929-3 devstack@placement-api.service[107998]: [pid: 107998|app: 0|req: 137/276] 10.222.0.20 () {60 vars in 1377 bytes} [Mon Aug 29 10:31:22 2022] GET /placement/allocations/877873fd-9289-4ac9-a4c1-d0e2ce4a6b4e => generated 259 bytes in 17 msecs (HTTP/1.1 200) 8 headers in 296 bytes (1 switches on core 0)
Aug 29 10:31:32.603388 n-d-854929-3 devstack@placement-api.service[107997]: DEBUG dbcounter [-] [107997] Writing DB stats placement:INSERT=3,placement:UPDATE=2,placement:SELECT=71,placement:DELETE=1 {{(pid=107997) stat_writer /usr/local/lib/python3.8/dist-packages/dbcounter.py:114}}
Aug 29 10:31:33.746694 n-d-854929-3 devstack@placement-api.service[107998]: DEBUG dbcounter [-] [107998] Writing DB stats placement:SELECT=54,placement:INSERT=4,placement:DELETE=2,placement:UPDATE=2 {{(pid=107998) stat_writer /usr/local/lib/python3.8/dist-packages/dbcounter.py:114}}
Aug 29 10:31:39.433444 n-d-854929-3 devstack@placement-api.service[107997]: DEBUG placement.requestlog [req-2206001e-1df3-40b5-adc9-bbe22e3c7ff5 req-1c8d4279-92e6-41a0-baca-36722951d487 None None] Starting request: 10.222.0.36 "GET /placement/allocations/e643622e-61e5-4a74-9606-fec62441400a" {{(pid=107997) __call__ /opt/stack/placement/placement/requestlog.py:55}}
Aug 29 10:31:39.460730 n-d-854929-3 devstack@placement-api.service[107997]: INFO placement.requestlog [req-2206001e-1df3-40b5-adc9-bbe22e3c7ff5 req-1c8d4279-92e6-41a0-baca-36722951d487 service placement] 10.222.0.36 "GET /placement/allocations/e643622e-61e5-4a74-9606-fec62441400a" status: 200 len: 258 microversion: 1.28
Aug 29 10:31:39.461140 n-d-854929-3 devstack@placement-api.service[107997]: [pid: 107997|app: 0|req: 140/277] 10.222.0.36 () {60 vars in 1377 bytes} [Mon Aug 29 10:31:39 2022] GET /placement/allocations/e643622e-61e5-4a74-9606-fec62441400a => generated 258 bytes in 28 msecs (HTTP/1.1 200) 8 headers in 296 bytes (1 switches on core 0)
Aug 29 10:31:45.472387 n-d-854929-3 devstack@placement-api.service[107998]: DEBUG placement.requestlog [req-7a129411-2fce-4de3-a7df-d9e3e1ca25ba req-54c64c85-c7cd-465e-a325-491316a4779d None None] Starting request: 10.222.0.18 "GET /placement/allocation_candidates?resources=DISK_GB%3A1%2CMEMORY_MB%3A1024%2CVCPU%3A1&root_required=%21COMPUTE_STATUS_DISABLED" {{(pid=107998) __call__ /opt/stack/placement/placement/requestlog.py:55}}
Aug 29 10:31:45.557210 n-d-854929-3 devstack@placement-api.service[107998]: DEBUG placement.objects.research_context [req-7a129411-2fce-4de3-a7df-d9e3e1ca25ba req-54c64c85-c7cd-465e-a325-491316a4779d service placement] getting providers with 1 DISK_GB {{(pid=107998) __init__ /opt/stack/placement/placement/objects/research_context.py:136}}
Aug 29 10:31:45.569037 n-d-854929-3 devstack@placement-api.service[107998]: DEBUG placement.objects.research_context [req-7a129411-2fce-4de3-a7df-d9e3e1ca25ba req-54c64c85-c7cd-465e-a325-491316a4779d service placement] getting providers with 1024 MEMORY_MB {{(pid=107998) __init__ /opt/stack/placement/placement/objects/research_context.py:136}}
Aug 29 10:31:45.585047 n-d-854929-3 devstack@placement-api.service[107998]: DEBUG placement.objects.research_context [req-7a129411-2fce-4de3-a7df-d9e3e1ca25ba req-54c64c85-c7cd-465e-a325-491316a4779d service placement] getting providers with 1 VCPU {{(pid=107998) __init__ /opt/stack/placement/placement/objects/research_context.py:136}}
Aug 29 10:31:45.598815 n-d-854929-3 devstack@placement-api.service[107998]: DEBUG placement.objects.research_context [req-7a129411-2fce-4de3-a7df-d9e3e1ca25ba req-54c64c85-c7cd-465e-a325-491316a4779d service placement] found 2 providers with available 1 DISK_GB {{(pid=107998) get_provider_ids_matching /opt/stack/placement/placement/objects/research_context.py:563}}
Aug 29 10:31:45.600068 n-d-854929-3 devstack@placement-api.service[107998]: DEBUG placement.objects.research_context [req-7a129411-2fce-4de3-a7df-d9e3e1ca25ba req-54c64c85-c7cd-465e-a325-491316a4779d service placement] found 2 providers with available 1024 MEMORY_MB {{(pid=107998) get_provider_ids_matching /opt/stack/placement/placement/objects/research_context.py:563}}
Aug 29 10:31:45.601389 n-d-854929-3 devstack@placement-api.service[107998]: DEBUG placement.objects.research_context [req-7a129411-2fce-4de3-a7df-d9e3e1ca25ba req-54c64c85-c7cd-465e-a325-491316a4779d service placement] found 2 providers after filtering by previous result {{(pid=107998) get_provider_ids_matching /opt/stack/placement/placement/objects/research_context.py:594}}
Aug 29 10:31:45.602609 n-d-854929-3 devstack@placement-api.service[107998]: DEBUG placement.objects.research_context [req-7a129411-2fce-4de3-a7df-d9e3e1ca25ba req-54c64c85-c7cd-465e-a325-491316a4779d service placement] found 2 providers with available 1 VCPU {{(pid=107998) get_provider_ids_matching /opt/stack/placement/placement/objects/research_context.py:563}}
Aug 29 10:31:45.603253 n-d-854929-3 devstack@placement-api.service[107998]: DEBUG placement.objects.research_context [req-7a129411-2fce-4de3-a7df-d9e3e1ca25ba req-54c64c85-c7cd-465e-a325-491316a4779d service placement] found 2 providers after filtering by previous result {{(pid=107998) get_provider_ids_matching /opt/stack/placement/placement/objects/research_context.py:594}}
Aug 29 10:31:45.634221 n-d-854929-3 devstack@placement-api.service[107998]: DEBUG placement.objects.allocation_candidate [req-7a129411-2fce-4de3-a7df-d9e3e1ca25ba req-54c64c85-c7cd-465e-a325-491316a4779d service placement] RequestGroup(use_same_provider=False, resources={DISK_GB:1, MEMORY_MB:1024, VCPU:1}, traits=(), aggregates=[]) (suffix '') returned 2 matches {{(pid=107998) _get_by_requests /opt/stack/placement/placement/objects/allocation_candidate.py:156}}
Aug 29 10:31:45.635595 n-d-854929-3 devstack@placement-api.service[107998]: DEBUG placement.objects.allocation_candidate [req-7a129411-2fce-4de3-a7df-d9e3e1ca25ba req-54c64c85-c7cd-465e-a325-491316a4779d service placement] Merging candidates yields 2 allocation requests and 2 provider summaries {{(pid=107998) _merge_candidates /opt/stack/placement/placement/objects/allocation_candidate.py:809}}
Aug 29 10:31:45.637489 n-d-854929-3 devstack@placement-api.service[107998]: INFO placement.requestlog [req-7a129411-2fce-4de3-a7df-d9e3e1ca25ba req-54c64c85-c7cd-465e-a325-491316a4779d service placement] 10.222.0.18 "GET /placement/allocation_candidates?resources=DISK_GB%3A1%2CMEMORY_MB%3A1024%2CVCPU%3A1&root_required=%21COMPUTE_STATUS_DISABLED" status: 200 len: 1309 microversion: 1.36
Aug 29 10:31:45.652272 n-d-854929-3 devstack@placement-api.service[107998]: [pid: 107998|app: 0|req: 138/278] 10.222.0.18 () {60 vars in 1484 bytes} [Mon Aug 29 10:31:45 2022] GET /placement/allocation_candidates?resources=DISK_GB%3A1%2CMEMORY_MB%3A1024%2CVCPU%3A1&root_required=%21COMPUTE_STATUS_DISABLED => generated 1309 bytes in 179 msecs (HTTP/1.1 200) 8 headers in 297 bytes (1 switches on core 0)
Aug 29 10:31:45.699166 n-d-854929-3 devstack@placement-api.service[107997]: DEBUG placement.requestlog [req-7a129411-2fce-4de3-a7df-d9e3e1ca25ba req-75faf048-63ce-48ed-9e45-6a8bbe9f3749 None None] Starting request: 10.222.0.18 "GET /placement/allocations/f1194fd5-0228-4eb3-97eb-2427a2eafbfc" {{(pid=107997) __call__ /opt/stack/placement/placement/requestlog.py:55}}
Aug 29 10:31:45.712925 n-d-854929-3 devstack@placement-api.service[107997]: INFO placement.requestlog [req-7a129411-2fce-4de3-a7df-d9e3e1ca25ba req-75faf048-63ce-48ed-9e45-6a8bbe9f3749 service placement] 10.222.0.18 "GET /placement/allocations/f1194fd5-0228-4eb3-97eb-2427a2eafbfc" status: 200 len: 19 microversion: 1.28
Aug 29 10:31:45.719062 n-d-854929-3 devstack@placement-api.service[107997]: [pid: 107997|app: 0|req: 141/279] 10.222.0.18 () {60 vars in 1380 bytes} [Mon Aug 29 10:31:45 2022] GET /placement/allocations/f1194fd5-0228-4eb3-97eb-2427a2eafbfc => generated 19 bytes in 20 msecs (HTTP/1.1 200) 8 headers in 295 bytes (1 switches on core 0)
Aug 29 10:31:45.720161 n-d-854929-3 devstack@placement-api.service[107998]: DEBUG placement.requestlog [req-7a129411-2fce-4de3-a7df-d9e3e1ca25ba req-d823b727-3640-48a4-af51-5ab4c0e3847d None None] Starting request: 10.222.0.18 "PUT /placement/allocations/f1194fd5-0228-4eb3-97eb-2427a2eafbfc" {{(pid=107998) __call__ /opt/stack/placement/placement/requestlog.py:55}}
Aug 29 10:31:45.768615 n-d-854929-3 devstack@placement-api.service[107997]: DEBUG placement.requestlog [req-28523136-0644-471f-b6eb-8628c0ccb41b req-313fd75e-6c40-45e3-befd-7988467bba30 None None] Starting request: 10.222.0.36 "GET /placement/resource_providers/e358e202-f4b2-4108-8900-99589af754c6/allocations" {{(pid=107997) __call__ /opt/stack/placement/placement/requestlog.py:55}}
Aug 29 10:31:45.822420 n-d-854929-3 devstack@placement-api.service[107997]: INFO placement.requestlog [req-28523136-0644-471f-b6eb-8628c0ccb41b req-313fd75e-6c40-45e3-befd-7988467bba30 service placement] 10.222.0.36 "GET /placement/resource_providers/e358e202-f4b2-4108-8900-99589af754c6/allocations" status: 200 len: 658 microversion: 1.0
Aug 29 10:31:45.823352 n-d-854929-3 devstack@placement-api.service[107997]: [pid: 107997|app: 0|req: 142/280] 10.222.0.36 () {58 vars in 1390 bytes} [Mon Aug 29 10:31:45 2022] GET /placement/resource_providers/e358e202-f4b2-4108-8900-99589af754c6/allocations => generated 658 bytes in 55 msecs (HTTP/1.1 200) 6 headers in 224 bytes (2 switches on core 0)
Aug 29 10:31:45.832967 n-d-854929-3 devstack@placement-api.service[107997]: DEBUG placement.requestlog [req-28523136-0644-471f-b6eb-8628c0ccb41b req-e8891279-1daa-4399-bf03-1654062c7ef8 None None] Starting request: 10.222.0.36 "GET /placement/allocations/0e2429e9-ce95-41fb-83a3-d44e8a6e5bd4" {{(pid=107997) __call__ /opt/stack/placement/placement/requestlog.py:55}}
Aug 29 10:31:45.868124 n-d-854929-3 devstack@placement-api.service[107997]: INFO placement.requestlog [req-28523136-0644-471f-b6eb-8628c0ccb41b req-e8891279-1daa-4399-bf03-1654062c7ef8 service placement] 10.222.0.36 "GET /placement/allocations/0e2429e9-ce95-41fb-83a3-d44e8a6e5bd4" status: 200 len: 259 microversion: 1.28
Aug 29 10:31:45.868672 n-d-854929-3 devstack@placement-api.service[107997]: [pid: 107997|app: 0|req: 143/281] 10.222.0.36 () {60 vars in 1377 bytes} [Mon Aug 29 10:31:45 2022] GET /placement/allocations/0e2429e9-ce95-41fb-83a3-d44e8a6e5bd4 => generated 259 bytes in 36 msecs (HTTP/1.1 200) 8 headers in 296 bytes (1 switches on core 0)
Aug 29 10:31:45.888337 n-d-854929-3 devstack@placement-api.service[107997]: DEBUG placement.requestlog [req-28523136-0644-471f-b6eb-8628c0ccb41b req-1cf85723-a636-445f-9c82-0de38408b8a7 None None] Starting request: 10.222.0.36 "GET /placement/allocations/03b66eba-6af4-4dde-91d7-3b6875e1c08f" {{(pid=107997) __call__ /opt/stack/placement/placement/requestlog.py:55}}
Aug 29 10:31:45.933118 n-d-854929-3 devstack@placement-api.service[107997]: INFO placement.requestlog [req-28523136-0644-471f-b6eb-8628c0ccb41b req-1cf85723-a636-445f-9c82-0de38408b8a7 service placement] 10.222.0.36 "GET /placement/allocations/03b66eba-6af4-4dde-91d7-3b6875e1c08f" status: 200 len: 259 microversion: 1.28
Aug 29 10:31:45.935815 n-d-854929-3 devstack@placement-api.service[107997]: [pid: 107997|app: 0|req: 144/282] 10.222.0.36 () {60 vars in 1377 bytes} [Mon Aug 29 10:31:45 2022] GET /placement/allocations/03b66eba-6af4-4dde-91d7-3b6875e1c08f => generated 259 bytes in 48 msecs (HTTP/1.1 200) 8 headers in 296 bytes (1 switches on core 0)
Aug 29 10:31:45.942451 n-d-854929-3 devstack@placement-api.service[107997]: DEBUG placement.requestlog [req-28523136-0644-471f-b6eb-8628c0ccb41b req-f3e42752-ba27-4df6-8028-fe0b87c4f654 None None] Starting request: 10.222.0.36 "GET /placement/allocations/e86cc282-a4e9-4415-8a81-8778e5a461b7" {{(pid=107997) __call__ /opt/stack/placement/placement/requestlog.py:55}}
Aug 29 10:31:45.955064 n-d-854929-3 devstack@placement-api.service[107998]: DEBUG placement.handlers.allocation [req-7a129411-2fce-4de3-a7df-d9e3e1ca25ba req-d823b727-3640-48a4-af51-5ab4c0e3847d service placement] Successfully wrote allocations [, , ] {{(pid=107998) _update_consumers_and_create_allocations /opt/stack/placement/placement/handlers/allocation.py:462}}
Aug 29 10:31:45.967169 n-d-854929-3 devstack@placement-api.service[107997]: INFO placement.requestlog [req-28523136-0644-471f-b6eb-8628c0ccb41b req-f3e42752-ba27-4df6-8028-fe0b87c4f654 service placement] 10.222.0.36 "GET /placement/allocations/e86cc282-a4e9-4415-8a81-8778e5a461b7" status: 200 len: 259 microversion: 1.28
Aug 29 10:31:45.968174 n-d-854929-3 devstack@placement-api.service[107997]: [pid: 107997|app: 0|req: 145/283] 10.222.0.36 () {60 vars in 1377 bytes} [Mon Aug 29 10:31:45 2022] GET /placement/allocations/e86cc282-a4e9-4415-8a81-8778e5a461b7 => generated 259 bytes in 26 msecs (HTTP/1.1 200) 8 headers in 296 bytes (1 switches on core 0)
Aug 29 10:31:45.997482 n-d-854929-3 devstack@placement-api.service[107997]: DEBUG placement.requestlog [req-28523136-0644-471f-b6eb-8628c0ccb41b req-d777eca2-144b-4a3d-9343-3d27e533b873 None None] Starting request: 10.222.0.36 "GET /placement/allocations/a24a8a3d-b230-4e25-bdf6-474258d27545" {{(pid=107997) __call__ /opt/stack/placement/placement/requestlog.py:55}}
Aug 29 10:31:46.023820 n-d-854929-3 devstack@placement-api.service[107997]: INFO placement.requestlog [req-28523136-0644-471f-b6eb-8628c0ccb41b req-d777eca2-144b-4a3d-9343-3d27e533b873 service placement] 10.222.0.36 "GET /placement/allocations/a24a8a3d-b230-4e25-bdf6-474258d27545" status: 200 len: 259 microversion: 1.28
Aug 29 10:31:46.025668 n-d-854929-3 devstack@placement-api.service[107997]: [pid: 107997|app: 0|req: 146/284] 10.222.0.36 () {60 vars in 1377 bytes} [Mon Aug 29 10:31:45 2022] GET /placement/allocations/a24a8a3d-b230-4e25-bdf6-474258d27545 => generated 259 bytes in 29 msecs (HTTP/1.1 200) 8 headers in 296 bytes (2 switches on core 0)
Aug 29 10:31:46.031261 n-d-854929-3 devstack@placement-api.service[107998]: INFO placement.requestlog [req-7a129411-2fce-4de3-a7df-d9e3e1ca25ba req-d823b727-3640-48a4-af51-5ab4c0e3847d service placement] 10.222.0.18 "PUT /placement/allocations/f1194fd5-0228-4eb3-97eb-2427a2eafbfc" status: 204 len: 0 microversion: 1.36
Aug 29 10:31:46.031739 n-d-854929-3 devstack@placement-api.service[107998]: [pid: 107998|app: 0|req: 139/285] 10.222.0.18 () {64 vars in 1433 bytes} [Mon Aug 29 10:31:45 2022] PUT /placement/allocations/f1194fd5-0228-4eb3-97eb-2427a2eafbfc => generated 0 bytes in 312 msecs (HTTP/1.1 204) 5 headers in 199 bytes (3 switches on core 0)
Aug 29 10:31:46.050438 n-d-854929-3 devstack@placement-api.service[107997]: DEBUG placement.requestlog [req-28523136-0644-471f-b6eb-8628c0ccb41b req-9cec2549-5b84-443a-aa3d-0c0bf1d46a22 None None] Starting request: 10.222.0.36 "GET /placement/allocations/e643622e-61e5-4a74-9606-fec62441400a" {{(pid=107997) __call__ /opt/stack/placement/placement/requestlog.py:55}}
Aug 29 10:31:46.069107 n-d-854929-3 devstack@placement-api.service[107997]: INFO placement.requestlog [req-28523136-0644-471f-b6eb-8628c0ccb41b req-9cec2549-5b84-443a-aa3d-0c0bf1d46a22 service placement] 10.222.0.36 "GET /placement/allocations/e643622e-61e5-4a74-9606-fec62441400a" status: 200 len: 258 microversion: 1.28
Aug 29 10:31:46.070648 n-d-854929-3 devstack@placement-api.service[107997]: [pid: 107997|app: 0|req: 147/286] 10.222.0.36 () {60 vars in 1377 bytes} [Mon Aug 29 10:31:46 2022] GET /placement/allocations/e643622e-61e5-4a74-9606-fec62441400a => generated 258 bytes in 21 msecs (HTTP/1.1 200) 8 headers in 296 bytes (1 switches on core 0)
Aug 29 10:31:46.077053 n-d-854929-3 devstack@placement-api.service[107998]: DEBUG placement.requestlog [req-28523136-0644-471f-b6eb-8628c0ccb41b req-0368603e-df17-47af-b1cf-6747fc82e41f None None] Starting request: 10.222.0.36 "GET /placement/allocations/eaedf6a4-03e9-412b-ad45-9fce10b2dae9" {{(pid=107998) __call__ /opt/stack/placement/placement/requestlog.py:55}}
Aug 29 10:31:46.105794 n-d-854929-3 devstack@placement-api.service[107998]: INFO placement.requestlog [req-28523136-0644-471f-b6eb-8628c0ccb41b req-0368603e-df17-47af-b1cf-6747fc82e41f service placement] 10.222.0.36 "GET /placement/allocations/eaedf6a4-03e9-412b-ad45-9fce10b2dae9" status: 200 len: 259 microversion: 1.28
Aug 29 10:31:46.107757 n-d-854929-3 devstack@placement-api.service[107998]: [pid: 107998|app: 0|req: 140/287] 10.222.0.36 () {60 vars in 1377 bytes} [Mon Aug 29 10:31:46 2022] GET /placement/allocations/eaedf6a4-03e9-412b-ad45-9fce10b2dae9 => generated 259 bytes in 31 msecs (HTTP/1.1 200) 8 headers in 296 bytes (1 switches on core 0)
Aug 29 10:31:46.962981 n-d-854929-3 devstack@placement-api.service[107997]: DEBUG placement.requestlog [req-28523136-0644-471f-b6eb-8628c0ccb41b req-d5dbdf92-1a1b-4a20-9326-8c0a0dd149a2 None None] Starting request: 10.222.0.36 "GET /placement/allocations/0e2429e9-ce95-41fb-83a3-d44e8a6e5bd4" {{(pid=107997) __call__ /opt/stack/placement/placement/requestlog.py:55}}
Aug 29 10:31:46.994658 n-d-854929-3 devstack@placement-api.service[107997]: INFO placement.requestlog [req-28523136-0644-471f-b6eb-8628c0ccb41b req-d5dbdf92-1a1b-4a20-9326-8c0a0dd149a2 service placement] 10.222.0.36 "GET /placement/allocations/0e2429e9-ce95-41fb-83a3-d44e8a6e5bd4" status: 200 len: 259 microversion: 1.28
Aug 29 10:31:46.996239 n-d-854929-3 devstack@placement-api.service[107997]: [pid: 107997|app: 0|req: 148/288] 10.222.0.36 () {60 vars in 1377 bytes} [Mon Aug 29 10:31:46 2022] GET /placement/allocations/0e2429e9-ce95-41fb-83a3-d44e8a6e5bd4 => generated 259 bytes in 34 msecs (HTTP/1.1 200) 8 headers in 296 bytes (2 switches on core 0)
Aug 29 10:31:47.007385 n-d-854929-3 devstack@placement-api.service[107998]: DEBUG placement.requestlog [req-28523136-0644-471f-b6eb-8628c0ccb41b req-9a8237b8-8593-4fc3-8a60-e10a7a302a40 None None] Starting request: 10.222.0.36 "PUT /placement/allocations/0e2429e9-ce95-41fb-83a3-d44e8a6e5bd4" {{(pid=107998) __call__ /opt/stack/placement/placement/requestlog.py:55}}
Aug 29 10:31:47.146005 n-d-854929-3 devstack@placement-api.service[107998]: DEBUG placement.handlers.allocation [req-28523136-0644-471f-b6eb-8628c0ccb41b req-9a8237b8-8593-4fc3-8a60-e10a7a302a40 service placement] Successfully wrote allocations [, , ] {{(pid=107998) _update_consumers_and_create_allocations /opt/stack/placement/placement/handlers/allocation.py:462}}
Aug 29 10:31:47.207549 n-d-854929-3 devstack@placement-api.service[107997]: DEBUG placement.requestlog [req-7a129411-2fce-4de3-a7df-d9e3e1ca25ba req-deec0f5b-6da9-43ac-881c-f4dc80421d31 None None] Starting request: 10.222.0.36 "GET /placement/allocations/f1194fd5-0228-4eb3-97eb-2427a2eafbfc" {{(pid=107997) __call__ /opt/stack/placement/placement/requestlog.py:55}}
Aug 29 10:31:47.239926 n-d-854929-3 devstack@placement-api.service[107997]: INFO placement.requestlog [req-7a129411-2fce-4de3-a7df-d9e3e1ca25ba req-deec0f5b-6da9-43ac-881c-f4dc80421d31 service placement] 10.222.0.36 "GET /placement/allocations/f1194fd5-0228-4eb3-97eb-2427a2eafbfc" status: 200 len: 259 microversion: 1.28
Aug 29 10:31:47.240927 n-d-854929-3 devstack@placement-api.service[107997]: [pid: 107997|app: 0|req: 149/289] 10.222.0.36 () {60 vars in 1377 bytes} [Mon Aug 29 10:31:47 2022] GET /placement/allocations/f1194fd5-0228-4eb3-97eb-2427a2eafbfc => generated 259 bytes in 34 msecs (HTTP/1.1 200) 8 headers in 296 bytes (2 switches on core 0)
Aug 29 10:31:47.254080 n-d-854929-3 devstack@placement-api.service[107998]: INFO placement.requestlog [req-28523136-0644-471f-b6eb-8628c0ccb41b req-9a8237b8-8593-4fc3-8a60-e10a7a302a40 service placement] 10.222.0.36 "PUT /placement/allocations/0e2429e9-ce95-41fb-83a3-d44e8a6e5bd4" status: 204 len: 0 microversion: 1.28
Aug 29 10:31:47.256232 n-d-854929-3 devstack@placement-api.service[107998]: [pid: 107998|app: 0|req: 141/290] 10.222.0.36 () {64 vars in 1430 bytes} [Mon Aug 29 10:31:47 2022] PUT /placement/allocations/0e2429e9-ce95-41fb-83a3-d44e8a6e5bd4 => generated 0 bytes in 252 msecs (HTTP/1.1 204) 5 headers in 199 bytes (1 switches on core 0)
Aug 29 10:31:47.509471 n-d-854929-3 devstack@placement-api.service[107997]: DEBUG placement.requestlog [req-7a129411-2fce-4de3-a7df-d9e3e1ca25ba req-042e487b-6b87-4bf3-9f9e-536a932be9e2 None None] Starting request: 10.222.0.36 "GET /placement/resource_providers/e358e202-f4b2-4108-8900-99589af754c6/allocations" {{(pid=107997) __call__ /opt/stack/placement/placement/requestlog.py:55}}
Aug 29 10:31:47.548976 n-d-854929-3 devstack@placement-api.service[107997]: INFO placement.requestlog [req-7a129411-2fce-4de3-a7df-d9e3e1ca25ba req-042e487b-6b87-4bf3-9f9e-536a932be9e2 service placement] 10.222.0.36 "GET /placement/resource_providers/e358e202-f4b2-4108-8900-99589af754c6/allocations" status: 200 len: 658 microversion: 1.0
Aug 29 10:31:47.550056 n-d-854929-3 devstack@placement-api.service[107997]: [pid: 107997|app: 0|req: 150/291] 10.222.0.36 () {58 vars in 1390 bytes} [Mon Aug 29 10:31:47 2022] GET /placement/resource_providers/e358e202-f4b2-4108-8900-99589af754c6/allocations => generated 658 bytes in 41 msecs (HTTP/1.1 200) 6 headers in 224 bytes (1 switches on core 0)
Aug 29 10:31:47.572613 n-d-854929-3 devstack@placement-api.service[107998]: DEBUG placement.requestlog [req-7a129411-2fce-4de3-a7df-d9e3e1ca25ba req-6910b2c1-4b6d-4fbc-a81b-1ad787e934fb None None] Starting request: 10.222.0.36 "GET /placement/allocations/03b66eba-6af4-4dde-91d7-3b6875e1c08f" {{(pid=107998) __call__ /opt/stack/placement/placement/requestlog.py:55}}
Aug 29 10:31:47.592225 n-d-854929-3 devstack@placement-api.service[107998]: INFO placement.requestlog [req-7a129411-2fce-4de3-a7df-d9e3e1ca25ba req-6910b2c1-4b6d-4fbc-a81b-1ad787e934fb service placement] 10.222.0.36 "GET /placement/allocations/03b66eba-6af4-4dde-91d7-3b6875e1c08f" status: 200 len: 259 microversion: 1.28
Aug 29 10:31:47.593156 n-d-854929-3 devstack@placement-api.service[107998]: [pid: 107998|app: 0|req: 142/292] 10.222.0.36 () {60 vars in 1377 bytes} [Mon Aug 29 10:31:47 2022] GET /placement/allocations/03b66eba-6af4-4dde-91d7-3b6875e1c08f => generated 259 bytes in 21 msecs (HTTP/1.1 200) 8 headers in 296 bytes (1 switches on core 0)
Aug 29 10:31:47.603449 n-d-854929-3 devstack@placement-api.service[107997]: DEBUG placement.requestlog [req-7a129411-2fce-4de3-a7df-d9e3e1ca25ba req-8c1f1992-0859-45ae-9cfb-1023754c058b None None] Starting request: 10.222.0.36 "GET /placement/allocations/e86cc282-a4e9-4415-8a81-8778e5a461b7" {{(pid=107997) __call__ /opt/stack/placement/placement/requestlog.py:55}}
Aug 29 10:31:47.619878 n-d-854929-3 devstack@placement-api.service[107997]: INFO placement.requestlog [req-7a129411-2fce-4de3-a7df-d9e3e1ca25ba req-8c1f1992-0859-45ae-9cfb-1023754c058b service placement] 10.222.0.36 "GET /placement/allocations/e86cc282-a4e9-4415-8a81-8778e5a461b7" status: 200 len: 259 microversion: 1.28
Aug 29 10:31:47.620705 n-d-854929-3 devstack@placement-api.service[107997]: [pid: 107997|app: 0|req: 151/293] 10.222.0.36 () {60 vars in 1377 bytes} [Mon Aug 29 10:31:47 2022] GET /placement/allocations/e86cc282-a4e9-4415-8a81-8778e5a461b7 => generated 259 bytes in 18 msecs (HTTP/1.1 200) 8 headers in 296 bytes (1 switches on core 0)
Aug 29 10:31:47.627533 n-d-854929-3 devstack@placement-api.service[107998]: DEBUG placement.requestlog [req-7a129411-2fce-4de3-a7df-d9e3e1ca25ba req-137ab29e-3adf-46c0-86e3-4302701d15a2 None None] Starting request: 10.222.0.36 "GET /placement/allocations/a24a8a3d-b230-4e25-bdf6-474258d27545" {{(pid=107998) __call__ /opt/stack/placement/placement/requestlog.py:55}}
Aug 29 10:31:47.651576 n-d-854929-3 devstack@placement-api.service[107998]: INFO placement.requestlog [req-7a129411-2fce-4de3-a7df-d9e3e1ca25ba req-137ab29e-3adf-46c0-86e3-4302701d15a2 service placement] 10.222.0.36 "GET /placement/allocations/a24a8a3d-b230-4e25-bdf6-474258d27545" status: 200 len: 259 microversion: 1.28
Aug 29 10:31:47.652239 n-d-854929-3 devstack@placement-api.service[107998]: [pid: 107998|app: 0|req: 143/294] 10.222.0.36 () {60 vars in 1377 bytes} [Mon Aug 29 10:31:47 2022] GET /placement/allocations/a24a8a3d-b230-4e25-bdf6-474258d27545 => generated 259 bytes in 26 msecs (HTTP/1.1 200) 8 headers in 296 bytes (1 switches on core 0)
Aug 29 10:31:47.663902 n-d-854929-3 devstack@placement-api.service[107997]: DEBUG placement.requestlog [req-7a129411-2fce-4de3-a7df-d9e3e1ca25ba req-da5a81c7-036c-457f-b3cd-cf73a6015065 None None] Starting request: 10.222.0.36 "GET /placement/allocations/e643622e-61e5-4a74-9606-fec62441400a" {{(pid=107997) __call__ /opt/stack/placement/placement/requestlog.py:55}}
Aug 29 10:31:47.690028 n-d-854929-3 devstack@placement-api.service[107997]: INFO placement.requestlog [req-7a129411-2fce-4de3-a7df-d9e3e1ca25ba req-da5a81c7-036c-457f-b3cd-cf73a6015065 service placement] 10.222.0.36 "GET /placement/allocations/e643622e-61e5-4a74-9606-fec62441400a" status: 200 len: 258 microversion: 1.28
Aug 29 10:31:47.691184 n-d-854929-3 devstack@placement-api.service[107997]: [pid: 107997|app: 0|req: 152/295] 10.222.0.36 () {60 vars in 1377 bytes} [Mon Aug 29 10:31:47 2022] GET /placement/allocations/e643622e-61e5-4a74-9606-fec62441400a => generated 258 bytes in 28 msecs (HTTP/1.1 200) 8 headers in 296 bytes (1 switches on core 0)
Aug 29 10:31:47.698364 n-d-854929-3 devstack@placement-api.service[107998]: DEBUG placement.requestlog [req-7a129411-2fce-4de3-a7df-d9e3e1ca25ba req-2b001933-cee9-4264-b041-1d2c78c01385 None None] Starting request: 10.222.0.36 "GET /placement/allocations/eaedf6a4-03e9-412b-ad45-9fce10b2dae9" {{(pid=107998) __call__ /opt/stack/placement/placement/requestlog.py:55}}
Aug 29 10:31:47.733618 n-d-854929-3 devstack@placement-api.service[107998]: INFO placement.requestlog [req-7a129411-2fce-4de3-a7df-d9e3e1ca25ba req-2b001933-cee9-4264-b041-1d2c78c01385 service placement] 10.222.0.36 "GET /placement/allocations/eaedf6a4-03e9-412b-ad45-9fce10b2dae9" status: 200 len: 259 microversion: 1.28
Aug 29 10:31:47.735054 n-d-854929-3 devstack@placement-api.service[107998]: [pid: 107998|app: 0|req: 144/296] 10.222.0.36 () {60 vars in 1377 bytes} [Mon Aug 29 10:31:47 2022] GET /placement/allocations/eaedf6a4-03e9-412b-ad45-9fce10b2dae9 => generated 259 bytes in 37 msecs (HTTP/1.1 200) 8 headers in 296 bytes (1 switches on core 0)
Aug 29 10:31:47.753078 n-d-854929-3 devstack@placement-api.service[107997]: DEBUG placement.requestlog [req-7a129411-2fce-4de3-a7df-d9e3e1ca25ba req-8e0f5430-e6ec-4c8f-83fa-9e8a5a3b7c0f None None] Starting request: 10.222.0.36 "GET /placement/allocations/f1194fd5-0228-4eb3-97eb-2427a2eafbfc" {{(pid=107997) __call__ /opt/stack/placement/placement/requestlog.py:55}}
Aug 29 10:31:47.787676 n-d-854929-3 devstack@placement-api.service[107997]: INFO placement.requestlog [req-7a129411-2fce-4de3-a7df-d9e3e1ca25ba req-8e0f5430-e6ec-4c8f-83fa-9e8a5a3b7c0f service placement] 10.222.0.36 "GET /placement/allocations/f1194fd5-0228-4eb3-97eb-2427a2eafbfc" status: 200 len: 259 microversion: 1.28
Aug 29 10:31:47.788065 n-d-854929-3 devstack@placement-api.service[107997]: [pid: 107997|app: 0|req: 153/297] 10.222.0.36 () {60 vars in 1377 bytes} [Mon Aug 29 10:31:47 2022] GET /placement/allocations/f1194fd5-0228-4eb3-97eb-2427a2eafbfc => generated 259 bytes in 36 msecs (HTTP/1.1 200) 8 headers in 296 bytes (1 switches on core 0)
Aug 29 10:31:49.154700 n-d-854929-3 devstack@placement-api.service[107998]: DEBUG placement.requestlog [req-67d1dfbd-16d0-4790-8116-7e3ec214dbc1 req-bb54a076-30d9-438f-92b4-e2782fc447b8 None None] Starting request: 10.222.0.18 "GET /placement/allocation_candidates?limit=1000&resources=DISK_GB%3A1%2CMEMORY_MB%3A1024%2CVCPU%3A1&root_required=%21COMPUTE_STATUS_DISABLED" {{(pid=107998) __call__ /opt/stack/placement/placement/requestlog.py:55}}
Aug 29 10:31:49.224456 n-d-854929-3 devstack@placement-api.service[107998]: DEBUG placement.objects.research_context [req-67d1dfbd-16d0-4790-8116-7e3ec214dbc1 req-bb54a076-30d9-438f-92b4-e2782fc447b8 service placement] getting providers with 1 DISK_GB {{(pid=107998) __init__ /opt/stack/placement/placement/objects/research_context.py:136}}
Aug 29 10:31:49.233674 n-d-854929-3 devstack@placement-api.service[107998]: DEBUG placement.objects.research_context [req-67d1dfbd-16d0-4790-8116-7e3ec214dbc1 req-bb54a076-30d9-438f-92b4-e2782fc447b8 service placement] getting providers with 1024 MEMORY_MB {{(pid=107998) __init__ /opt/stack/placement/placement/objects/research_context.py:136}}
Aug 29 10:31:49.240480 n-d-854929-3 devstack@placement-api.service[107998]: DEBUG placement.objects.research_context [req-67d1dfbd-16d0-4790-8116-7e3ec214dbc1 req-bb54a076-30d9-438f-92b4-e2782fc447b8 service placement] getting providers with 1 VCPU {{(pid=107998) __init__ /opt/stack/placement/placement/objects/research_context.py:136}}
Aug 29 10:31:49.248019 n-d-854929-3 devstack@placement-api.service[107998]: DEBUG placement.objects.research_context [req-67d1dfbd-16d0-4790-8116-7e3ec214dbc1 req-bb54a076-30d9-438f-92b4-e2782fc447b8 service placement] found 2 providers with available 1 DISK_GB {{(pid=107998) get_provider_ids_matching /opt/stack/placement/placement/objects/research_context.py:563}}
Aug 29 10:31:49.248651 n-d-854929-3 devstack@placement-api.service[107998]: DEBUG placement.objects.research_context [req-67d1dfbd-16d0-4790-8116-7e3ec214dbc1 req-bb54a076-30d9-438f-92b4-e2782fc447b8 service placement] found 2 providers with available 1024 MEMORY_MB {{(pid=107998) get_provider_ids_matching /opt/stack/placement/placement/objects/research_context.py:563}}
Aug 29 10:31:49.249184 n-d-854929-3 devstack@placement-api.service[107998]: DEBUG placement.objects.research_context [req-67d1dfbd-16d0-4790-8116-7e3ec214dbc1 req-bb54a076-30d9-438f-92b4-e2782fc447b8 service placement] found 2 providers after filtering by previous result {{(pid=107998) get_provider_ids_matching /opt/stack/placement/placement/objects/research_context.py:594}}
Aug 29 10:31:49.249814 n-d-854929-3 devstack@placement-api.service[107998]: DEBUG placement.objects.research_context [req-67d1dfbd-16d0-4790-8116-7e3ec214dbc1 req-bb54a076-30d9-438f-92b4-e2782fc447b8 service placement] found 2 providers with available 1 VCPU {{(pid=107998) get_provider_ids_matching /opt/stack/placement/placement/objects/research_context.py:563}}
Aug 29 10:31:49.250659 n-d-854929-3 devstack@placement-api.service[107998]: DEBUG placement.objects.research_context [req-67d1dfbd-16d0-4790-8116-7e3ec214dbc1 req-bb54a076-30d9-438f-92b4-e2782fc447b8 service placement] found 2 providers after filtering by previous result {{(pid=107998) get_provider_ids_matching /opt/stack/placement/placement/objects/research_context.py:594}}
Aug 29 10:31:49.267070 n-d-854929-3 devstack@placement-api.service[107998]: DEBUG placement.objects.allocation_candidate [req-67d1dfbd-16d0-4790-8116-7e3ec214dbc1 req-bb54a076-30d9-438f-92b4-e2782fc447b8 service placement] RequestGroup(use_same_provider=False, resources={DISK_GB:1, MEMORY_MB:1024, VCPU:1}, traits=(), aggregates=[]) (suffix '') returned 2 matches {{(pid=107998) _get_by_requests /opt/stack/placement/placement/objects/allocation_candidate.py:156}}
Aug 29 10:31:49.267526 n-d-854929-3 devstack@placement-api.service[107998]: DEBUG placement.objects.allocation_candidate [req-67d1dfbd-16d0-4790-8116-7e3ec214dbc1 req-bb54a076-30d9-438f-92b4-e2782fc447b8 service placement] Merging candidates yields 2 allocation requests and 2 provider summaries {{(pid=107998) _merge_candidates /opt/stack/placement/placement/objects/allocation_candidate.py:809}}
Aug 29 10:31:49.269497 n-d-854929-3 devstack@placement-api.service[107998]: INFO placement.requestlog [req-67d1dfbd-16d0-4790-8116-7e3ec214dbc1 req-bb54a076-30d9-438f-92b4-e2782fc447b8 service placement] 10.222.0.18 "GET /placement/allocation_candidates?limit=1000&resources=DISK_GB%3A1%2CMEMORY_MB%3A1024%2CVCPU%3A1&root_required=%21COMPUTE_STATUS_DISABLED" status: 200 len: 1309 microversion: 1.36
Aug 29 10:31:49.270544 n-d-854929-3 devstack@placement-api.service[107998]: [pid: 107998|app: 0|req: 145/298] 10.222.0.18 () {60 vars in 1506 bytes} [Mon Aug 29 10:31:49 2022] GET /placement/allocation_candidates?limit=1000&resources=DISK_GB%3A1%2CMEMORY_MB%3A1024%2CVCPU%3A1&root_required=%21COMPUTE_STATUS_DISABLED => generated 1309 bytes in 116 msecs (HTTP/1.1 200) 8 headers in 297 bytes (1 switches on core 0)
Aug 29 10:31:49.379469 n-d-854929-3 devstack@placement-api.service[107997]: DEBUG placement.requestlog [req-67d1dfbd-16d0-4790-8116-7e3ec214dbc1 req-6dc75748-e5b3-489b-b2c8-ade9eb366edf None None] Starting request: 10.222.0.18 "GET /placement/allocations/271cbf70-153c-4ffe-a595-98625c711508" {{(pid=107997) __call__ /opt/stack/placement/placement/requestlog.py:55}}
Aug 29 10:31:49.395095 n-d-854929-3 devstack@placement-api.service[107997]: INFO placement.requestlog [req-67d1dfbd-16d0-4790-8116-7e3ec214dbc1 req-6dc75748-e5b3-489b-b2c8-ade9eb366edf service placement] 10.222.0.18 "GET /placement/allocations/271cbf70-153c-4ffe-a595-98625c711508" status: 200 len: 19 microversion: 1.28
Aug 29 10:31:49.395727 n-d-854929-3 devstack@placement-api.service[107997]: [pid: 107997|app: 0|req: 154/299] 10.222.0.18 () {60 vars in 1380 bytes} [Mon Aug 29 10:31:49 2022] GET /placement/allocations/271cbf70-153c-4ffe-a595-98625c711508 => generated 19 bytes in 17 msecs (HTTP/1.1 200) 8 headers in 295 bytes (1 switches on core 0)
Aug 29 10:31:49.404817 n-d-854929-3 devstack@placement-api.service[107998]: DEBUG placement.requestlog [req-67d1dfbd-16d0-4790-8116-7e3ec214dbc1 req-b0bd289d-3a43-4997-9af0-e0fa30bff796 None None] Starting request: 10.222.0.18 "PUT /placement/allocations/271cbf70-153c-4ffe-a595-98625c711508" {{(pid=107998) __call__ /opt/stack/placement/placement/requestlog.py:55}}
Aug 29 10:31:49.814576 n-d-854929-3 devstack@placement-api.service[107998]: DEBUG dbcounter [-] [107998] Writing DB stats placement:SELECT=80,placement:INSERT=10,placement:DELETE=5,placement:UPDATE=5 {{(pid=107998) stat_writer /usr/local/lib/python3.8/dist-packages/dbcounter.py:114}}
Aug 29 10:31:49.823746 n-d-854929-3 devstack@placement-api.service[107998]: DEBUG placement.handlers.allocation [req-67d1dfbd-16d0-4790-8116-7e3ec214dbc1 req-b0bd289d-3a43-4997-9af0-e0fa30bff796 service placement] Successfully wrote allocations [, , ] {{(pid=107998) _update_consumers_and_create_allocations /opt/stack/placement/placement/handlers/allocation.py:462}}
Aug 29 10:31:49.905753 n-d-854929-3 devstack@placement-api.service[107998]: INFO placement.requestlog [req-67d1dfbd-16d0-4790-8116-7e3ec214dbc1 req-b0bd289d-3a43-4997-9af0-e0fa30bff796 service placement] 10.222.0.18 "PUT /placement/allocations/271cbf70-153c-4ffe-a595-98625c711508" status: 204 len: 0 microversion: 1.36
Aug 29 10:31:49.905753 n-d-854929-3 devstack@placement-api.service[107998]: [pid: 107998|app: 0|req: 146/300] 10.222.0.18 () {64 vars in 1433 bytes} [Mon Aug 29 10:31:49 2022] PUT /placement/allocations/271cbf70-153c-4ffe-a595-98625c711508 => generated 0 bytes in 497 msecs (HTTP/1.1 204) 5 headers in 199 bytes (1 switches on core 0)
Aug 29 10:31:51.371022 n-d-854929-3 devstack@placement-api.service[107997]: DEBUG placement.requestlog [req-d3241a40-c7b2-444a-bde8-daa68e920742 req-784050b5-f0c9-4819-a50d-c72af57420d1 None None] Starting request: 10.222.0.18 "GET /placement/allocation_candidates?resources=DISK_GB%3A1%2CMEMORY_MB%3A1024%2CVCPU%3A1&root_required=%21COMPUTE_STATUS_DISABLED" {{(pid=107997) __call__ /opt/stack/placement/placement/requestlog.py:55}}
Aug 29 10:31:51.461968 n-d-854929-3 devstack@placement-api.service[107998]: DEBUG placement.requestlog [req-67d1dfbd-16d0-4790-8116-7e3ec214dbc1 req-2a63eb8c-9d03-4ea3-b0e5-621ca991f5d0 None None] Starting request: 10.222.0.20 "GET /placement/allocations/271cbf70-153c-4ffe-a595-98625c711508" {{(pid=107998) __call__ /opt/stack/placement/placement/requestlog.py:55}}
Aug 29 10:31:51.496018 n-d-854929-3 devstack@placement-api.service[107997]: DEBUG placement.objects.research_context [req-d3241a40-c7b2-444a-bde8-daa68e920742 req-784050b5-f0c9-4819-a50d-c72af57420d1 service placement] getting providers with 1 DISK_GB {{(pid=107997) __init__ /opt/stack/placement/placement/objects/research_context.py:136}}
Aug 29 10:31:51.497118 n-d-854929-3 devstack@placement-api.service[107998]: INFO placement.requestlog [req-67d1dfbd-16d0-4790-8116-7e3ec214dbc1 req-2a63eb8c-9d03-4ea3-b0e5-621ca991f5d0 service placement] 10.222.0.20 "GET /placement/allocations/271cbf70-153c-4ffe-a595-98625c711508" status: 200 len: 259 microversion: 1.28
Aug 29 10:31:51.497500 n-d-854929-3 devstack@placement-api.service[107998]: [pid: 107998|app: 0|req: 147/301] 10.222.0.20 () {60 vars in 1377 bytes} [Mon Aug 29 10:31:51 2022] GET /placement/allocations/271cbf70-153c-4ffe-a595-98625c711508 => generated 259 bytes in 36 msecs (HTTP/1.1 200) 8 headers in 296 bytes (1 switches on core 0)
Aug 29 10:31:51.505276 n-d-854929-3 devstack@placement-api.service[107997]: DEBUG placement.objects.research_context [req-d3241a40-c7b2-444a-bde8-daa68e920742 req-784050b5-f0c9-4819-a50d-c72af57420d1 service placement] getting providers with 1024 MEMORY_MB {{(pid=107997) __init__ /opt/stack/placement/placement/objects/research_context.py:136}}
Aug 29 10:31:51.543774 n-d-854929-3 devstack@placement-api.service[107997]: DEBUG placement.objects.research_context [req-d3241a40-c7b2-444a-bde8-daa68e920742 req-784050b5-f0c9-4819-a50d-c72af57420d1 service placement] getting providers with 1 VCPU {{(pid=107997) __init__ /opt/stack/placement/placement/objects/research_context.py:136}}
Aug 29 10:31:51.564962 n-d-854929-3 devstack@placement-api.service[107997]: DEBUG placement.objects.research_context [req-d3241a40-c7b2-444a-bde8-daa68e920742 req-784050b5-f0c9-4819-a50d-c72af57420d1 service placement] found 2 providers with available 1 DISK_GB {{(pid=107997) get_provider_ids_matching /opt/stack/placement/placement/objects/research_context.py:563}}
Aug 29 10:31:51.566111 n-d-854929-3 devstack@placement-api.service[107997]: DEBUG placement.objects.research_context [req-d3241a40-c7b2-444a-bde8-daa68e920742 req-784050b5-f0c9-4819-a50d-c72af57420d1 service placement] found 2 providers with available 1024 MEMORY_MB {{(pid=107997) get_provider_ids_matching /opt/stack/placement/placement/objects/research_context.py:563}}
Aug 29 10:31:51.566807 n-d-854929-3 devstack@placement-api.service[107997]: DEBUG placement.objects.research_context [req-d3241a40-c7b2-444a-bde8-daa68e920742 req-784050b5-f0c9-4819-a50d-c72af57420d1 service placement] found 2 providers after filtering by previous result {{(pid=107997) get_provider_ids_matching /opt/stack/placement/placement/objects/research_context.py:594}}
Aug 29 10:31:51.568947 n-d-854929-3 devstack@placement-api.service[107997]: DEBUG placement.objects.research_context [req-d3241a40-c7b2-444a-bde8-daa68e920742 req-784050b5-f0c9-4819-a50d-c72af57420d1 service placement] found 2 providers with available 1 VCPU {{(pid=107997) get_provider_ids_matching /opt/stack/placement/placement/objects/research_context.py:563}}
Aug 29 10:31:51.568947 n-d-854929-3 devstack@placement-api.service[107997]: DEBUG placement.objects.research_context [req-d3241a40-c7b2-444a-bde8-daa68e920742 req-784050b5-f0c9-4819-a50d-c72af57420d1 service placement] found 2 providers after filtering by previous result {{(pid=107997) get_provider_ids_matching /opt/stack/placement/placement/objects/research_context.py:594}}
Aug 29 10:31:51.587660 n-d-854929-3 devstack@placement-api.service[107997]: DEBUG placement.objects.allocation_candidate [req-d3241a40-c7b2-444a-bde8-daa68e920742 req-784050b5-f0c9-4819-a50d-c72af57420d1 service placement] RequestGroup(use_same_provider=False, resources={DISK_GB:1, MEMORY_MB:1024, VCPU:1}, traits=(), aggregates=[]) (suffix '') returned 2 matches {{(pid=107997) _get_by_requests /opt/stack/placement/placement/objects/allocation_candidate.py:156}}
Aug 29 10:31:51.589224 n-d-854929-3 devstack@placement-api.service[107997]: DEBUG placement.objects.allocation_candidate [req-d3241a40-c7b2-444a-bde8-daa68e920742 req-784050b5-f0c9-4819-a50d-c72af57420d1 service placement] Merging candidates yields 2 allocation requests and 2 provider summaries {{(pid=107997) _merge_candidates /opt/stack/placement/placement/objects/allocation_candidate.py:809}}
Aug 29 10:31:51.590972 n-d-854929-3 devstack@placement-api.service[107997]: INFO placement.requestlog [req-d3241a40-c7b2-444a-bde8-daa68e920742 req-784050b5-f0c9-4819-a50d-c72af57420d1 service placement] 10.222.0.18 "GET /placement/allocation_candidates?resources=DISK_GB%3A1%2CMEMORY_MB%3A1024%2CVCPU%3A1&root_required=%21COMPUTE_STATUS_DISABLED" status: 200 len: 1309 microversion: 1.36
Aug 29 10:31:51.591701 n-d-854929-3 devstack@placement-api.service[107997]: [pid: 107997|app: 0|req: 155/302] 10.222.0.18 () {60 vars in 1484 bytes} [Mon Aug 29 10:31:51 2022] GET /placement/allocation_candidates?resources=DISK_GB%3A1%2CMEMORY_MB%3A1024%2CVCPU%3A1&root_required=%21COMPUTE_STATUS_DISABLED => generated 1309 bytes in 222 msecs (HTTP/1.1 200) 8 headers in 297 bytes (1 switches on core 0)
Aug 29 10:31:51.732089 n-d-854929-3 devstack@placement-api.service[107998]: DEBUG placement.requestlog [req-d3241a40-c7b2-444a-bde8-daa68e920742 req-0b2ea481-51e7-4636-b8f7-6b1c409ead97 None None] Starting request: 10.222.0.18 "GET /placement/allocations/5f6e7a39-ec59-41a9-b280-53009cf8fc97" {{(pid=107998) __call__ /opt/stack/placement/placement/requestlog.py:55}}
Aug 29 10:31:51.747771 n-d-854929-3 devstack@placement-api.service[107998]: INFO placement.requestlog [req-d3241a40-c7b2-444a-bde8-daa68e920742 req-0b2ea481-51e7-4636-b8f7-6b1c409ead97 service placement] 10.222.0.18 "GET /placement/allocations/5f6e7a39-ec59-41a9-b280-53009cf8fc97" status: 200 len: 19 microversion: 1.28
Aug 29 10:31:51.751799 n-d-854929-3 devstack@placement-api.service[107998]: [pid: 107998|app: 0|req: 148/303] 10.222.0.18 () {60 vars in 1380 bytes} [Mon Aug 29 10:31:51 2022] GET /placement/allocations/5f6e7a39-ec59-41a9-b280-53009cf8fc97 => generated 19 bytes in 20 msecs (HTTP/1.1 200) 8 headers in 295 bytes (1 switches on core 0)
Aug 29 10:31:51.754285 n-d-854929-3 devstack@placement-api.service[107997]: DEBUG placement.requestlog [req-d3241a40-c7b2-444a-bde8-daa68e920742 req-f16fab20-f329-4bde-a616-a3dfd9a5f30b None None] Starting request: 10.222.0.18 "PUT /placement/allocations/5f6e7a39-ec59-41a9-b280-53009cf8fc97" {{(pid=107997) __call__ /opt/stack/placement/placement/requestlog.py:55}}
Aug 29 10:31:51.801357 n-d-854929-3 devstack@placement-api.service[107998]: DEBUG placement.requestlog [req-67d1dfbd-16d0-4790-8116-7e3ec214dbc1 req-072987df-87ee-4ace-a2de-7a3c96003011 None None] Starting request: 10.222.0.20 "GET /placement/resource_providers/7474b22c-16d7-43d2-9893-b72f71adbccd/allocations" {{(pid=107998) __call__ /opt/stack/placement/placement/requestlog.py:55}}
Aug 29 10:31:51.836752 n-d-854929-3 devstack@placement-api.service[107998]: INFO placement.requestlog [req-67d1dfbd-16d0-4790-8116-7e3ec214dbc1 req-072987df-87ee-4ace-a2de-7a3c96003011 service placement] 10.222.0.20 "GET /placement/resource_providers/7474b22c-16d7-43d2-9893-b72f71adbccd/allocations" status: 200 len: 558 microversion: 1.0
Aug 29 10:31:51.837087 n-d-854929-3 devstack@placement-api.service[107998]: [pid: 107998|app: 0|req: 149/304] 10.222.0.20 () {58 vars in 1390 bytes} [Mon Aug 29 10:31:51 2022] GET /placement/resource_providers/7474b22c-16d7-43d2-9893-b72f71adbccd/allocations => generated 558 bytes in 36 msecs (HTTP/1.1 200) 6 headers in 224 bytes (1 switches on core 0)
Aug 29 10:31:51.844496 n-d-854929-3 devstack@placement-api.service[107998]: DEBUG placement.requestlog [req-67d1dfbd-16d0-4790-8116-7e3ec214dbc1 req-6c660ab2-5aee-48c0-9bb6-5e9e056f6e96 None None] Starting request: 10.222.0.20 "GET /placement/allocations/271cbf70-153c-4ffe-a595-98625c711508" {{(pid=107998) __call__ /opt/stack/placement/placement/requestlog.py:55}}
Aug 29 10:31:51.868274 n-d-854929-3 devstack@placement-api.service[107998]: INFO placement.requestlog [req-67d1dfbd-16d0-4790-8116-7e3ec214dbc1 req-6c660ab2-5aee-48c0-9bb6-5e9e056f6e96 service placement] 10.222.0.20 "GET /placement/allocations/271cbf70-153c-4ffe-a595-98625c711508" status: 200 len: 259 microversion: 1.28
Aug 29 10:31:51.868274 n-d-854929-3 devstack@placement-api.service[107998]: [pid: 107998|app: 0|req: 150/305] 10.222.0.20 () {60 vars in 1377 bytes} [Mon Aug 29 10:31:51 2022] GET /placement/allocations/271cbf70-153c-4ffe-a595-98625c711508 => generated 259 bytes in 18 msecs (HTTP/1.1 200) 8 headers in 296 bytes (2 switches on core 0)
Aug 29 10:31:51.875264 n-d-854929-3 devstack@placement-api.service[107998]: DEBUG placement.requestlog [req-67d1dfbd-16d0-4790-8116-7e3ec214dbc1 req-1a706d18-865b-4879-85fb-768a457899b7 None None] Starting request: 10.222.0.20 "GET /placement/allocations/946cd0ab-34ac-4ffd-9a6a-bacc81199903" {{(pid=107998) __call__ /opt/stack/placement/placement/requestlog.py:55}}
Aug 29 10:31:51.897969 n-d-854929-3 devstack@placement-api.service[107998]: INFO placement.requestlog [req-67d1dfbd-16d0-4790-8116-7e3ec214dbc1 req-1a706d18-865b-4879-85fb-768a457899b7 service placement] 10.222.0.20 "GET /placement/allocations/946cd0ab-34ac-4ffd-9a6a-bacc81199903" status: 200 len: 259 microversion: 1.28
Aug 29 10:31:51.898688 n-d-854929-3 devstack@placement-api.service[107998]: [pid: 107998|app: 0|req: 151/306] 10.222.0.20 () {60 vars in 1377 bytes} [Mon Aug 29 10:31:51 2022] GET /placement/allocations/946cd0ab-34ac-4ffd-9a6a-bacc81199903 => generated 259 bytes in 24 msecs (HTTP/1.1 200) 8 headers in 296 bytes (1 switches on core 0)
Aug 29 10:31:51.906407 n-d-854929-3 devstack@placement-api.service[107998]: DEBUG placement.requestlog [req-67d1dfbd-16d0-4790-8116-7e3ec214dbc1 req-0516b971-59a2-40e3-af86-de9ed312a01f None None] Starting request: 10.222.0.20 "GET /placement/allocations/891ea5ee-8ed6-4f8e-92f7-359083f3ffe1" {{(pid=107998) __call__ /opt/stack/placement/placement/requestlog.py:55}}
Aug 29 10:31:51.939077 n-d-854929-3 devstack@placement-api.service[107998]: INFO placement.requestlog [req-67d1dfbd-16d0-4790-8116-7e3ec214dbc1 req-0516b971-59a2-40e3-af86-de9ed312a01f service placement] 10.222.0.20 "GET /placement/allocations/891ea5ee-8ed6-4f8e-92f7-359083f3ffe1" status: 200 len: 259 microversion: 1.28
Aug 29 10:31:51.940336 n-d-854929-3 devstack@placement-api.service[107998]: [pid: 107998|app: 0|req: 152/307] 10.222.0.20 () {60 vars in 1377 bytes} [Mon Aug 29 10:31:51 2022] GET /placement/allocations/891ea5ee-8ed6-4f8e-92f7-359083f3ffe1 => generated 259 bytes in 34 msecs (HTTP/1.1 200) 8 headers in 296 bytes (1 switches on core 0)
Aug 29 10:31:51.948583 n-d-854929-3 devstack@placement-api.service[107997]: DEBUG placement.handlers.allocation [req-d3241a40-c7b2-444a-bde8-daa68e920742 req-f16fab20-f329-4bde-a616-a3dfd9a5f30b service placement] Successfully wrote allocations [, , ] {{(pid=107997) _update_consumers_and_create_allocations /opt/stack/placement/placement/handlers/allocation.py:462}}
Aug 29 10:31:51.949313 n-d-854929-3 devstack@placement-api.service[107998]: DEBUG placement.requestlog [req-67d1dfbd-16d0-4790-8116-7e3ec214dbc1 req-f084bbfd-5c26-48bb-9fb0-ceb24c8b080c None None] Starting request: 10.222.0.20 "GET /placement/allocations/b79a54bd-6734-432a-a804-650c67c5eb09" {{(pid=107998) __call__ /opt/stack/placement/placement/requestlog.py:55}}
Aug 29 10:31:51.968804 n-d-854929-3 devstack@placement-api.service[107998]: INFO placement.requestlog [req-67d1dfbd-16d0-4790-8116-7e3ec214dbc1 req-f084bbfd-5c26-48bb-9fb0-ceb24c8b080c service placement] 10.222.0.20 "GET /placement/allocations/b79a54bd-6734-432a-a804-650c67c5eb09" status: 200 len: 259 microversion: 1.28
Aug 29 10:31:51.975301 n-d-854929-3 devstack@placement-api.service[107998]: [pid: 107998|app: 0|req: 153/308] 10.222.0.20 () {60 vars in 1377 bytes} [Mon Aug 29 10:31:51 2022] GET /placement/allocations/b79a54bd-6734-432a-a804-650c67c5eb09 => generated 259 bytes in 21 msecs (HTTP/1.1 200) 8 headers in 296 bytes (2 switches on core 0)
Aug 29 10:31:51.981096 n-d-854929-3 devstack@placement-api.service[107998]: DEBUG placement.requestlog [req-67d1dfbd-16d0-4790-8116-7e3ec214dbc1 req-74f17821-8a03-4470-8996-2249e8007f1b None None] Starting request: 10.222.0.20 "GET /placement/allocations/877873fd-9289-4ac9-a4c1-d0e2ce4a6b4e" {{(pid=107998) __call__ /opt/stack/placement/placement/requestlog.py:55}}
Aug 29 10:31:52.002712 n-d-854929-3 devstack@placement-api.service[107998]: INFO placement.requestlog [req-67d1dfbd-16d0-4790-8116-7e3ec214dbc1 req-74f17821-8a03-4470-8996-2249e8007f1b service placement] 10.222.0.20 "GET /placement/allocations/877873fd-9289-4ac9-a4c1-d0e2ce4a6b4e" status: 200 len: 259 microversion: 1.28
Aug 29 10:31:52.003322 n-d-854929-3 devstack@placement-api.service[107998]: [pid: 107998|app: 0|req: 154/309] 10.222.0.20 () {60 vars in 1377 bytes} [Mon Aug 29 10:31:51 2022] GET /placement/allocations/877873fd-9289-4ac9-a4c1-d0e2ce4a6b4e => generated 259 bytes in 23 msecs (HTTP/1.1 200) 8 headers in 296 bytes (1 switches on core 0)
Aug 29 10:31:52.021826 n-d-854929-3 devstack@placement-api.service[107997]: INFO placement.requestlog [req-d3241a40-c7b2-444a-bde8-daa68e920742 req-f16fab20-f329-4bde-a616-a3dfd9a5f30b service placement] 10.222.0.18 "PUT /placement/allocations/5f6e7a39-ec59-41a9-b280-53009cf8fc97" status: 204 len: 0 microversion: 1.36
Aug 29 10:31:52.023423 n-d-854929-3 devstack@placement-api.service[107997]: [pid: 107997|app: 0|req: 156/310] 10.222.0.18 () {64 vars in 1433 bytes} [Mon Aug 29 10:31:51 2022] PUT /placement/allocations/5f6e7a39-ec59-41a9-b280-53009cf8fc97 => generated 0 bytes in 268 msecs (HTTP/1.1 204) 5 headers in 199 bytes (2 switches on core 0)
