Sep 02 18:17:51.152702 n-d-854924-7 devstack@placement-api.service[107837]: INFO placement.requestlog [req-dca3ba0d-638e-47fd-9270-eb72931db4f5 req-0f125389-2ece-4c19-b1de-408428e1493c service placement] 10.222.0.69 "GET /placement/resource_providers/f710d428-2747-44ee-b035-04b85bde4543/allocations" status: 200 len: 443 microversion: 1.0
Sep 02 18:17:51.154170 n-d-854924-7 devstack@placement-api.service[107837]: [pid: 107837|app: 0|req: 625/1251] 10.222.0.69 () {58 vars in 1390 bytes} [Fri Sep 2 18:17:51 2022] GET /placement/resource_providers/f710d428-2747-44ee-b035-04b85bde4543/allocations => generated 443 bytes in 43 msecs (HTTP/1.1 200) 6 headers in 224 bytes (1 switches on core 0)
Sep 02 18:17:51.162278 n-d-854924-7 devstack@placement-api.service[107836]: DEBUG placement.requestlog [req-dca3ba0d-638e-47fd-9270-eb72931db4f5 req-973d2e5a-67af-4cf1-a94e-e0e0598763d6 None None] Starting request: 10.222.0.69 "GET /placement/allocations/329bc434-6125-47aa-953f-0e33da75d03f" {{(pid=107836) __call__ /opt/stack/placement/placement/requestlog.py:55}}
Sep 02 18:17:51.188916 n-d-854924-7 devstack@placement-api.service[107836]: INFO placement.requestlog [req-dca3ba0d-638e-47fd-9270-eb72931db4f5 req-973d2e5a-67af-4cf1-a94e-e0e0598763d6 service placement] 10.222.0.69 "GET /placement/allocations/329bc434-6125-47aa-953f-0e33da75d03f" status: 200 len: 245 microversion: 1.28
Sep 02 18:17:51.190565 n-d-854924-7 devstack@placement-api.service[107836]: [pid: 107836|app: 0|req: 627/1252] 10.222.0.69 () {60 vars in 1377 bytes} [Fri Sep 2 18:17:51 2022] GET /placement/allocations/329bc434-6125-47aa-953f-0e33da75d03f => generated 245 bytes in 28 msecs (HTTP/1.1 200) 8 headers in 296 bytes (1 switches on core 0)
Sep 02 18:17:51.197222 n-d-854924-7 devstack@placement-api.service[107837]: DEBUG placement.requestlog [req-dca3ba0d-638e-47fd-9270-eb72931db4f5 req-d9e07984-4540-40ac-8b11-7d764376c46a None None] Starting request: 10.222.0.69 "GET /placement/allocations/8d6162ff-5e9e-4219-b48f-9fca9478ef15" {{(pid=107837) __call__ /opt/stack/placement/placement/requestlog.py:55}}
Sep 02 18:17:51.229947 n-d-854924-7 devstack@placement-api.service[107837]: INFO placement.requestlog [req-dca3ba0d-638e-47fd-9270-eb72931db4f5 req-d9e07984-4540-40ac-8b11-7d764376c46a service placement] 10.222.0.69 "GET /placement/allocations/8d6162ff-5e9e-4219-b48f-9fca9478ef15" status: 200 len: 259 microversion: 1.28
Sep 02 18:17:51.232033 n-d-854924-7 devstack@placement-api.service[107837]: [pid: 107837|app: 0|req: 626/1253] 10.222.0.69 () {60 vars in 1377 bytes} [Fri Sep 2 18:17:51 2022] GET /placement/allocations/8d6162ff-5e9e-4219-b48f-9fca9478ef15 => generated 259 bytes in 36 msecs (HTTP/1.1 200) 8 headers in 296 bytes (1 switches on core 0)
Sep 02 18:17:51.240311 n-d-854924-7 devstack@placement-api.service[107836]: DEBUG placement.requestlog [req-dca3ba0d-638e-47fd-9270-eb72931db4f5 req-7e150832-8bce-420b-9370-a33d97848da3 None None] Starting request: 10.222.0.69 "GET /placement/allocations/84a44394-7894-4ec7-982b-8e47b88c1a38" {{(pid=107836) __call__ /opt/stack/placement/placement/requestlog.py:55}}
Sep 02 18:17:51.267133 n-d-854924-7 devstack@placement-api.service[107836]: INFO placement.requestlog [req-dca3ba0d-638e-47fd-9270-eb72931db4f5 req-7e150832-8bce-420b-9370-a33d97848da3 service placement] 10.222.0.69 "GET /placement/allocations/84a44394-7894-4ec7-982b-8e47b88c1a38" status: 200 len: 259 microversion: 1.28
Sep 02 18:17:51.270415 n-d-854924-7 devstack@placement-api.service[107836]: [pid: 107836|app: 0|req: 628/1254] 10.222.0.69 () {60 vars in 1377 bytes} [Fri Sep 2 18:17:51 2022] GET /placement/allocations/84a44394-7894-4ec7-982b-8e47b88c1a38 => generated 259 bytes in 31 msecs (HTTP/1.1 200) 8 headers in 296 bytes (1 switches on core 0)
Sep 02 18:17:51.277068 n-d-854924-7 devstack@placement-api.service[107837]: DEBUG placement.requestlog [req-dca3ba0d-638e-47fd-9270-eb72931db4f5 req-f332d517-4331-40bf-bda7-941b2f4a9b90 None None] Starting request: 10.222.0.69 "GET /placement/allocations/76339d3e-6133-4ec3-aa0f-f0e4dea3d230" {{(pid=107837) __call__ /opt/stack/placement/placement/requestlog.py:55}}
Sep 02 18:17:51.305778 n-d-854924-7 devstack@placement-api.service[107837]: INFO placement.requestlog [req-dca3ba0d-638e-47fd-9270-eb72931db4f5 req-f332d517-4331-40bf-bda7-941b2f4a9b90 service placement] 10.222.0.69 "GET /placement/allocations/76339d3e-6133-4ec3-aa0f-f0e4dea3d230" status: 200 len: 259 microversion: 1.28
Sep 02 18:17:51.307240 n-d-854924-7 devstack@placement-api.service[107837]: [pid: 107837|app: 0|req: 627/1255] 10.222.0.69 () {60 vars in 1377 bytes} [Fri Sep 2 18:17:51 2022] GET /placement/allocations/76339d3e-6133-4ec3-aa0f-f0e4dea3d230 => generated 259 bytes in 30 msecs (HTTP/1.1 200) 8 headers in 296 bytes (1 switches on core 0)
Sep 02 18:17:51.883891 n-d-854924-7 devstack@placement-api.service[107836]: DEBUG placement.requestlog [req-dca3ba0d-638e-47fd-9270-eb72931db4f5 req-6db5edbc-052a-4d17-b566-db669c3bf797 None None] Starting request: 10.222.0.69 "DELETE /placement/allocations/84a44394-7894-4ec7-982b-8e47b88c1a38" {{(pid=107836) __call__ /opt/stack/placement/placement/requestlog.py:55}}
Sep 02 18:17:51.926106 n-d-854924-7 devstack@placement-api.service[107836]: DEBUG placement.handlers.allocation [req-dca3ba0d-638e-47fd-9270-eb72931db4f5 req-6db5edbc-052a-4d17-b566-db669c3bf797 service placement] Successfully deleted allocations [, , ] {{(pid=107836) delete_allocations /opt/stack/placement/placement/handlers/allocation.py:627}}
Sep 02 18:17:51.926651 n-d-854924-7 devstack@placement-api.service[107836]: INFO placement.requestlog [req-dca3ba0d-638e-47fd-9270-eb72931db4f5 req-6db5edbc-052a-4d17-b566-db669c3bf797 service placement] 10.222.0.69 "DELETE /placement/allocations/84a44394-7894-4ec7-982b-8e47b88c1a38" status: 204 len: 0 microversion: 1.0
Sep 02 18:17:51.927274 n-d-854924-7 devstack@placement-api.service[107836]: [pid: 107836|app: 0|req: 629/1256] 10.222.0.69 () {60 vars in 1355 bytes} [Fri Sep 2 18:17:51 2022] DELETE /placement/allocations/84a44394-7894-4ec7-982b-8e47b88c1a38 => generated 0 bytes in 44 msecs (HTTP/1.1 204) 5 headers in 198 bytes (1 switches on core 0)
Sep 02 18:17:52.167042 n-d-854924-7 devstack@placement-api.service[107837]: DEBUG placement.requestlog [None req-1708bce9-b429-4d27-acac-726613691b10 None None] Starting request: 10.222.0.36 "GET /placement/resource_providers/007a54d3-0612-4670-a5ce-1b4840d3998c/aggregates" {{(pid=107837) __call__ /opt/stack/placement/placement/requestlog.py:55}}
Sep 02 18:17:52.582102 n-d-854924-7 devstack@placement-api.service[107837]: INFO placement.requestlog [None req-1708bce9-b429-4d27-acac-726613691b10 service placement] 10.222.0.36 "GET /placement/resource_providers/007a54d3-0612-4670-a5ce-1b4840d3998c/aggregates" status: 404 len: 235 microversion: 1.1
Sep 02 18:17:52.584132 n-d-854924-7 devstack@placement-api.service[107837]: [pid: 107837|app: 0|req: 628/1257] 10.222.0.36 () {58 vars in 1362 bytes} [Fri Sep 2 18:17:52 2022] GET /placement/resource_providers/007a54d3-0612-4670-a5ce-1b4840d3998c/aggregates => generated 235 bytes in 417 msecs (HTTP/1.1 404) 5 headers in 202 bytes (1 switches on core 0)
Sep 02 18:17:52.595518 n-d-854924-7 devstack@placement-api.service[107836]: DEBUG placement.requestlog [None req-0918c984-d971-4386-9016-4c55bead956a None None] Starting request: 10.222.0.36 "DELETE /placement/resource_providers/007a54d3-0612-4670-a5ce-1b4840d3998c" {{(pid=107836) __call__ /opt/stack/placement/placement/requestlog.py:55}}
Sep 02 18:17:52.636805 n-d-854924-7 devstack@placement-api.service[107836]: DEBUG placement.wsgi_wrapper [None req-0918c984-d971-4386-9016-4c55bead956a service placement] Placement API returning an error response: No resource provider with uuid 007a54d3-0612-4670-a5ce-1b4840d3998c found for delete {{(pid=107836) call_func /opt/stack/placement/placement/wsgi_wrapper.py:31}}
Sep 02 18:17:52.637588 n-d-854924-7 devstack@placement-api.service[107836]: INFO placement.requestlog [None req-0918c984-d971-4386-9016-4c55bead956a service placement] 10.222.0.36 "DELETE /placement/resource_providers/007a54d3-0612-4670-a5ce-1b4840d3998c" status: 404 len: 246 microversion: 1.1
Sep 02 18:17:52.643743 n-d-854924-7 devstack@placement-api.service[107836]: [pid: 107836|app: 0|req: 630/1258] 10.222.0.36 () {60 vars in 1351 bytes} [Fri Sep 2 18:17:52 2022] DELETE /placement/resource_providers/007a54d3-0612-4670-a5ce-1b4840d3998c => generated 246 bytes in 48 msecs (HTTP/1.1 404) 6 headers in 231 bytes (1 switches on core 0)
Sep 02 18:17:55.173144 n-d-854924-7 devstack@placement-api.service[107837]: DEBUG placement.requestlog [req-25e0e3e5-8068-45c0-ba87-d573acd44454 req-13ce8505-b070-49b4-adb8-fb770137c855 None None] Starting request: 10.222.0.36 "GET /placement/allocation_candidates?limit=1000&resources=DISK_GB%3A1%2CMEMORY_MB%3A1024%2CVCPU%3A1&root_required=%21COMPUTE_STATUS_DISABLED" {{(pid=107837) __call__ /opt/stack/placement/placement/requestlog.py:55}}
Sep 02 18:17:55.254882 n-d-854924-7 devstack@placement-api.service[107837]: DEBUG placement.objects.research_context [req-25e0e3e5-8068-45c0-ba87-d573acd44454 req-13ce8505-b070-49b4-adb8-fb770137c855 service placement] getting providers with 1 DISK_GB {{(pid=107837) __init__ /opt/stack/placement/placement/objects/research_context.py:136}}
Sep 02 18:17:55.267401 n-d-854924-7 devstack@placement-api.service[107837]: DEBUG placement.objects.research_context [req-25e0e3e5-8068-45c0-ba87-d573acd44454 req-13ce8505-b070-49b4-adb8-fb770137c855 service placement] getting providers with 1024 MEMORY_MB {{(pid=107837) __init__ /opt/stack/placement/placement/objects/research_context.py:136}}
Sep 02 18:17:55.280201 n-d-854924-7 devstack@placement-api.service[107837]: DEBUG placement.objects.research_context [req-25e0e3e5-8068-45c0-ba87-d573acd44454 req-13ce8505-b070-49b4-adb8-fb770137c855 service placement] getting providers with 1 VCPU {{(pid=107837) __init__ /opt/stack/placement/placement/objects/research_context.py:136}}
Sep 02 18:17:55.300325 n-d-854924-7 devstack@placement-api.service[107837]: DEBUG placement.objects.research_context [req-25e0e3e5-8068-45c0-ba87-d573acd44454 req-13ce8505-b070-49b4-adb8-fb770137c855 service placement] found 2 providers with available 1 DISK_GB {{(pid=107837) get_provider_ids_matching /opt/stack/placement/placement/objects/research_context.py:563}}
Sep 02 18:17:55.301714 n-d-854924-7 devstack@placement-api.service[107837]: DEBUG placement.objects.research_context [req-25e0e3e5-8068-45c0-ba87-d573acd44454 req-13ce8505-b070-49b4-adb8-fb770137c855 service placement] found 2 providers with available 1024 MEMORY_MB {{(pid=107837) get_provider_ids_matching /opt/stack/placement/placement/objects/research_context.py:563}}
Sep 02 18:17:55.302336 n-d-854924-7 devstack@placement-api.service[107837]: DEBUG placement.objects.research_context [req-25e0e3e5-8068-45c0-ba87-d573acd44454 req-13ce8505-b070-49b4-adb8-fb770137c855 service placement] found 2 providers after filtering by previous result {{(pid=107837) get_provider_ids_matching /opt/stack/placement/placement/objects/research_context.py:594}}
Sep 02 18:17:55.303784 n-d-854924-7 devstack@placement-api.service[107837]: DEBUG placement.objects.research_context [req-25e0e3e5-8068-45c0-ba87-d573acd44454 req-13ce8505-b070-49b4-adb8-fb770137c855 service placement] found 2 providers with available 1 VCPU {{(pid=107837) get_provider_ids_matching /opt/stack/placement/placement/objects/research_context.py:563}}
Sep 02 18:17:55.304901 n-d-854924-7 devstack@placement-api.service[107837]: DEBUG placement.objects.research_context [req-25e0e3e5-8068-45c0-ba87-d573acd44454 req-13ce8505-b070-49b4-adb8-fb770137c855 service placement] found 2 providers after filtering by previous result {{(pid=107837) get_provider_ids_matching /opt/stack/placement/placement/objects/research_context.py:594}}
Sep 02 18:17:55.341343 n-d-854924-7 devstack@placement-api.service[107837]: DEBUG placement.objects.allocation_candidate [req-25e0e3e5-8068-45c0-ba87-d573acd44454 req-13ce8505-b070-49b4-adb8-fb770137c855 service placement] RequestGroup(use_same_provider=False, resources={DISK_GB:1, MEMORY_MB:1024, VCPU:1}, traits=(), aggregates=[]) (suffix '') returned 2 matches {{(pid=107837) _get_by_requests /opt/stack/placement/placement/objects/allocation_candidate.py:156}}
Sep 02 18:17:55.344583 n-d-854924-7 devstack@placement-api.service[107837]: DEBUG placement.objects.allocation_candidate [req-25e0e3e5-8068-45c0-ba87-d573acd44454 req-13ce8505-b070-49b4-adb8-fb770137c855 service placement] Merging candidates yields 2 allocation requests and 2 provider summaries {{(pid=107837) _merge_candidates /opt/stack/placement/placement/objects/allocation_candidate.py:809}}
Sep 02 18:17:55.346908 n-d-854924-7 devstack@placement-api.service[107837]: INFO placement.requestlog [req-25e0e3e5-8068-45c0-ba87-d573acd44454 req-13ce8505-b070-49b4-adb8-fb770137c855 service placement] 10.222.0.36 "GET /placement/allocation_candidates?limit=1000&resources=DISK_GB%3A1%2CMEMORY_MB%3A1024%2CVCPU%3A1&root_required=%21COMPUTE_STATUS_DISABLED" status: 200 len: 1309 microversion: 1.36
Sep 02 18:17:55.348811 n-d-854924-7 devstack@placement-api.service[107837]: [pid: 107837|app: 0|req: 629/1259] 10.222.0.36 () {60 vars in 1506 bytes} [Fri Sep 2 18:17:55 2022] GET /placement/allocation_candidates?limit=1000&resources=DISK_GB%3A1%2CMEMORY_MB%3A1024%2CVCPU%3A1&root_required=%21COMPUTE_STATUS_DISABLED => generated 1309 bytes in 176 msecs (HTTP/1.1 200) 8 headers in 297 bytes (1 switches on core 0)
Sep 02 18:17:55.487834 n-d-854924-7 devstack@placement-api.service[107836]: DEBUG placement.requestlog [req-25e0e3e5-8068-45c0-ba87-d573acd44454 req-110c671a-d68b-43ef-a2a7-63b7776b9f5b None None] Starting request: 10.222.0.36 "GET /placement/allocations/db8618a7-038b-429c-bacc-9a9b0bdb80ac" {{(pid=107836) __call__ /opt/stack/placement/placement/requestlog.py:55}}
Sep 02 18:17:55.512932 n-d-854924-7 devstack@placement-api.service[107836]: INFO placement.requestlog [req-25e0e3e5-8068-45c0-ba87-d573acd44454 req-110c671a-d68b-43ef-a2a7-63b7776b9f5b service placement] 10.222.0.36 "GET /placement/allocations/db8618a7-038b-429c-bacc-9a9b0bdb80ac" status: 200 len: 19 microversion: 1.28
Sep 02 18:17:55.516613 n-d-854924-7 devstack@placement-api.service[107836]: [pid: 107836|app: 0|req: 631/1260] 10.222.0.36 () {60 vars in 1380 bytes} [Fri Sep 2 18:17:55 2022] GET /placement/allocations/db8618a7-038b-429c-bacc-9a9b0bdb80ac => generated 19 bytes in 30 msecs (HTTP/1.1 200) 8 headers in 295 bytes (1 switches on core 0)
Sep 02 18:17:55.519373 n-d-854924-7 devstack@placement-api.service[107837]: DEBUG placement.requestlog [req-25e0e3e5-8068-45c0-ba87-d573acd44454 req-738853e9-00ca-4456-b074-7deca319a2d6 None None] Starting request: 10.222.0.36 "PUT /placement/allocations/db8618a7-038b-429c-bacc-9a9b0bdb80ac" {{(pid=107837) __call__ /opt/stack/placement/placement/requestlog.py:55}}
Sep 02 18:17:55.665735 n-d-854924-7 devstack@placement-api.service[107837]: DEBUG placement.handlers.allocation [req-25e0e3e5-8068-45c0-ba87-d573acd44454 req-738853e9-00ca-4456-b074-7deca319a2d6 service placement] Successfully wrote allocations [, , ] {{(pid=107837) _update_consumers_and_create_allocations /opt/stack/placement/placement/handlers/allocation.py:462}}
Sep 02 18:17:55.671245 n-d-854924-7 devstack@placement-api.service[107837]: INFO placement.requestlog [req-25e0e3e5-8068-45c0-ba87-d573acd44454 req-738853e9-00ca-4456-b074-7deca319a2d6 service placement] 10.222.0.36 "PUT /placement/allocations/db8618a7-038b-429c-bacc-9a9b0bdb80ac" status: 204 len: 0 microversion: 1.36
Sep 02 18:17:55.672683 n-d-854924-7 devstack@placement-api.service[107837]: [pid: 107837|app: 0|req: 630/1261] 10.222.0.36 () {64 vars in 1433 bytes} [Fri Sep 2 18:17:55 2022] PUT /placement/allocations/db8618a7-038b-429c-bacc-9a9b0bdb80ac => generated 0 bytes in 153 msecs (HTTP/1.1 204) 5 headers in 199 bytes (3 switches on core 0)
Sep 02 18:17:56.227094 n-d-854924-7 devstack@placement-api.service[107836]: DEBUG placement.requestlog [req-25e0e3e5-8068-45c0-ba87-d573acd44454 req-611a9942-531f-4350-93e0-43d6741dceed None None] Starting request: 10.222.0.26 "GET /placement/allocations/db8618a7-038b-429c-bacc-9a9b0bdb80ac" {{(pid=107836) __call__ /opt/stack/placement/placement/requestlog.py:55}}
Sep 02 18:17:56.281274 n-d-854924-7 devstack@placement-api.service[107836]: INFO placement.requestlog [req-25e0e3e5-8068-45c0-ba87-d573acd44454 req-611a9942-531f-4350-93e0-43d6741dceed service placement] 10.222.0.26 "GET /placement/allocations/db8618a7-038b-429c-bacc-9a9b0bdb80ac" status: 200 len: 259 microversion: 1.28
Sep 02 18:17:56.282854 n-d-854924-7 devstack@placement-api.service[107836]: [pid: 107836|app: 0|req: 632/1262] 10.222.0.26 () {60 vars in 1377 bytes} [Fri Sep 2 18:17:56 2022] GET /placement/allocations/db8618a7-038b-429c-bacc-9a9b0bdb80ac => generated 259 bytes in 56 msecs (HTTP/1.1 200) 8 headers in 296 bytes (1 switches on core 0)
Sep 02 18:17:56.566965 n-d-854924-7 devstack@placement-api.service[107837]: DEBUG placement.requestlog [req-25e0e3e5-8068-45c0-ba87-d573acd44454 req-500e8643-fcea-4041-a30f-3d327b684ea6 None None] Starting request: 10.222.0.26 "GET /placement/resource_providers/e2a58c6d-db8a-4cd7-9e4f-f09e60d32203/allocations" {{(pid=107837) __call__ /opt/stack/placement/placement/requestlog.py:55}}
Sep 02 18:17:56.629381 n-d-854924-7 devstack@placement-api.service[107837]: INFO placement.requestlog [req-25e0e3e5-8068-45c0-ba87-d573acd44454 req-500e8643-fcea-4041-a30f-3d327b684ea6 service placement] 10.222.0.26 "GET /placement/resource_providers/e2a58c6d-db8a-4cd7-9e4f-f09e60d32203/allocations" status: 200 len: 847 microversion: 1.0
Sep 02 18:17:56.630597 n-d-854924-7 devstack@placement-api.service[107837]: [pid: 107837|app: 0|req: 631/1263] 10.222.0.26 () {58 vars in 1390 bytes} [Fri Sep 2 18:17:56 2022] GET /placement/resource_providers/e2a58c6d-db8a-4cd7-9e4f-f09e60d32203/allocations => generated 847 bytes in 64 msecs (HTTP/1.1 200) 6 headers in 224 bytes (1 switches on core 0)
Sep 02 18:17:56.637873 n-d-854924-7 devstack@placement-api.service[107836]: DEBUG placement.requestlog [req-25e0e3e5-8068-45c0-ba87-d573acd44454 req-88976016-2ed5-405e-8de3-525cfa0051ef None None] Starting request: 10.222.0.26 "GET /placement/allocations/0a03af30-c7d8-4072-b020-8165b38fd305" {{(pid=107836) __call__ /opt/stack/placement/placement/requestlog.py:55}}
Sep 02 18:17:56.673894 n-d-854924-7 devstack@placement-api.service[107836]: INFO placement.requestlog [req-25e0e3e5-8068-45c0-ba87-d573acd44454 req-88976016-2ed5-405e-8de3-525cfa0051ef service placement] 10.222.0.26 "GET /placement/allocations/0a03af30-c7d8-4072-b020-8165b38fd305" status: 200 len: 259 microversion: 1.28
Sep 02 18:17:56.677317 n-d-854924-7 devstack@placement-api.service[107836]: [pid: 107836|app: 0|req: 633/1264] 10.222.0.26 () {60 vars in 1377 bytes} [Fri Sep 2 18:17:56 2022] GET /placement/allocations/0a03af30-c7d8-4072-b020-8165b38fd305 => generated 259 bytes in 40 msecs (HTTP/1.1 200) 8 headers in 296 bytes (1 switches on core 0)
Sep 02 18:17:56.688234 n-d-854924-7 devstack@placement-api.service[107837]: DEBUG placement.requestlog [req-25e0e3e5-8068-45c0-ba87-d573acd44454 req-1e50c89d-aed0-41f1-8103-c18faec96af2 None None] Starting request: 10.222.0.26 "GET /placement/allocations/94cdb086-8a56-4196-840e-77f58e1049ad" {{(pid=107837) __call__ /opt/stack/placement/placement/requestlog.py:55}}
Sep 02 18:17:56.726318 n-d-854924-7 devstack@placement-api.service[107837]: INFO placement.requestlog [req-25e0e3e5-8068-45c0-ba87-d573acd44454 req-1e50c89d-aed0-41f1-8103-c18faec96af2 service placement] 10.222.0.26 "GET /placement/allocations/94cdb086-8a56-4196-840e-77f58e1049ad" status: 200 len: 259 microversion: 1.28
Sep 02 18:17:56.727970 n-d-854924-7 devstack@placement-api.service[107837]: [pid: 107837|app: 0|req: 632/1265] 10.222.0.26 () {60 vars in 1377 bytes} [Fri Sep 2 18:17:56 2022] GET /placement/allocations/94cdb086-8a56-4196-840e-77f58e1049ad => generated 259 bytes in 40 msecs (HTTP/1.1 200) 8 headers in 296 bytes (1 switches on core 0)
Sep 02 18:17:56.736420 n-d-854924-7 devstack@placement-api.service[107836]: DEBUG placement.requestlog [req-25e0e3e5-8068-45c0-ba87-d573acd44454 req-59c76390-154e-4dea-96c8-31a4c45cac92 None None] Starting request: 10.222.0.26 "GET /placement/allocations/5c5bbfa7-c8a7-4ce1-a538-fc0bce8adb7a" {{(pid=107836) __call__ /opt/stack/placement/placement/requestlog.py:55}}
Sep 02 18:17:56.792001 n-d-854924-7 devstack@placement-api.service[107836]: INFO placement.requestlog [req-25e0e3e5-8068-45c0-ba87-d573acd44454 req-59c76390-154e-4dea-96c8-31a4c45cac92 service placement] 10.222.0.26 "GET /placement/allocations/5c5bbfa7-c8a7-4ce1-a538-fc0bce8adb7a" status: 200 len: 259 microversion: 1.28
Sep 02 18:17:56.792580 n-d-854924-7 devstack@placement-api.service[107836]: [pid: 107836|app: 0|req: 634/1266] 10.222.0.26 () {60 vars in 1377 bytes} [Fri Sep 2 18:17:56 2022] GET /placement/allocations/5c5bbfa7-c8a7-4ce1-a538-fc0bce8adb7a => generated 259 bytes in 57 msecs (HTTP/1.1 200) 8 headers in 296 bytes (1 switches on core 0)
Sep 02 18:17:56.800951 n-d-854924-7 devstack@placement-api.service[107837]: DEBUG placement.requestlog [req-25e0e3e5-8068-45c0-ba87-d573acd44454 req-c589fd53-1219-4bd2-a76f-bb1218061d28 None None] Starting request: 10.222.0.26 "GET /placement/allocations/db8618a7-038b-429c-bacc-9a9b0bdb80ac" {{(pid=107837) __call__ /opt/stack/placement/placement/requestlog.py:55}}
Sep 02 18:17:56.828358 n-d-854924-7 devstack@placement-api.service[107837]: INFO placement.requestlog [req-25e0e3e5-8068-45c0-ba87-d573acd44454 req-c589fd53-1219-4bd2-a76f-bb1218061d28 service placement] 10.222.0.26 "GET /placement/allocations/db8618a7-038b-429c-bacc-9a9b0bdb80ac" status: 200 len: 259 microversion: 1.28
Sep 02 18:17:56.829009 n-d-854924-7 devstack@placement-api.service[107837]: [pid: 107837|app: 0|req: 633/1267] 10.222.0.26 () {60 vars in 1377 bytes} [Fri Sep 2 18:17:56 2022] GET /placement/allocations/db8618a7-038b-429c-bacc-9a9b0bdb80ac => generated 259 bytes in 28 msecs (HTTP/1.1 200) 8 headers in 296 bytes (1 switches on core 0)
Sep 02 18:17:56.839176 n-d-854924-7 devstack@placement-api.service[107836]: DEBUG placement.requestlog [req-25e0e3e5-8068-45c0-ba87-d573acd44454 req-0b1c6352-97a0-4ee4-b3c1-a92c9b8c9de4 None None] Starting request: 10.222.0.26 "GET /placement/allocations/65c837a1-0d3b-4138-bf64-9bf71aa3f499" {{(pid=107836) __call__ /opt/stack/placement/placement/requestlog.py:55}}
Sep 02 18:17:56.850041 n-d-854924-7 devstack@placement-api.service[107837]: DEBUG placement.requestlog [req-0f4fe6bb-ed98-4ace-bcdf-6136fc22f6b4 req-562eb020-287b-4148-8eec-e950eb097341 None None] Starting request: 10.222.0.36 "GET /placement/allocation_candidates?limit=1000&resources=DISK_GB%3A1%2CMEMORY_MB%3A1024%2CVCPU%3A1&root_required=%21COMPUTE_STATUS_DISABLED" {{(pid=107837) __call__ /opt/stack/placement/placement/requestlog.py:55}}
Sep 02 18:17:56.882580 n-d-854924-7 devstack@placement-api.service[107836]: INFO placement.requestlog [req-25e0e3e5-8068-45c0-ba87-d573acd44454 req-0b1c6352-97a0-4ee4-b3c1-a92c9b8c9de4 service placement] 10.222.0.26 "GET /placement/allocations/65c837a1-0d3b-4138-bf64-9bf71aa3f499" status: 200 len: 259 microversion: 1.28
Sep 02 18:17:56.883570 n-d-854924-7 devstack@placement-api.service[107836]: [pid: 107836|app: 0|req: 635/1268] 10.222.0.26 () {60 vars in 1377 bytes} [Fri Sep 2 18:17:56 2022] GET /placement/allocations/65c837a1-0d3b-4138-bf64-9bf71aa3f499 => generated 259 bytes in 45 msecs (HTTP/1.1 200) 8 headers in 296 bytes (1 switches on core 0)
Sep 02 18:17:56.884967 n-d-854924-7 devstack@placement-api.service[107837]: DEBUG dbcounter [-] [107837] Writing DB stats placement:SELECT=92,placement:INSERT=4,placement:DELETE=2,placement:UPDATE=2 {{(pid=107837) stat_writer /usr/local/lib/python3.8/dist-packages/dbcounter.py:114}}
Sep 02 18:17:56.893701 n-d-854924-7 devstack@placement-api.service[107836]: DEBUG placement.requestlog [req-25e0e3e5-8068-45c0-ba87-d573acd44454 req-642833ae-2d0e-48bb-b7e8-342d38430b95 None None] Starting request: 10.222.0.26 "GET /placement/allocations/ff5217cf-5bf0-4971-abf0-ef60bc06c610" {{(pid=107836) __call__ /opt/stack/placement/placement/requestlog.py:55}}
Sep 02 18:17:56.953592 n-d-854924-7 devstack@placement-api.service[107836]: INFO placement.requestlog [req-25e0e3e5-8068-45c0-ba87-d573acd44454 req-642833ae-2d0e-48bb-b7e8-342d38430b95 service placement] 10.222.0.26 "GET /placement/allocations/ff5217cf-5bf0-4971-abf0-ef60bc06c610" status: 200 len: 245 microversion: 1.28
Sep 02 18:17:56.954356 n-d-854924-7 devstack@placement-api.service[107836]: [pid: 107836|app: 0|req: 636/1269] 10.222.0.26 () {60 vars in 1377 bytes} [Fri Sep 2 18:17:56 2022] GET /placement/allocations/ff5217cf-5bf0-4971-abf0-ef60bc06c610 => generated 245 bytes in 61 msecs (HTTP/1.1 200) 8 headers in 296 bytes (2 switches on core 0)
Sep 02 18:17:56.964683 n-d-854924-7 devstack@placement-api.service[107836]: DEBUG placement.requestlog [req-25e0e3e5-8068-45c0-ba87-d573acd44454 req-5ab901bb-0b27-438a-a066-068292070415 None None] Starting request: 10.222.0.26 "GET /placement/allocations/2d54366c-5e66-4c24-a5bb-37e4753c147f" {{(pid=107836) __call__ /opt/stack/placement/placement/requestlog.py:55}}
Sep 02 18:17:56.967053 n-d-854924-7 devstack@placement-api.service[107837]: DEBUG placement.objects.research_context [req-0f4fe6bb-ed98-4ace-bcdf-6136fc22f6b4 req-562eb020-287b-4148-8eec-e950eb097341 service placement] getting providers with 1 DISK_GB {{(pid=107837) __init__ /opt/stack/placement/placement/objects/research_context.py:136}}
Sep 02 18:17:56.988596 n-d-854924-7 devstack@placement-api.service[107837]: DEBUG placement.objects.research_context [req-0f4fe6bb-ed98-4ace-bcdf-6136fc22f6b4 req-562eb020-287b-4148-8eec-e950eb097341 service placement] getting providers with 1024 MEMORY_MB {{(pid=107837) __init__ /opt/stack/placement/placement/objects/research_context.py:136}}
Sep 02 18:17:57.001352 n-d-854924-7 devstack@placement-api.service[107836]: INFO placement.requestlog [req-25e0e3e5-8068-45c0-ba87-d573acd44454 req-5ab901bb-0b27-438a-a066-068292070415 service placement] 10.222.0.26 "GET /placement/allocations/2d54366c-5e66-4c24-a5bb-37e4753c147f" status: 200 len: 259 microversion: 1.28
Sep 02 18:17:57.002508 n-d-854924-7 devstack@placement-api.service[107836]: [pid: 107836|app: 0|req: 637/1270] 10.222.0.26 () {60 vars in 1377 bytes} [Fri Sep 2 18:17:56 2022] GET /placement/allocations/2d54366c-5e66-4c24-a5bb-37e4753c147f => generated 259 bytes in 38 msecs (HTTP/1.1 200) 8 headers in 296 bytes (1 switches on core 0)
Sep 02 18:17:57.005819 n-d-854924-7 devstack@placement-api.service[107837]: DEBUG placement.objects.research_context [req-0f4fe6bb-ed98-4ace-bcdf-6136fc22f6b4 req-562eb020-287b-4148-8eec-e950eb097341 service placement] getting providers with 1 VCPU {{(pid=107837) __init__ /opt/stack/placement/placement/objects/research_context.py:136}}
Sep 02 18:17:57.011628 n-d-854924-7 devstack@placement-api.service[107836]: DEBUG placement.requestlog [req-25e0e3e5-8068-45c0-ba87-d573acd44454 req-52fac321-846b-40e9-b6c2-692252f29d10 None None] Starting request: 10.222.0.26 "GET /placement/allocations/b6e804d3-f89d-4140-a9b2-35ee74d8bfbf" {{(pid=107836) __call__ /opt/stack/placement/placement/requestlog.py:55}}
Sep 02 18:17:57.020435 n-d-854924-7 devstack@placement-api.service[107837]: DEBUG placement.objects.research_context [req-0f4fe6bb-ed98-4ace-bcdf-6136fc22f6b4 req-562eb020-287b-4148-8eec-e950eb097341 service placement] found 2 providers with available 1 DISK_GB {{(pid=107837) get_provider_ids_matching /opt/stack/placement/placement/objects/research_context.py:563}}
Sep 02 18:17:57.020752 n-d-854924-7 devstack@placement-api.service[107837]: DEBUG placement.objects.research_context [req-0f4fe6bb-ed98-4ace-bcdf-6136fc22f6b4 req-562eb020-287b-4148-8eec-e950eb097341 service placement] found 2 providers with available 1024 MEMORY_MB {{(pid=107837) get_provider_ids_matching /opt/stack/placement/placement/objects/research_context.py:563}}
Sep 02 18:17:57.021034 n-d-854924-7 devstack@placement-api.service[107837]: DEBUG placement.objects.research_context [req-0f4fe6bb-ed98-4ace-bcdf-6136fc22f6b4 req-562eb020-287b-4148-8eec-e950eb097341 service placement] found 2 providers after filtering by previous result {{(pid=107837) get_provider_ids_matching /opt/stack/placement/placement/objects/research_context.py:594}}
Sep 02 18:17:57.021299 n-d-854924-7 devstack@placement-api.service[107837]: DEBUG placement.objects.research_context [req-0f4fe6bb-ed98-4ace-bcdf-6136fc22f6b4 req-562eb020-287b-4148-8eec-e950eb097341 service placement] found 2 providers with available 1 VCPU {{(pid=107837) get_provider_ids_matching /opt/stack/placement/placement/objects/research_context.py:563}}
Sep 02 18:17:57.021568 n-d-854924-7 devstack@placement-api.service[107837]: DEBUG placement.objects.research_context [req-0f4fe6bb-ed98-4ace-bcdf-6136fc22f6b4 req-562eb020-287b-4148-8eec-e950eb097341 service placement] found 2 providers after filtering by previous result {{(pid=107837) get_provider_ids_matching /opt/stack/placement/placement/objects/research_context.py:594}}
Sep 02 18:17:57.039114 n-d-854924-7 devstack@placement-api.service[107836]: INFO placement.requestlog [req-25e0e3e5-8068-45c0-ba87-d573acd44454 req-52fac321-846b-40e9-b6c2-692252f29d10 service placement] 10.222.0.26 "GET /placement/allocations/b6e804d3-f89d-4140-a9b2-35ee74d8bfbf" status: 200 len: 259 microversion: 1.28
Sep 02 18:17:57.040116 n-d-854924-7 devstack@placement-api.service[107836]: [pid: 107836|app: 0|req: 638/1271] 10.222.0.26 () {60 vars in 1377 bytes} [Fri Sep 2 18:17:57 2022] GET /placement/allocations/b6e804d3-f89d-4140-a9b2-35ee74d8bfbf => generated 259 bytes in 29 msecs (HTTP/1.1 200) 8 headers in 296 bytes (2 switches on core 0)
Sep 02 18:17:57.049374 n-d-854924-7 devstack@placement-api.service[107837]: DEBUG placement.objects.allocation_candidate [req-0f4fe6bb-ed98-4ace-bcdf-6136fc22f6b4 req-562eb020-287b-4148-8eec-e950eb097341 service placement] RequestGroup(use_same_provider=False, resources={DISK_GB:1, MEMORY_MB:1024, VCPU:1}, traits=(), aggregates=[]) (suffix '') returned 2 matches {{(pid=107837) _get_by_requests /opt/stack/placement/placement/objects/allocation_candidate.py:156}}
Sep 02 18:17:57.049751 n-d-854924-7 devstack@placement-api.service[107837]: DEBUG placement.objects.allocation_candidate [req-0f4fe6bb-ed98-4ace-bcdf-6136fc22f6b4 req-562eb020-287b-4148-8eec-e950eb097341 service placement] Merging candidates yields 2 allocation requests and 2 provider summaries {{(pid=107837) _merge_candidates /opt/stack/placement/placement/objects/allocation_candidate.py:809}}
Sep 02 18:17:57.057741 n-d-854924-7 devstack@placement-api.service[107837]: INFO placement.requestlog [req-0f4fe6bb-ed98-4ace-bcdf-6136fc22f6b4 req-562eb020-287b-4148-8eec-e950eb097341 service placement] 10.222.0.36 "GET /placement/allocation_candidates?limit=1000&resources=DISK_GB%3A1%2CMEMORY_MB%3A1024%2CVCPU%3A1&root_required=%21COMPUTE_STATUS_DISABLED" status: 200 len: 1309 microversion: 1.36
Sep 02 18:17:57.063853 n-d-854924-7 devstack@placement-api.service[107837]: [pid: 107837|app: 0|req: 634/1272] 10.222.0.36 () {60 vars in 1506 bytes} [Fri Sep 2 18:17:56 2022] GET /placement/allocation_candidates?limit=1000&resources=DISK_GB%3A1%2CMEMORY_MB%3A1024%2CVCPU%3A1&root_required=%21COMPUTE_STATUS_DISABLED => generated 1309 bytes in 214 msecs (HTTP/1.1 200) 8 headers in 297 bytes (2 switches on core 0)
Sep 02 18:17:57.237342 n-d-854924-7 devstack@placement-api.service[107836]: DEBUG placement.requestlog [req-0f4fe6bb-ed98-4ace-bcdf-6136fc22f6b4 req-3e6e8920-2bce-4637-b7fa-019735aa8448 None None] Starting request: 10.222.0.36 "GET /placement/allocations/976b58a9-0535-4946-abf0-f41bf27f5494" {{(pid=107836) __call__ /opt/stack/placement/placement/requestlog.py:55}}
Sep 02 18:17:57.258753 n-d-854924-7 devstack@placement-api.service[107836]: INFO placement.requestlog [req-0f4fe6bb-ed98-4ace-bcdf-6136fc22f6b4 req-3e6e8920-2bce-4637-b7fa-019735aa8448 service placement] 10.222.0.36 "GET /placement/allocations/976b58a9-0535-4946-abf0-f41bf27f5494" status: 200 len: 19 microversion: 1.28
Sep 02 18:17:57.261113 n-d-854924-7 devstack@placement-api.service[107836]: [pid: 107836|app: 0|req: 639/1273] 10.222.0.36 () {60 vars in 1380 bytes} [Fri Sep 2 18:17:57 2022] GET /placement/allocations/976b58a9-0535-4946-abf0-f41bf27f5494 => generated 19 bytes in 24 msecs (HTTP/1.1 200) 8 headers in 295 bytes (1 switches on core 0)
Sep 02 18:17:57.266981 n-d-854924-7 devstack@placement-api.service[107837]: DEBUG placement.requestlog [req-0f4fe6bb-ed98-4ace-bcdf-6136fc22f6b4 req-f36c01e0-78c2-45ca-9a57-519b2709e1c6 None None] Starting request: 10.222.0.36 "PUT /placement/allocations/976b58a9-0535-4946-abf0-f41bf27f5494" {{(pid=107837) __call__ /opt/stack/placement/placement/requestlog.py:55}}
Sep 02 18:17:57.450075 n-d-854924-7 devstack@placement-api.service[107837]: DEBUG placement.handlers.allocation [req-0f4fe6bb-ed98-4ace-bcdf-6136fc22f6b4 req-f36c01e0-78c2-45ca-9a57-519b2709e1c6 service placement] Successfully wrote allocations [, , ] {{(pid=107837) _update_consumers_and_create_allocations /opt/stack/placement/placement/handlers/allocation.py:462}}
Sep 02 18:17:57.461259 n-d-854924-7 devstack@placement-api.service[107837]: INFO placement.requestlog [req-0f4fe6bb-ed98-4ace-bcdf-6136fc22f6b4 req-f36c01e0-78c2-45ca-9a57-519b2709e1c6 service placement] 10.222.0.36 "PUT /placement/allocations/976b58a9-0535-4946-abf0-f41bf27f5494" status: 204 len: 0 microversion: 1.36
Sep 02 18:17:57.461669 n-d-854924-7 devstack@placement-api.service[107837]: [pid: 107837|app: 0|req: 635/1274] 10.222.0.36 () {64 vars in 1433 bytes} [Fri Sep 2 18:17:57 2022] PUT /placement/allocations/976b58a9-0535-4946-abf0-f41bf27f5494 => generated 0 bytes in 195 msecs (HTTP/1.1 204) 5 headers in 199 bytes (2 switches on core 0)
Sep 02 18:17:58.290869 n-d-854924-7 devstack@placement-api.service[107836]: DEBUG placement.requestlog [req-0f4fe6bb-ed98-4ace-bcdf-6136fc22f6b4 req-701d98cb-606b-4cb9-8e82-b5f7ba61cedf None None] Starting request: 10.222.0.69 "GET /placement/allocations/976b58a9-0535-4946-abf0-f41bf27f5494" {{(pid=107836) __call__ /opt/stack/placement/placement/requestlog.py:55}}
Sep 02 18:17:58.330364 n-d-854924-7 devstack@placement-api.service[107836]: INFO placement.requestlog [req-0f4fe6bb-ed98-4ace-bcdf-6136fc22f6b4 req-701d98cb-606b-4cb9-8e82-b5f7ba61cedf service placement] 10.222.0.69 "GET /placement/allocations/976b58a9-0535-4946-abf0-f41bf27f5494" status: 200 len: 259 microversion: 1.28
Sep 02 18:17:58.331334 n-d-854924-7 devstack@placement-api.service[107836]: [pid: 107836|app: 0|req: 640/1275] 10.222.0.69 () {60 vars in 1377 bytes} [Fri Sep 2 18:17:58 2022] GET /placement/allocations/976b58a9-0535-4946-abf0-f41bf27f5494 => generated 259 bytes in 41 msecs (HTTP/1.1 200) 8 headers in 296 bytes (1 switches on core 0)
Sep 02 18:17:58.628086 n-d-854924-7 devstack@placement-api.service[107837]: DEBUG placement.requestlog [req-0f4fe6bb-ed98-4ace-bcdf-6136fc22f6b4 req-b88e9dca-b2e0-4269-b4b9-12de1908069e None None] Starting request: 10.222.0.69 "GET /placement/resource_providers/f710d428-2747-44ee-b035-04b85bde4543/allocations" {{(pid=107837) __call__ /opt/stack/placement/placement/requestlog.py:55}}
Sep 02 18:17:58.679437 n-d-854924-7 devstack@placement-api.service[107837]: INFO placement.requestlog [req-0f4fe6bb-ed98-4ace-bcdf-6136fc22f6b4 req-b88e9dca-b2e0-4269-b4b9-12de1908069e service placement] 10.222.0.69 "GET /placement/resource_providers/f710d428-2747-44ee-b035-04b85bde4543/allocations" status: 200 len: 443 microversion: 1.0
Sep 02 18:17:58.679819 n-d-854924-7 devstack@placement-api.service[107837]: [pid: 107837|app: 0|req: 636/1276] 10.222.0.69 () {58 vars in 1390 bytes} [Fri Sep 2 18:17:58 2022] GET /placement/resource_providers/f710d428-2747-44ee-b035-04b85bde4543/allocations => generated 443 bytes in 52 msecs (HTTP/1.1 200) 6 headers in 224 bytes (2 switches on core 0)
Sep 02 18:17:58.687853 n-d-854924-7 devstack@placement-api.service[107836]: DEBUG placement.requestlog [req-0f4fe6bb-ed98-4ace-bcdf-6136fc22f6b4 req-541e7e02-a176-4986-a7fe-9d3024f4c8b7 None None] Starting request: 10.222.0.69 "GET /placement/allocations/329bc434-6125-47aa-953f-0e33da75d03f" {{(pid=107836) __call__ /opt/stack/placement/placement/requestlog.py:55}}
Sep 02 18:17:58.697325 n-d-854924-7 devstack@placement-api.service[107836]: DEBUG dbcounter [-] [107836] Writing DB stats placement:SELECT=96,placement:DELETE=4 {{(pid=107836) stat_writer /usr/local/lib/python3.8/dist-packages/dbcounter.py:114}}
Sep 02 18:17:58.729833 n-d-854924-7 devstack@placement-api.service[107836]: INFO placement.requestlog [req-0f4fe6bb-ed98-4ace-bcdf-6136fc22f6b4 req-541e7e02-a176-4986-a7fe-9d3024f4c8b7 service placement] 10.222.0.69 "GET /placement/allocations/329bc434-6125-47aa-953f-0e33da75d03f" status: 200 len: 245 microversion: 1.28
Sep 02 18:17:58.730494 n-d-854924-7 devstack@placement-api.service[107836]: [pid: 107836|app: 0|req: 641/1277] 10.222.0.69 () {60 vars in 1377 bytes} [Fri Sep 2 18:17:58 2022] GET /placement/allocations/329bc434-6125-47aa-953f-0e33da75d03f => generated 245 bytes in 43 msecs (HTTP/1.1 200) 8 headers in 296 bytes (1 switches on core 0)
Sep 02 18:17:58.740157 n-d-854924-7 devstack@placement-api.service[107837]: DEBUG placement.requestlog [req-0f4fe6bb-ed98-4ace-bcdf-6136fc22f6b4 req-f2f8c4fe-8d14-480c-962d-70aa7b58c155 None None] Starting request: 10.222.0.69 "GET /placement/allocations/976b58a9-0535-4946-abf0-f41bf27f5494" {{(pid=107837) __call__ /opt/stack/placement/placement/requestlog.py:55}}
Sep 02 18:17:58.779933 n-d-854924-7 devstack@placement-api.service[107837]: INFO placement.requestlog [req-0f4fe6bb-ed98-4ace-bcdf-6136fc22f6b4 req-f2f8c4fe-8d14-480c-962d-70aa7b58c155 service placement] 10.222.0.69 "GET /placement/allocations/976b58a9-0535-4946-abf0-f41bf27f5494" status: 200 len: 259 microversion: 1.28
Sep 02 18:17:58.781377 n-d-854924-7 devstack@placement-api.service[107837]: [pid: 107837|app: 0|req: 637/1278] 10.222.0.69 () {60 vars in 1377 bytes} [Fri Sep 2 18:17:58 2022] GET /placement/allocations/976b58a9-0535-4946-abf0-f41bf27f5494 => generated 259 bytes in 43 msecs (HTTP/1.1 200) 8 headers in 296 bytes (2 switches on core 0)
Sep 02 18:17:58.795056 n-d-854924-7 devstack@placement-api.service[107836]: DEBUG placement.requestlog [req-0f4fe6bb-ed98-4ace-bcdf-6136fc22f6b4 req-bb660013-f83f-46b4-b34a-427402d5a20e None None] Starting request: 10.222.0.69 "GET /placement/allocations/8d6162ff-5e9e-4219-b48f-9fca9478ef15" {{(pid=107836) __call__ /opt/stack/placement/placement/requestlog.py:55}}
Sep 02 18:17:58.833970 n-d-854924-7 devstack@placement-api.service[107836]: INFO placement.requestlog [req-0f4fe6bb-ed98-4ace-bcdf-6136fc22f6b4 req-bb660013-f83f-46b4-b34a-427402d5a20e service placement] 10.222.0.69 "GET /placement/allocations/8d6162ff-5e9e-4219-b48f-9fca9478ef15" status: 200 len: 259 microversion: 1.28
Sep 02 18:17:58.834620 n-d-854924-7 devstack@placement-api.service[107836]: [pid: 107836|app: 0|req: 642/1279] 10.222.0.69 () {60 vars in 1377 bytes} [Fri Sep 2 18:17:58 2022] GET /placement/allocations/8d6162ff-5e9e-4219-b48f-9fca9478ef15 => generated 259 bytes in 40 msecs (HTTP/1.1 200) 8 headers in 296 bytes (2 switches on core 0)
Sep 02 18:17:58.842704 n-d-854924-7 devstack@placement-api.service[107837]: DEBUG placement.requestlog [req-0f4fe6bb-ed98-4ace-bcdf-6136fc22f6b4 req-0da4c7a8-d96e-4fe0-9ac2-fd544f034410 None None] Starting request: 10.222.0.69 "GET /placement/allocations/76339d3e-6133-4ec3-aa0f-f0e4dea3d230" {{(pid=107837) __call__ /opt/stack/placement/placement/requestlog.py:55}}
Sep 02 18:17:58.869851 n-d-854924-7 devstack@placement-api.service[107837]: INFO placement.requestlog [req-0f4fe6bb-ed98-4ace-bcdf-6136fc22f6b4 req-0da4c7a8-d96e-4fe0-9ac2-fd544f034410 service placement] 10.222.0.69 "GET /placement/allocations/76339d3e-6133-4ec3-aa0f-f0e4dea3d230" status: 200 len: 259 microversion: 1.28
Sep 02 18:17:58.870848 n-d-854924-7 devstack@placement-api.service[107837]: [pid: 107837|app: 0|req: 638/1280] 10.222.0.69 () {60 vars in 1377 bytes} [Fri Sep 2 18:17:58 2022] GET /placement/allocations/76339d3e-6133-4ec3-aa0f-f0e4dea3d230 => generated 259 bytes in 29 msecs (HTTP/1.1 200) 8 headers in 296 bytes (1 switches on core 0)
Sep 02 18:18:03.216522 n-d-854924-7 devstack@placement-api.service[107836]: DEBUG placement.requestlog [req-b37b861f-291e-4fca-aa83-c54235250589 req-b6504d62-7454-4fda-915b-4e7969509a46 None None] Starting request: 10.222.0.36 "GET /placement/allocation_candidates?limit=1000&resources=DISK_GB%3A1%2CMEMORY_MB%3A1024%2CVCPU%3A1&root_required=%21COMPUTE_STATUS_DISABLED" {{(pid=107836) __call__ /opt/stack/placement/placement/requestlog.py:55}}
Sep 02 18:18:03.285583 n-d-854924-7 devstack@placement-api.service[107836]: DEBUG placement.objects.research_context [req-b37b861f-291e-4fca-aa83-c54235250589 req-b6504d62-7454-4fda-915b-4e7969509a46 service placement] getting providers with 1 DISK_GB {{(pid=107836) __init__ /opt/stack/placement/placement/objects/research_context.py:136}}
Sep 02 18:18:03.297231 n-d-854924-7 devstack@placement-api.service[107836]: DEBUG placement.objects.research_context [req-b37b861f-291e-4fca-aa83-c54235250589 req-b6504d62-7454-4fda-915b-4e7969509a46 service placement] getting providers with 1024 MEMORY_MB {{(pid=107836) __init__ /opt/stack/placement/placement/objects/research_context.py:136}}
Sep 02 18:18:03.306195 n-d-854924-7 devstack@placement-api.service[107836]: DEBUG placement.objects.research_context [req-b37b861f-291e-4fca-aa83-c54235250589 req-b6504d62-7454-4fda-915b-4e7969509a46 service placement] getting providers with 1 VCPU {{(pid=107836) __init__ /opt/stack/placement/placement/objects/research_context.py:136}}
Sep 02 18:18:03.313523 n-d-854924-7 devstack@placement-api.service[107836]: DEBUG placement.objects.research_context [req-b37b861f-291e-4fca-aa83-c54235250589 req-b6504d62-7454-4fda-915b-4e7969509a46 service placement] found 2 providers with available 1 DISK_GB {{(pid=107836) get_provider_ids_matching /opt/stack/placement/placement/objects/research_context.py:563}}
Sep 02 18:18:03.313995 n-d-854924-7 devstack@placement-api.service[107836]: DEBUG placement.objects.research_context [req-b37b861f-291e-4fca-aa83-c54235250589 req-b6504d62-7454-4fda-915b-4e7969509a46 service placement] found 2 providers with available 1024 MEMORY_MB {{(pid=107836) get_provider_ids_matching /opt/stack/placement/placement/objects/research_context.py:563}}
Sep 02 18:18:03.323581 n-d-854924-7 devstack@placement-api.service[107836]: DEBUG placement.objects.research_context [req-b37b861f-291e-4fca-aa83-c54235250589 req-b6504d62-7454-4fda-915b-4e7969509a46 service placement] found 2 providers after filtering by previous result {{(pid=107836) get_provider_ids_matching /opt/stack/placement/placement/objects/research_context.py:594}}
Sep 02 18:18:03.328910 n-d-854924-7 devstack@placement-api.service[107836]: DEBUG placement.objects.research_context [req-b37b861f-291e-4fca-aa83-c54235250589 req-b6504d62-7454-4fda-915b-4e7969509a46 service placement] found 2 providers with available 1 VCPU {{(pid=107836) get_provider_ids_matching /opt/stack/placement/placement/objects/research_context.py:563}}
Sep 02 18:18:03.329342 n-d-854924-7 devstack@placement-api.service[107836]: DEBUG placement.objects.research_context [req-b37b861f-291e-4fca-aa83-c54235250589 req-b6504d62-7454-4fda-915b-4e7969509a46 service placement] found 2 providers after filtering by previous result {{(pid=107836) get_provider_ids_matching /opt/stack/placement/placement/objects/research_context.py:594}}
Sep 02 18:18:03.362661 n-d-854924-7 devstack@placement-api.service[107836]: DEBUG placement.objects.allocation_candidate [req-b37b861f-291e-4fca-aa83-c54235250589 req-b6504d62-7454-4fda-915b-4e7969509a46 service placement] RequestGroup(use_same_provider=False, resources={DISK_GB:1, MEMORY_MB:1024, VCPU:1}, traits=(), aggregates=[]) (suffix '') returned 2 matches {{(pid=107836) _get_by_requests /opt/stack/placement/placement/objects/allocation_candidate.py:156}}
Sep 02 18:18:03.364376 n-d-854924-7 devstack@placement-api.service[107836]: DEBUG placement.objects.allocation_candidate [req-b37b861f-291e-4fca-aa83-c54235250589 req-b6504d62-7454-4fda-915b-4e7969509a46 service placement] Merging candidates yields 2 allocation requests and 2 provider summaries {{(pid=107836) _merge_candidates /opt/stack/placement/placement/objects/allocation_candidate.py:809}}
Sep 02 18:18:03.367267 n-d-854924-7 devstack@placement-api.service[107836]: INFO placement.requestlog [req-b37b861f-291e-4fca-aa83-c54235250589 req-b6504d62-7454-4fda-915b-4e7969509a46 service placement] 10.222.0.36 "GET /placement/allocation_candidates?limit=1000&resources=DISK_GB%3A1%2CMEMORY_MB%3A1024%2CVCPU%3A1&root_required=%21COMPUTE_STATUS_DISABLED" status: 200 len: 1309 microversion: 1.36
Sep 02 18:18:03.369911 n-d-854924-7 devstack@placement-api.service[107836]: [pid: 107836|app: 0|req: 643/1281] 10.222.0.36 () {60 vars in 1506 bytes} [Fri Sep 2 18:18:03 2022] GET /placement/allocation_candidates?limit=1000&resources=DISK_GB%3A1%2CMEMORY_MB%3A1024%2CVCPU%3A1&root_required=%21COMPUTE_STATUS_DISABLED => generated 1309 bytes in 154 msecs (HTTP/1.1 200) 8 headers in 297 bytes (1 switches on core 0)
Sep 02 18:18:03.517222 n-d-854924-7 devstack@placement-api.service[107837]: DEBUG placement.requestlog [req-b37b861f-291e-4fca-aa83-c54235250589 req-37c356cd-b9cc-46da-94a8-d24e1f7edaee None None] Starting request: 10.222.0.36 "GET /placement/allocations/5f7e6306-c749-4087-9efb-9fa6a5323c46" {{(pid=107837) __call__ /opt/stack/placement/placement/requestlog.py:55}}
Sep 02 18:18:03.532953 n-d-854924-7 devstack@placement-api.service[107837]: INFO placement.requestlog [req-b37b861f-291e-4fca-aa83-c54235250589 req-37c356cd-b9cc-46da-94a8-d24e1f7edaee service placement] 10.222.0.36 "GET /placement/allocations/5f7e6306-c749-4087-9efb-9fa6a5323c46" status: 200 len: 19 microversion: 1.28
Sep 02 18:18:03.539813 n-d-854924-7 devstack@placement-api.service[107837]: [pid: 107837|app: 0|req: 639/1282] 10.222.0.36 () {60 vars in 1380 bytes} [Fri Sep 2 18:18:03 2022] GET /placement/allocations/5f7e6306-c749-4087-9efb-9fa6a5323c46 => generated 19 bytes in 23 msecs (HTTP/1.1 200) 8 headers in 295 bytes (1 switches on core 0)
Sep 02 18:18:03.543952 n-d-854924-7 devstack@placement-api.service[107836]: DEBUG placement.requestlog [req-b37b861f-291e-4fca-aa83-c54235250589 req-b8fddffb-2669-4760-9157-20ea9d8b2501 None None] Starting request: 10.222.0.36 "PUT /placement/allocations/5f7e6306-c749-4087-9efb-9fa6a5323c46" {{(pid=107836) __call__ /opt/stack/placement/placement/requestlog.py:55}}
Sep 02 18:18:03.557659 n-d-854924-7 devstack@placement-api.service[107837]: DEBUG placement.requestlog [req-825a1f16-2c30-4aa7-8c4a-a069289762a1 req-3a9a6ecf-cdbd-40fb-8e38-9f92359c315e None None] Starting request: 10.222.0.36 "GET /placement/allocation_candidates?limit=1000&resources=DISK_GB%3A1%2CMEMORY_MB%3A1024%2CVCPU%3A1&root_required=%21COMPUTE_STATUS_DISABLED" {{(pid=107837) __call__ /opt/stack/placement/placement/requestlog.py:55}}
Sep 02 18:18:03.634154 n-d-854924-7 devstack@placement-api.service[107837]: DEBUG placement.objects.research_context [req-825a1f16-2c30-4aa7-8c4a-a069289762a1 req-3a9a6ecf-cdbd-40fb-8e38-9f92359c315e service placement] getting providers with 1 DISK_GB {{(pid=107837) __init__ /opt/stack/placement/placement/objects/research_context.py:136}}
Sep 02 18:18:03.640937 n-d-854924-7 devstack@placement-api.service[107837]: DEBUG placement.objects.research_context [req-825a1f16-2c30-4aa7-8c4a-a069289762a1 req-3a9a6ecf-cdbd-40fb-8e38-9f92359c315e service placement] getting providers with 1024 MEMORY_MB {{(pid=107837) __init__ /opt/stack/placement/placement/objects/research_context.py:136}}
Sep 02 18:18:03.651303 n-d-854924-7 devstack@placement-api.service[107837]: DEBUG placement.objects.research_context [req-825a1f16-2c30-4aa7-8c4a-a069289762a1 req-3a9a6ecf-cdbd-40fb-8e38-9f92359c315e service placement] getting providers with 1 VCPU {{(pid=107837) __init__ /opt/stack/placement/placement/objects/research_context.py:136}}
Sep 02 18:18:03.658849 n-d-854924-7 devstack@placement-api.service[107837]: DEBUG placement.objects.research_context [req-825a1f16-2c30-4aa7-8c4a-a069289762a1 req-3a9a6ecf-cdbd-40fb-8e38-9f92359c315e service placement] found 2 providers with available 1 DISK_GB {{(pid=107837) get_provider_ids_matching /opt/stack/placement/placement/objects/research_context.py:563}}
Sep 02 18:18:03.659787 n-d-854924-7 devstack@placement-api.service[107837]: DEBUG placement.objects.research_context [req-825a1f16-2c30-4aa7-8c4a-a069289762a1 req-3a9a6ecf-cdbd-40fb-8e38-9f92359c315e service placement] found 2 providers with available 1024 MEMORY_MB {{(pid=107837) get_provider_ids_matching /opt/stack/placement/placement/objects/research_context.py:563}}
Sep 02 18:18:03.660244 n-d-854924-7 devstack@placement-api.service[107837]: DEBUG placement.objects.research_context [req-825a1f16-2c30-4aa7-8c4a-a069289762a1 req-3a9a6ecf-cdbd-40fb-8e38-9f92359c315e service placement] found 2 providers after filtering by previous result {{(pid=107837) get_provider_ids_matching /opt/stack/placement/placement/objects/research_context.py:594}}
Sep 02 18:18:03.661556 n-d-854924-7 devstack@placement-api.service[107837]: DEBUG placement.objects.research_context [req-825a1f16-2c30-4aa7-8c4a-a069289762a1 req-3a9a6ecf-cdbd-40fb-8e38-9f92359c315e service placement] found 2 providers with available 1 VCPU {{(pid=107837) get_provider_ids_matching /opt/stack/placement/placement/objects/research_context.py:563}}
