Sep 02 17:55:04.091522 n-d-854924-7 devstack@keystone.service[81882]: DEBUG keystone.common.fernet_utils [None req-ae1cfa11-04b2-42d4-a626-55b9019d78dc None None] Loaded 2 Fernet keys from /etc/keystone/fernet-keys/, but `[fernet_tokens] max_active_keys = 3`; perhaps there have not been enough key rotations to reach `max_active_keys` yet? {{(pid=81882) load_keys /opt/stack/keystone/keystone/common/fernet_utils.py:286}}
Sep 02 17:55:04.096276 n-d-854924-7 devstack@keystone.service[81881]: ERROR keystone.server.flask.application [None req-c203e35c-d282-4830-ad0d-0e6947aa234b None admin] Could not find role: anotherrole.: keystone.exception.RoleNotFound: Could not find role: anotherrole.
Sep 02 17:55:04.096276 n-d-854924-7 devstack@keystone.service[81881]: ERROR keystone.server.flask.application
Traceback (most recent call last):
Sep 02 17:55:04.096276 n-d-854924-7 devstack@keystone.service[81881]: ERROR keystone.server.flask.application
File "/usr/local/lib/python3.8/dist-packages/flask/app.py", line 1820, in full_dispatch_request
Sep 02 17:55:04.096276 n-d-854924-7 devstack@keystone.service[81881]: ERROR keystone.server.flask.application rv = self.dispatch_request()
Sep 02 17:55:04.096276 n-d-854924-7 devstack@keystone.service[81881]: ERROR keystone.server.flask.application
File "/usr/local/lib/python3.8/dist-packages/flask/app.py", line 1796, in dispatch_request
Sep 02 17:55:04.096276 n-d-854924-7 devstack@keystone.service[81881]: ERROR keystone.server.flask.application return self.ensure_sync(self.view_functions[rule.endpoint])(**view_args)
Sep 02 17:55:04.096276 n-d-854924-7 devstack@keystone.service[81881]: ERROR keystone.server.flask.application
File "/usr/local/lib/python3.8/dist-packages/flask_restful/__init__.py", line 467, in wrapper
Sep 02 17:55:04.096276 n-d-854924-7 devstack@keystone.service[81881]: ERROR keystone.server.flask.application resp = resource(*args, **kwargs)
Sep 02 17:55:04.096276 n-d-854924-7 devstack@keystone.service[81881]: ERROR keystone.server.flask.application
File "/usr/local/lib/python3.8/dist-packages/flask/views.py", line 107, in view
Sep 02 17:55:04.096276 n-d-854924-7 devstack@keystone.service[81881]: ERROR keystone.server.flask.application return current_app.ensure_sync(self.dispatch_request)(**kwargs)
Sep 02 17:55:04.096276 n-d-854924-7 devstack@keystone.service[81881]: ERROR keystone.server.flask.application
File "/usr/local/lib/python3.8/dist-packages/flask_restful/__init__.py", line 582, in dispatch_request
Sep 02 17:55:04.096276 n-d-854924-7 devstack@keystone.service[81881]: ERROR keystone.server.flask.application resp = meth(*args, **kwargs)
Sep 02 17:55:04.096276 n-d-854924-7 devstack@keystone.service[81881]: ERROR keystone.server.flask.application
File "/opt/stack/keystone/keystone/api/roles.py", line 50, in get
Sep 02 17:55:04.096276 n-d-854924-7 devstack@keystone.service[81881]: ERROR keystone.server.flask.application return self._get_role(role_id)
Sep 02 17:55:04.096276 n-d-854924-7 devstack@keystone.service[81881]: ERROR keystone.server.flask.application
File "/opt/stack/keystone/keystone/api/roles.py", line 70, in _get_role
Sep 02 17:55:04.096276 n-d-854924-7 devstack@keystone.service[81881]: ERROR keystone.server.flask.application ENFORCER.enforce_call(action='identity:get_role')
Sep 02 17:55:04.097313 n-d-854924-7 devstack@keystone.service[81881]: ERROR keystone.server.flask.application
File "/opt/stack/keystone/keystone/common/rbac_enforcer/enforcer.py", line 402, in enforce_call
Sep 02 17:55:04.097313 n-d-854924-7 devstack@keystone.service[81881]: ERROR keystone.server.flask.application policy_dict.update(cls._extract_member_target_data(
Sep 02 17:55:04.097313 n-d-854924-7 devstack@keystone.service[81881]: ERROR keystone.server.flask.application
File "/opt/stack/keystone/keystone/common/rbac_enforcer/enforcer.py", line 234, in _extract_member_target_data
Sep 02 17:55:04.097313 n-d-854924-7 devstack@keystone.service[81881]: ERROR keystone.server.flask.application member_name: func(flask.request.view_args[key])
Sep 02 17:55:04.097313 n-d-854924-7 devstack@keystone.service[81881]: ERROR keystone.server.flask.application
File "/opt/stack/keystone/keystone/common/manager.py", line 115, in wrapped
Sep 02 17:55:04.097313 n-d-854924-7 devstack@keystone.service[81881]: ERROR keystone.server.flask.application __ret_val = __f(*args, **kwargs)
Sep 02 17:55:04.097313 n-d-854924-7 devstack@keystone.service[81881]: ERROR keystone.server.flask.application
File "/usr/local/lib/python3.8/dist-packages/decorator.py", line 232, in fun
Sep 02 17:55:04.097313 n-d-854924-7 devstack@keystone.service[81881]: ERROR keystone.server.flask.application return caller(func, *(extras + args), **kw)
Sep 02 17:55:04.097313 n-d-854924-7 devstack@keystone.service[81881]: ERROR keystone.server.flask.application
File "/usr/local/lib/python3.8/dist-packages/dogpile/cache/region.py", line 1577, in get_or_create_for_user_func
Sep 02 17:55:04.097313 n-d-854924-7 devstack@keystone.service[81881]: ERROR keystone.server.flask.application return self.get_or_create(
Sep 02 17:55:04.097313 n-d-854924-7 devstack@keystone.service[81881]: ERROR keystone.server.flask.application
File "/usr/local/lib/python3.8/dist-packages/dogpile/cache/region.py", line 1042, in get_or_create
Sep 02 17:55:04.097313 n-d-854924-7 devstack@keystone.service[81881]: ERROR keystone.server.flask.application with Lock(
Sep 02 17:55:04.097313 n-d-854924-7 devstack@keystone.service[81881]: ERROR keystone.server.flask.application
File "/usr/local/lib/python3.8/dist-packages/dogpile/lock.py", line 185, in __enter__
Sep 02 17:55:04.097313 n-d-854924-7 devstack@keystone.service[81881]: ERROR keystone.server.flask.application return self._enter()
Sep 02 17:55:04.097313 n-d-854924-7 devstack@keystone.service[81881]: ERROR keystone.server.flask.application
File "/usr/local/lib/python3.8/dist-packages/dogpile/lock.py", line 94, in _enter
Sep 02 17:55:04.097313 n-d-854924-7 devstack@keystone.service[81881]: ERROR keystone.server.flask.application generated = self._enter_create(value, createdtime)
Sep 02 17:55:04.098102 n-d-854924-7 devstack@keystone.service[81881]: ERROR keystone.server.flask.application
File "/usr/local/lib/python3.8/dist-packages/dogpile/lock.py", line 178, in _enter_create
Sep 02 17:55:04.098102 n-d-854924-7 devstack@keystone.service[81881]: ERROR keystone.server.flask.application return self.creator()
Sep 02 17:55:04.098102 n-d-854924-7 devstack@keystone.service[81881]: ERROR keystone.server.flask.application
File "/usr/local/lib/python3.8/dist-packages/dogpile/cache/region.py", line 995, in gen_value
Sep 02 17:55:04.098102 n-d-854924-7 devstack@keystone.service[81881]: ERROR keystone.server.flask.application created_value = creator(
Sep 02 17:55:04.098102 n-d-854924-7 devstack@keystone.service[81881]: ERROR keystone.server.flask.application
File "/opt/stack/keystone/keystone/assignment/core.py", line 1276, in get_role
Sep 02 17:55:04.098102 n-d-854924-7 devstack@keystone.service[81881]: ERROR keystone.server.flask.application return self.driver.get_role(role_id)
Sep 02 17:55:04.098102 n-d-854924-7 devstack@keystone.service[81881]: ERROR keystone.server.flask.application
File "/opt/stack/keystone/keystone/assignment/role_backends/sql.py", line 70, in get_role
Sep 02 17:55:04.098102 n-d-854924-7 devstack@keystone.service[81881]: ERROR keystone.server.flask.application return self._get_role(session, role_id).to_dict()
Sep 02 17:55:04.098102 n-d-854924-7 devstack@keystone.service[81881]: ERROR keystone.server.flask.application
File "/opt/stack/keystone/keystone/assignment/role_backends/sql.py", line 65, in _get_role
Sep 02 17:55:04.098102 n-d-854924-7 devstack@keystone.service[81881]: ERROR keystone.server.flask.application raise exception.RoleNotFound(role_id=role_id)
Sep 02 17:55:04.098102 n-d-854924-7 devstack@keystone.service[81881]: ERROR keystone.server.flask.application keystone.exception.RoleNotFound: Could not find role: anotherrole.
Sep 02 17:55:04.098102 n-d-854924-7 devstack@keystone.service[81881]: ERROR keystone.server.flask.application
Sep 02 17:55:04.106475 n-d-854924-7 devstack@keystone.service[81881]: [pid: 81881|app: 0|req: 91/174] 10.222.0.36 () {56 vars in 1114 bytes} [Fri Sep 2 17:55:03 2022] GET /identity/v3/roles/anotherrole => generated 89 bytes in 285 msecs (HTTP/1.1 404) 5 headers in 183 bytes (1 switches on core 0)
Sep 02 17:55:04.107367 n-d-854924-7 devstack@keystone.service[81881]: DEBUG keystone.server.flask.request_processing.middleware.auth_context [None req-c203e35c-d282-4830-ad0d-0e6947aa234b None admin] Authenticating user token {{(pid=81881) process_request /usr/local/lib/python3.8/dist-packages/keystonemiddleware/auth_token/__init__.py:407}}
Sep 02 17:55:04.173697 n-d-854924-7 devstack@keystone.service[81882]: [pid: 81882|app: 0|req: 84/175] 10.222.0.36 () {58 vars in 1024 bytes} [Fri Sep 2 17:55:04 2022] POST /identity/v3/auth/tokens => generated 799 bytes in 107 msecs (HTTP/1.1 201) 6 headers in 363 bytes (1 switches on core 0)
Sep 02 17:55:04.175067 n-d-854924-7 devstack@keystone.service[81882]: DEBUG keystone.server.flask.request_processing.middleware.auth_context [None req-ae1cfa11-04b2-42d4-a626-55b9019d78dc None None] Authenticating user token {{(pid=81882) process_request /usr/local/lib/python3.8/dist-packages/keystonemiddleware/auth_token/__init__.py:407}}
Sep 02 17:55:04.191341 n-d-854924-7 devstack@keystone.service[81881]: DEBUG dbcounter [-] [81881] Writing DB stats keystone:SELECT=100 {{(pid=81881) stat_writer /usr/local/lib/python3.8/dist-packages/dbcounter.py:114}}
Sep 02 17:55:04.269820 n-d-854924-7 devstack@keystone.service[81881]: DEBUG keystone.server.flask.request_processing.middleware.auth_context [None req-c203e35c-d282-4830-ad0d-0e6947aa234b None admin] Validating token access rules against request {{(pid=81881) validate_allowed_request /usr/local/lib/python3.8/dist-packages/keystonemiddleware/auth_token/__init__.py:545}}
Sep 02 17:55:04.294447 n-d-854924-7 devstack@keystone.service[81882]: DEBUG keystone.server.flask.request_processing.middleware.auth_context [None req-ae1cfa11-04b2-42d4-a626-55b9019d78dc None None] Validating token access rules against request {{(pid=81882) validate_allowed_request /usr/local/lib/python3.8/dist-packages/keystonemiddleware/auth_token/__init__.py:545}}
Sep 02 17:55:04.310100 n-d-854924-7 devstack@keystone.service[81882]: DEBUG dbcounter [-] [81882] Writing DB stats keystone:SELECT=100 {{(pid=81882) stat_writer /usr/local/lib/python3.8/dist-packages/dbcounter.py:114}}
Sep 02 17:55:04.329376 n-d-854924-7 devstack@keystone.service[81881]: DEBUG keystone.server.flask.request_processing.middleware.auth_context [None req-b88cb71e-8285-463c-a433-bee399333da5 None admin] RBAC: auth_context: {'token': , 'domain_id': None, 'trust_id': None, 'trustor_id': None, 'trustee_id': None, 'domain_name': None, 'group_ids': [], 'user_id': '734283d33b4a46f1b0bb680ec46a9cdc', 'user_domain_id': 'default', 'system_scope': 'all', 'project_id': None, 'project_domain_id': None, 'roles': ['admin', 'member', 'reader'], 'is_admin_project': True, 'service_user_id': None, 'service_user_domain_id': None, 'service_project_id': None, 'service_project_domain_id': None, 'service_roles': []} {{(pid=81881) fill_context /opt/stack/keystone/keystone/server/flask/request_processing/middleware/auth_context.py:478}}
Sep 02 17:55:04.330031 n-d-854924-7 devstack@keystone.service[81881]: DEBUG keystone.server.flask.request_processing.req_logging [None req-b88cb71e-8285-463c-a433-bee399333da5 None admin] REQUEST_METHOD: `GET` {{(pid=81881) log_request_info /opt/stack/keystone/keystone/server/flask/request_processing/req_logging.py:27}}
Sep 02 17:55:04.330317 n-d-854924-7 devstack@keystone.service[81881]: DEBUG keystone.server.flask.request_processing.req_logging [None req-b88cb71e-8285-463c-a433-bee399333da5 None admin] SCRIPT_NAME: `/identity` {{(pid=81881) log_request_info /opt/stack/keystone/keystone/server/flask/request_processing/req_logging.py:28}}
Sep 02 17:55:04.330595 n-d-854924-7 devstack@keystone.service[81881]: DEBUG keystone.server.flask.request_processing.req_logging [None req-b88cb71e-8285-463c-a433-bee399333da5 None admin] PATH_INFO: `/v3/projects/959d4fb8f85c4bc4b79e9486c077eae5` {{(pid=81881) log_request_info /opt/stack/keystone/keystone/server/flask/request_processing/req_logging.py:29}}
Sep 02 17:55:04.331839 n-d-854924-7 devstack@keystone.service[81881]: DEBUG keystone.common.rbac_enforcer.enforcer [None req-b88cb71e-8285-463c-a433-bee399333da5 None admin] RBAC: Authorizing `identity:get_project(project_id=959d4fb8f85c4bc4b79e9486c077eae5)` {{(pid=81881) enforce_call /opt/stack/keystone/keystone/common/rbac_enforcer/enforcer.py:449}}
Sep 02 17:55:04.333335 n-d-854924-7 devstack@keystone.service[81881]: DEBUG keystone.common.rbac_enforcer.enforcer [None req-b88cb71e-8285-463c-a433-bee399333da5 None admin] RBAC: Authorization granted {{(pid=81881) enforce_call /opt/stack/keystone/keystone/common/rbac_enforcer/enforcer.py:457}}
Sep 02 17:55:04.335320 n-d-854924-7 devstack@keystone.service[81881]: [pid: 81881|app: 0|req: 92/176] 10.222.0.36 () {56 vars in 1186 bytes} [Fri Sep 2 17:55:04 2022] GET /identity/v3/projects/959d4fb8f85c4bc4b79e9486c077eae5 => generated 312 bytes in 228 msecs (HTTP/1.1 200) 5 headers in 177 bytes (1 switches on core 0)
Sep 02 17:55:04.336577 n-d-854924-7 devstack@keystone.service[81881]: DEBUG keystone.server.flask.request_processing.req_logging [None req-d3b4ceb6-1e7b-429e-9646-184da78906af None None] REQUEST_METHOD: `GET` {{(pid=81881) log_request_info /opt/stack/keystone/keystone/server/flask/request_processing/req_logging.py:27}}
Sep 02 17:55:04.336864 n-d-854924-7 devstack@keystone.service[81881]: DEBUG keystone.server.flask.request_processing.req_logging [None req-d3b4ceb6-1e7b-429e-9646-184da78906af None None] SCRIPT_NAME: `/identity` {{(pid=81881) log_request_info /opt/stack/keystone/keystone/server/flask/request_processing/req_logging.py:28}}
Sep 02 17:55:04.337148 n-d-854924-7 devstack@keystone.service[81881]: DEBUG keystone.server.flask.request_processing.req_logging [None req-d3b4ceb6-1e7b-429e-9646-184da78906af None None] PATH_INFO: `/` {{(pid=81881) log_request_info /opt/stack/keystone/keystone/server/flask/request_processing/req_logging.py:29}}
Sep 02 17:55:04.337755 n-d-854924-7 devstack@keystone.service[81882]: DEBUG keystone.server.flask.request_processing.middleware.auth_context [None req-9d192ccb-5ec4-4c36-920f-72386d4d9be4 None admin] RBAC: auth_context: {'token': , 'domain_id': None, 'trust_id': None, 'trustor_id': None, 'trustee_id': None, 'domain_name': None, 'group_ids': [], 'user_id': '734283d33b4a46f1b0bb680ec46a9cdc', 'user_domain_id': 'default', 'system_scope': 'all', 'project_id': None, 'project_domain_id': None, 'roles': ['admin', 'member', 'reader'], 'is_admin_project': True, 'service_user_id': None, 'service_user_domain_id': None, 'service_project_id': None, 'service_project_domain_id': None, 'service_roles': []} {{(pid=81882) fill_context /opt/stack/keystone/keystone/server/flask/request_processing/middleware/auth_context.py:478}}
Sep 02 17:55:04.338358 n-d-854924-7 devstack@keystone.service[81881]: [pid: 81881|app: 0|req: 93/177] 10.222.0.36 () {54 vars in 927 bytes} [Fri Sep 2 17:55:04 2022] GET /identity => generated 270 bytes in 2 msecs (HTTP/1.1 300) 6 headers in 234 bytes (1 switches on core 0)
Sep 02 17:55:04.338708 n-d-854924-7 devstack@keystone.service[81882]: DEBUG keystone.server.flask.request_processing.req_logging [None req-9d192ccb-5ec4-4c36-920f-72386d4d9be4 None admin] REQUEST_METHOD: `GET` {{(pid=81882) log_request_info /opt/stack/keystone/keystone/server/flask/request_processing/req_logging.py:27}}
Sep 02 17:55:04.339141 n-d-854924-7 devstack@keystone.service[81882]: DEBUG keystone.server.flask.request_processing.req_logging [None req-9d192ccb-5ec4-4c36-920f-72386d4d9be4 None admin] SCRIPT_NAME: `/identity` {{(pid=81882) log_request_info /opt/stack/keystone/keystone/server/flask/request_processing/req_logging.py:28}}
Sep 02 17:55:04.339394 n-d-854924-7 devstack@keystone.service[81881]: DEBUG keystone.server.flask.request_processing.req_logging [None req-c8d98656-20a5-4fcc-9d14-99130d0a3f40 None None] REQUEST_METHOD: `GET` {{(pid=81881) log_request_info /opt/stack/keystone/keystone/server/flask/request_processing/req_logging.py:27}}
Sep 02 17:55:04.340286 n-d-854924-7 devstack@keystone.service[81881]: DEBUG keystone.server.flask.request_processing.req_logging [None req-c8d98656-20a5-4fcc-9d14-99130d0a3f40 None None] SCRIPT_NAME: `/identity` {{(pid=81881) log_request_info /opt/stack/keystone/keystone/server/flask/request_processing/req_logging.py:28}}
Sep 02 17:55:04.340389 n-d-854924-7 devstack@keystone.service[81882]: DEBUG keystone.server.flask.request_processing.req_logging [None req-9d192ccb-5ec4-4c36-920f-72386d4d9be4 None admin] PATH_INFO: `/v3/roles` {{(pid=81882) log_request_info /opt/stack/keystone/keystone/server/flask/request_processing/req_logging.py:29}}
Sep 02 17:55:04.340587 n-d-854924-7 devstack@keystone.service[81881]: DEBUG keystone.server.flask.request_processing.req_logging [None req-c8d98656-20a5-4fcc-9d14-99130d0a3f40 None None] PATH_INFO: `/` {{(pid=81881) log_request_info /opt/stack/keystone/keystone/server/flask/request_processing/req_logging.py:29}}
Sep 02 17:55:04.341593 n-d-854924-7 devstack@keystone.service[81882]: DEBUG keystone.common.rbac_enforcer.enforcer [None req-9d192ccb-5ec4-4c36-920f-72386d4d9be4 None admin] RBAC: Adding query filter params (name=anotherrole) {{(pid=81882) _extract_filter_values /opt/stack/keystone/keystone/common/rbac_enforcer/enforcer.py:167}}
Sep 02 17:55:04.342213 n-d-854924-7 devstack@keystone.service[81882]: DEBUG keystone.common.rbac_enforcer.enforcer [None req-9d192ccb-5ec4-4c36-920f-72386d4d9be4 None admin] RBAC: Authorizing `identity:list_roles()` {{(pid=81882) enforce_call /opt/stack/keystone/keystone/common/rbac_enforcer/enforcer.py:449}}
Sep 02 17:55:04.344478 n-d-854924-7 devstack@keystone.service[81882]: DEBUG keystone.common.rbac_enforcer.enforcer [None req-9d192ccb-5ec4-4c36-920f-72386d4d9be4 None admin] RBAC: Authorization granted {{(pid=81882) enforce_call /opt/stack/keystone/keystone/common/rbac_enforcer/enforcer.py:457}}
Sep 02 17:55:04.350318 n-d-854924-7 devstack@keystone.service[81881]: [pid: 81881|app: 0|req: 94/178] 10.222.0.36 () {54 vars in 927 bytes} [Fri Sep 2 17:55:04 2022] GET /identity => generated 270 bytes in 11 msecs (HTTP/1.1 300) 6 headers in 234 bytes (1 switches on core 0)
Sep 02 17:55:04.350997 n-d-854924-7 devstack@keystone.service[81881]: DEBUG keystone.server.flask.request_processing.middleware.auth_context [None req-c8d98656-20a5-4fcc-9d14-99130d0a3f40 None None] Authenticating user token {{(pid=81881) process_request /usr/local/lib/python3.8/dist-packages/keystonemiddleware/auth_token/__init__.py:407}}
Sep 02 17:55:04.356265 n-d-854924-7 devstack@keystone.service[81882]: [pid: 81882|app: 0|req: 85/179] 10.222.0.36 () {56 vars in 1111 bytes} [Fri Sep 2 17:55:04 2022] GET /identity/v3/roles?name=anotherrole => generated 334 bytes in 182 msecs (HTTP/1.1 200) 5 headers in 177 bytes (1 switches on core 0)
Sep 02 17:55:04.357447 n-d-854924-7 devstack@keystone.service[81882]: DEBUG keystone.server.flask.request_processing.req_logging [None req-f15a9fa9-87e2-4757-aafb-87fd1acd5693 None None] REQUEST_METHOD: `POST` {{(pid=81882) log_request_info /opt/stack/keystone/keystone/server/flask/request_processing/req_logging.py:27}}
Sep 02 17:55:04.357785 n-d-854924-7 devstack@keystone.service[81882]: DEBUG keystone.server.flask.request_processing.req_logging [None req-f15a9fa9-87e2-4757-aafb-87fd1acd5693 None None] SCRIPT_NAME: `/identity` {{(pid=81882) log_request_info /opt/stack/keystone/keystone/server/flask/request_processing/req_logging.py:28}}
Sep 02 17:55:04.358067 n-d-854924-7 devstack@keystone.service[81882]: DEBUG keystone.server.flask.request_processing.req_logging [None req-f15a9fa9-87e2-4757-aafb-87fd1acd5693 None None] PATH_INFO: `/v3/auth/tokens` {{(pid=81882) log_request_info /opt/stack/keystone/keystone/server/flask/request_processing/req_logging.py:29}}
Sep 02 17:55:04.384142 n-d-854924-7 devstack@keystone.service[81882]: DEBUG keystone.auth.core [None req-f15a9fa9-87e2-4757-aafb-87fd1acd5693 None None] MFA Rules not processed for user `734283d33b4a46f1b0bb680ec46a9cdc`. Rule list: `[]` (Enabled: `True`). {{(pid=81882) check_auth_methods_against_rules /opt/stack/keystone/keystone/auth/core.py:438}}
Sep 02 17:55:04.388201 n-d-854924-7 devstack@keystone.service[81882]: DEBUG keystone.common.fernet_utils [None req-f15a9fa9-87e2-4757-aafb-87fd1acd5693 None None] Loaded 2 Fernet keys from /etc/keystone/fernet-keys/, but `[fernet_tokens] max_active_keys = 3`; perhaps there have not been enough key rotations to reach `max_active_keys` yet? {{(pid=81882) load_keys /opt/stack/keystone/keystone/common/fernet_utils.py:286}}
Sep 02 17:55:04.483768 n-d-854924-7 devstack@keystone.service[81882]: [pid: 81882|app: 0|req: 86/180] 10.222.0.36 () {58 vars in 1024 bytes} [Fri Sep 2 17:55:04 2022] POST /identity/v3/auth/tokens => generated 799 bytes in 127 msecs (HTTP/1.1 201) 6 headers in 363 bytes (1 switches on core 0)
Sep 02 17:55:04.485368 n-d-854924-7 devstack@keystone.service[81882]: DEBUG keystone.server.flask.request_processing.req_logging [None req-c2d7f46b-cc68-4572-9025-df88e2bd22e8 None None] REQUEST_METHOD: `POST` {{(pid=81882) log_request_info /opt/stack/keystone/keystone/server/flask/request_processing/req_logging.py:27}}
Sep 02 17:55:04.485663 n-d-854924-7 devstack@keystone.service[81882]: DEBUG keystone.server.flask.request_processing.req_logging [None req-c2d7f46b-cc68-4572-9025-df88e2bd22e8 None None] SCRIPT_NAME: `/identity` {{(pid=81882) log_request_info /opt/stack/keystone/keystone/server/flask/request_processing/req_logging.py:28}}
Sep 02 17:55:04.485945 n-d-854924-7 devstack@keystone.service[81882]: DEBUG keystone.server.flask.request_processing.req_logging [None req-c2d7f46b-cc68-4572-9025-df88e2bd22e8 None None] PATH_INFO: `/v3/auth/tokens` {{(pid=81882) log_request_info /opt/stack/keystone/keystone/server/flask/request_processing/req_logging.py:29}}
Sep 02 17:55:04.499273 n-d-854924-7 devstack@keystone.service[81881]: DEBUG keystone.server.flask.request_processing.middleware.auth_context [None req-c8d98656-20a5-4fcc-9d14-99130d0a3f40 None None] Validating token access rules against request {{(pid=81881) validate_allowed_request /usr/local/lib/python3.8/dist-packages/keystonemiddleware/auth_token/__init__.py:545}}
Sep 02 17:55:04.508591 n-d-854924-7 devstack@keystone.service[81882]: DEBUG keystone.auth.core [None req-c2d7f46b-cc68-4572-9025-df88e2bd22e8 None None] MFA Rules not processed for user `734283d33b4a46f1b0bb680ec46a9cdc`. Rule list: `[]` (Enabled: `True`). {{(pid=81882) check_auth_methods_against_rules /opt/stack/keystone/keystone/auth/core.py:438}}
Sep 02 17:55:04.510276 n-d-854924-7 devstack@keystone.service[81882]: DEBUG keystone.common.fernet_utils [None req-c2d7f46b-cc68-4572-9025-df88e2bd22e8 None None] Loaded 2 Fernet keys from /etc/keystone/fernet-keys/, but `[fernet_tokens] max_active_keys = 3`; perhaps there have not been enough key rotations to reach `max_active_keys` yet? {{(pid=81882) load_keys /opt/stack/keystone/keystone/common/fernet_utils.py:286}}
Sep 02 17:55:04.518901 n-d-854924-7 devstack@keystone.service[81881]: DEBUG dbcounter [-] [81881] Writing DB stats keystone:SELECT=100 {{(pid=81881) stat_writer /usr/local/lib/python3.8/dist-packages/dbcounter.py:114}}
Sep 02 17:55:04.581281 n-d-854924-7 devstack@keystone.service[81881]: DEBUG keystone.server.flask.request_processing.middleware.auth_context [None req-c26a6beb-94b6-4a93-96d5-0da9de5b780b None admin] RBAC: auth_context: {'token': , 'domain_id': None, 'trust_id': None, 'trustor_id': None, 'trustee_id': None, 'domain_name': None, 'group_ids': [], 'user_id': '734283d33b4a46f1b0bb680ec46a9cdc', 'user_domain_id': 'default', 'system_scope': 'all', 'project_id': None, 'project_domain_id': None, 'roles': ['admin', 'member', 'reader'], 'is_admin_project': True, 'service_user_id': None, 'service_user_domain_id': None, 'service_project_id': None, 'service_project_domain_id': None, 'service_roles': []} {{(pid=81881) fill_context /opt/stack/keystone/keystone/server/flask/request_processing/middleware/auth_context.py:478}}
Sep 02 17:55:04.582008 n-d-854924-7 devstack@keystone.service[81881]: DEBUG keystone.server.flask.request_processing.req_logging [None req-c26a6beb-94b6-4a93-96d5-0da9de5b780b None admin] REQUEST_METHOD: `GET` {{(pid=81881) log_request_info /opt/stack/keystone/keystone/server/flask/request_processing/req_logging.py:27}}
Sep 02 17:55:04.582256 n-d-854924-7 devstack@keystone.service[81881]: DEBUG keystone.server.flask.request_processing.req_logging [None req-c26a6beb-94b6-4a93-96d5-0da9de5b780b None admin] SCRIPT_NAME: `/identity` {{(pid=81881) log_request_info /opt/stack/keystone/keystone/server/flask/request_processing/req_logging.py:28}}
Sep 02 17:55:04.582589 n-d-854924-7 devstack@keystone.service[81881]: DEBUG keystone.server.flask.request_processing.req_logging [None req-c26a6beb-94b6-4a93-96d5-0da9de5b780b None admin] PATH_INFO: `/v3/role_assignments` {{(pid=81881) log_request_info /opt/stack/keystone/keystone/server/flask/request_processing/req_logging.py:29}}
Sep 02 17:55:04.583345 n-d-854924-7 devstack@keystone.service[81881]: DEBUG keystone.common.rbac_enforcer.enforcer [None req-c26a6beb-94b6-4a93-96d5-0da9de5b780b None admin] RBAC: Adding query filter params (role.id=6e99311d55a446e48e408f312340e47a, scope.project.id=959d4fb8f85c4bc4b79e9486c077eae5, user.id=90c0e15a9300405f9950609faf75d93b) {{(pid=81881) _extract_filter_values /opt/stack/keystone/keystone/common/rbac_enforcer/enforcer.py:167}}
Sep 02 17:55:04.583698 n-d-854924-7 devstack@keystone.service[81881]: DEBUG keystone.common.rbac_enforcer.enforcer [None req-c26a6beb-94b6-4a93-96d5-0da9de5b780b None admin] RBAC: Authorizing `identity:list_role_assignments()` {{(pid=81881) enforce_call /opt/stack/keystone/keystone/common/rbac_enforcer/enforcer.py:449}}
Sep 02 17:55:04.585267 n-d-854924-7 devstack@keystone.service[81881]: DEBUG keystone.common.rbac_enforcer.enforcer [None req-c26a6beb-94b6-4a93-96d5-0da9de5b780b None admin] RBAC: Authorization granted {{(pid=81881) enforce_call /opt/stack/keystone/keystone/common/rbac_enforcer/enforcer.py:457}}
Sep 02 17:55:04.590960 n-d-854924-7 devstack@keystone.service[81882]: [pid: 81882|app: 0|req: 87/181] 10.222.0.36 () {58 vars in 1024 bytes} [Fri Sep 2 17:55:04 2022] POST /identity/v3/auth/tokens => generated 799 bytes in 107 msecs (HTTP/1.1 201) 6 headers in 363 bytes (1 switches on core 0)
Sep 02 17:55:04.591994 n-d-854924-7 devstack@keystone.service[81882]: DEBUG keystone.server.flask.request_processing.middleware.auth_context [None req-c2d7f46b-cc68-4572-9025-df88e2bd22e8 None None] Authenticating user token {{(pid=81882) process_request /usr/local/lib/python3.8/dist-packages/keystonemiddleware/auth_token/__init__.py:407}}
Sep 02 17:55:04.595153 n-d-854924-7 devstack@keystone.service[81881]: [pid: 81881|app: 0|req: 95/182] 10.222.0.36 () {56 vars in 1374 bytes} [Fri Sep 2 17:55:04 2022] GET /identity/v3/role_assignments?user.id=90c0e15a9300405f9950609faf75d93b&scope.project.id=959d4fb8f85c4bc4b79e9486c077eae5&role.id=6e99311d55a446e48e408f312340e47a => generated 608 bytes in 244 msecs (HTTP/1.1 200) 5 headers in 177 bytes (1 switches on core 0)
Sep 02 17:55:04.596431 n-d-854924-7 devstack@keystone.service[81881]: DEBUG keystone.server.flask.request_processing.middleware.auth_context [None req-c26a6beb-94b6-4a93-96d5-0da9de5b780b None admin] Authenticating user token {{(pid=81881) process_request /usr/local/lib/python3.8/dist-packages/keystonemiddleware/auth_token/__init__.py:407}}
Sep 02 17:55:04.637210 n-d-854924-7 devstack@keystone.service[81882]: DEBUG dbcounter [-] [81882] Writing DB stats keystone:SELECT=100 {{(pid=81882) stat_writer /usr/local/lib/python3.8/dist-packages/dbcounter.py:114}}
Sep 02 17:55:04.737941 n-d-854924-7 devstack@keystone.service[81881]: DEBUG keystone.server.flask.request_processing.middleware.auth_context [None req-c26a6beb-94b6-4a93-96d5-0da9de5b780b None admin] Validating token access rules against request {{(pid=81881) validate_allowed_request /usr/local/lib/python3.8/dist-packages/keystonemiddleware/auth_token/__init__.py:545}}
Sep 02 17:55:04.756210 n-d-854924-7 devstack@keystone.service[81882]: DEBUG keystone.server.flask.request_processing.middleware.auth_context [None req-c2d7f46b-cc68-4572-9025-df88e2bd22e8 None None] Validating token access rules against request {{(pid=81882) validate_allowed_request /usr/local/lib/python3.8/dist-packages/keystonemiddleware/auth_token/__init__.py:545}}
Sep 02 17:55:04.784205 n-d-854924-7 devstack@keystone.service[81881]: DEBUG keystone.server.flask.request_processing.middleware.auth_context [None req-30260995-6d47-4ac5-a89b-5a2fb7ff671b None admin] RBAC: auth_context: {'token': , 'domain_id': None, 'trust_id': None, 'trustor_id': None, 'trustee_id': None, 'domain_name': None, 'group_ids': [], 'user_id': '734283d33b4a46f1b0bb680ec46a9cdc', 'user_domain_id': 'default', 'system_scope': 'all', 'project_id': None, 'project_domain_id': None, 'roles': ['admin', 'member', 'reader'], 'is_admin_project': True, 'service_user_id': None, 'service_user_domain_id': None, 'service_project_id': None, 'service_project_domain_id': None, 'service_roles': []} {{(pid=81881) fill_context /opt/stack/keystone/keystone/server/flask/request_processing/middleware/auth_context.py:478}}
Sep 02 17:55:04.785141 n-d-854924-7 devstack@keystone.service[81881]: DEBUG keystone.server.flask.request_processing.req_logging [None req-30260995-6d47-4ac5-a89b-5a2fb7ff671b None admin] REQUEST_METHOD: `GET` {{(pid=81881) log_request_info /opt/stack/keystone/keystone/server/flask/request_processing/req_logging.py:27}}
Sep 02 17:55:04.785693 n-d-854924-7 devstack@keystone.service[81881]: DEBUG keystone.server.flask.request_processing.req_logging [None req-30260995-6d47-4ac5-a89b-5a2fb7ff671b None admin] SCRIPT_NAME: `/identity` {{(pid=81881) log_request_info /opt/stack/keystone/keystone/server/flask/request_processing/req_logging.py:28}}
Sep 02 17:55:04.786115 n-d-854924-7 devstack@keystone.service[81881]: DEBUG keystone.server.flask.request_processing.req_logging [None req-30260995-6d47-4ac5-a89b-5a2fb7ff671b None admin] PATH_INFO: `/v3/roles/admin` {{(pid=81881) log_request_info /opt/stack/keystone/keystone/server/flask/request_processing/req_logging.py:29}}
Sep 02 17:55:04.799543 n-d-854924-7 devstack@keystone.service[81881]: DEBUG keystone.common.rbac_enforcer.enforcer [None req-30260995-6d47-4ac5-a89b-5a2fb7ff671b None admin] Extracting inferred target data resulted in "NOT FOUND (404)". {{(pid=81881) enforce_call /opt/stack/keystone/keystone/common/rbac_enforcer/enforcer.py:409}}
Sep 02 17:55:04.806131 n-d-854924-7 devstack@keystone.service[81881]: ERROR keystone.server.flask.application [None req-30260995-6d47-4ac5-a89b-5a2fb7ff671b None admin] Could not find role: admin.: keystone.exception.RoleNotFound: Could not find role: admin.
Sep 02 17:55:04.806131 n-d-854924-7 devstack@keystone.service[81881]: ERROR keystone.server.flask.application
Traceback (most recent call last):
Sep 02 17:55:04.806131 n-d-854924-7 devstack@keystone.service[81881]: ERROR keystone.server.flask.application
File "/usr/local/lib/python3.8/dist-packages/flask/app.py", line 1820, in full_dispatch_request
Sep 02 17:55:04.806131 n-d-854924-7 devstack@keystone.service[81881]: ERROR keystone.server.flask.application rv = self.dispatch_request()
Sep 02 17:55:04.806131 n-d-854924-7 devstack@keystone.service[81881]: ERROR keystone.server.flask.application
File "/usr/local/lib/python3.8/dist-packages/flask/app.py", line 1796, in dispatch_request
Sep 02 17:55:04.806131 n-d-854924-7 devstack@keystone.service[81881]: ERROR keystone.server.flask.application return self.ensure_sync(self.view_functions[rule.endpoint])(**view_args)
Sep 02 17:55:04.806131 n-d-854924-7 devstack@keystone.service[81881]: ERROR keystone.server.flask.application
File "/usr/local/lib/python3.8/dist-packages/flask_restful/__init__.py", line 467, in wrapper
Sep 02 17:55:04.806131 n-d-854924-7 devstack@keystone.service[81881]: ERROR keystone.server.flask.application resp = resource(*args, **kwargs)
Sep 02 17:55:04.806131 n-d-854924-7 devstack@keystone.service[81881]: ERROR keystone.server.flask.application
File "/usr/local/lib/python3.8/dist-packages/flask/views.py", line 107, in view
Sep 02 17:55:04.806131 n-d-854924-7 devstack@keystone.service[81881]: ERROR keystone.server.flask.application return current_app.ensure_sync(self.dispatch_request)(**kwargs)
Sep 02 17:55:04.806131 n-d-854924-7 devstack@keystone.service[81881]: ERROR keystone.server.flask.application
File "/usr/local/lib/python3.8/dist-packages/flask_restful/__init__.py", line 582, in dispatch_request
Sep 02 17:55:04.806131 n-d-854924-7 devstack@keystone.service[81881]: ERROR keystone.server.flask.application resp = meth(*args, **kwargs)
Sep 02 17:55:04.806131 n-d-854924-7 devstack@keystone.service[81881]: ERROR keystone.server.flask.application
File "/opt/stack/keystone/keystone/api/roles.py", line 50, in get
Sep 02 17:55:04.806131 n-d-854924-7 devstack@keystone.service[81881]: ERROR keystone.server.flask.application return self._get_role(role_id)
Sep 02 17:55:04.806131 n-d-854924-7 devstack@keystone.service[81881]: ERROR keystone.server.flask.application
File "/opt/stack/keystone/keystone/api/roles.py", line 70, in _get_role
Sep 02 17:55:04.806131 n-d-854924-7 devstack@keystone.service[81881]: ERROR keystone.server.flask.application ENFORCER.enforce_call(action='identity:get_role')
Sep 02 17:55:04.807154 n-d-854924-7 devstack@keystone.service[81881]: ERROR keystone.server.flask.application
File "/opt/stack/keystone/keystone/common/rbac_enforcer/enforcer.py", line 402, in enforce_call
Sep 02 17:55:04.807154 n-d-854924-7 devstack@keystone.service[81881]: ERROR keystone.server.flask.application policy_dict.update(cls._extract_member_target_data(
Sep 02 17:55:04.807154 n-d-854924-7 devstack@keystone.service[81881]: ERROR keystone.server.flask.application
File "/opt/stack/keystone/keystone/common/rbac_enforcer/enforcer.py", line 234, in _extract_member_target_data
Sep 02 17:55:04.807154 n-d-854924-7 devstack@keystone.service[81881]: ERROR keystone.server.flask.application member_name: func(flask.request.view_args[key])
Sep 02 17:55:04.807154 n-d-854924-7 devstack@keystone.service[81881]: ERROR keystone.server.flask.application
File "/opt/stack/keystone/keystone/common/manager.py", line 115, in wrapped
Sep 02 17:55:04.807154 n-d-854924-7 devstack@keystone.service[81881]: ERROR keystone.server.flask.application __ret_val = __f(*args, **kwargs)
Sep 02 17:55:04.807154 n-d-854924-7 devstack@keystone.service[81881]: ERROR keystone.server.flask.application
File "/usr/local/lib/python3.8/dist-packages/decorator.py", line 232, in fun
Sep 02 17:55:04.807154 n-d-854924-7 devstack@keystone.service[81881]: ERROR keystone.server.flask.application return caller(func, *(extras + args), **kw)
Sep 02 17:55:04.807154 n-d-854924-7 devstack@keystone.service[81881]: ERROR keystone.server.flask.application
File "/usr/local/lib/python3.8/dist-packages/dogpile/cache/region.py", line 1577, in get_or_create_for_user_func
Sep 02 17:55:04.807154 n-d-854924-7 devstack@keystone.service[81881]: ERROR keystone.server.flask.application return self.get_or_create(
Sep 02 17:55:04.807154 n-d-854924-7 devstack@keystone.service[81881]: ERROR keystone.server.flask.application
File "/usr/local/lib/python3.8/dist-packages/dogpile/cache/region.py", line 1042, in get_or_create
Sep 02 17:55:04.807154 n-d-854924-7 devstack@keystone.service[81881]: ERROR keystone.server.flask.application with Lock(
Sep 02 17:55:04.807154 n-d-854924-7 devstack@keystone.service[81881]: ERROR keystone.server.flask.application
File "/usr/local/lib/python3.8/dist-packages/dogpile/lock.py", line 185, in __enter__
Sep 02 17:55:04.807154 n-d-854924-7 devstack@keystone.service[81881]: ERROR keystone.server.flask.application return self._enter()
Sep 02 17:55:04.807154 n-d-854924-7 devstack@keystone.service[81881]: ERROR keystone.server.flask.application
File "/usr/local/lib/python3.8/dist-packages/dogpile/lock.py", line 94, in _enter
Sep 02 17:55:04.807154 n-d-854924-7 devstack@keystone.service[81881]: ERROR keystone.server.flask.application generated = self._enter_create(value, createdtime)
Sep 02 17:55:04.807955 n-d-854924-7 devstack@keystone.service[81881]: ERROR keystone.server.flask.application
File "/usr/local/lib/python3.8/dist-packages/dogpile/lock.py", line 178, in _enter_create
Sep 02 17:55:04.807955 n-d-854924-7 devstack@keystone.service[81881]: ERROR keystone.server.flask.application return self.creator()
Sep 02 17:55:04.807955 n-d-854924-7 devstack@keystone.service[81881]: ERROR keystone.server.flask.application
File "/usr/local/lib/python3.8/dist-packages/dogpile/cache/region.py", line 995, in gen_value
Sep 02 17:55:04.807955 n-d-854924-7 devstack@keystone.service[81881]: ERROR keystone.server.flask.application created_value = creator(
Sep 02 17:55:04.807955 n-d-854924-7 devstack@keystone.service[81881]: ERROR keystone.server.flask.application
File "/opt/stack/keystone/keystone/assignment/core.py", line 1276, in get_role
Sep 02 17:55:04.807955 n-d-854924-7 devstack@keystone.service[81881]: ERROR keystone.server.flask.application return self.driver.get_role(role_id)
Sep 02 17:55:04.807955 n-d-854924-7 devstack@keystone.service[81881]: ERROR keystone.server.flask.application
File "/opt/stack/keystone/keystone/assignment/role_backends/sql.py", line 70, in get_role
Sep 02 17:55:04.807955 n-d-854924-7 devstack@keystone.service[81881]: ERROR keystone.server.flask.application return self._get_role(session, role_id).to_dict()
Sep 02 17:55:04.807955 n-d-854924-7 devstack@keystone.service[81881]: ERROR keystone.server.flask.application
File "/opt/stack/keystone/keystone/assignment/role_backends/sql.py", line 65, in _get_role
Sep 02 17:55:04.807955 n-d-854924-7 devstack@keystone.service[81881]: ERROR keystone.server.flask.application raise exception.RoleNotFound(role_id=role_id)
Sep 02 17:55:04.807955 n-d-854924-7 devstack@keystone.service[81881]: ERROR keystone.server.flask.application keystone.exception.RoleNotFound: Could not find role: admin.
Sep 02 17:55:04.807955 n-d-854924-7 devstack@keystone.service[81881]: ERROR keystone.server.flask.application
Sep 02 17:55:04.810074 n-d-854924-7 devstack@keystone.service[81881]: [pid: 81881|app: 0|req: 96/183] 10.222.0.36 () {56 vars in 1096 bytes} [Fri Sep 2 17:55:04 2022] GET /identity/v3/roles/admin => generated 83 bytes in 214 msecs (HTTP/1.1 404) 5 headers in 183 bytes (1 switches on core 0)
Sep 02 17:55:04.821922 n-d-854924-7 devstack@keystone.service[81881]: DEBUG keystone.server.flask.request_processing.middleware.auth_context [None req-30260995-6d47-4ac5-a89b-5a2fb7ff671b None admin] Authenticating user token {{(pid=81881) process_request /usr/local/lib/python3.8/dist-packages/keystonemiddleware/auth_token/__init__.py:407}}
Sep 02 17:55:04.873247 n-d-854924-7 devstack@keystone.service[81882]: DEBUG keystone.server.flask.request_processing.middleware.auth_context [None req-34346f16-e106-4365-b8c3-68e9140c8645 None admin] RBAC: auth_context: {'token': , 'domain_id': None, 'trust_id': None, 'trustor_id': None, 'trustee_id': None, 'domain_name': None, 'group_ids': [], 'user_id': '734283d33b4a46f1b0bb680ec46a9cdc', 'user_domain_id': 'default', 'system_scope': 'all', 'project_id': None, 'project_domain_id': None, 'roles': ['admin', 'member', 'reader'], 'is_admin_project': True, 'service_user_id': None, 'service_user_domain_id': None, 'service_project_id': None, 'service_project_domain_id': None, 'service_roles': []} {{(pid=81882) fill_context /opt/stack/keystone/keystone/server/flask/request_processing/middleware/auth_context.py:478}}
Sep 02 17:55:04.873910 n-d-854924-7 devstack@keystone.service[81882]: DEBUG keystone.server.flask.request_processing.req_logging [None req-34346f16-e106-4365-b8c3-68e9140c8645 None admin] REQUEST_METHOD: `GET` {{(pid=81882) log_request_info /opt/stack/keystone/keystone/server/flask/request_processing/req_logging.py:27}}
Sep 02 17:55:04.874190 n-d-854924-7 devstack@keystone.service[81882]: DEBUG keystone.server.flask.request_processing.req_logging [None req-34346f16-e106-4365-b8c3-68e9140c8645 None admin] SCRIPT_NAME: `/identity` {{(pid=81882) log_request_info /opt/stack/keystone/keystone/server/flask/request_processing/req_logging.py:28}}
Sep 02 17:55:04.874475 n-d-854924-7 devstack@keystone.service[81882]: DEBUG keystone.server.flask.request_processing.req_logging [None req-34346f16-e106-4365-b8c3-68e9140c8645 None admin] PATH_INFO: `/v3/users/90c0e15a9300405f9950609faf75d93b` {{(pid=81882) log_request_info /opt/stack/keystone/keystone/server/flask/request_processing/req_logging.py:29}}
Sep 02 17:55:04.876494 n-d-854924-7 devstack@keystone.service[81882]: DEBUG keystone.common.rbac_enforcer.enforcer [None req-34346f16-e106-4365-b8c3-68e9140c8645 None admin] RBAC: Authorizing `identity:get_user(user_id=90c0e15a9300405f9950609faf75d93b)` {{(pid=81882) enforce_call /opt/stack/keystone/keystone/common/rbac_enforcer/enforcer.py:449}}
Sep 02 17:55:04.878107 n-d-854924-7 devstack@keystone.service[81882]: DEBUG keystone.common.rbac_enforcer.enforcer [None req-34346f16-e106-4365-b8c3-68e9140c8645 None admin] RBAC: Authorization granted {{(pid=81882) enforce_call /opt/stack/keystone/keystone/common/rbac_enforcer/enforcer.py:457}}
Sep 02 17:55:04.879777 n-d-854924-7 devstack@keystone.service[81882]: [pid: 81882|app: 0|req: 88/184] 10.222.0.36 () {56 vars in 1177 bytes} [Fri Sep 2 17:55:04 2022] GET /identity/v3/users/90c0e15a9300405f9950609faf75d93b => generated 275 bytes in 288 msecs (HTTP/1.1 200) 5 headers in 177 bytes (1 switches on core 0)
Sep 02 17:55:04.888582 n-d-854924-7 devstack@keystone.service[81882]: DEBUG keystone.server.flask.request_processing.middleware.auth_context [None req-34346f16-e106-4365-b8c3-68e9140c8645 None admin] Authenticating user token {{(pid=81882) process_request /usr/local/lib/python3.8/dist-packages/keystonemiddleware/auth_token/__init__.py:407}}
Sep 02 17:55:04.898863 n-d-854924-7 devstack@keystone.service[81881]: DEBUG dbcounter [-] [81881] Writing DB stats keystone:SELECT=100 {{(pid=81881) stat_writer /usr/local/lib/python3.8/dist-packages/dbcounter.py:114}}
Sep 02 17:55:04.987046 n-d-854924-7 devstack@keystone.service[81881]: DEBUG keystone.server.flask.request_processing.middleware.auth_context [None req-30260995-6d47-4ac5-a89b-5a2fb7ff671b None admin] Validating token access rules against request {{(pid=81881) validate_allowed_request /usr/local/lib/python3.8/dist-packages/keystonemiddleware/auth_token/__init__.py:545}}
Sep 02 17:55:05.026601 n-d-854924-7 devstack@keystone.service[81882]: DEBUG keystone.server.flask.request_processing.middleware.auth_context [None req-34346f16-e106-4365-b8c3-68e9140c8645 None admin] Validating token access rules against request {{(pid=81882) validate_allowed_request /usr/local/lib/python3.8/dist-packages/keystonemiddleware/auth_token/__init__.py:545}}
Sep 02 17:55:05.028244 n-d-854924-7 devstack@keystone.service[81882]: DEBUG dbcounter [-] [81882] Writing DB stats keystone:SELECT=100 {{(pid=81882) stat_writer /usr/local/lib/python3.8/dist-packages/dbcounter.py:114}}
Sep 02 17:55:05.037180 n-d-854924-7 devstack@keystone.service[81881]: DEBUG keystone.server.flask.request_processing.middleware.auth_context [None req-eda09f12-0067-4ecc-a78c-bee6fc354c75 None admin] RBAC: auth_context: {'token': , 'domain_id': None, 'trust_id': None, 'trustor_id': None, 'trustee_id': None, 'domain_name': None, 'group_ids': [], 'user_id': '734283d33b4a46f1b0bb680ec46a9cdc', 'user_domain_id': 'default', 'system_scope': 'all', 'project_id': None, 'project_domain_id': None, 'roles': ['admin', 'member', 'reader'], 'is_admin_project': True, 'service_user_id': None, 'service_user_domain_id': None, 'service_project_id': None, 'service_project_domain_id': None, 'service_roles': []} {{(pid=81881) fill_context /opt/stack/keystone/keystone/server/flask/request_processing/middleware/auth_context.py:478}}
Sep 02 17:55:05.038761 n-d-854924-7 devstack@keystone.service[81881]: DEBUG keystone.server.flask.request_processing.req_logging [None req-eda09f12-0067-4ecc-a78c-bee6fc354c75 None admin] REQUEST_METHOD: `GET` {{(pid=81881) log_request_info /opt/stack/keystone/keystone/server/flask/request_processing/req_logging.py:27}}
Sep 02 17:55:05.038761 n-d-854924-7 devstack@keystone.service[81881]: DEBUG keystone.server.flask.request_processing.req_logging [None req-eda09f12-0067-4ecc-a78c-bee6fc354c75 None admin] SCRIPT_NAME: `/identity` {{(pid=81881) log_request_info /opt/stack/keystone/keystone/server/flask/request_processing/req_logging.py:28}}
Sep 02 17:55:05.038957 n-d-854924-7 devstack@keystone.service[81881]: DEBUG keystone.server.flask.request_processing.req_logging [None req-eda09f12-0067-4ecc-a78c-bee6fc354c75 None admin] PATH_INFO: `/v3/roles` {{(pid=81881) log_request_info /opt/stack/keystone/keystone/server/flask/request_processing/req_logging.py:29}}
Sep 02 17:55:05.040416 n-d-854924-7 devstack@keystone.service[81881]: DEBUG keystone.common.rbac_enforcer.enforcer [None req-eda09f12-0067-4ecc-a78c-bee6fc354c75 None admin] RBAC: Adding query filter params (name=admin) {{(pid=81881) _extract_filter_values /opt/stack/keystone/keystone/common/rbac_enforcer/enforcer.py:167}}
Sep 02 17:55:05.040416 n-d-854924-7 devstack@keystone.service[81881]: DEBUG keystone.common.rbac_enforcer.enforcer [None req-eda09f12-0067-4ecc-a78c-bee6fc354c75 None admin] RBAC: Authorizing `identity:list_roles()` {{(pid=81881) enforce_call /opt/stack/keystone/keystone/common/rbac_enforcer/enforcer.py:449}}
Sep 02 17:55:05.041727 n-d-854924-7 devstack@keystone.service[81881]: DEBUG keystone.common.rbac_enforcer.enforcer [None req-eda09f12-0067-4ecc-a78c-bee6fc354c75 None admin] RBAC: Authorization granted {{(pid=81881) enforce_call /opt/stack/keystone/keystone/common/rbac_enforcer/enforcer.py:457}}
Sep 02 17:55:05.053990 n-d-854924-7 devstack@keystone.service[81881]: [pid: 81881|app: 0|req: 97/185] 10.222.0.36 () {56 vars in 1099 bytes} [Fri Sep 2 17:55:04 2022] GET /identity/v3/roles?name=admin => generated 339 bytes in 233 msecs (HTTP/1.1 200) 5 headers in 177 bytes (2 switches on core 0)
Sep 02 17:55:05.054818 n-d-854924-7 devstack@keystone.service[81881]: DEBUG keystone.server.flask.request_processing.middleware.auth_context [None req-eda09f12-0067-4ecc-a78c-bee6fc354c75 None admin] Authenticating user token {{(pid=81881) process_request /usr/local/lib/python3.8/dist-packages/keystonemiddleware/auth_token/__init__.py:407}}
Sep 02 17:55:05.072449 n-d-854924-7 devstack@keystone.service[81882]: DEBUG keystone.server.flask.request_processing.middleware.auth_context [None req-75110876-e7b6-448e-b38b-a9a4e5b21287 None admin] RBAC: auth_context: {'token': , 'domain_id': None, 'trust_id': None, 'trustor_id': None, 'trustee_id': None, 'domain_name': None, 'group_ids': [], 'user_id': '734283d33b4a46f1b0bb680ec46a9cdc', 'user_domain_id': 'default', 'system_scope': 'all', 'project_id': None, 'project_domain_id': None, 'roles': ['admin', 'member', 'reader'], 'is_admin_project': True, 'service_user_id': None, 'service_user_domain_id': None, 'service_project_id': None, 'service_project_domain_id': None, 'service_roles': []} {{(pid=81882) fill_context /opt/stack/keystone/keystone/server/flask/request_processing/middleware/auth_context.py:478}}
Sep 02 17:55:05.073294 n-d-854924-7 devstack@keystone.service[81882]: DEBUG keystone.server.flask.request_processing.req_logging [None req-75110876-e7b6-448e-b38b-a9a4e5b21287 None admin] REQUEST_METHOD: `GET` {{(pid=81882) log_request_info /opt/stack/keystone/keystone/server/flask/request_processing/req_logging.py:27}}
Sep 02 17:55:05.073578 n-d-854924-7 devstack@keystone.service[81882]: DEBUG keystone.server.flask.request_processing.req_logging [None req-75110876-e7b6-448e-b38b-a9a4e5b21287 None admin] SCRIPT_NAME: `/identity` {{(pid=81882) log_request_info /opt/stack/keystone/keystone/server/flask/request_processing/req_logging.py:28}}
Sep 02 17:55:05.073883 n-d-854924-7 devstack@keystone.service[81882]: DEBUG keystone.server.flask.request_processing.req_logging [None req-75110876-e7b6-448e-b38b-a9a4e5b21287 None admin] PATH_INFO: `/v3/auth/tokens` {{(pid=81882) log_request_info /opt/stack/keystone/keystone/server/flask/request_processing/req_logging.py:29}}
Sep 02 17:55:05.147565 n-d-854924-7 devstack@keystone.service[81882]: DEBUG keystone.common.rbac_enforcer.enforcer [None req-75110876-e7b6-448e-b38b-a9a4e5b21287 None admin] RBAC: Authorizing `identity:validate_token()` {{(pid=81882) enforce_call /opt/stack/keystone/keystone/common/rbac_enforcer/enforcer.py:449}}
Sep 02 17:55:05.149055 n-d-854924-7 devstack@keystone.service[81882]: DEBUG keystone.common.rbac_enforcer.enforcer [None req-75110876-e7b6-448e-b38b-a9a4e5b21287 None admin] RBAC: Authorization granted {{(pid=81882) enforce_call /opt/stack/keystone/keystone/common/rbac_enforcer/enforcer.py:457}}
Sep 02 17:55:05.170270 n-d-854924-7 devstack@keystone.service[81881]: DEBUG keystone.server.flask.request_processing.middleware.auth_context [None req-eda09f12-0067-4ecc-a78c-bee6fc354c75 None admin] Validating token access rules against request {{(pid=81881) validate_allowed_request /usr/local/lib/python3.8/dist-packages/keystonemiddleware/auth_token/__init__.py:545}}
Sep 02 17:55:05.171668 n-d-854924-7 devstack@keystone.service[81881]: DEBUG dbcounter [-] [81881] Writing DB stats keystone:SELECT=100 {{(pid=81881) stat_writer /usr/local/lib/python3.8/dist-packages/dbcounter.py:114}}
