Aug 27 17:15:48.176817 n-d-854882-2 devstack@keystone.service[81846]: ERROR keystone.server.flask.application [None req-5260ed1d-bd61-4043-b66b-3115da2ab1d3 None admin] Could not find role: admin.: keystone.exception.RoleNotFound: Could not find role: admin.
Aug 27 17:15:48.176817 n-d-854882-2 devstack@keystone.service[81846]: ERROR keystone.server.flask.application
Traceback (most recent call last):
Aug 27 17:15:48.176817 n-d-854882-2 devstack@keystone.service[81846]: ERROR keystone.server.flask.application
File "/usr/local/lib/python3.8/dist-packages/flask/app.py", line 1820, in full_dispatch_request
Aug 27 17:15:48.176817 n-d-854882-2 devstack@keystone.service[81846]: ERROR keystone.server.flask.application rv = self.dispatch_request()
Aug 27 17:15:48.176817 n-d-854882-2 devstack@keystone.service[81846]: ERROR keystone.server.flask.application
File "/usr/local/lib/python3.8/dist-packages/flask/app.py", line 1796, in dispatch_request
Aug 27 17:15:48.176817 n-d-854882-2 devstack@keystone.service[81846]: ERROR keystone.server.flask.application return self.ensure_sync(self.view_functions[rule.endpoint])(**view_args)
Aug 27 17:15:48.176817 n-d-854882-2 devstack@keystone.service[81846]: ERROR keystone.server.flask.application
File "/usr/local/lib/python3.8/dist-packages/flask_restful/__init__.py", line 467, in wrapper
Aug 27 17:15:48.176817 n-d-854882-2 devstack@keystone.service[81846]: ERROR keystone.server.flask.application resp = resource(*args, **kwargs)
Aug 27 17:15:48.176817 n-d-854882-2 devstack@keystone.service[81846]: ERROR keystone.server.flask.application
File "/usr/local/lib/python3.8/dist-packages/flask/views.py", line 107, in view
Aug 27 17:15:48.176817 n-d-854882-2 devstack@keystone.service[81846]: ERROR keystone.server.flask.application return current_app.ensure_sync(self.dispatch_request)(**kwargs)
Aug 27 17:15:48.176817 n-d-854882-2 devstack@keystone.service[81846]: ERROR keystone.server.flask.application
File "/usr/local/lib/python3.8/dist-packages/flask_restful/__init__.py", line 582, in dispatch_request
Aug 27 17:15:48.176817 n-d-854882-2 devstack@keystone.service[81846]: ERROR keystone.server.flask.application resp = meth(*args, **kwargs)
Aug 27 17:15:48.176817 n-d-854882-2 devstack@keystone.service[81846]: ERROR keystone.server.flask.application
File "/opt/stack/keystone/keystone/api/roles.py", line 50, in get
Aug 27 17:15:48.176817 n-d-854882-2 devstack@keystone.service[81846]: ERROR keystone.server.flask.application return self._get_role(role_id)
Aug 27 17:15:48.176817 n-d-854882-2 devstack@keystone.service[81846]: ERROR keystone.server.flask.application
File "/opt/stack/keystone/keystone/api/roles.py", line 70, in _get_role
Aug 27 17:15:48.176817 n-d-854882-2 devstack@keystone.service[81846]: ERROR keystone.server.flask.application ENFORCER.enforce_call(action='identity:get_role')
Aug 27 17:15:48.177679 n-d-854882-2 devstack@keystone.service[81846]: ERROR keystone.server.flask.application
File "/opt/stack/keystone/keystone/common/rbac_enforcer/enforcer.py", line 402, in enforce_call
Aug 27 17:15:48.177679 n-d-854882-2 devstack@keystone.service[81846]: ERROR keystone.server.flask.application policy_dict.update(cls._extract_member_target_data(
Aug 27 17:15:48.177679 n-d-854882-2 devstack@keystone.service[81846]: ERROR keystone.server.flask.application
File "/opt/stack/keystone/keystone/common/rbac_enforcer/enforcer.py", line 234, in _extract_member_target_data
Aug 27 17:15:48.177679 n-d-854882-2 devstack@keystone.service[81846]: ERROR keystone.server.flask.application member_name: func(flask.request.view_args[key])
Aug 27 17:15:48.177679 n-d-854882-2 devstack@keystone.service[81846]: ERROR keystone.server.flask.application
File "/opt/stack/keystone/keystone/common/manager.py", line 115, in wrapped
Aug 27 17:15:48.177679 n-d-854882-2 devstack@keystone.service[81846]: ERROR keystone.server.flask.application __ret_val = __f(*args, **kwargs)
Aug 27 17:15:48.177679 n-d-854882-2 devstack@keystone.service[81846]: ERROR keystone.server.flask.application
File "/usr/local/lib/python3.8/dist-packages/decorator.py", line 232, in fun
Aug 27 17:15:48.177679 n-d-854882-2 devstack@keystone.service[81846]: ERROR keystone.server.flask.application return caller(func, *(extras + args), **kw)
Aug 27 17:15:48.177679 n-d-854882-2 devstack@keystone.service[81846]: ERROR keystone.server.flask.application
File "/usr/local/lib/python3.8/dist-packages/dogpile/cache/region.py", line 1577, in get_or_create_for_user_func
Aug 27 17:15:48.177679 n-d-854882-2 devstack@keystone.service[81846]: ERROR keystone.server.flask.application return self.get_or_create(
Aug 27 17:15:48.177679 n-d-854882-2 devstack@keystone.service[81846]: ERROR keystone.server.flask.application
File "/usr/local/lib/python3.8/dist-packages/dogpile/cache/region.py", line 1042, in get_or_create
Aug 27 17:15:48.177679 n-d-854882-2 devstack@keystone.service[81846]: ERROR keystone.server.flask.application with Lock(
Aug 27 17:15:48.177679 n-d-854882-2 devstack@keystone.service[81846]: ERROR keystone.server.flask.application
File "/usr/local/lib/python3.8/dist-packages/dogpile/lock.py", line 185, in __enter__
Aug 27 17:15:48.177679 n-d-854882-2 devstack@keystone.service[81846]: ERROR keystone.server.flask.application return self._enter()
Aug 27 17:15:48.177679 n-d-854882-2 devstack@keystone.service[81846]: ERROR keystone.server.flask.application
File "/usr/local/lib/python3.8/dist-packages/dogpile/lock.py", line 94, in _enter
Aug 27 17:15:48.177679 n-d-854882-2 devstack@keystone.service[81846]: ERROR keystone.server.flask.application generated = self._enter_create(value, createdtime)
Aug 27 17:15:48.178476 n-d-854882-2 devstack@keystone.service[81846]: ERROR keystone.server.flask.application
File "/usr/local/lib/python3.8/dist-packages/dogpile/lock.py", line 178, in _enter_create
Aug 27 17:15:48.178476 n-d-854882-2 devstack@keystone.service[81846]: ERROR keystone.server.flask.application return self.creator()
Aug 27 17:15:48.178476 n-d-854882-2 devstack@keystone.service[81846]: ERROR keystone.server.flask.application
File "/usr/local/lib/python3.8/dist-packages/dogpile/cache/region.py", line 995, in gen_value
Aug 27 17:15:48.178476 n-d-854882-2 devstack@keystone.service[81846]: ERROR keystone.server.flask.application created_value = creator(
Aug 27 17:15:48.178476 n-d-854882-2 devstack@keystone.service[81846]: ERROR keystone.server.flask.application
File "/opt/stack/keystone/keystone/assignment/core.py", line 1276, in get_role
Aug 27 17:15:48.178476 n-d-854882-2 devstack@keystone.service[81846]: ERROR keystone.server.flask.application return self.driver.get_role(role_id)
Aug 27 17:15:48.178476 n-d-854882-2 devstack@keystone.service[81846]: ERROR keystone.server.flask.application
File "/opt/stack/keystone/keystone/assignment/role_backends/sql.py", line 70, in get_role
Aug 27 17:15:48.178476 n-d-854882-2 devstack@keystone.service[81846]: ERROR keystone.server.flask.application return self._get_role(session, role_id).to_dict()
Aug 27 17:15:48.178476 n-d-854882-2 devstack@keystone.service[81846]: ERROR keystone.server.flask.application
File "/opt/stack/keystone/keystone/assignment/role_backends/sql.py", line 65, in _get_role
Aug 27 17:15:48.178476 n-d-854882-2 devstack@keystone.service[81846]: ERROR keystone.server.flask.application raise exception.RoleNotFound(role_id=role_id)
Aug 27 17:15:48.178476 n-d-854882-2 devstack@keystone.service[81846]: ERROR keystone.server.flask.application keystone.exception.RoleNotFound: Could not find role: admin.
Aug 27 17:15:48.178476 n-d-854882-2 devstack@keystone.service[81846]: ERROR keystone.server.flask.application
Aug 27 17:15:48.178476 n-d-854882-2 devstack@keystone.service[81846]: [pid: 81846|app: 0|req: 111/223] 10.222.0.42 () {56 vars in 1096 bytes} [Sat Aug 27 17:15:47 2022] GET /identity/v3/roles/admin => generated 83 bytes in 197 msecs (HTTP/1.1 404) 5 headers in 183 bytes (1 switches on core 0)
Aug 27 17:15:48.179269 n-d-854882-2 devstack@keystone.service[81846]: DEBUG keystone.server.flask.request_processing.middleware.auth_context [None req-5260ed1d-bd61-4043-b66b-3115da2ab1d3 None admin] Authenticating user token {{(pid=81846) process_request /usr/local/lib/python3.8/dist-packages/keystonemiddleware/auth_token/__init__.py:407}}
Aug 27 17:15:48.198301 n-d-854882-2 devstack@keystone.service[81847]: [pid: 81847|app: 0|req: 113/224] 10.222.0.42 () {58 vars in 1282 bytes} [Sat Aug 27 17:15:47 2022] GET /identity/v3/auth/tokens => generated 799 bytes in 361 msecs (HTTP/1.1 200) 6 headers in 358 bytes (1 switches on core 0)
Aug 27 17:15:48.199179 n-d-854882-2 devstack@keystone.service[81847]: DEBUG keystone.server.flask.request_processing.middleware.auth_context [None req-d3e7e18d-fad0-48a7-9765-176fb050ebea None admin] Authenticating user token {{(pid=81847) process_request /usr/local/lib/python3.8/dist-packages/keystonemiddleware/auth_token/__init__.py:407}}
Aug 27 17:15:48.295597 n-d-854882-2 devstack@keystone.service[81846]: DEBUG keystone.server.flask.request_processing.middleware.auth_context [None req-5260ed1d-bd61-4043-b66b-3115da2ab1d3 None admin] Validating token access rules against request {{(pid=81846) validate_allowed_request /usr/local/lib/python3.8/dist-packages/keystonemiddleware/auth_token/__init__.py:545}}
Aug 27 17:15:48.298303 n-d-854882-2 devstack@keystone.service[81847]: DEBUG keystone.server.flask.request_processing.middleware.auth_context [None req-d3e7e18d-fad0-48a7-9765-176fb050ebea None admin] Validating token access rules against request {{(pid=81847) validate_allowed_request /usr/local/lib/python3.8/dist-packages/keystonemiddleware/auth_token/__init__.py:545}}
Aug 27 17:15:48.317162 n-d-854882-2 devstack@keystone.service[81846]: DEBUG dbcounter [-] [81846] Writing DB stats keystone:SELECT=100 {{(pid=81846) stat_writer /usr/local/lib/python3.8/dist-packages/dbcounter.py:114}}
Aug 27 17:15:48.333050 n-d-854882-2 devstack@keystone.service[81847]: DEBUG keystone.server.flask.request_processing.middleware.auth_context [None req-23aa56d5-1998-42d9-9c96-d2e5eb2e0095 None admin] RBAC: auth_context: {'token': , 'domain_id': None, 'trust_id': None, 'trustor_id': None, 'trustee_id': None, 'domain_name': None, 'group_ids': [], 'user_id': '077f5c8ed16745c09698bfabd35b7c97', 'user_domain_id': 'default', 'system_scope': 'all', 'project_id': None, 'project_domain_id': None, 'roles': ['admin', 'member', 'reader'], 'is_admin_project': True, 'service_user_id': None, 'service_user_domain_id': None, 'service_project_id': None, 'service_project_domain_id': None, 'service_roles': []} {{(pid=81847) fill_context /opt/stack/keystone/keystone/server/flask/request_processing/middleware/auth_context.py:478}}
Aug 27 17:15:48.333660 n-d-854882-2 devstack@keystone.service[81847]: DEBUG keystone.server.flask.request_processing.req_logging [None req-23aa56d5-1998-42d9-9c96-d2e5eb2e0095 None admin] REQUEST_METHOD: `GET` {{(pid=81847) log_request_info /opt/stack/keystone/keystone/server/flask/request_processing/req_logging.py:27}}
Aug 27 17:15:48.333927 n-d-854882-2 devstack@keystone.service[81847]: DEBUG keystone.server.flask.request_processing.req_logging [None req-23aa56d5-1998-42d9-9c96-d2e5eb2e0095 None admin] SCRIPT_NAME: `/identity` {{(pid=81847) log_request_info /opt/stack/keystone/keystone/server/flask/request_processing/req_logging.py:28}}
Aug 27 17:15:48.334066 n-d-854882-2 devstack@keystone.service[81846]: DEBUG keystone.server.flask.request_processing.middleware.auth_context [None req-9987f057-839b-4f4a-a146-786c759739a2 None admin] RBAC: auth_context: {'token': , 'domain_id': None, 'trust_id': None, 'trustor_id': None, 'trustee_id': None, 'domain_name': None, 'group_ids': [], 'user_id': '077f5c8ed16745c09698bfabd35b7c97', 'user_domain_id': 'default', 'system_scope': 'all', 'project_id': None, 'project_domain_id': None, 'roles': ['admin', 'member', 'reader'], 'is_admin_project': True, 'service_user_id': None, 'service_user_domain_id': None, 'service_project_id': None, 'service_project_domain_id': None, 'service_roles': []} {{(pid=81846) fill_context /opt/stack/keystone/keystone/server/flask/request_processing/middleware/auth_context.py:478}}
Aug 27 17:15:48.334230 n-d-854882-2 devstack@keystone.service[81847]: DEBUG keystone.server.flask.request_processing.req_logging [None req-23aa56d5-1998-42d9-9c96-d2e5eb2e0095 None admin] PATH_INFO: `/v3/roles` {{(pid=81847) log_request_info /opt/stack/keystone/keystone/server/flask/request_processing/req_logging.py:29}}
Aug 27 17:15:48.334622 n-d-854882-2 devstack@keystone.service[81846]: DEBUG keystone.server.flask.request_processing.req_logging [None req-9987f057-839b-4f4a-a146-786c759739a2 None admin] REQUEST_METHOD: `GET` {{(pid=81846) log_request_info /opt/stack/keystone/keystone/server/flask/request_processing/req_logging.py:27}}
Aug 27 17:15:48.334829 n-d-854882-2 devstack@keystone.service[81847]: DEBUG keystone.common.rbac_enforcer.enforcer [None req-23aa56d5-1998-42d9-9c96-d2e5eb2e0095 None admin] RBAC: Adding query filter params (name=admin) {{(pid=81847) _extract_filter_values /opt/stack/keystone/keystone/common/rbac_enforcer/enforcer.py:167}}
Aug 27 17:15:48.334961 n-d-854882-2 devstack@keystone.service[81846]: DEBUG keystone.server.flask.request_processing.req_logging [None req-9987f057-839b-4f4a-a146-786c759739a2 None admin] SCRIPT_NAME: `/identity` {{(pid=81846) log_request_info /opt/stack/keystone/keystone/server/flask/request_processing/req_logging.py:28}}
Aug 27 17:15:48.335119 n-d-854882-2 devstack@keystone.service[81847]: DEBUG keystone.common.rbac_enforcer.enforcer [None req-23aa56d5-1998-42d9-9c96-d2e5eb2e0095 None admin] RBAC: Authorizing `identity:list_roles()` {{(pid=81847) enforce_call /opt/stack/keystone/keystone/common/rbac_enforcer/enforcer.py:449}}
Aug 27 17:15:48.335257 n-d-854882-2 devstack@keystone.service[81846]: DEBUG keystone.server.flask.request_processing.req_logging [None req-9987f057-839b-4f4a-a146-786c759739a2 None admin] PATH_INFO: `/v3/roles` {{(pid=81846) log_request_info /opt/stack/keystone/keystone/server/flask/request_processing/req_logging.py:29}}
Aug 27 17:15:48.335856 n-d-854882-2 devstack@keystone.service[81846]: DEBUG keystone.common.rbac_enforcer.enforcer [None req-9987f057-839b-4f4a-a146-786c759739a2 None admin] RBAC: Adding query filter params (name=anotherrole) {{(pid=81846) _extract_filter_values /opt/stack/keystone/keystone/common/rbac_enforcer/enforcer.py:167}}
Aug 27 17:15:48.336156 n-d-854882-2 devstack@keystone.service[81846]: DEBUG keystone.common.rbac_enforcer.enforcer [None req-9987f057-839b-4f4a-a146-786c759739a2 None admin] RBAC: Authorizing `identity:list_roles()` {{(pid=81846) enforce_call /opt/stack/keystone/keystone/common/rbac_enforcer/enforcer.py:449}}
Aug 27 17:15:48.336534 n-d-854882-2 devstack@keystone.service[81847]: DEBUG keystone.common.rbac_enforcer.enforcer [None req-23aa56d5-1998-42d9-9c96-d2e5eb2e0095 None admin] RBAC: Authorization granted {{(pid=81847) enforce_call /opt/stack/keystone/keystone/common/rbac_enforcer/enforcer.py:457}}
Aug 27 17:15:48.337540 n-d-854882-2 devstack@keystone.service[81846]: DEBUG keystone.common.rbac_enforcer.enforcer [None req-9987f057-839b-4f4a-a146-786c759739a2 None admin] RBAC: Authorization granted {{(pid=81846) enforce_call /opt/stack/keystone/keystone/common/rbac_enforcer/enforcer.py:457}}
Aug 27 17:15:48.345018 n-d-854882-2 devstack@keystone.service[81847]: [pid: 81847|app: 0|req: 114/225] 10.222.0.42 () {56 vars in 1099 bytes} [Sat Aug 27 17:15:48 2022] GET /identity/v3/roles?name=admin => generated 339 bytes in 146 msecs (HTTP/1.1 200) 5 headers in 177 bytes (1 switches on core 0)
Aug 27 17:15:48.345826 n-d-854882-2 devstack@keystone.service[81847]: DEBUG keystone.server.flask.request_processing.middleware.auth_context [None req-23aa56d5-1998-42d9-9c96-d2e5eb2e0095 None admin] Authenticating user token {{(pid=81847) process_request /usr/local/lib/python3.8/dist-packages/keystonemiddleware/auth_token/__init__.py:407}}
Aug 27 17:15:48.346603 n-d-854882-2 devstack@keystone.service[81846]: [pid: 81846|app: 0|req: 112/226] 10.222.0.42 () {56 vars in 1111 bytes} [Sat Aug 27 17:15:48 2022] GET /identity/v3/roles?name=anotherrole => generated 334 bytes in 168 msecs (HTTP/1.1 200) 5 headers in 177 bytes (1 switches on core 0)
Aug 27 17:15:48.352696 n-d-854882-2 devstack@keystone.service[81846]: DEBUG keystone.server.flask.request_processing.middleware.auth_context [None req-9987f057-839b-4f4a-a146-786c759739a2 None admin] Authenticating user token {{(pid=81846) process_request /usr/local/lib/python3.8/dist-packages/keystonemiddleware/auth_token/__init__.py:407}}
Aug 27 17:15:48.363687 n-d-854882-2 devstack@keystone.service[81847]: DEBUG dbcounter [-] [81847] Writing DB stats keystone:SELECT=100 {{(pid=81847) stat_writer /usr/local/lib/python3.8/dist-packages/dbcounter.py:114}}
Aug 27 17:15:48.452018 n-d-854882-2 devstack@keystone.service[81847]: DEBUG keystone.server.flask.request_processing.middleware.auth_context [None req-23aa56d5-1998-42d9-9c96-d2e5eb2e0095 None admin] Validating token access rules against request {{(pid=81847) validate_allowed_request /usr/local/lib/python3.8/dist-packages/keystonemiddleware/auth_token/__init__.py:545}}
Aug 27 17:15:48.460899 n-d-854882-2 devstack@keystone.service[81846]: DEBUG keystone.server.flask.request_processing.middleware.auth_context [None req-9987f057-839b-4f4a-a146-786c759739a2 None admin] Validating token access rules against request {{(pid=81846) validate_allowed_request /usr/local/lib/python3.8/dist-packages/keystonemiddleware/auth_token/__init__.py:545}}
Aug 27 17:15:48.486776 n-d-854882-2 devstack@keystone.service[81847]: DEBUG keystone.server.flask.request_processing.middleware.auth_context [None req-607b38d6-190d-4868-bafd-dff93c0e7d06 None admin] RBAC: auth_context: {'token': , 'domain_id': None, 'trust_id': None, 'trustor_id': None, 'trustee_id': None, 'domain_name': None, 'group_ids': [], 'user_id': '077f5c8ed16745c09698bfabd35b7c97', 'user_domain_id': 'default', 'system_scope': 'all', 'project_id': None, 'project_domain_id': None, 'roles': ['admin', 'member', 'reader'], 'is_admin_project': True, 'service_user_id': None, 'service_user_domain_id': None, 'service_project_id': None, 'service_project_domain_id': None, 'service_roles': []} {{(pid=81847) fill_context /opt/stack/keystone/keystone/server/flask/request_processing/middleware/auth_context.py:478}}
Aug 27 17:15:48.487421 n-d-854882-2 devstack@keystone.service[81847]: DEBUG keystone.server.flask.request_processing.req_logging [None req-607b38d6-190d-4868-bafd-dff93c0e7d06 None admin] REQUEST_METHOD: `GET` {{(pid=81847) log_request_info /opt/stack/keystone/keystone/server/flask/request_processing/req_logging.py:27}}
Aug 27 17:15:48.487718 n-d-854882-2 devstack@keystone.service[81847]: DEBUG keystone.server.flask.request_processing.req_logging [None req-607b38d6-190d-4868-bafd-dff93c0e7d06 None admin] SCRIPT_NAME: `/identity` {{(pid=81847) log_request_info /opt/stack/keystone/keystone/server/flask/request_processing/req_logging.py:28}}
Aug 27 17:15:48.487985 n-d-854882-2 devstack@keystone.service[81847]: DEBUG keystone.server.flask.request_processing.req_logging [None req-607b38d6-190d-4868-bafd-dff93c0e7d06 None admin] PATH_INFO: `/v3/projects/ca684b74c7854e00a9f70b3f80162bab` {{(pid=81847) log_request_info /opt/stack/keystone/keystone/server/flask/request_processing/req_logging.py:29}}
Aug 27 17:15:48.489110 n-d-854882-2 devstack@keystone.service[81847]: DEBUG keystone.common.rbac_enforcer.enforcer [None req-607b38d6-190d-4868-bafd-dff93c0e7d06 None admin] RBAC: Authorizing `identity:get_project(project_id=ca684b74c7854e00a9f70b3f80162bab)` {{(pid=81847) enforce_call /opt/stack/keystone/keystone/common/rbac_enforcer/enforcer.py:449}}
Aug 27 17:15:48.490567 n-d-854882-2 devstack@keystone.service[81847]: DEBUG keystone.common.rbac_enforcer.enforcer [None req-607b38d6-190d-4868-bafd-dff93c0e7d06 None admin] RBAC: Authorization granted {{(pid=81847) enforce_call /opt/stack/keystone/keystone/common/rbac_enforcer/enforcer.py:457}}
Aug 27 17:15:48.492260 n-d-854882-2 devstack@keystone.service[81847]: [pid: 81847|app: 0|req: 115/227] 10.222.0.42 () {56 vars in 1186 bytes} [Sat Aug 27 17:15:48 2022] GET /identity/v3/projects/ca684b74c7854e00a9f70b3f80162bab => generated 302 bytes in 147 msecs (HTTP/1.1 200) 5 headers in 177 bytes (1 switches on core 0)
Aug 27 17:15:48.493029 n-d-854882-2 devstack@keystone.service[81847]: DEBUG keystone.server.flask.request_processing.middleware.auth_context [None req-607b38d6-190d-4868-bafd-dff93c0e7d06 None admin] Authenticating user token {{(pid=81847) process_request /usr/local/lib/python3.8/dist-packages/keystonemiddleware/auth_token/__init__.py:407}}
Aug 27 17:15:48.508183 n-d-854882-2 devstack@keystone.service[81846]: DEBUG keystone.server.flask.request_processing.middleware.auth_context [None req-4a1c3106-8d5c-4527-87cf-4e95315054f6 None admin] RBAC: auth_context: {'token': , 'domain_id': None, 'trust_id': None, 'trustor_id': None, 'trustee_id': None, 'domain_name': None, 'group_ids': [], 'user_id': '077f5c8ed16745c09698bfabd35b7c97', 'user_domain_id': 'default', 'system_scope': 'all', 'project_id': None, 'project_domain_id': None, 'roles': ['admin', 'member', 'reader'], 'is_admin_project': True, 'service_user_id': None, 'service_user_domain_id': None, 'service_project_id': None, 'service_project_domain_id': None, 'service_roles': []} {{(pid=81846) fill_context /opt/stack/keystone/keystone/server/flask/request_processing/middleware/auth_context.py:478}}
Aug 27 17:15:48.509334 n-d-854882-2 devstack@keystone.service[81846]: DEBUG keystone.server.flask.request_processing.req_logging [None req-4a1c3106-8d5c-4527-87cf-4e95315054f6 None admin] REQUEST_METHOD: `GET` {{(pid=81846) log_request_info /opt/stack/keystone/keystone/server/flask/request_processing/req_logging.py:27}}
Aug 27 17:15:48.509616 n-d-854882-2 devstack@keystone.service[81846]: DEBUG keystone.server.flask.request_processing.req_logging [None req-4a1c3106-8d5c-4527-87cf-4e95315054f6 None admin] SCRIPT_NAME: `/identity` {{(pid=81846) log_request_info /opt/stack/keystone/keystone/server/flask/request_processing/req_logging.py:28}}
Aug 27 17:15:48.509894 n-d-854882-2 devstack@keystone.service[81846]: DEBUG keystone.server.flask.request_processing.req_logging [None req-4a1c3106-8d5c-4527-87cf-4e95315054f6 None admin] PATH_INFO: `/v3/users/1513f9a15ac04f8690dcc5f394fb36f8` {{(pid=81846) log_request_info /opt/stack/keystone/keystone/server/flask/request_processing/req_logging.py:29}}
Aug 27 17:15:48.511539 n-d-854882-2 devstack@keystone.service[81846]: DEBUG keystone.common.rbac_enforcer.enforcer [None req-4a1c3106-8d5c-4527-87cf-4e95315054f6 None admin] RBAC: Authorizing `identity:get_user(user_id=1513f9a15ac04f8690dcc5f394fb36f8)` {{(pid=81846) enforce_call /opt/stack/keystone/keystone/common/rbac_enforcer/enforcer.py:449}}
Aug 27 17:15:48.513458 n-d-854882-2 devstack@keystone.service[81846]: DEBUG keystone.common.rbac_enforcer.enforcer [None req-4a1c3106-8d5c-4527-87cf-4e95315054f6 None admin] RBAC: Authorization granted {{(pid=81846) enforce_call /opt/stack/keystone/keystone/common/rbac_enforcer/enforcer.py:457}}
Aug 27 17:15:48.515060 n-d-854882-2 devstack@keystone.service[81846]: [pid: 81846|app: 0|req: 113/228] 10.222.0.42 () {56 vars in 1177 bytes} [Sat Aug 27 17:15:48 2022] GET /identity/v3/users/1513f9a15ac04f8690dcc5f394fb36f8 => generated 283 bytes in 163 msecs (HTTP/1.1 200) 5 headers in 177 bytes (1 switches on core 0)
Aug 27 17:15:48.515929 n-d-854882-2 devstack@keystone.service[81846]: DEBUG keystone.server.flask.request_processing.middleware.auth_context [None req-4a1c3106-8d5c-4527-87cf-4e95315054f6 None admin] Authenticating user token {{(pid=81846) process_request /usr/local/lib/python3.8/dist-packages/keystonemiddleware/auth_token/__init__.py:407}}
Aug 27 17:15:48.580841 n-d-854882-2 devstack@keystone.service[81846]: DEBUG dbcounter [-] [81846] Writing DB stats keystone:SELECT=100 {{(pid=81846) stat_writer /usr/local/lib/python3.8/dist-packages/dbcounter.py:114}}
Aug 27 17:15:48.582730 n-d-854882-2 devstack@keystone.service[81847]: DEBUG dbcounter [-] [81847] Writing DB stats keystone:SELECT=100 {{(pid=81847) stat_writer /usr/local/lib/python3.8/dist-packages/dbcounter.py:114}}
Aug 27 17:15:48.609276 n-d-854882-2 devstack@keystone.service[81847]: DEBUG keystone.server.flask.request_processing.middleware.auth_context [None req-607b38d6-190d-4868-bafd-dff93c0e7d06 None admin] Validating token access rules against request {{(pid=81847) validate_allowed_request /usr/local/lib/python3.8/dist-packages/keystonemiddleware/auth_token/__init__.py:545}}
Aug 27 17:15:48.650168 n-d-854882-2 devstack@keystone.service[81847]: DEBUG keystone.server.flask.request_processing.middleware.auth_context [None req-d3363baf-62ff-441b-841e-f12f0c2a90c2 None admin] RBAC: auth_context: {'token': , 'domain_id': None, 'trust_id': None, 'trustor_id': None, 'trustee_id': None, 'domain_name': None, 'group_ids': [], 'user_id': '077f5c8ed16745c09698bfabd35b7c97', 'user_domain_id': 'default', 'system_scope': 'all', 'project_id': None, 'project_domain_id': None, 'roles': ['admin', 'member', 'reader'], 'is_admin_project': True, 'service_user_id': None, 'service_user_domain_id': None, 'service_project_id': None, 'service_project_domain_id': None, 'service_roles': []} {{(pid=81847) fill_context /opt/stack/keystone/keystone/server/flask/request_processing/middleware/auth_context.py:478}}
Aug 27 17:15:48.651133 n-d-854882-2 devstack@keystone.service[81847]: DEBUG keystone.server.flask.request_processing.req_logging [None req-d3363baf-62ff-441b-841e-f12f0c2a90c2 None admin] REQUEST_METHOD: `GET` {{(pid=81847) log_request_info /opt/stack/keystone/keystone/server/flask/request_processing/req_logging.py:27}}
Aug 27 17:15:48.651688 n-d-854882-2 devstack@keystone.service[81847]: DEBUG keystone.server.flask.request_processing.req_logging [None req-d3363baf-62ff-441b-841e-f12f0c2a90c2 None admin] SCRIPT_NAME: `/identity` {{(pid=81847) log_request_info /opt/stack/keystone/keystone/server/flask/request_processing/req_logging.py:28}}
Aug 27 17:15:48.651788 n-d-854882-2 devstack@keystone.service[81846]: DEBUG keystone.server.flask.request_processing.middleware.auth_context [None req-4a1c3106-8d5c-4527-87cf-4e95315054f6 None admin] Validating token access rules against request {{(pid=81846) validate_allowed_request /usr/local/lib/python3.8/dist-packages/keystonemiddleware/auth_token/__init__.py:545}}
Aug 27 17:15:48.652332 n-d-854882-2 devstack@keystone.service[81847]: DEBUG keystone.server.flask.request_processing.req_logging [None req-d3363baf-62ff-441b-841e-f12f0c2a90c2 None admin] PATH_INFO: `/v3/users/1513f9a15ac04f8690dcc5f394fb36f8` {{(pid=81847) log_request_info /opt/stack/keystone/keystone/server/flask/request_processing/req_logging.py:29}}
Aug 27 17:15:48.653792 n-d-854882-2 devstack@keystone.service[81847]: DEBUG keystone.common.rbac_enforcer.enforcer [None req-d3363baf-62ff-441b-841e-f12f0c2a90c2 None admin] RBAC: Authorizing `identity:get_user(user_id=1513f9a15ac04f8690dcc5f394fb36f8)` {{(pid=81847) enforce_call /opt/stack/keystone/keystone/common/rbac_enforcer/enforcer.py:449}}
Aug 27 17:15:48.655581 n-d-854882-2 devstack@keystone.service[81847]: DEBUG keystone.common.rbac_enforcer.enforcer [None req-d3363baf-62ff-441b-841e-f12f0c2a90c2 None admin] RBAC: Authorization granted {{(pid=81847) enforce_call /opt/stack/keystone/keystone/common/rbac_enforcer/enforcer.py:457}}
Aug 27 17:15:48.657374 n-d-854882-2 devstack@keystone.service[81847]: [pid: 81847|app: 0|req: 116/229] 10.222.0.42 () {56 vars in 1177 bytes} [Sat Aug 27 17:15:48 2022] GET /identity/v3/users/1513f9a15ac04f8690dcc5f394fb36f8 => generated 283 bytes in 165 msecs (HTTP/1.1 200) 5 headers in 177 bytes (1 switches on core 0)
Aug 27 17:15:48.658631 n-d-854882-2 devstack@keystone.service[81847]: DEBUG keystone.server.flask.request_processing.middleware.auth_context [None req-d3363baf-62ff-441b-841e-f12f0c2a90c2 None admin] Authenticating user token {{(pid=81847) process_request /usr/local/lib/python3.8/dist-packages/keystonemiddleware/auth_token/__init__.py:407}}
Aug 27 17:15:48.703153 n-d-854882-2 devstack@keystone.service[81846]: DEBUG keystone.server.flask.request_processing.middleware.auth_context [None req-efcc2328-20ff-43a5-a672-93058eb04d47 None admin] RBAC: auth_context: {'token': , 'domain_id': None, 'trust_id': None, 'trustor_id': None, 'trustee_id': None, 'domain_name': None, 'group_ids': [], 'user_id': '077f5c8ed16745c09698bfabd35b7c97', 'user_domain_id': 'default', 'system_scope': 'all', 'project_id': None, 'project_domain_id': None, 'roles': ['admin', 'member', 'reader'], 'is_admin_project': True, 'service_user_id': None, 'service_user_domain_id': None, 'service_project_id': None, 'service_project_domain_id': None, 'service_roles': []} {{(pid=81846) fill_context /opt/stack/keystone/keystone/server/flask/request_processing/middleware/auth_context.py:478}}
Aug 27 17:15:48.703788 n-d-854882-2 devstack@keystone.service[81846]: DEBUG keystone.server.flask.request_processing.req_logging [None req-efcc2328-20ff-43a5-a672-93058eb04d47 None admin] REQUEST_METHOD: `GET` {{(pid=81846) log_request_info /opt/stack/keystone/keystone/server/flask/request_processing/req_logging.py:27}}
Aug 27 17:15:48.704063 n-d-854882-2 devstack@keystone.service[81846]: DEBUG keystone.server.flask.request_processing.req_logging [None req-efcc2328-20ff-43a5-a672-93058eb04d47 None admin] SCRIPT_NAME: `/identity` {{(pid=81846) log_request_info /opt/stack/keystone/keystone/server/flask/request_processing/req_logging.py:28}}
Aug 27 17:15:48.704331 n-d-854882-2 devstack@keystone.service[81846]: DEBUG keystone.server.flask.request_processing.req_logging [None req-efcc2328-20ff-43a5-a672-93058eb04d47 None admin] PATH_INFO: `/v3/role_assignments` {{(pid=81846) log_request_info /opt/stack/keystone/keystone/server/flask/request_processing/req_logging.py:29}}
Aug 27 17:15:48.705461 n-d-854882-2 devstack@keystone.service[81846]: DEBUG keystone.common.rbac_enforcer.enforcer [None req-efcc2328-20ff-43a5-a672-93058eb04d47 None admin] RBAC: Adding query filter params (role.id=3c2eea341026421ea53abb91c2bd4fe7, scope.project.id=ca684b74c7854e00a9f70b3f80162bab, user.id=f23185c8ce2f493897364f16343e8c8d) {{(pid=81846) _extract_filter_values /opt/stack/keystone/keystone/common/rbac_enforcer/enforcer.py:167}}
Aug 27 17:15:48.705766 n-d-854882-2 devstack@keystone.service[81846]: DEBUG keystone.common.rbac_enforcer.enforcer [None req-efcc2328-20ff-43a5-a672-93058eb04d47 None admin] RBAC: Authorizing `identity:list_role_assignments()` {{(pid=81846) enforce_call /opt/stack/keystone/keystone/common/rbac_enforcer/enforcer.py:449}}
Aug 27 17:15:48.707485 n-d-854882-2 devstack@keystone.service[81846]: DEBUG keystone.common.rbac_enforcer.enforcer [None req-efcc2328-20ff-43a5-a672-93058eb04d47 None admin] RBAC: Authorization granted {{(pid=81846) enforce_call /opt/stack/keystone/keystone/common/rbac_enforcer/enforcer.py:457}}
Aug 27 17:15:48.714468 n-d-854882-2 devstack@keystone.service[81846]: [pid: 81846|app: 0|req: 114/230] 10.222.0.42 () {56 vars in 1374 bytes} [Sat Aug 27 17:15:48 2022] GET /identity/v3/role_assignments?user.id=f23185c8ce2f493897364f16343e8c8d&scope.project.id=ca684b74c7854e00a9f70b3f80162bab&role.id=3c2eea341026421ea53abb91c2bd4fe7 => generated 259 bytes in 199 msecs (HTTP/1.1 200) 5 headers in 177 bytes (1 switches on core 0)
Aug 27 17:15:48.715315 n-d-854882-2 devstack@keystone.service[81846]: DEBUG keystone.server.flask.request_processing.middleware.auth_context [None req-efcc2328-20ff-43a5-a672-93058eb04d47 None admin] Authenticating user token {{(pid=81846) process_request /usr/local/lib/python3.8/dist-packages/keystonemiddleware/auth_token/__init__.py:407}}
Aug 27 17:15:48.771150 n-d-854882-2 devstack@keystone.service[81847]: DEBUG keystone.server.flask.request_processing.middleware.auth_context [None req-d3363baf-62ff-441b-841e-f12f0c2a90c2 None admin] Validating token access rules against request {{(pid=81847) validate_allowed_request /usr/local/lib/python3.8/dist-packages/keystonemiddleware/auth_token/__init__.py:545}}
Aug 27 17:15:48.810468 n-d-854882-2 devstack@keystone.service[81847]: DEBUG keystone.server.flask.request_processing.middleware.auth_context [None req-aece0ae3-3530-4bf5-97bb-d0b0460556de None admin] RBAC: auth_context: {'token': , 'domain_id': None, 'trust_id': None, 'trustor_id': None, 'trustee_id': None, 'domain_name': None, 'group_ids': [], 'user_id': '077f5c8ed16745c09698bfabd35b7c97', 'user_domain_id': 'default', 'system_scope': 'all', 'project_id': None, 'project_domain_id': None, 'roles': ['admin', 'member', 'reader'], 'is_admin_project': True, 'service_user_id': None, 'service_user_domain_id': None, 'service_project_id': None, 'service_project_domain_id': None, 'service_roles': []} {{(pid=81847) fill_context /opt/stack/keystone/keystone/server/flask/request_processing/middleware/auth_context.py:478}}
Aug 27 17:15:48.811572 n-d-854882-2 devstack@keystone.service[81847]: DEBUG keystone.server.flask.request_processing.req_logging [None req-aece0ae3-3530-4bf5-97bb-d0b0460556de None admin] REQUEST_METHOD: `GET` {{(pid=81847) log_request_info /opt/stack/keystone/keystone/server/flask/request_processing/req_logging.py:27}}
Aug 27 17:15:48.812066 n-d-854882-2 devstack@keystone.service[81847]: DEBUG keystone.server.flask.request_processing.req_logging [None req-aece0ae3-3530-4bf5-97bb-d0b0460556de None admin] SCRIPT_NAME: `/identity` {{(pid=81847) log_request_info /opt/stack/keystone/keystone/server/flask/request_processing/req_logging.py:28}}
Aug 27 17:15:48.812521 n-d-854882-2 devstack@keystone.service[81847]: DEBUG keystone.server.flask.request_processing.req_logging [None req-aece0ae3-3530-4bf5-97bb-d0b0460556de None admin] PATH_INFO: `/v3/projects/ca684b74c7854e00a9f70b3f80162bab` {{(pid=81847) log_request_info /opt/stack/keystone/keystone/server/flask/request_processing/req_logging.py:29}}
Aug 27 17:15:48.814127 n-d-854882-2 devstack@keystone.service[81847]: DEBUG keystone.common.rbac_enforcer.enforcer [None req-aece0ae3-3530-4bf5-97bb-d0b0460556de None admin] RBAC: Authorizing `identity:get_project(project_id=ca684b74c7854e00a9f70b3f80162bab)` {{(pid=81847) enforce_call /opt/stack/keystone/keystone/common/rbac_enforcer/enforcer.py:449}}
Aug 27 17:15:48.815944 n-d-854882-2 devstack@keystone.service[81847]: DEBUG keystone.common.rbac_enforcer.enforcer [None req-aece0ae3-3530-4bf5-97bb-d0b0460556de None admin] RBAC: Authorization granted {{(pid=81847) enforce_call /opt/stack/keystone/keystone/common/rbac_enforcer/enforcer.py:457}}
Aug 27 17:15:48.818262 n-d-854882-2 devstack@keystone.service[81847]: [pid: 81847|app: 0|req: 117/231] 10.222.0.42 () {56 vars in 1186 bytes} [Sat Aug 27 17:15:48 2022] GET /identity/v3/projects/ca684b74c7854e00a9f70b3f80162bab => generated 302 bytes in 160 msecs (HTTP/1.1 200) 5 headers in 177 bytes (1 switches on core 0)
Aug 27 17:15:48.824681 n-d-854882-2 devstack@keystone.service[81847]: DEBUG keystone.server.flask.request_processing.middleware.auth_context [None req-aece0ae3-3530-4bf5-97bb-d0b0460556de None admin] Authenticating user token {{(pid=81847) process_request /usr/local/lib/python3.8/dist-packages/keystonemiddleware/auth_token/__init__.py:407}}
Aug 27 17:15:48.846802 n-d-854882-2 devstack@keystone.service[81847]: DEBUG dbcounter [-] [81847] Writing DB stats keystone:SELECT=100 {{(pid=81847) stat_writer /usr/local/lib/python3.8/dist-packages/dbcounter.py:114}}
Aug 27 17:15:48.847197 n-d-854882-2 devstack@keystone.service[81846]: DEBUG keystone.server.flask.request_processing.middleware.auth_context [None req-efcc2328-20ff-43a5-a672-93058eb04d47 None admin] Validating token access rules against request {{(pid=81846) validate_allowed_request /usr/local/lib/python3.8/dist-packages/keystonemiddleware/auth_token/__init__.py:545}}
Aug 27 17:15:48.863214 n-d-854882-2 devstack@keystone.service[81846]: DEBUG dbcounter [-] [81846] Writing DB stats keystone:SELECT=100 {{(pid=81846) stat_writer /usr/local/lib/python3.8/dist-packages/dbcounter.py:114}}
Aug 27 17:15:48.886507 n-d-854882-2 devstack@keystone.service[81846]: DEBUG keystone.server.flask.request_processing.middleware.auth_context [None req-974903d0-72f5-49ce-8a7d-cebd5298acbd None admin] RBAC: auth_context: {'token': , 'domain_id': None, 'trust_id': None, 'trustor_id': None, 'trustee_id': None, 'domain_name': None, 'group_ids': [], 'user_id': '077f5c8ed16745c09698bfabd35b7c97', 'user_domain_id': 'default', 'system_scope': 'all', 'project_id': None, 'project_domain_id': None, 'roles': ['admin', 'member', 'reader'], 'is_admin_project': True, 'service_user_id': None, 'service_user_domain_id': None, 'service_project_id': None, 'service_project_domain_id': None, 'service_roles': []} {{(pid=81846) fill_context /opt/stack/keystone/keystone/server/flask/request_processing/middleware/auth_context.py:478}}
Aug 27 17:15:48.887070 n-d-854882-2 devstack@keystone.service[81846]: DEBUG keystone.server.flask.request_processing.req_logging [None req-974903d0-72f5-49ce-8a7d-cebd5298acbd None admin] REQUEST_METHOD: `GET` {{(pid=81846) log_request_info /opt/stack/keystone/keystone/server/flask/request_processing/req_logging.py:27}}
Aug 27 17:15:48.887342 n-d-854882-2 devstack@keystone.service[81846]: DEBUG keystone.server.flask.request_processing.req_logging [None req-974903d0-72f5-49ce-8a7d-cebd5298acbd None admin] SCRIPT_NAME: `/identity` {{(pid=81846) log_request_info /opt/stack/keystone/keystone/server/flask/request_processing/req_logging.py:28}}
Aug 27 17:15:48.887647 n-d-854882-2 devstack@keystone.service[81846]: DEBUG keystone.server.flask.request_processing.req_logging [None req-974903d0-72f5-49ce-8a7d-cebd5298acbd None admin] PATH_INFO: `/v3/projects/ca684b74c7854e00a9f70b3f80162bab` {{(pid=81846) log_request_info /opt/stack/keystone/keystone/server/flask/request_processing/req_logging.py:29}}
Aug 27 17:15:48.889016 n-d-854882-2 devstack@keystone.service[81846]: DEBUG keystone.common.rbac_enforcer.enforcer [None req-974903d0-72f5-49ce-8a7d-cebd5298acbd None admin] RBAC: Authorizing `identity:get_project(project_id=ca684b74c7854e00a9f70b3f80162bab)` {{(pid=81846) enforce_call /opt/stack/keystone/keystone/common/rbac_enforcer/enforcer.py:449}}
Aug 27 17:15:48.890771 n-d-854882-2 devstack@keystone.service[81846]: DEBUG keystone.common.rbac_enforcer.enforcer [None req-974903d0-72f5-49ce-8a7d-cebd5298acbd None admin] RBAC: Authorization granted {{(pid=81846) enforce_call /opt/stack/keystone/keystone/common/rbac_enforcer/enforcer.py:457}}
Aug 27 17:15:48.894904 n-d-854882-2 devstack@keystone.service[81846]: [pid: 81846|app: 0|req: 115/232] 10.222.0.42 () {56 vars in 1186 bytes} [Sat Aug 27 17:15:48 2022] GET /identity/v3/projects/ca684b74c7854e00a9f70b3f80162bab => generated 302 bytes in 179 msecs (HTTP/1.1 200) 5 headers in 177 bytes (1 switches on core 0)
Aug 27 17:15:48.899955 n-d-854882-2 devstack@keystone.service[81846]: DEBUG keystone.server.flask.request_processing.middleware.auth_context [None req-974903d0-72f5-49ce-8a7d-cebd5298acbd None admin] Authenticating user token {{(pid=81846) process_request /usr/local/lib/python3.8/dist-packages/keystonemiddleware/auth_token/__init__.py:407}}
Aug 27 17:15:48.994425 n-d-854882-2 devstack@keystone.service[81847]: DEBUG keystone.server.flask.request_processing.middleware.auth_context [None req-aece0ae3-3530-4bf5-97bb-d0b0460556de None admin] Validating token access rules against request {{(pid=81847) validate_allowed_request /usr/local/lib/python3.8/dist-packages/keystonemiddleware/auth_token/__init__.py:545}}
Aug 27 17:15:49.063209 n-d-854882-2 devstack@keystone.service[81847]: DEBUG keystone.server.flask.request_processing.middleware.auth_context [None req-fbefa23f-1f70-4435-a3df-aef315201355 None admin] RBAC: auth_context: {'token': , 'domain_id': None, 'trust_id': None, 'trustor_id': None, 'trustee_id': None, 'domain_name': None, 'group_ids': [], 'user_id': '077f5c8ed16745c09698bfabd35b7c97', 'user_domain_id': 'default', 'system_scope': 'all', 'project_id': None, 'project_domain_id': None, 'roles': ['admin', 'member', 'reader'], 'is_admin_project': True, 'service_user_id': None, 'service_user_domain_id': None, 'service_project_id': None, 'service_project_domain_id': None, 'service_roles': []} {{(pid=81847) fill_context /opt/stack/keystone/keystone/server/flask/request_processing/middleware/auth_context.py:478}}
Aug 27 17:15:49.063937 n-d-854882-2 devstack@keystone.service[81847]: DEBUG keystone.server.flask.request_processing.req_logging [None req-fbefa23f-1f70-4435-a3df-aef315201355 None admin] REQUEST_METHOD: `PUT` {{(pid=81847) log_request_info /opt/stack/keystone/keystone/server/flask/request_processing/req_logging.py:27}}
Aug 27 17:15:49.064204 n-d-854882-2 devstack@keystone.service[81847]: DEBUG keystone.server.flask.request_processing.req_logging [None req-fbefa23f-1f70-4435-a3df-aef315201355 None admin] SCRIPT_NAME: `/identity` {{(pid=81847) log_request_info /opt/stack/keystone/keystone/server/flask/request_processing/req_logging.py:28}}
Aug 27 17:15:49.064465 n-d-854882-2 devstack@keystone.service[81847]: DEBUG keystone.server.flask.request_processing.req_logging [None req-fbefa23f-1f70-4435-a3df-aef315201355 None admin] PATH_INFO: `/v3/projects/ca684b74c7854e00a9f70b3f80162bab/users/1513f9a15ac04f8690dcc5f394fb36f8/roles/2b3de88ca30b4d5cb2ebce00d15dd73b` {{(pid=81847) log_request_info /opt/stack/keystone/keystone/server/flask/request_processing/req_logging.py:29}}
Aug 27 17:15:49.064827 n-d-854882-2 devstack@keystone.service[81846]: DEBUG keystone.server.flask.request_processing.middleware.auth_context [None req-974903d0-72f5-49ce-8a7d-cebd5298acbd None admin] Validating token access rules against request {{(pid=81846) validate_allowed_request /usr/local/lib/python3.8/dist-packages/keystonemiddleware/auth_token/__init__.py:545}}
Aug 27 17:15:49.073486 n-d-854882-2 devstack@keystone.service[81847]: DEBUG keystone.common.rbac_enforcer.enforcer [None req-fbefa23f-1f70-4435-a3df-aef315201355 None admin] RBAC: Authorizing `identity:create_grant(project_id=ca684b74c7854e00a9f70b3f80162bab, user_id=1513f9a15ac04f8690dcc5f394fb36f8, role_id=2b3de88ca30b4d5cb2ebce00d15dd73b)` {{(pid=81847) enforce_call /opt/stack/keystone/keystone/common/rbac_enforcer/enforcer.py:449}}
Aug 27 17:15:49.074619 n-d-854882-2 devstack@keystone.service[81847]: DEBUG keystone.common.rbac_enforcer.enforcer [None req-fbefa23f-1f70-4435-a3df-aef315201355 None admin] RBAC: Authorization granted {{(pid=81847) enforce_call /opt/stack/keystone/keystone/common/rbac_enforcer/enforcer.py:457}}
Aug 27 17:15:49.113878 n-d-854882-2 devstack@keystone.service[81847]: [pid: 81847|app: 0|req: 118/233] 10.222.0.42 () {58 vars in 1439 bytes} [Sat Aug 27 17:15:48 2022] PUT /identity/v3/projects/ca684b74c7854e00a9f70b3f80162bab/users/1513f9a15ac04f8690dcc5f394fb36f8/roles/2b3de88ca30b4d5cb2ebce00d15dd73b => generated 0 bytes in 286 msecs (HTTP/1.1 204) 3 headers in 132 bytes (1 switches on core 0)
Aug 27 17:15:49.116211 n-d-854882-2 devstack@keystone.service[81846]: DEBUG keystone.server.flask.request_processing.middleware.auth_context [None req-940559cd-cf72-4f42-bb3b-8ccb30bfde9a None admin] RBAC: auth_context: {'token': , 'domain_id': None, 'trust_id': None, 'trustor_id': None, 'trustee_id': None, 'domain_name': None, 'group_ids': [], 'user_id': '077f5c8ed16745c09698bfabd35b7c97', 'user_domain_id': 'default', 'system_scope': 'all', 'project_id': None, 'project_domain_id': None, 'roles': ['admin', 'member', 'reader'], 'is_admin_project': True, 'service_user_id': None, 'service_user_domain_id': None, 'service_project_id': None, 'service_project_domain_id': None, 'service_roles': []} {{(pid=81846) fill_context /opt/stack/keystone/keystone/server/flask/request_processing/middleware/auth_context.py:478}}
Aug 27 17:15:49.116922 n-d-854882-2 devstack@keystone.service[81846]: DEBUG keystone.server.flask.request_processing.req_logging [None req-940559cd-cf72-4f42-bb3b-8ccb30bfde9a None admin] REQUEST_METHOD: `PUT` {{(pid=81846) log_request_info /opt/stack/keystone/keystone/server/flask/request_processing/req_logging.py:27}}
Aug 27 17:15:49.117192 n-d-854882-2 devstack@keystone.service[81846]: DEBUG keystone.server.flask.request_processing.req_logging [None req-940559cd-cf72-4f42-bb3b-8ccb30bfde9a None admin] SCRIPT_NAME: `/identity` {{(pid=81846) log_request_info /opt/stack/keystone/keystone/server/flask/request_processing/req_logging.py:28}}
Aug 27 17:15:49.117455 n-d-854882-2 devstack@keystone.service[81846]: DEBUG keystone.server.flask.request_processing.req_logging [None req-940559cd-cf72-4f42-bb3b-8ccb30bfde9a None admin] PATH_INFO: `/v3/projects/ca684b74c7854e00a9f70b3f80162bab/users/1513f9a15ac04f8690dcc5f394fb36f8/roles/9b86cbc855d74908aae44d79d8320b11` {{(pid=81846) log_request_info /opt/stack/keystone/keystone/server/flask/request_processing/req_logging.py:29}}
Aug 27 17:15:49.125187 n-d-854882-2 devstack@keystone.service[81846]: DEBUG keystone.common.rbac_enforcer.enforcer [None req-940559cd-cf72-4f42-bb3b-8ccb30bfde9a None admin] RBAC: Authorizing `identity:create_grant(project_id=ca684b74c7854e00a9f70b3f80162bab, user_id=1513f9a15ac04f8690dcc5f394fb36f8, role_id=9b86cbc855d74908aae44d79d8320b11)` {{(pid=81846) enforce_call /opt/stack/keystone/keystone/common/rbac_enforcer/enforcer.py:449}}
Aug 27 17:15:49.126823 n-d-854882-2 devstack@keystone.service[81846]: DEBUG keystone.common.rbac_enforcer.enforcer [None req-940559cd-cf72-4f42-bb3b-8ccb30bfde9a None admin] RBAC: Authorization granted {{(pid=81846) enforce_call /opt/stack/keystone/keystone/common/rbac_enforcer/enforcer.py:457}}
Aug 27 17:15:49.162031 n-d-854882-2 devstack@keystone.service[81846]: [pid: 81846|app: 0|req: 116/234] 10.222.0.42 () {58 vars in 1439 bytes} [Sat Aug 27 17:15:48 2022] PUT /identity/v3/projects/ca684b74c7854e00a9f70b3f80162bab/users/1513f9a15ac04f8690dcc5f394fb36f8/roles/9b86cbc855d74908aae44d79d8320b11 => generated 0 bytes in 262 msecs (HTTP/1.1 204) 3 headers in 132 bytes (0 switches on core 0)
Aug 27 17:15:50.090142 n-d-854882-2 devstack@keystone.service[81847]: DEBUG keystone.server.flask.request_processing.req_logging [None req-65a8f144-84d7-4104-b491-486bb936f27d None None] REQUEST_METHOD: `GET` {{(pid=81847) log_request_info /opt/stack/keystone/keystone/server/flask/request_processing/req_logging.py:27}}
Aug 27 17:15:50.091205 n-d-854882-2 devstack@keystone.service[81847]: DEBUG keystone.server.flask.request_processing.req_logging [None req-65a8f144-84d7-4104-b491-486bb936f27d None None] SCRIPT_NAME: `/identity` {{(pid=81847) log_request_info /opt/stack/keystone/keystone/server/flask/request_processing/req_logging.py:28}}
Aug 27 17:15:50.091701 n-d-854882-2 devstack@keystone.service[81847]: DEBUG keystone.server.flask.request_processing.req_logging [None req-65a8f144-84d7-4104-b491-486bb936f27d None None] PATH_INFO: `/` {{(pid=81847) log_request_info /opt/stack/keystone/keystone/server/flask/request_processing/req_logging.py:29}}
Aug 27 17:15:50.093516 n-d-854882-2 devstack@keystone.service[81847]: [pid: 81847|app: 0|req: 119/235] 10.222.0.42 () {54 vars in 927 bytes} [Sat Aug 27 17:15:50 2022] GET /identity => generated 270 bytes in 4 msecs (HTTP/1.1 300) 6 headers in 234 bytes (1 switches on core 0)
Aug 27 17:15:50.099239 n-d-854882-2 devstack@keystone.service[81846]: DEBUG keystone.server.flask.request_processing.req_logging [None req-8d7464c9-f7b7-4d29-a2eb-083eb77d4e6b None None] REQUEST_METHOD: `POST` {{(pid=81846) log_request_info /opt/stack/keystone/keystone/server/flask/request_processing/req_logging.py:27}}
Aug 27 17:15:50.099663 n-d-854882-2 devstack@keystone.service[81846]: DEBUG keystone.server.flask.request_processing.req_logging [None req-8d7464c9-f7b7-4d29-a2eb-083eb77d4e6b None None] SCRIPT_NAME: `/identity` {{(pid=81846) log_request_info /opt/stack/keystone/keystone/server/flask/request_processing/req_logging.py:28}}
Aug 27 17:15:50.099825 n-d-854882-2 devstack@keystone.service[81846]: DEBUG keystone.server.flask.request_processing.req_logging [None req-8d7464c9-f7b7-4d29-a2eb-083eb77d4e6b None None] PATH_INFO: `/v3/auth/tokens` {{(pid=81846) log_request_info /opt/stack/keystone/keystone/server/flask/request_processing/req_logging.py:29}}
Aug 27 17:15:50.124375 n-d-854882-2 devstack@keystone.service[81846]: DEBUG keystone.auth.core [None req-8d7464c9-f7b7-4d29-a2eb-083eb77d4e6b None None] MFA Rules not processed for user `077f5c8ed16745c09698bfabd35b7c97`. Rule list: `[]` (Enabled: `True`). {{(pid=81846) check_auth_methods_against_rules /opt/stack/keystone/keystone/auth/core.py:438}}
Aug 27 17:15:50.125558 n-d-854882-2 devstack@keystone.service[81846]: DEBUG keystone.common.fernet_utils [None req-8d7464c9-f7b7-4d29-a2eb-083eb77d4e6b None None] Loaded 2 Fernet keys from /etc/keystone/fernet-keys/, but `[fernet_tokens] max_active_keys = 3`; perhaps there have not been enough key rotations to reach `max_active_keys` yet? {{(pid=81846) load_keys /opt/stack/keystone/keystone/common/fernet_utils.py:286}}
Aug 27 17:15:50.161076 n-d-854882-2 devstack@keystone.service[81846]: DEBUG dbcounter [-] [81846] Writing DB stats keystone:SELECT=99,keystone:INSERT=1 {{(pid=81846) stat_writer /usr/local/lib/python3.8/dist-packages/dbcounter.py:114}}
Aug 27 17:15:50.203923 n-d-854882-2 devstack@keystone.service[81846]: [pid: 81846|app: 0|req: 117/236] 10.222.0.42 () {58 vars in 1024 bytes} [Sat Aug 27 17:15:50 2022] POST /identity/v3/auth/tokens => generated 799 bytes in 105 msecs (HTTP/1.1 201) 6 headers in 363 bytes (1 switches on core 0)
Aug 27 17:15:50.219415 n-d-854882-2 devstack@keystone.service[81847]: DEBUG keystone.server.flask.request_processing.req_logging [None req-b5210ee5-5d4a-4fd2-855b-08472cf1d1c0 None None] REQUEST_METHOD: `GET` {{(pid=81847) log_request_info /opt/stack/keystone/keystone/server/flask/request_processing/req_logging.py:27}}
