Oct 04 20:40:02.019364 n-d-854824-8 devstack@placement-api.service[107578]: DEBUG placement.requestlog [req-b169aac8-9d97-4e53-9915-b121a4d3c902 req-53fe7b71-a4bd-4f36-b8f7-8b41538efe33 None None] Starting request: 10.222.0.59 "GET /placement/allocations/81c9e4f5-0c6f-4134-9681-b6d8674d2f03" {{(pid=107578) __call__ /opt/stack/placement/placement/requestlog.py:55}}
Oct 04 20:40:02.059940 n-d-854824-8 devstack@placement-api.service[107578]: INFO placement.requestlog [req-b169aac8-9d97-4e53-9915-b121a4d3c902 req-53fe7b71-a4bd-4f36-b8f7-8b41538efe33 service placement] 10.222.0.59 "GET /placement/allocations/81c9e4f5-0c6f-4134-9681-b6d8674d2f03" status: 200 len: 259 microversion: 1.28
Oct 04 20:40:02.061494 n-d-854824-8 devstack@placement-api.service[107578]: [pid: 107578|app: 0|req: 383/761] 10.222.0.59 () {60 vars in 1377 bytes} [Tue Oct 4 20:40:02 2022] GET /placement/allocations/81c9e4f5-0c6f-4134-9681-b6d8674d2f03 => generated 259 bytes in 42 msecs (HTTP/1.1 200) 8 headers in 296 bytes (1 switches on core 0)
Oct 04 20:40:02.068771 n-d-854824-8 devstack@placement-api.service[107578]: DEBUG placement.requestlog [req-b169aac8-9d97-4e53-9915-b121a4d3c902 req-d125b2ee-98e7-4302-be70-423ef7d9e4c4 None None] Starting request: 10.222.0.59 "GET /placement/allocations/10f33914-838c-4a8a-b91e-928203cb0ee9" {{(pid=107578) __call__ /opt/stack/placement/placement/requestlog.py:55}}
Oct 04 20:40:02.115399 n-d-854824-8 devstack@placement-api.service[107577]: DEBUG placement.handlers.allocation [req-8215022e-4488-4764-87d5-89ff96681c0a req-ed5e9694-399e-4f8c-9df8-e4f4553eb16a service placement] Successfully wrote allocations [, , ] {{(pid=107577) _update_consumers_and_create_allocations /opt/stack/placement/placement/handlers/allocation.py:462}}
Oct 04 20:40:02.123292 n-d-854824-8 devstack@placement-api.service[107577]: INFO placement.requestlog [req-8215022e-4488-4764-87d5-89ff96681c0a req-ed5e9694-399e-4f8c-9df8-e4f4553eb16a service placement] 10.222.0.15 "PUT /placement/allocations/a8998e47-5bae-4dc9-b38a-163b973f43c7" status: 204 len: 0 microversion: 1.36
Oct 04 20:40:02.124104 n-d-854824-8 devstack@placement-api.service[107577]: [pid: 107577|app: 0|req: 379/762] 10.222.0.15 () {64 vars in 1433 bytes} [Tue Oct 4 20:40:02 2022] PUT /placement/allocations/a8998e47-5bae-4dc9-b38a-163b973f43c7 => generated 0 bytes in 113 msecs (HTTP/1.1 204) 5 headers in 199 bytes (2 switches on core 0)
Oct 04 20:40:02.170833 n-d-854824-8 devstack@placement-api.service[107578]: INFO placement.requestlog [req-b169aac8-9d97-4e53-9915-b121a4d3c902 req-d125b2ee-98e7-4302-be70-423ef7d9e4c4 service placement] 10.222.0.59 "GET /placement/allocations/10f33914-838c-4a8a-b91e-928203cb0ee9" status: 200 len: 259 microversion: 1.28
Oct 04 20:40:02.170833 n-d-854824-8 devstack@placement-api.service[107578]: [pid: 107578|app: 0|req: 384/763] 10.222.0.59 () {60 vars in 1377 bytes} [Tue Oct 4 20:40:02 2022] GET /placement/allocations/10f33914-838c-4a8a-b91e-928203cb0ee9 => generated 259 bytes in 102 msecs (HTTP/1.1 200) 8 headers in 296 bytes (1 switches on core 0)
Oct 04 20:40:02.178050 n-d-854824-8 devstack@placement-api.service[107577]: DEBUG placement.requestlog [req-b169aac8-9d97-4e53-9915-b121a4d3c902 req-197251e2-e3a3-44e5-be00-2d91e180c0b6 None None] Starting request: 10.222.0.59 "GET /placement/allocations/86166d6a-835f-4080-93d3-0f1cdd17ddd6" {{(pid=107577) __call__ /opt/stack/placement/placement/requestlog.py:55}}
Oct 04 20:40:02.205600 n-d-854824-8 devstack@placement-api.service[107577]: INFO placement.requestlog [req-b169aac8-9d97-4e53-9915-b121a4d3c902 req-197251e2-e3a3-44e5-be00-2d91e180c0b6 service placement] 10.222.0.59 "GET /placement/allocations/86166d6a-835f-4080-93d3-0f1cdd17ddd6" status: 200 len: 259 microversion: 1.28
Oct 04 20:40:02.206270 n-d-854824-8 devstack@placement-api.service[107577]: [pid: 107577|app: 0|req: 380/764] 10.222.0.59 () {60 vars in 1377 bytes} [Tue Oct 4 20:40:02 2022] GET /placement/allocations/86166d6a-835f-4080-93d3-0f1cdd17ddd6 => generated 259 bytes in 28 msecs (HTTP/1.1 200) 8 headers in 296 bytes (1 switches on core 0)
Oct 04 20:40:02.580535 n-d-854824-8 devstack@placement-api.service[107578]: DEBUG placement.requestlog [req-8215022e-4488-4764-87d5-89ff96681c0a req-4800a260-c44a-43a1-9ffd-d466c045f175 None None] Starting request: 10.222.0.73 "GET /placement/allocations/a8998e47-5bae-4dc9-b38a-163b973f43c7" {{(pid=107578) __call__ /opt/stack/placement/placement/requestlog.py:55}}
Oct 04 20:40:02.599677 n-d-854824-8 devstack@placement-api.service[107578]: INFO placement.requestlog [req-8215022e-4488-4764-87d5-89ff96681c0a req-4800a260-c44a-43a1-9ffd-d466c045f175 service placement] 10.222.0.73 "GET /placement/allocations/a8998e47-5bae-4dc9-b38a-163b973f43c7" status: 200 len: 259 microversion: 1.28
Oct 04 20:40:02.600585 n-d-854824-8 devstack@placement-api.service[107578]: [pid: 107578|app: 0|req: 385/765] 10.222.0.73 () {60 vars in 1377 bytes} [Tue Oct 4 20:40:02 2022] GET /placement/allocations/a8998e47-5bae-4dc9-b38a-163b973f43c7 => generated 259 bytes in 21 msecs (HTTP/1.1 200) 8 headers in 296 bytes (1 switches on core 0)
Oct 04 20:40:02.860301 n-d-854824-8 devstack@placement-api.service[107577]: DEBUG placement.requestlog [req-8215022e-4488-4764-87d5-89ff96681c0a req-a9c078f7-5058-4097-9ab3-617b4aa8e954 None None] Starting request: 10.222.0.73 "GET /placement/resource_providers/5a0a8a58-53c5-4537-bf57-0dfd323ba072/allocations" {{(pid=107577) __call__ /opt/stack/placement/placement/requestlog.py:55}}
Oct 04 20:40:02.902854 n-d-854824-8 devstack@placement-api.service[107577]: INFO placement.requestlog [req-8215022e-4488-4764-87d5-89ff96681c0a req-a9c078f7-5058-4097-9ab3-617b4aa8e954 service placement] 10.222.0.73 "GET /placement/resource_providers/5a0a8a58-53c5-4537-bf57-0dfd323ba072/allocations" status: 200 len: 962 microversion: 1.0
Oct 04 20:40:02.903527 n-d-854824-8 devstack@placement-api.service[107577]: [pid: 107577|app: 0|req: 381/766] 10.222.0.73 () {58 vars in 1390 bytes} [Tue Oct 4 20:40:02 2022] GET /placement/resource_providers/5a0a8a58-53c5-4537-bf57-0dfd323ba072/allocations => generated 962 bytes in 43 msecs (HTTP/1.1 200) 6 headers in 224 bytes (1 switches on core 0)
Oct 04 20:40:02.912205 n-d-854824-8 devstack@placement-api.service[107578]: DEBUG placement.requestlog [req-8215022e-4488-4764-87d5-89ff96681c0a req-a0dd32aa-43ce-4769-bffa-0503e8968b8f None None] Starting request: 10.222.0.73 "GET /placement/allocations/f186021f-28eb-4004-80f2-d3ca6cd30abc" {{(pid=107578) __call__ /opt/stack/placement/placement/requestlog.py:55}}
Oct 04 20:40:02.940264 n-d-854824-8 devstack@placement-api.service[107578]: INFO placement.requestlog [req-8215022e-4488-4764-87d5-89ff96681c0a req-a0dd32aa-43ce-4769-bffa-0503e8968b8f service placement] 10.222.0.73 "GET /placement/allocations/f186021f-28eb-4004-80f2-d3ca6cd30abc" status: 200 len: 259 microversion: 1.28
Oct 04 20:40:02.940932 n-d-854824-8 devstack@placement-api.service[107578]: [pid: 107578|app: 0|req: 386/767] 10.222.0.73 () {60 vars in 1377 bytes} [Tue Oct 4 20:40:02 2022] GET /placement/allocations/f186021f-28eb-4004-80f2-d3ca6cd30abc => generated 259 bytes in 29 msecs (HTTP/1.1 200) 8 headers in 296 bytes (1 switches on core 0)
Oct 04 20:40:02.948371 n-d-854824-8 devstack@placement-api.service[107577]: DEBUG placement.requestlog [req-8215022e-4488-4764-87d5-89ff96681c0a req-8dda1269-8645-49d2-8c3c-8de6bf745543 None None] Starting request: 10.222.0.73 "GET /placement/allocations/6ada235a-3190-491a-82f5-b320fbc6935a" {{(pid=107577) __call__ /opt/stack/placement/placement/requestlog.py:55}}
Oct 04 20:40:02.980442 n-d-854824-8 devstack@placement-api.service[107577]: INFO placement.requestlog [req-8215022e-4488-4764-87d5-89ff96681c0a req-8dda1269-8645-49d2-8c3c-8de6bf745543 service placement] 10.222.0.73 "GET /placement/allocations/6ada235a-3190-491a-82f5-b320fbc6935a" status: 200 len: 259 microversion: 1.28
Oct 04 20:40:02.981098 n-d-854824-8 devstack@placement-api.service[107577]: [pid: 107577|app: 0|req: 382/768] 10.222.0.73 () {60 vars in 1377 bytes} [Tue Oct 4 20:40:02 2022] GET /placement/allocations/6ada235a-3190-491a-82f5-b320fbc6935a => generated 259 bytes in 33 msecs (HTTP/1.1 200) 8 headers in 296 bytes (1 switches on core 0)
Oct 04 20:40:02.989530 n-d-854824-8 devstack@placement-api.service[107578]: DEBUG placement.requestlog [req-8215022e-4488-4764-87d5-89ff96681c0a req-896026d1-c139-4d08-95fd-2288c47d8f75 None None] Starting request: 10.222.0.73 "GET /placement/allocations/a8998e47-5bae-4dc9-b38a-163b973f43c7" {{(pid=107578) __call__ /opt/stack/placement/placement/requestlog.py:55}}
Oct 04 20:40:03.032912 n-d-854824-8 devstack@placement-api.service[107578]: INFO placement.requestlog [req-8215022e-4488-4764-87d5-89ff96681c0a req-896026d1-c139-4d08-95fd-2288c47d8f75 service placement] 10.222.0.73 "GET /placement/allocations/a8998e47-5bae-4dc9-b38a-163b973f43c7" status: 200 len: 259 microversion: 1.28
Oct 04 20:40:03.033903 n-d-854824-8 devstack@placement-api.service[107578]: [pid: 107578|app: 0|req: 387/769] 10.222.0.73 () {60 vars in 1377 bytes} [Tue Oct 4 20:40:02 2022] GET /placement/allocations/a8998e47-5bae-4dc9-b38a-163b973f43c7 => generated 259 bytes in 45 msecs (HTTP/1.1 200) 8 headers in 296 bytes (1 switches on core 0)
Oct 04 20:40:03.042013 n-d-854824-8 devstack@placement-api.service[107577]: DEBUG placement.requestlog [req-8215022e-4488-4764-87d5-89ff96681c0a req-bb5b5ff6-b8d8-481e-a7ed-98502d6db0be None None] Starting request: 10.222.0.73 "GET /placement/allocations/24baba81-5f10-4530-b83e-a7a84636b674" {{(pid=107577) __call__ /opt/stack/placement/placement/requestlog.py:55}}
Oct 04 20:40:03.072455 n-d-854824-8 devstack@placement-api.service[107577]: INFO placement.requestlog [req-8215022e-4488-4764-87d5-89ff96681c0a req-bb5b5ff6-b8d8-481e-a7ed-98502d6db0be service placement] 10.222.0.73 "GET /placement/allocations/24baba81-5f10-4530-b83e-a7a84636b674" status: 200 len: 259 microversion: 1.28
Oct 04 20:40:03.073411 n-d-854824-8 devstack@placement-api.service[107577]: [pid: 107577|app: 0|req: 383/770] 10.222.0.73 () {60 vars in 1377 bytes} [Tue Oct 4 20:40:03 2022] GET /placement/allocations/24baba81-5f10-4530-b83e-a7a84636b674 => generated 259 bytes in 31 msecs (HTTP/1.1 200) 8 headers in 296 bytes (1 switches on core 0)
Oct 04 20:40:03.081414 n-d-854824-8 devstack@placement-api.service[107578]: DEBUG placement.requestlog [req-8215022e-4488-4764-87d5-89ff96681c0a req-ad35e349-fe06-4f5d-a7c9-a589e14655e6 None None] Starting request: 10.222.0.73 "GET /placement/allocations/6d6f9f99-3186-491e-afc5-d393a84f43c8" {{(pid=107578) __call__ /opt/stack/placement/placement/requestlog.py:55}}
Oct 04 20:40:03.126153 n-d-854824-8 devstack@placement-api.service[107578]: INFO placement.requestlog [req-8215022e-4488-4764-87d5-89ff96681c0a req-ad35e349-fe06-4f5d-a7c9-a589e14655e6 service placement] 10.222.0.73 "GET /placement/allocations/6d6f9f99-3186-491e-afc5-d393a84f43c8" status: 200 len: 259 microversion: 1.28
Oct 04 20:40:03.127224 n-d-854824-8 devstack@placement-api.service[107578]: [pid: 107578|app: 0|req: 388/771] 10.222.0.73 () {60 vars in 1377 bytes} [Tue Oct 4 20:40:03 2022] GET /placement/allocations/6d6f9f99-3186-491e-afc5-d393a84f43c8 => generated 259 bytes in 46 msecs (HTTP/1.1 200) 8 headers in 296 bytes (1 switches on core 0)
Oct 04 20:40:03.137737 n-d-854824-8 devstack@placement-api.service[107577]: DEBUG placement.requestlog [req-8215022e-4488-4764-87d5-89ff96681c0a req-846e28e3-06cb-40e0-bc09-4600d5437d84 None None] Starting request: 10.222.0.73 "GET /placement/allocations/a1be05d0-50ba-403a-a7e3-e64665ad8da6" {{(pid=107577) __call__ /opt/stack/placement/placement/requestlog.py:55}}
Oct 04 20:40:03.203424 n-d-854824-8 devstack@placement-api.service[107577]: INFO placement.requestlog [req-8215022e-4488-4764-87d5-89ff96681c0a req-846e28e3-06cb-40e0-bc09-4600d5437d84 service placement] 10.222.0.73 "GET /placement/allocations/a1be05d0-50ba-403a-a7e3-e64665ad8da6" status: 200 len: 259 microversion: 1.28
Oct 04 20:40:03.208418 n-d-854824-8 devstack@placement-api.service[107577]: [pid: 107577|app: 0|req: 384/772] 10.222.0.73 () {60 vars in 1377 bytes} [Tue Oct 4 20:40:03 2022] GET /placement/allocations/a1be05d0-50ba-403a-a7e3-e64665ad8da6 => generated 259 bytes in 73 msecs (HTTP/1.1 200) 8 headers in 296 bytes (1 switches on core 0)
Oct 04 20:40:03.216046 n-d-854824-8 devstack@placement-api.service[107578]: DEBUG placement.requestlog [req-8215022e-4488-4764-87d5-89ff96681c0a req-1570a48b-de5b-4cbe-9887-1910033758bb None None] Starting request: 10.222.0.73 "GET /placement/allocations/f62a8adc-5f5d-4573-b89e-7c88ebad64c4" {{(pid=107578) __call__ /opt/stack/placement/placement/requestlog.py:55}}
Oct 04 20:40:03.264790 n-d-854824-8 devstack@placement-api.service[107578]: INFO placement.requestlog [req-8215022e-4488-4764-87d5-89ff96681c0a req-1570a48b-de5b-4cbe-9887-1910033758bb service placement] 10.222.0.73 "GET /placement/allocations/f62a8adc-5f5d-4573-b89e-7c88ebad64c4" status: 200 len: 259 microversion: 1.28
Oct 04 20:40:03.266687 n-d-854824-8 devstack@placement-api.service[107578]: [pid: 107578|app: 0|req: 389/773] 10.222.0.73 () {60 vars in 1377 bytes} [Tue Oct 4 20:40:03 2022] GET /placement/allocations/f62a8adc-5f5d-4573-b89e-7c88ebad64c4 => generated 259 bytes in 52 msecs (HTTP/1.1 200) 8 headers in 296 bytes (2 switches on core 0)
Oct 04 20:40:03.318176 n-d-854824-8 devstack@placement-api.service[107577]: DEBUG placement.requestlog [req-8215022e-4488-4764-87d5-89ff96681c0a req-40e330db-e3c5-4220-94c4-1154a8cc328f None None] Starting request: 10.222.0.73 "GET /placement/allocations/338d877a-fa31-4c35-83a3-13973eb58fd5" {{(pid=107577) __call__ /opt/stack/placement/placement/requestlog.py:55}}
Oct 04 20:40:03.381838 n-d-854824-8 devstack@placement-api.service[107577]: INFO placement.requestlog [req-8215022e-4488-4764-87d5-89ff96681c0a req-40e330db-e3c5-4220-94c4-1154a8cc328f service placement] 10.222.0.73 "GET /placement/allocations/338d877a-fa31-4c35-83a3-13973eb58fd5" status: 200 len: 259 microversion: 1.28
Oct 04 20:40:03.382477 n-d-854824-8 devstack@placement-api.service[107577]: [pid: 107577|app: 0|req: 385/774] 10.222.0.73 () {60 vars in 1377 bytes} [Tue Oct 4 20:40:03 2022] GET /placement/allocations/338d877a-fa31-4c35-83a3-13973eb58fd5 => generated 259 bytes in 64 msecs (HTTP/1.1 200) 8 headers in 296 bytes (1 switches on core 0)
Oct 04 20:40:03.391269 n-d-854824-8 devstack@placement-api.service[107578]: DEBUG placement.requestlog [req-8215022e-4488-4764-87d5-89ff96681c0a req-fac728c1-3a86-4a5e-a226-a9cb6e4c1c02 None None] Starting request: 10.222.0.73 "GET /placement/allocations/6c083a1a-72aa-4fd4-95e7-cfaf91bfa2b4" {{(pid=107578) __call__ /opt/stack/placement/placement/requestlog.py:55}}
Oct 04 20:40:03.440087 n-d-854824-8 devstack@placement-api.service[107578]: INFO placement.requestlog [req-8215022e-4488-4764-87d5-89ff96681c0a req-fac728c1-3a86-4a5e-a226-a9cb6e4c1c02 service placement] 10.222.0.73 "GET /placement/allocations/6c083a1a-72aa-4fd4-95e7-cfaf91bfa2b4" status: 200 len: 259 microversion: 1.28
Oct 04 20:40:03.441829 n-d-854824-8 devstack@placement-api.service[107578]: [pid: 107578|app: 0|req: 390/775] 10.222.0.73 () {60 vars in 1377 bytes} [Tue Oct 4 20:40:03 2022] GET /placement/allocations/6c083a1a-72aa-4fd4-95e7-cfaf91bfa2b4 => generated 259 bytes in 50 msecs (HTTP/1.1 200) 8 headers in 296 bytes (1 switches on core 0)
Oct 04 20:40:03.750150 n-d-854824-8 devstack@placement-api.service[107577]: DEBUG placement.requestlog [req-882d3a3d-0cc9-4862-9d32-f8ce040d1a6a req-e98c8ae9-7547-40a8-9d86-38b85cd93efb None None] Starting request: 10.222.0.59 "GET /placement/allocations/e3c63b02-76e1-4147-a41e-22bc00a1dba0" {{(pid=107577) __call__ /opt/stack/placement/placement/requestlog.py:55}}
Oct 04 20:40:03.774808 n-d-854824-8 devstack@placement-api.service[107577]: DEBUG dbcounter [-] [107577] Writing DB stats placement:SELECT=92,placement:INSERT=4,placement:DELETE=2,placement:UPDATE=2 {{(pid=107577) stat_writer /usr/local/lib/python3.8/dist-packages/dbcounter.py:114}}
Oct 04 20:40:03.781995 n-d-854824-8 devstack@placement-api.service[107577]: INFO placement.requestlog [req-882d3a3d-0cc9-4862-9d32-f8ce040d1a6a req-e98c8ae9-7547-40a8-9d86-38b85cd93efb service placement] 10.222.0.59 "GET /placement/allocations/e3c63b02-76e1-4147-a41e-22bc00a1dba0" status: 200 len: 258 microversion: 1.28
Oct 04 20:40:03.783011 n-d-854824-8 devstack@placement-api.service[107577]: [pid: 107577|app: 0|req: 386/776] 10.222.0.59 () {60 vars in 1377 bytes} [Tue Oct 4 20:40:03 2022] GET /placement/allocations/e3c63b02-76e1-4147-a41e-22bc00a1dba0 => generated 258 bytes in 34 msecs (HTTP/1.1 200) 8 headers in 296 bytes (1 switches on core 0)
Oct 04 20:40:04.788235 n-d-854824-8 devstack@placement-api.service[107578]: DEBUG placement.requestlog [None req-c88e942a-8d73-42af-9517-c1b24e861cc3 None None] Starting request: 10.222.0.15 "GET /placement/resource_providers/707fe2e8-1c99-46fd-af39-508c113c1ea2/aggregates" {{(pid=107578) __call__ /opt/stack/placement/placement/requestlog.py:55}}
Oct 04 20:40:04.807755 n-d-854824-8 devstack@placement-api.service[107578]: INFO placement.requestlog [None req-c88e942a-8d73-42af-9517-c1b24e861cc3 service placement] 10.222.0.15 "GET /placement/resource_providers/707fe2e8-1c99-46fd-af39-508c113c1ea2/aggregates" status: 404 len: 235 microversion: 1.1
Oct 04 20:40:04.809201 n-d-854824-8 devstack@placement-api.service[107578]: [pid: 107578|app: 0|req: 391/777] 10.222.0.15 () {58 vars in 1362 bytes} [Tue Oct 4 20:40:04 2022] GET /placement/resource_providers/707fe2e8-1c99-46fd-af39-508c113c1ea2/aggregates => generated 235 bytes in 21 msecs (HTTP/1.1 404) 5 headers in 202 bytes (1 switches on core 0)
Oct 04 20:40:04.886988 n-d-854824-8 devstack@placement-api.service[107577]: DEBUG placement.requestlog [None req-1c6379ab-c4a7-4cbc-9297-315aafd407c1 None None] Starting request: 10.222.0.15 "DELETE /placement/resource_providers/707fe2e8-1c99-46fd-af39-508c113c1ea2" {{(pid=107577) __call__ /opt/stack/placement/placement/requestlog.py:55}}
Oct 04 20:40:04.903964 n-d-854824-8 devstack@placement-api.service[107577]: DEBUG placement.wsgi_wrapper [None req-1c6379ab-c4a7-4cbc-9297-315aafd407c1 service placement] Placement API returning an error response: No resource provider with uuid 707fe2e8-1c99-46fd-af39-508c113c1ea2 found for delete {{(pid=107577) call_func /opt/stack/placement/placement/wsgi_wrapper.py:31}}
Oct 04 20:40:04.905637 n-d-854824-8 devstack@placement-api.service[107577]: INFO placement.requestlog [None req-1c6379ab-c4a7-4cbc-9297-315aafd407c1 service placement] 10.222.0.15 "DELETE /placement/resource_providers/707fe2e8-1c99-46fd-af39-508c113c1ea2" status: 404 len: 246 microversion: 1.1
Oct 04 20:40:04.907858 n-d-854824-8 devstack@placement-api.service[107577]: [pid: 107577|app: 0|req: 387/778] 10.222.0.15 () {60 vars in 1351 bytes} [Tue Oct 4 20:40:04 2022] DELETE /placement/resource_providers/707fe2e8-1c99-46fd-af39-508c113c1ea2 => generated 246 bytes in 21 msecs (HTTP/1.1 404) 6 headers in 231 bytes (1 switches on core 0)
Oct 04 20:40:10.270711 n-d-854824-8 devstack@placement-api.service[107578]: DEBUG placement.requestlog [req-931974cc-4f09-4686-944e-5c6581efe60a req-2059446b-002f-4c63-9ed6-3cb963ad8fa6 None None] Starting request: 10.222.0.15 "GET /placement/allocations/8dbdd051-0b8f-4439-ae5a-746bfc68e5ab" {{(pid=107578) __call__ /opt/stack/placement/placement/requestlog.py:55}}
Oct 04 20:40:10.303555 n-d-854824-8 devstack@placement-api.service[107578]: INFO placement.requestlog [req-931974cc-4f09-4686-944e-5c6581efe60a req-2059446b-002f-4c63-9ed6-3cb963ad8fa6 service placement] 10.222.0.15 "GET /placement/allocations/8dbdd051-0b8f-4439-ae5a-746bfc68e5ab" status: 200 len: 245 microversion: 1.28
Oct 04 20:40:10.304693 n-d-854824-8 devstack@placement-api.service[107578]: [pid: 107578|app: 0|req: 392/779] 10.222.0.15 () {60 vars in 1380 bytes} [Tue Oct 4 20:40:10 2022] GET /placement/allocations/8dbdd051-0b8f-4439-ae5a-746bfc68e5ab => generated 245 bytes in 35 msecs (HTTP/1.1 200) 8 headers in 296 bytes (1 switches on core 0)
Oct 04 20:40:10.315025 n-d-854824-8 devstack@placement-api.service[107577]: DEBUG placement.requestlog [req-931974cc-4f09-4686-944e-5c6581efe60a req-f878299b-0ffb-4d42-8ad7-5199ef71aab2 None None] Starting request: 10.222.0.15 "GET /placement/allocations/8dbdd051-0b8f-4439-ae5a-746bfc68e5ab" {{(pid=107577) __call__ /opt/stack/placement/placement/requestlog.py:55}}
Oct 04 20:40:10.346165 n-d-854824-8 devstack@placement-api.service[107577]: INFO placement.requestlog [req-931974cc-4f09-4686-944e-5c6581efe60a req-f878299b-0ffb-4d42-8ad7-5199ef71aab2 service placement] 10.222.0.15 "GET /placement/allocations/8dbdd051-0b8f-4439-ae5a-746bfc68e5ab" status: 200 len: 245 microversion: 1.28
Oct 04 20:40:10.352591 n-d-854824-8 devstack@placement-api.service[107577]: [pid: 107577|app: 0|req: 388/780] 10.222.0.15 () {60 vars in 1380 bytes} [Tue Oct 4 20:40:10 2022] GET /placement/allocations/8dbdd051-0b8f-4439-ae5a-746bfc68e5ab => generated 245 bytes in 38 msecs (HTTP/1.1 200) 8 headers in 296 bytes (1 switches on core 0)
Oct 04 20:40:10.353736 n-d-854824-8 devstack@placement-api.service[107578]: DEBUG placement.requestlog [req-931974cc-4f09-4686-944e-5c6581efe60a req-0ccd64d1-d8f3-404c-bddc-bb51abe7a379 None None] Starting request: 10.222.0.15 "GET /placement/allocations/5e7711d5-ca3e-4786-86f6-22bf2f39a190" {{(pid=107578) __call__ /opt/stack/placement/placement/requestlog.py:55}}
Oct 04 20:40:10.369870 n-d-854824-8 devstack@placement-api.service[107578]: INFO placement.requestlog [req-931974cc-4f09-4686-944e-5c6581efe60a req-0ccd64d1-d8f3-404c-bddc-bb51abe7a379 service placement] 10.222.0.15 "GET /placement/allocations/5e7711d5-ca3e-4786-86f6-22bf2f39a190" status: 200 len: 19 microversion: 1.28
Oct 04 20:40:10.379189 n-d-854824-8 devstack@placement-api.service[107577]: DEBUG placement.requestlog [req-931974cc-4f09-4686-944e-5c6581efe60a req-1806fb18-588d-46a1-8209-bddf439d8e97 None None] Starting request: 10.222.0.15 "POST /placement/allocations" {{(pid=107577) __call__ /opt/stack/placement/placement/requestlog.py:55}}
Oct 04 20:40:10.384798 n-d-854824-8 devstack@placement-api.service[107578]: [pid: 107578|app: 0|req: 393/781] 10.222.0.15 () {60 vars in 1380 bytes} [Tue Oct 4 20:40:10 2022] GET /placement/allocations/5e7711d5-ca3e-4786-86f6-22bf2f39a190 => generated 19 bytes in 31 msecs (HTTP/1.1 200) 8 headers in 295 bytes (2 switches on core 0)
Oct 04 20:40:10.583453 n-d-854824-8 devstack@placement-api.service[107577]: DEBUG placement.handlers.allocation [req-931974cc-4f09-4686-944e-5c6581efe60a req-1806fb18-588d-46a1-8209-bddf439d8e97 service placement] Successfully wrote allocations [, , , ] {{(pid=107577) _update_consumers_and_create_allocations /opt/stack/placement/placement/handlers/allocation.py:572}}
Oct 04 20:40:10.601431 n-d-854824-8 devstack@placement-api.service[107578]: DEBUG placement.requestlog [req-7d9a6e21-3b65-4a55-b2da-da0df44a2b25 req-1cc51bbe-52f3-4104-806d-1cbcc2cf556d None None] Starting request: 10.222.0.15 "GET /placement/allocation_candidates?resources=DISK_GB%3A1%2CMEMORY_MB%3A1024%2CVCPU%3A1&root_required=%21COMPUTE_STATUS_DISABLED" {{(pid=107578) __call__ /opt/stack/placement/placement/requestlog.py:55}}
Oct 04 20:40:10.614609 n-d-854824-8 devstack@placement-api.service[107577]: INFO placement.requestlog [req-931974cc-4f09-4686-944e-5c6581efe60a req-1806fb18-588d-46a1-8209-bddf439d8e97 service placement] 10.222.0.15 "POST /placement/allocations" status: 204 len: 0 microversion: 1.28
Oct 04 20:40:10.626591 n-d-854824-8 devstack@placement-api.service[107577]: [pid: 107577|app: 0|req: 389/782] 10.222.0.15 () {64 vars in 1323 bytes} [Tue Oct 4 20:40:10 2022] POST /placement/allocations => generated 0 bytes in 245 msecs (HTTP/1.1 204) 5 headers in 199 bytes (1 switches on core 0)
Oct 04 20:40:10.718472 n-d-854824-8 devstack@placement-api.service[107577]: DEBUG placement.requestlog [req-931974cc-4f09-4686-944e-5c6581efe60a req-2bd98b31-8931-475c-8b29-b460fd356696 None None] Starting request: 10.222.0.15 "GET /placement/allocations/8dbdd051-0b8f-4439-ae5a-746bfc68e5ab" {{(pid=107577) __call__ /opt/stack/placement/placement/requestlog.py:55}}
Oct 04 20:40:10.721668 n-d-854824-8 devstack@placement-api.service[107578]: DEBUG placement.objects.research_context [req-7d9a6e21-3b65-4a55-b2da-da0df44a2b25 req-1cc51bbe-52f3-4104-806d-1cbcc2cf556d service placement] getting providers with 1 DISK_GB {{(pid=107578) __init__ /opt/stack/placement/placement/objects/research_context.py:136}}
Oct 04 20:40:10.746859 n-d-854824-8 devstack@placement-api.service[107577]: INFO placement.requestlog [req-931974cc-4f09-4686-944e-5c6581efe60a req-2bd98b31-8931-475c-8b29-b460fd356696 service placement] 10.222.0.15 "GET /placement/allocations/8dbdd051-0b8f-4439-ae5a-746bfc68e5ab" status: 200 len: 19 microversion: 1.28
Oct 04 20:40:10.750032 n-d-854824-8 devstack@placement-api.service[107578]: DEBUG placement.objects.research_context [req-7d9a6e21-3b65-4a55-b2da-da0df44a2b25 req-1cc51bbe-52f3-4104-806d-1cbcc2cf556d service placement] getting providers with 1024 MEMORY_MB {{(pid=107578) __init__ /opt/stack/placement/placement/objects/research_context.py:136}}
Oct 04 20:40:10.752807 n-d-854824-8 devstack@placement-api.service[107577]: [pid: 107577|app: 0|req: 390/783] 10.222.0.15 () {60 vars in 1380 bytes} [Tue Oct 4 20:40:10 2022] GET /placement/allocations/8dbdd051-0b8f-4439-ae5a-746bfc68e5ab => generated 19 bytes in 35 msecs (HTTP/1.1 200) 8 headers in 295 bytes (1 switches on core 0)
Oct 04 20:40:10.758754 n-d-854824-8 devstack@placement-api.service[107578]: DEBUG dbcounter [-] [107578] Writing DB stats placement:SELECT=100 {{(pid=107578) stat_writer /usr/local/lib/python3.8/dist-packages/dbcounter.py:114}}
Oct 04 20:40:10.759161 n-d-854824-8 devstack@placement-api.service[107577]: DEBUG placement.requestlog [req-931974cc-4f09-4686-944e-5c6581efe60a req-94a8967e-1287-433b-866f-6b37a523c334 None None] Starting request: 10.222.0.15 "PUT /placement/allocations/8dbdd051-0b8f-4439-ae5a-746bfc68e5ab" {{(pid=107577) __call__ /opt/stack/placement/placement/requestlog.py:55}}
Oct 04 20:40:10.762410 n-d-854824-8 devstack@placement-api.service[107578]: DEBUG placement.objects.research_context [req-7d9a6e21-3b65-4a55-b2da-da0df44a2b25 req-1cc51bbe-52f3-4104-806d-1cbcc2cf556d service placement] getting providers with 1 VCPU {{(pid=107578) __init__ /opt/stack/placement/placement/objects/research_context.py:136}}
Oct 04 20:40:10.785733 n-d-854824-8 devstack@placement-api.service[107578]: DEBUG placement.objects.research_context [req-7d9a6e21-3b65-4a55-b2da-da0df44a2b25 req-1cc51bbe-52f3-4104-806d-1cbcc2cf556d service placement] found 2 providers with available 1 DISK_GB {{(pid=107578) get_provider_ids_matching /opt/stack/placement/placement/objects/research_context.py:563}}
Oct 04 20:40:10.785994 n-d-854824-8 devstack@placement-api.service[107578]: DEBUG placement.objects.research_context [req-7d9a6e21-3b65-4a55-b2da-da0df44a2b25 req-1cc51bbe-52f3-4104-806d-1cbcc2cf556d service placement] found 2 providers with available 1024 MEMORY_MB {{(pid=107578) get_provider_ids_matching /opt/stack/placement/placement/objects/research_context.py:563}}
Oct 04 20:40:10.786288 n-d-854824-8 devstack@placement-api.service[107578]: DEBUG placement.objects.research_context [req-7d9a6e21-3b65-4a55-b2da-da0df44a2b25 req-1cc51bbe-52f3-4104-806d-1cbcc2cf556d service placement] found 2 providers after filtering by previous result {{(pid=107578) get_provider_ids_matching /opt/stack/placement/placement/objects/research_context.py:594}}
Oct 04 20:40:10.786574 n-d-854824-8 devstack@placement-api.service[107578]: DEBUG placement.objects.research_context [req-7d9a6e21-3b65-4a55-b2da-da0df44a2b25 req-1cc51bbe-52f3-4104-806d-1cbcc2cf556d service placement] found 2 providers with available 1 VCPU {{(pid=107578) get_provider_ids_matching /opt/stack/placement/placement/objects/research_context.py:563}}
Oct 04 20:40:10.786840 n-d-854824-8 devstack@placement-api.service[107578]: DEBUG placement.objects.research_context [req-7d9a6e21-3b65-4a55-b2da-da0df44a2b25 req-1cc51bbe-52f3-4104-806d-1cbcc2cf556d service placement] found 2 providers after filtering by previous result {{(pid=107578) get_provider_ids_matching /opt/stack/placement/placement/objects/research_context.py:594}}
Oct 04 20:40:10.818347 n-d-854824-8 devstack@placement-api.service[107578]: DEBUG placement.objects.allocation_candidate [req-7d9a6e21-3b65-4a55-b2da-da0df44a2b25 req-1cc51bbe-52f3-4104-806d-1cbcc2cf556d service placement] RequestGroup(use_same_provider=False, resources={DISK_GB:1, MEMORY_MB:1024, VCPU:1}, traits=(), aggregates=[]) (suffix '') returned 2 matches {{(pid=107578) _get_by_requests /opt/stack/placement/placement/objects/allocation_candidate.py:156}}
Oct 04 20:40:10.819815 n-d-854824-8 devstack@placement-api.service[107578]: DEBUG placement.objects.allocation_candidate [req-7d9a6e21-3b65-4a55-b2da-da0df44a2b25 req-1cc51bbe-52f3-4104-806d-1cbcc2cf556d service placement] Merging candidates yields 2 allocation requests and 2 provider summaries {{(pid=107578) _merge_candidates /opt/stack/placement/placement/objects/allocation_candidate.py:809}}
Oct 04 20:40:10.823674 n-d-854824-8 devstack@placement-api.service[107578]: INFO placement.requestlog [req-7d9a6e21-3b65-4a55-b2da-da0df44a2b25 req-1cc51bbe-52f3-4104-806d-1cbcc2cf556d service placement] 10.222.0.15 "GET /placement/allocation_candidates?resources=DISK_GB%3A1%2CMEMORY_MB%3A1024%2CVCPU%3A1&root_required=%21COMPUTE_STATUS_DISABLED" status: 200 len: 1310 microversion: 1.36
Oct 04 20:40:10.825321 n-d-854824-8 devstack@placement-api.service[107578]: [pid: 107578|app: 0|req: 394/784] 10.222.0.15 () {60 vars in 1484 bytes} [Tue Oct 4 20:40:10 2022] GET /placement/allocation_candidates?resources=DISK_GB%3A1%2CMEMORY_MB%3A1024%2CVCPU%3A1&root_required=%21COMPUTE_STATUS_DISABLED => generated 1310 bytes in 224 msecs (HTTP/1.1 200) 8 headers in 297 bytes (2 switches on core 0)
Oct 04 20:40:10.992455 n-d-854824-8 devstack@placement-api.service[107578]: DEBUG placement.requestlog [req-7d9a6e21-3b65-4a55-b2da-da0df44a2b25 req-15fd4f8c-fc33-43d5-be65-374b53aecdbf None None] Starting request: 10.222.0.15 "GET /placement/allocations/7c11ee9d-3a77-4b24-9b24-fed4fe9edb63" {{(pid=107578) __call__ /opt/stack/placement/placement/requestlog.py:55}}
Oct 04 20:40:11.019988 n-d-854824-8 devstack@placement-api.service[107577]: DEBUG placement.handlers.allocation [req-931974cc-4f09-4686-944e-5c6581efe60a req-94a8967e-1287-433b-866f-6b37a523c334 service placement] Successfully wrote allocations [, ] {{(pid=107577) _update_consumers_and_create_allocations /opt/stack/placement/placement/handlers/allocation.py:462}}
Oct 04 20:40:11.035211 n-d-854824-8 devstack@placement-api.service[107577]: INFO placement.requestlog [req-931974cc-4f09-4686-944e-5c6581efe60a req-94a8967e-1287-433b-866f-6b37a523c334 service placement] 10.222.0.15 "PUT /placement/allocations/8dbdd051-0b8f-4439-ae5a-746bfc68e5ab" status: 204 len: 0 microversion: 1.28
Oct 04 20:40:11.035970 n-d-854824-8 devstack@placement-api.service[107577]: [pid: 107577|app: 0|req: 391/785] 10.222.0.15 () {64 vars in 1433 bytes} [Tue Oct 4 20:40:10 2022] PUT /placement/allocations/8dbdd051-0b8f-4439-ae5a-746bfc68e5ab => generated 0 bytes in 277 msecs (HTTP/1.1 204) 5 headers in 199 bytes (2 switches on core 0)
Oct 04 20:40:11.071923 n-d-854824-8 devstack@placement-api.service[107578]: INFO placement.requestlog [req-7d9a6e21-3b65-4a55-b2da-da0df44a2b25 req-15fd4f8c-fc33-43d5-be65-374b53aecdbf service placement] 10.222.0.15 "GET /placement/allocations/7c11ee9d-3a77-4b24-9b24-fed4fe9edb63" status: 200 len: 19 microversion: 1.28
Oct 04 20:40:11.075789 n-d-854824-8 devstack@placement-api.service[107578]: [pid: 107578|app: 0|req: 395/786] 10.222.0.15 () {60 vars in 1380 bytes} [Tue Oct 4 20:40:10 2022] GET /placement/allocations/7c11ee9d-3a77-4b24-9b24-fed4fe9edb63 => generated 19 bytes in 85 msecs (HTTP/1.1 200) 8 headers in 295 bytes (2 switches on core 0)
Oct 04 20:40:11.083637 n-d-854824-8 devstack@placement-api.service[107577]: DEBUG placement.requestlog [req-7d9a6e21-3b65-4a55-b2da-da0df44a2b25 req-e0d4cd1d-3f80-442c-9b1e-747841165e6a None None] Starting request: 10.222.0.15 "PUT /placement/allocations/7c11ee9d-3a77-4b24-9b24-fed4fe9edb63" {{(pid=107577) __call__ /opt/stack/placement/placement/requestlog.py:55}}
Oct 04 20:40:11.284311 n-d-854824-8 devstack@placement-api.service[107578]: DEBUG placement.requestlog [req-931974cc-4f09-4686-944e-5c6581efe60a req-8b25ebab-40d7-40c5-9c90-064670af2092 None None] Starting request: 10.222.0.73 "GET /placement/allocations/8dbdd051-0b8f-4439-ae5a-746bfc68e5ab" {{(pid=107578) __call__ /opt/stack/placement/placement/requestlog.py:55}}
Oct 04 20:40:11.321083 n-d-854824-8 devstack@placement-api.service[107577]: DEBUG placement.handlers.allocation [req-7d9a6e21-3b65-4a55-b2da-da0df44a2b25 req-e0d4cd1d-3f80-442c-9b1e-747841165e6a service placement] Successfully wrote allocations [, , ] {{(pid=107577) _update_consumers_and_create_allocations /opt/stack/placement/placement/handlers/allocation.py:462}}
Oct 04 20:40:11.334996 n-d-854824-8 devstack@placement-api.service[107578]: INFO placement.requestlog [req-931974cc-4f09-4686-944e-5c6581efe60a req-8b25ebab-40d7-40c5-9c90-064670af2092 service placement] 10.222.0.73 "GET /placement/allocations/8dbdd051-0b8f-4439-ae5a-746bfc68e5ab" status: 200 len: 245 microversion: 1.28
Oct 04 20:40:11.337752 n-d-854824-8 devstack@placement-api.service[107578]: [pid: 107578|app: 0|req: 396/787] 10.222.0.73 () {60 vars in 1377 bytes} [Tue Oct 4 20:40:11 2022] GET /placement/allocations/8dbdd051-0b8f-4439-ae5a-746bfc68e5ab => generated 245 bytes in 54 msecs (HTTP/1.1 200) 8 headers in 296 bytes (1 switches on core 0)
Oct 04 20:40:11.340016 n-d-854824-8 devstack@placement-api.service[107577]: INFO placement.requestlog [req-7d9a6e21-3b65-4a55-b2da-da0df44a2b25 req-e0d4cd1d-3f80-442c-9b1e-747841165e6a service placement] 10.222.0.15 "PUT /placement/allocations/7c11ee9d-3a77-4b24-9b24-fed4fe9edb63" status: 204 len: 0 microversion: 1.36
Oct 04 20:40:11.341482 n-d-854824-8 devstack@placement-api.service[107577]: [pid: 107577|app: 0|req: 392/788] 10.222.0.15 () {64 vars in 1433 bytes} [Tue Oct 4 20:40:11 2022] PUT /placement/allocations/7c11ee9d-3a77-4b24-9b24-fed4fe9edb63 => generated 0 bytes in 258 msecs (HTTP/1.1 204) 5 headers in 199 bytes (1 switches on core 0)
Oct 04 20:40:11.395020 n-d-854824-8 devstack@placement-api.service[107578]: DEBUG placement.requestlog [req-7d9a6e21-3b65-4a55-b2da-da0df44a2b25 req-6fc567e9-3b2d-49b2-8aae-1956fe008ddb None None] Starting request: 10.222.0.15 "GET /placement/allocations/f9621a18-9909-4c54-a743-bebc215db355" {{(pid=107578) __call__ /opt/stack/placement/placement/requestlog.py:55}}
Oct 04 20:40:11.445800 n-d-854824-8 devstack@placement-api.service[107578]: INFO placement.requestlog [req-7d9a6e21-3b65-4a55-b2da-da0df44a2b25 req-6fc567e9-3b2d-49b2-8aae-1956fe008ddb service placement] 10.222.0.15 "GET /placement/allocations/f9621a18-9909-4c54-a743-bebc215db355" status: 200 len: 19 microversion: 1.28
Oct 04 20:40:11.446495 n-d-854824-8 devstack@placement-api.service[107578]: [pid: 107578|app: 0|req: 397/789] 10.222.0.15 () {60 vars in 1380 bytes} [Tue Oct 4 20:40:11 2022] GET /placement/allocations/f9621a18-9909-4c54-a743-bebc215db355 => generated 19 bytes in 52 msecs (HTTP/1.1 200) 8 headers in 295 bytes (1 switches on core 0)
Oct 04 20:40:11.452849 n-d-854824-8 devstack@placement-api.service[107577]: DEBUG placement.requestlog [req-7d9a6e21-3b65-4a55-b2da-da0df44a2b25 req-d1287475-3c3c-454f-8b36-cf65f5a87c9a None None] Starting request: 10.222.0.15 "PUT /placement/allocations/f9621a18-9909-4c54-a743-bebc215db355" {{(pid=107577) __call__ /opt/stack/placement/placement/requestlog.py:55}}
Oct 04 20:40:11.622938 n-d-854824-8 devstack@placement-api.service[107577]: DEBUG dbcounter [-] [107577] Writing DB stats placement:SELECT=69,placement:INSERT=14,placement:DELETE=8,placement:UPDATE=9 {{(pid=107577) stat_writer /usr/local/lib/python3.8/dist-packages/dbcounter.py:114}}
Oct 04 20:40:11.625294 n-d-854824-8 devstack@placement-api.service[107577]: DEBUG placement.handlers.allocation [req-7d9a6e21-3b65-4a55-b2da-da0df44a2b25 req-d1287475-3c3c-454f-8b36-cf65f5a87c9a service placement] Successfully wrote allocations [, , ] {{(pid=107577) _update_consumers_and_create_allocations /opt/stack/placement/placement/handlers/allocation.py:462}}
Oct 04 20:40:11.635140 n-d-854824-8 devstack@placement-api.service[107577]: INFO placement.requestlog [req-7d9a6e21-3b65-4a55-b2da-da0df44a2b25 req-d1287475-3c3c-454f-8b36-cf65f5a87c9a service placement] 10.222.0.15 "PUT /placement/allocations/f9621a18-9909-4c54-a743-bebc215db355" status: 204 len: 0 microversion: 1.36
Oct 04 20:40:11.636955 n-d-854824-8 devstack@placement-api.service[107577]: [pid: 107577|app: 0|req: 393/790] 10.222.0.15 () {64 vars in 1433 bytes} [Tue Oct 4 20:40:11 2022] PUT /placement/allocations/f9621a18-9909-4c54-a743-bebc215db355 => generated 0 bytes in 185 msecs (HTTP/1.1 204) 5 headers in 199 bytes (1 switches on core 0)
Oct 04 20:40:11.825031 n-d-854824-8 devstack@placement-api.service[107578]: DEBUG placement.requestlog [req-b7bf7388-55f1-41ef-9b66-223714cc8a55 req-8c230577-b526-4b81-8b63-c94d620f164f None None] Starting request: 10.222.0.73 "GET /placement/resource_providers/5a0a8a58-53c5-4537-bf57-0dfd323ba072/allocations" {{(pid=107578) __call__ /opt/stack/placement/placement/requestlog.py:55}}
Oct 04 20:40:11.892677 n-d-854824-8 devstack@placement-api.service[107578]: INFO placement.requestlog [req-b7bf7388-55f1-41ef-9b66-223714cc8a55 req-8c230577-b526-4b81-8b63-c94d620f164f service placement] 10.222.0.73 "GET /placement/resource_providers/5a0a8a58-53c5-4537-bf57-0dfd323ba072/allocations" status: 200 len: 1150 microversion: 1.0
Oct 04 20:40:11.896737 n-d-854824-8 devstack@placement-api.service[107578]: [pid: 107578|app: 0|req: 398/791] 10.222.0.73 () {58 vars in 1390 bytes} [Tue Oct 4 20:40:11 2022] GET /placement/resource_providers/5a0a8a58-53c5-4537-bf57-0dfd323ba072/allocations => generated 1150 bytes in 72 msecs (HTTP/1.1 200) 6 headers in 225 bytes (1 switches on core 0)
Oct 04 20:40:12.919754 n-d-854824-8 devstack@placement-api.service[107577]: DEBUG placement.requestlog [req-7d9a6e21-3b65-4a55-b2da-da0df44a2b25 req-2e259a6c-c3ea-4338-8160-a268b38804eb None None] Starting request: 10.222.0.59 "GET /placement/allocations/7c11ee9d-3a77-4b24-9b24-fed4fe9edb63" {{(pid=107577) __call__ /opt/stack/placement/placement/requestlog.py:55}}
Oct 04 20:40:12.977293 n-d-854824-8 devstack@placement-api.service[107577]: INFO placement.requestlog [req-7d9a6e21-3b65-4a55-b2da-da0df44a2b25 req-2e259a6c-c3ea-4338-8160-a268b38804eb service placement] 10.222.0.59 "GET /placement/allocations/7c11ee9d-3a77-4b24-9b24-fed4fe9edb63" status: 200 len: 259 microversion: 1.28
Oct 04 20:40:12.977693 n-d-854824-8 devstack@placement-api.service[107577]: [pid: 107577|app: 0|req: 394/792] 10.222.0.59 () {60 vars in 1377 bytes} [Tue Oct 4 20:40:12 2022] GET /placement/allocations/7c11ee9d-3a77-4b24-9b24-fed4fe9edb63 => generated 259 bytes in 60 msecs (HTTP/1.1 200) 8 headers in 296 bytes (1 switches on core 0)
Oct 04 20:40:13.012439 n-d-854824-8 devstack@placement-api.service[107578]: DEBUG placement.requestlog [req-b7bf7388-55f1-41ef-9b66-223714cc8a55 req-df655941-8a0b-46ec-9906-9122a1de8dbf None None] Starting request: 10.222.0.73 "GET /placement/allocations/f186021f-28eb-4004-80f2-d3ca6cd30abc" {{(pid=107578) __call__ /opt/stack/placement/placement/requestlog.py:55}}
Oct 04 20:40:13.064752 n-d-854824-8 devstack@placement-api.service[107578]: INFO placement.requestlog [req-b7bf7388-55f1-41ef-9b66-223714cc8a55 req-df655941-8a0b-46ec-9906-9122a1de8dbf service placement] 10.222.0.73 "GET /placement/allocations/f186021f-28eb-4004-80f2-d3ca6cd30abc" status: 200 len: 259 microversion: 1.28
Oct 04 20:40:13.067337 n-d-854824-8 devstack@placement-api.service[107578]: [pid: 107578|app: 0|req: 399/793] 10.222.0.73 () {60 vars in 1377 bytes} [Tue Oct 4 20:40:13 2022] GET /placement/allocations/f186021f-28eb-4004-80f2-d3ca6cd30abc => generated 259 bytes in 57 msecs (HTTP/1.1 200) 8 headers in 296 bytes (1 switches on core 0)
Oct 04 20:40:13.078467 n-d-854824-8 devstack@placement-api.service[107577]: DEBUG placement.requestlog [req-b7bf7388-55f1-41ef-9b66-223714cc8a55 req-222c00b6-1504-4ae8-8b7d-3510eb9e92c0 None None] Starting request: 10.222.0.73 "GET /placement/allocations/f9621a18-9909-4c54-a743-bebc215db355" {{(pid=107577) __call__ /opt/stack/placement/placement/requestlog.py:55}}
Oct 04 20:40:13.129921 n-d-854824-8 devstack@placement-api.service[107577]: INFO placement.requestlog [req-b7bf7388-55f1-41ef-9b66-223714cc8a55 req-222c00b6-1504-4ae8-8b7d-3510eb9e92c0 service placement] 10.222.0.73 "GET /placement/allocations/f9621a18-9909-4c54-a743-bebc215db355" status: 200 len: 259 microversion: 1.28
Oct 04 20:40:13.130320 n-d-854824-8 devstack@placement-api.service[107577]: [pid: 107577|app: 0|req: 395/794] 10.222.0.73 () {60 vars in 1377 bytes} [Tue Oct 4 20:40:13 2022] GET /placement/allocations/f9621a18-9909-4c54-a743-bebc215db355 => generated 259 bytes in 52 msecs (HTTP/1.1 200) 8 headers in 296 bytes (1 switches on core 0)
Oct 04 20:40:13.142495 n-d-854824-8 devstack@placement-api.service[107578]: DEBUG placement.requestlog [req-b7bf7388-55f1-41ef-9b66-223714cc8a55 req-21982f02-1ff9-42c0-b42d-ee2add838f91 None None] Starting request: 10.222.0.73 "GET /placement/allocations/6ada235a-3190-491a-82f5-b320fbc6935a" {{(pid=107578) __call__ /opt/stack/placement/placement/requestlog.py:55}}
Oct 04 20:40:13.176415 n-d-854824-8 devstack@placement-api.service[107578]: INFO placement.requestlog [req-b7bf7388-55f1-41ef-9b66-223714cc8a55 req-21982f02-1ff9-42c0-b42d-ee2add838f91 service placement] 10.222.0.73 "GET /placement/allocations/6ada235a-3190-491a-82f5-b320fbc6935a" status: 200 len: 259 microversion: 1.28
Oct 04 20:40:13.181073 n-d-854824-8 devstack@placement-api.service[107578]: [pid: 107578|app: 0|req: 400/795] 10.222.0.73 () {60 vars in 1377 bytes} [Tue Oct 4 20:40:13 2022] GET /placement/allocations/6ada235a-3190-491a-82f5-b320fbc6935a => generated 259 bytes in 39 msecs (HTTP/1.1 200) 8 headers in 296 bytes (1 switches on core 0)
Oct 04 20:40:13.188856 n-d-854824-8 devstack@placement-api.service[107577]: DEBUG placement.requestlog [req-b7bf7388-55f1-41ef-9b66-223714cc8a55 req-0a82c300-0c25-4f3e-88d0-bf469e293d01 None None] Starting request: 10.222.0.73 "GET /placement/allocations/a8998e47-5bae-4dc9-b38a-163b973f43c7" {{(pid=107577) __call__ /opt/stack/placement/placement/requestlog.py:55}}
Oct 04 20:40:13.231019 n-d-854824-8 devstack@placement-api.service[107577]: INFO placement.requestlog [req-b7bf7388-55f1-41ef-9b66-223714cc8a55 req-0a82c300-0c25-4f3e-88d0-bf469e293d01 service placement] 10.222.0.73 "GET /placement/allocations/a8998e47-5bae-4dc9-b38a-163b973f43c7" status: 200 len: 259 microversion: 1.28
Oct 04 20:40:13.236114 n-d-854824-8 devstack@placement-api.service[107577]: [pid: 107577|app: 0|req: 396/796] 10.222.0.73 () {60 vars in 1377 bytes} [Tue Oct 4 20:40:13 2022] GET /placement/allocations/a8998e47-5bae-4dc9-b38a-163b973f43c7 => generated 259 bytes in 47 msecs (HTTP/1.1 200) 8 headers in 296 bytes (1 switches on core 0)
Oct 04 20:40:13.250385 n-d-854824-8 devstack@placement-api.service[107578]: DEBUG placement.requestlog [req-b7bf7388-55f1-41ef-9b66-223714cc8a55 req-b157af6b-6fdb-4084-a3ee-ef55de54abd5 None None] Starting request: 10.222.0.73 "GET /placement/allocations/24baba81-5f10-4530-b83e-a7a84636b674" {{(pid=107578) __call__ /opt/stack/placement/placement/requestlog.py:55}}
Oct 04 20:40:13.252503 n-d-854824-8 devstack@placement-api.service[107577]: DEBUG placement.requestlog [req-7d9a6e21-3b65-4a55-b2da-da0df44a2b25 req-658dcadb-ade7-4f2d-bf57-bbef8fdaba46 None None] Starting request: 10.222.0.59 "GET /placement/resource_providers/0d611464-77da-4422-9822-ae25a1239a70/allocations" {{(pid=107577) __call__ /opt/stack/placement/placement/requestlog.py:55}}
Oct 04 20:40:13.287964 n-d-854824-8 devstack@placement-api.service[107578]: INFO placement.requestlog [req-b7bf7388-55f1-41ef-9b66-223714cc8a55 req-b157af6b-6fdb-4084-a3ee-ef55de54abd5 service placement] 10.222.0.73 "GET /placement/allocations/24baba81-5f10-4530-b83e-a7a84636b674" status: 200 len: 259 microversion: 1.28
Oct 04 20:40:13.288806 n-d-854824-8 devstack@placement-api.service[107578]: [pid: 107578|app: 0|req: 401/797] 10.222.0.73 () {60 vars in 1377 bytes} [Tue Oct 4 20:40:13 2022] GET /placement/allocations/24baba81-5f10-4530-b83e-a7a84636b674 => generated 259 bytes in 39 msecs (HTTP/1.1 200) 8 headers in 296 bytes (1 switches on core 0)
Oct 04 20:40:13.296724 n-d-854824-8 devstack@placement-api.service[107578]: DEBUG placement.requestlog [req-b7bf7388-55f1-41ef-9b66-223714cc8a55 req-5b505225-718a-45d5-8040-14e37fb38f68 None None] Starting request: 10.222.0.73 "GET /placement/allocations/8dbdd051-0b8f-4439-ae5a-746bfc68e5ab" {{(pid=107578) __call__ /opt/stack/placement/placement/requestlog.py:55}}
Oct 04 20:40:13.331433 n-d-854824-8 devstack@placement-api.service[107578]: INFO placement.requestlog [req-b7bf7388-55f1-41ef-9b66-223714cc8a55 req-5b505225-718a-45d5-8040-14e37fb38f68 service placement] 10.222.0.73 "GET /placement/allocations/8dbdd051-0b8f-4439-ae5a-746bfc68e5ab" status: 200 len: 245 microversion: 1.28
Oct 04 20:40:13.332360 n-d-854824-8 devstack@placement-api.service[107578]: [pid: 107578|app: 0|req: 402/798] 10.222.0.73 () {60 vars in 1377 bytes} [Tue Oct 4 20:40:13 2022] GET /placement/allocations/8dbdd051-0b8f-4439-ae5a-746bfc68e5ab => generated 245 bytes in 36 msecs (HTTP/1.1 200) 8 headers in 296 bytes (1 switches on core 0)
Oct 04 20:40:13.334020 n-d-854824-8 devstack@placement-api.service[107578]: DEBUG placement.requestlog [req-7d9a6e21-3b65-4a55-b2da-da0df44a2b25 req-a43328d2-bf94-4f09-bcc0-6b4ff0e92994 None None] Starting request: 10.222.0.73 "GET /placement/allocations/f9621a18-9909-4c54-a743-bebc215db355" {{(pid=107578) __call__ /opt/stack/placement/placement/requestlog.py:55}}
Oct 04 20:40:13.364626 n-d-854824-8 devstack@placement-api.service[107578]: INFO placement.requestlog [req-7d9a6e21-3b65-4a55-b2da-da0df44a2b25 req-a43328d2-bf94-4f09-bcc0-6b4ff0e92994 service placement] 10.222.0.73 "GET /placement/allocations/f9621a18-9909-4c54-a743-bebc215db355" status: 200 len: 259 microversion: 1.28
Oct 04 20:40:13.365494 n-d-854824-8 devstack@placement-api.service[107578]: [pid: 107578|app: 0|req: 403/799] 10.222.0.73 () {60 vars in 1377 bytes} [Tue Oct 4 20:40:13 2022] GET /placement/allocations/f9621a18-9909-4c54-a743-bebc215db355 => generated 259 bytes in 32 msecs (HTTP/1.1 200) 8 headers in 296 bytes (1 switches on core 0)
Oct 04 20:40:13.366030 n-d-854824-8 devstack@placement-api.service[107578]: DEBUG placement.requestlog [req-b7bf7388-55f1-41ef-9b66-223714cc8a55 req-ee2df854-ed47-4dd8-b8b2-81357dc846a5 None None] Starting request: 10.222.0.73 "GET /placement/allocations/6d6f9f99-3186-491e-afc5-d393a84f43c8" {{(pid=107578) __call__ /opt/stack/placement/placement/requestlog.py:55}}
Oct 04 20:40:13.369588 n-d-854824-8 devstack@placement-api.service[107577]: INFO placement.requestlog [req-7d9a6e21-3b65-4a55-b2da-da0df44a2b25 req-658dcadb-ade7-4f2d-bf57-bbef8fdaba46 service placement] 10.222.0.59 "GET /placement/resource_providers/0d611464-77da-4422-9822-ae25a1239a70/allocations" status: 200 len: 1149 microversion: 1.0
Oct 04 20:40:13.370005 n-d-854824-8 devstack@placement-api.service[107577]: [pid: 107577|app: 0|req: 397/800] 10.222.0.59 () {58 vars in 1390 bytes} [Tue Oct 4 20:40:13 2022] GET /placement/resource_providers/0d611464-77da-4422-9822-ae25a1239a70/allocations => generated 1149 bytes in 118 msecs (HTTP/1.1 200) 6 headers in 225 bytes (1 switches on core 0)
Oct 04 20:40:13.376935 n-d-854824-8 devstack@placement-api.service[107577]: DEBUG placement.requestlog [req-7d9a6e21-3b65-4a55-b2da-da0df44a2b25 req-e73ed7ea-a135-4199-8b78-1a482b2568ad None None] Starting request: 10.222.0.59 "GET /placement/allocations/7df69dbb-576d-4dbd-a139-5278b2bb5140" {{(pid=107577) __call__ /opt/stack/placement/placement/requestlog.py:55}}
Oct 04 20:40:13.411694 n-d-854824-8 devstack@placement-api.service[107578]: INFO placement.requestlog [req-b7bf7388-55f1-41ef-9b66-223714cc8a55 req-ee2df854-ed47-4dd8-b8b2-81357dc846a5 service placement] 10.222.0.73 "GET /placement/allocations/6d6f9f99-3186-491e-afc5-d393a84f43c8" status: 200 len: 259 microversion: 1.28
Oct 04 20:40:13.412185 n-d-854824-8 devstack@placement-api.service[107578]: [pid: 107578|app: 0|req: 404/801] 10.222.0.73 () {60 vars in 1377 bytes} [Tue Oct 4 20:40:13 2022] GET /placement/allocations/6d6f9f99-3186-491e-afc5-d393a84f43c8 => generated 259 bytes in 46 msecs (HTTP/1.1 200) 8 headers in 296 bytes (1 switches on core 0)
Oct 04 20:40:13.426100 n-d-854824-8 devstack@placement-api.service[107578]: DEBUG placement.requestlog [req-b7bf7388-55f1-41ef-9b66-223714cc8a55 req-63f35d55-bf5c-4660-ab51-cfe06602f288 None None] Starting request: 10.222.0.73 "GET /placement/allocations/a1be05d0-50ba-403a-a7e3-e64665ad8da6" {{(pid=107578) __call__ /opt/stack/placement/placement/requestlog.py:55}}
Oct 04 20:40:13.444127 n-d-854824-8 devstack@placement-api.service[107577]: INFO placement.requestlog [req-7d9a6e21-3b65-4a55-b2da-da0df44a2b25 req-e73ed7ea-a135-4199-8b78-1a482b2568ad service placement] 10.222.0.59 "GET /placement/allocations/7df69dbb-576d-4dbd-a139-5278b2bb5140" status: 200 len: 259 microversion: 1.28
Oct 04 20:40:13.444528 n-d-854824-8 devstack@placement-api.service[107577]: [pid: 107577|app: 0|req: 398/802] 10.222.0.59 () {60 vars in 1377 bytes} [Tue Oct 4 20:40:13 2022] GET /placement/allocations/7df69dbb-576d-4dbd-a139-5278b2bb5140 => generated 259 bytes in 68 msecs (HTTP/1.1 200) 8 headers in 296 bytes (1 switches on core 0)
