Aug 29 19:28:32.698375 n-d-854824-2 devstack@placement-api.service[107660]: DEBUG placement.requestlog [req-457cf8d4-f468-46c9-8ca7-9b5842d79b2e req-acc64770-57d3-4bb2-a3d2-e7252a3415b0 None None] Starting request: 10.222.0.100 "GET /placement/resource_providers/606336ec-74df-49c8-993b-22551e178fd3/allocations" {{(pid=107660) __call__ /opt/stack/placement/placement/requestlog.py:55}}
Aug 29 19:28:32.736942 n-d-854824-2 devstack@placement-api.service[107659]: DEBUG placement.requestlog [req-305de89d-d426-4bc1-bd8d-cf7b5fadb485 req-34290a29-a151-4943-9c30-5d529df5d41d None None] Starting request: 10.222.0.100 "GET /placement/allocations/bb9a77ef-5e87-4caf-8696-c51c775ff55f" {{(pid=107659) __call__ /opt/stack/placement/placement/requestlog.py:55}}
Aug 29 19:28:32.772840 n-d-854824-2 devstack@placement-api.service[107659]: INFO placement.requestlog [req-305de89d-d426-4bc1-bd8d-cf7b5fadb485 req-34290a29-a151-4943-9c30-5d529df5d41d service placement] 10.222.0.100 "GET /placement/allocations/bb9a77ef-5e87-4caf-8696-c51c775ff55f" status: 200 len: 259 microversion: 1.28
Aug 29 19:28:32.774280 n-d-854824-2 devstack@placement-api.service[107659]: [pid: 107659|app: 0|req: 467/928] 10.222.0.100 () {60 vars in 1378 bytes} [Mon Aug 29 19:28:32 2022] GET /placement/allocations/bb9a77ef-5e87-4caf-8696-c51c775ff55f => generated 259 bytes in 37 msecs (HTTP/1.1 200) 8 headers in 296 bytes (1 switches on core 0)
Aug 29 19:28:32.790701 n-d-854824-2 devstack@placement-api.service[107660]: INFO placement.requestlog [req-457cf8d4-f468-46c9-8ca7-9b5842d79b2e req-acc64770-57d3-4bb2-a3d2-e7252a3415b0 service placement] 10.222.0.100 "GET /placement/resource_providers/606336ec-74df-49c8-993b-22551e178fd3/allocations" status: 200 len: 1164 microversion: 1.0
Aug 29 19:28:32.791322 n-d-854824-2 devstack@placement-api.service[107660]: [pid: 107660|app: 0|req: 462/929] 10.222.0.100 () {58 vars in 1391 bytes} [Mon Aug 29 19:28:32 2022] GET /placement/resource_providers/606336ec-74df-49c8-993b-22551e178fd3/allocations => generated 1164 bytes in 93 msecs (HTTP/1.1 200) 6 headers in 225 bytes (1 switches on core 0)
Aug 29 19:28:32.815195 n-d-854824-2 devstack@placement-api.service[107659]: DEBUG placement.requestlog [req-305de89d-d426-4bc1-bd8d-cf7b5fadb485 req-d75f8cc6-69c3-40da-a21f-76fd060b150a None None] Starting request: 10.222.0.100 "GET /placement/allocations/fd4a22b0-3f0e-49d3-940a-436d3184ae57" {{(pid=107659) __call__ /opt/stack/placement/placement/requestlog.py:55}}
Aug 29 19:28:32.828032 n-d-854824-2 devstack@placement-api.service[107660]: DEBUG placement.requestlog [req-457cf8d4-f468-46c9-8ca7-9b5842d79b2e req-e4d9371a-e5b9-4cd3-b082-1dbc35d9b7db None None] Starting request: 10.222.0.100 "GET /placement/allocations/0a83a60b-e642-4fd9-a158-db106da19cac" {{(pid=107660) __call__ /opt/stack/placement/placement/requestlog.py:55}}
Aug 29 19:28:32.847334 n-d-854824-2 devstack@placement-api.service[107660]: INFO placement.requestlog [req-457cf8d4-f468-46c9-8ca7-9b5842d79b2e req-e4d9371a-e5b9-4cd3-b082-1dbc35d9b7db service placement] 10.222.0.100 "GET /placement/allocations/0a83a60b-e642-4fd9-a158-db106da19cac" status: 200 len: 259 microversion: 1.28
Aug 29 19:28:32.848434 n-d-854824-2 devstack@placement-api.service[107660]: [pid: 107660|app: 0|req: 463/930] 10.222.0.100 () {60 vars in 1378 bytes} [Mon Aug 29 19:28:32 2022] GET /placement/allocations/0a83a60b-e642-4fd9-a158-db106da19cac => generated 259 bytes in 25 msecs (HTTP/1.1 200) 8 headers in 296 bytes (1 switches on core 0)
Aug 29 19:28:32.850504 n-d-854824-2 devstack@placement-api.service[107659]: DEBUG dbcounter [-] [107659] Writing DB stats placement:SELECT=92,placement:INSERT=4,placement:DELETE=2,placement:UPDATE=2 {{(pid=107659) stat_writer /usr/local/lib/python3.8/dist-packages/dbcounter.py:114}}
Aug 29 19:28:32.862448 n-d-854824-2 devstack@placement-api.service[107659]: INFO placement.requestlog [req-305de89d-d426-4bc1-bd8d-cf7b5fadb485 req-d75f8cc6-69c3-40da-a21f-76fd060b150a service placement] 10.222.0.100 "GET /placement/allocations/fd4a22b0-3f0e-49d3-940a-436d3184ae57" status: 200 len: 259 microversion: 1.28
Aug 29 19:28:32.863426 n-d-854824-2 devstack@placement-api.service[107659]: [pid: 107659|app: 0|req: 468/931] 10.222.0.100 () {60 vars in 1378 bytes} [Mon Aug 29 19:28:32 2022] GET /placement/allocations/fd4a22b0-3f0e-49d3-940a-436d3184ae57 => generated 259 bytes in 49 msecs (HTTP/1.1 200) 8 headers in 296 bytes (1 switches on core 0)
Aug 29 19:28:32.915311 n-d-854824-2 devstack@placement-api.service[107660]: DEBUG placement.requestlog [req-305de89d-d426-4bc1-bd8d-cf7b5fadb485 req-9240f40d-4b98-46c4-8555-0ef29b7fd0e1 None None] Starting request: 10.222.0.100 "GET /placement/allocations/305b9cb5-0354-4fba-8981-0a834cfcec5c" {{(pid=107660) __call__ /opt/stack/placement/placement/requestlog.py:55}}
Aug 29 19:28:32.934619 n-d-854824-2 devstack@placement-api.service[107659]: DEBUG placement.requestlog [req-457cf8d4-f468-46c9-8ca7-9b5842d79b2e req-c4073c46-27ac-42a0-aeae-bdf942b23aa3 None None] Starting request: 10.222.0.100 "GET /placement/allocations/3250cdbb-1e46-49b8-8bfd-c0784b6f3a8a" {{(pid=107659) __call__ /opt/stack/placement/placement/requestlog.py:55}}
Aug 29 19:28:32.969313 n-d-854824-2 devstack@placement-api.service[107660]: INFO placement.requestlog [req-305de89d-d426-4bc1-bd8d-cf7b5fadb485 req-9240f40d-4b98-46c4-8555-0ef29b7fd0e1 service placement] 10.222.0.100 "GET /placement/allocations/305b9cb5-0354-4fba-8981-0a834cfcec5c" status: 200 len: 259 microversion: 1.28
Aug 29 19:28:32.970115 n-d-854824-2 devstack@placement-api.service[107660]: [pid: 107660|app: 0|req: 464/932] 10.222.0.100 () {60 vars in 1378 bytes} [Mon Aug 29 19:28:32 2022] GET /placement/allocations/305b9cb5-0354-4fba-8981-0a834cfcec5c => generated 259 bytes in 57 msecs (HTTP/1.1 200) 8 headers in 296 bytes (1 switches on core 0)
Aug 29 19:28:32.970645 n-d-854824-2 devstack@placement-api.service[107659]: INFO placement.requestlog [req-457cf8d4-f468-46c9-8ca7-9b5842d79b2e req-c4073c46-27ac-42a0-aeae-bdf942b23aa3 service placement] 10.222.0.100 "GET /placement/allocations/3250cdbb-1e46-49b8-8bfd-c0784b6f3a8a" status: 200 len: 259 microversion: 1.28
Aug 29 19:28:32.971054 n-d-854824-2 devstack@placement-api.service[107659]: [pid: 107659|app: 0|req: 469/933] 10.222.0.100 () {60 vars in 1378 bytes} [Mon Aug 29 19:28:32 2022] GET /placement/allocations/3250cdbb-1e46-49b8-8bfd-c0784b6f3a8a => generated 259 bytes in 38 msecs (HTTP/1.1 200) 8 headers in 296 bytes (1 switches on core 0)
Aug 29 19:28:33.136773 n-d-854824-2 devstack@placement-api.service[107660]: DEBUG placement.requestlog [req-305de89d-d426-4bc1-bd8d-cf7b5fadb485 req-77b881d6-b2b6-478d-aca3-99056b63c138 None None] Starting request: 10.222.0.100 "GET /placement/allocations/2155243d-dd7a-4f1c-bc01-d7ff7e309fd2" {{(pid=107660) __call__ /opt/stack/placement/placement/requestlog.py:55}}
Aug 29 19:28:33.138307 n-d-854824-2 devstack@placement-api.service[107659]: DEBUG placement.requestlog [req-457cf8d4-f468-46c9-8ca7-9b5842d79b2e req-46541e39-2fc6-46fd-bc04-fdd88ea82b0e None None] Starting request: 10.222.0.100 "GET /placement/allocations/bb9a77ef-5e87-4caf-8696-c51c775ff55f" {{(pid=107659) __call__ /opt/stack/placement/placement/requestlog.py:55}}
Aug 29 19:28:33.160673 n-d-854824-2 devstack@placement-api.service[107659]: INFO placement.requestlog [req-457cf8d4-f468-46c9-8ca7-9b5842d79b2e req-46541e39-2fc6-46fd-bc04-fdd88ea82b0e service placement] 10.222.0.100 "GET /placement/allocations/bb9a77ef-5e87-4caf-8696-c51c775ff55f" status: 200 len: 259 microversion: 1.28
Aug 29 19:28:33.161405 n-d-854824-2 devstack@placement-api.service[107659]: [pid: 107659|app: 0|req: 470/934] 10.222.0.100 () {60 vars in 1378 bytes} [Mon Aug 29 19:28:33 2022] GET /placement/allocations/bb9a77ef-5e87-4caf-8696-c51c775ff55f => generated 259 bytes in 24 msecs (HTTP/1.1 200) 8 headers in 296 bytes (1 switches on core 0)
Aug 29 19:28:33.164066 n-d-854824-2 devstack@placement-api.service[107660]: INFO placement.requestlog [req-305de89d-d426-4bc1-bd8d-cf7b5fadb485 req-77b881d6-b2b6-478d-aca3-99056b63c138 service placement] 10.222.0.100 "GET /placement/allocations/2155243d-dd7a-4f1c-bc01-d7ff7e309fd2" status: 200 len: 259 microversion: 1.28
Aug 29 19:28:33.165118 n-d-854824-2 devstack@placement-api.service[107660]: [pid: 107660|app: 0|req: 465/935] 10.222.0.100 () {60 vars in 1378 bytes} [Mon Aug 29 19:28:33 2022] GET /placement/allocations/2155243d-dd7a-4f1c-bc01-d7ff7e309fd2 => generated 259 bytes in 29 msecs (HTTP/1.1 200) 8 headers in 296 bytes (1 switches on core 0)
Aug 29 19:28:33.280185 n-d-854824-2 devstack@placement-api.service[107659]: DEBUG placement.requestlog [req-305de89d-d426-4bc1-bd8d-cf7b5fadb485 req-76bdf369-9c51-4a15-90eb-2a9edab6f7f7 None None] Starting request: 10.222.0.100 "GET /placement/allocations/04553078-d676-47c4-8efe-06852a04e2a9" {{(pid=107659) __call__ /opt/stack/placement/placement/requestlog.py:55}}
Aug 29 19:28:33.280451 n-d-854824-2 devstack@placement-api.service[107660]: DEBUG placement.requestlog [req-457cf8d4-f468-46c9-8ca7-9b5842d79b2e req-571b2718-4afe-4549-b16b-7dfc5c9b3ce2 None None] Starting request: 10.222.0.100 "GET /placement/allocations/fd4a22b0-3f0e-49d3-940a-436d3184ae57" {{(pid=107660) __call__ /opt/stack/placement/placement/requestlog.py:55}}
Aug 29 19:28:33.288569 n-d-854824-2 devstack@placement-api.service[107660]: DEBUG dbcounter [-] [107660] Writing DB stats placement:SELECT=100 {{(pid=107660) stat_writer /usr/local/lib/python3.8/dist-packages/dbcounter.py:114}}
Aug 29 19:28:33.301956 n-d-854824-2 devstack@placement-api.service[107660]: INFO placement.requestlog [req-457cf8d4-f468-46c9-8ca7-9b5842d79b2e req-571b2718-4afe-4549-b16b-7dfc5c9b3ce2 service placement] 10.222.0.100 "GET /placement/allocations/fd4a22b0-3f0e-49d3-940a-436d3184ae57" status: 200 len: 259 microversion: 1.28
Aug 29 19:28:33.302873 n-d-854824-2 devstack@placement-api.service[107660]: [pid: 107660|app: 0|req: 466/936] 10.222.0.100 () {60 vars in 1378 bytes} [Mon Aug 29 19:28:33 2022] GET /placement/allocations/fd4a22b0-3f0e-49d3-940a-436d3184ae57 => generated 259 bytes in 23 msecs (HTTP/1.1 200) 8 headers in 296 bytes (1 switches on core 0)
Aug 29 19:28:33.312692 n-d-854824-2 devstack@placement-api.service[107659]: INFO placement.requestlog [req-305de89d-d426-4bc1-bd8d-cf7b5fadb485 req-76bdf369-9c51-4a15-90eb-2a9edab6f7f7 service placement] 10.222.0.100 "GET /placement/allocations/04553078-d676-47c4-8efe-06852a04e2a9" status: 200 len: 259 microversion: 1.28
Aug 29 19:28:33.314621 n-d-854824-2 devstack@placement-api.service[107659]: [pid: 107659|app: 0|req: 471/937] 10.222.0.100 () {60 vars in 1378 bytes} [Mon Aug 29 19:28:33 2022] GET /placement/allocations/04553078-d676-47c4-8efe-06852a04e2a9 => generated 259 bytes in 35 msecs (HTTP/1.1 200) 8 headers in 296 bytes (1 switches on core 0)
Aug 29 19:28:33.831439 n-d-854824-2 devstack@placement-api.service[107660]: DEBUG placement.requestlog [req-457cf8d4-f468-46c9-8ca7-9b5842d79b2e req-215f3415-00e7-4552-baf0-ae36fb72d316 None None] Starting request: 10.222.0.100 "GET /placement/allocations/305b9cb5-0354-4fba-8981-0a834cfcec5c" {{(pid=107660) __call__ /opt/stack/placement/placement/requestlog.py:55}}
Aug 29 19:28:33.845443 n-d-854824-2 devstack@placement-api.service[107659]: DEBUG placement.requestlog [req-305de89d-d426-4bc1-bd8d-cf7b5fadb485 req-612b9faa-00b4-44a2-8638-e1f8d1d22613 None None] Starting request: 10.222.0.100 "GET /placement/allocations/beda61e9-f5c2-42a1-a643-e615b74ce0f3" {{(pid=107659) __call__ /opt/stack/placement/placement/requestlog.py:55}}
Aug 29 19:28:33.873991 n-d-854824-2 devstack@placement-api.service[107660]: INFO placement.requestlog [req-457cf8d4-f468-46c9-8ca7-9b5842d79b2e req-215f3415-00e7-4552-baf0-ae36fb72d316 service placement] 10.222.0.100 "GET /placement/allocations/305b9cb5-0354-4fba-8981-0a834cfcec5c" status: 200 len: 259 microversion: 1.28
Aug 29 19:28:33.876551 n-d-854824-2 devstack@placement-api.service[107660]: [pid: 107660|app: 0|req: 467/938] 10.222.0.100 () {60 vars in 1378 bytes} [Mon Aug 29 19:28:33 2022] GET /placement/allocations/305b9cb5-0354-4fba-8981-0a834cfcec5c => generated 259 bytes in 46 msecs (HTTP/1.1 200) 8 headers in 296 bytes (1 switches on core 0)
Aug 29 19:28:33.878470 n-d-854824-2 devstack@placement-api.service[107659]: INFO placement.requestlog [req-305de89d-d426-4bc1-bd8d-cf7b5fadb485 req-612b9faa-00b4-44a2-8638-e1f8d1d22613 service placement] 10.222.0.100 "GET /placement/allocations/beda61e9-f5c2-42a1-a643-e615b74ce0f3" status: 200 len: 259 microversion: 1.28
Aug 29 19:28:33.879703 n-d-854824-2 devstack@placement-api.service[107659]: [pid: 107659|app: 0|req: 472/939] 10.222.0.100 () {60 vars in 1378 bytes} [Mon Aug 29 19:28:33 2022] GET /placement/allocations/beda61e9-f5c2-42a1-a643-e615b74ce0f3 => generated 259 bytes in 35 msecs (HTTP/1.1 200) 8 headers in 296 bytes (2 switches on core 0)
Aug 29 19:28:34.590244 n-d-854824-2 devstack@placement-api.service[107660]: DEBUG placement.requestlog [req-305de89d-d426-4bc1-bd8d-cf7b5fadb485 req-401bee9f-ba85-4b49-b340-40248a6547c5 None None] Starting request: 10.222.0.100 "GET /placement/allocations/e2f43755-a455-4631-99be-f13f47e1377c" {{(pid=107660) __call__ /opt/stack/placement/placement/requestlog.py:55}}
Aug 29 19:28:34.591375 n-d-854824-2 devstack@placement-api.service[107659]: DEBUG placement.requestlog [req-457cf8d4-f468-46c9-8ca7-9b5842d79b2e req-8f752377-9c3e-4b83-9e02-4d155a437833 None None] Starting request: 10.222.0.100 "GET /placement/allocations/2155243d-dd7a-4f1c-bc01-d7ff7e309fd2" {{(pid=107659) __call__ /opt/stack/placement/placement/requestlog.py:55}}
Aug 29 19:28:34.634199 n-d-854824-2 devstack@placement-api.service[107659]: INFO placement.requestlog [req-457cf8d4-f468-46c9-8ca7-9b5842d79b2e req-8f752377-9c3e-4b83-9e02-4d155a437833 service placement] 10.222.0.100 "GET /placement/allocations/2155243d-dd7a-4f1c-bc01-d7ff7e309fd2" status: 200 len: 259 microversion: 1.28
Aug 29 19:28:34.635484 n-d-854824-2 devstack@placement-api.service[107659]: [pid: 107659|app: 0|req: 473/940] 10.222.0.100 () {60 vars in 1378 bytes} [Mon Aug 29 19:28:34 2022] GET /placement/allocations/2155243d-dd7a-4f1c-bc01-d7ff7e309fd2 => generated 259 bytes in 44 msecs (HTTP/1.1 200) 8 headers in 296 bytes (1 switches on core 0)
Aug 29 19:28:34.664031 n-d-854824-2 devstack@placement-api.service[107660]: INFO placement.requestlog [req-305de89d-d426-4bc1-bd8d-cf7b5fadb485 req-401bee9f-ba85-4b49-b340-40248a6547c5 service placement] 10.222.0.100 "GET /placement/allocations/e2f43755-a455-4631-99be-f13f47e1377c" status: 200 len: 259 microversion: 1.28
Aug 29 19:28:34.665531 n-d-854824-2 devstack@placement-api.service[107660]: [pid: 107660|app: 0|req: 468/941] 10.222.0.100 () {60 vars in 1378 bytes} [Mon Aug 29 19:28:34 2022] GET /placement/allocations/e2f43755-a455-4631-99be-f13f47e1377c => generated 259 bytes in 75 msecs (HTTP/1.1 200) 8 headers in 296 bytes (1 switches on core 0)
Aug 29 19:28:34.695784 n-d-854824-2 devstack@placement-api.service[107659]: DEBUG placement.requestlog [req-457cf8d4-f468-46c9-8ca7-9b5842d79b2e req-3ac6abc0-1480-43a0-937b-3a0a84e6f48e None None] Starting request: 10.222.0.100 "GET /placement/allocations/04553078-d676-47c4-8efe-06852a04e2a9" {{(pid=107659) __call__ /opt/stack/placement/placement/requestlog.py:55}}
Aug 29 19:28:34.740798 n-d-854824-2 devstack@placement-api.service[107659]: INFO placement.requestlog [req-457cf8d4-f468-46c9-8ca7-9b5842d79b2e req-3ac6abc0-1480-43a0-937b-3a0a84e6f48e service placement] 10.222.0.100 "GET /placement/allocations/04553078-d676-47c4-8efe-06852a04e2a9" status: 200 len: 259 microversion: 1.28
Aug 29 19:28:34.740798 n-d-854824-2 devstack@placement-api.service[107659]: [pid: 107659|app: 0|req: 474/942] 10.222.0.100 () {60 vars in 1378 bytes} [Mon Aug 29 19:28:34 2022] GET /placement/allocations/04553078-d676-47c4-8efe-06852a04e2a9 => generated 259 bytes in 44 msecs (HTTP/1.1 200) 8 headers in 296 bytes (1 switches on core 0)
Aug 29 19:28:34.763952 n-d-854824-2 devstack@placement-api.service[107660]: DEBUG placement.requestlog [req-305de89d-d426-4bc1-bd8d-cf7b5fadb485 req-f6215e30-8a87-4cde-b37e-eab42fe24034 None None] Starting request: 10.222.0.100 "GET /placement/allocations/2e88c5de-5621-4c3c-9ceb-65adc2e5f94c" {{(pid=107660) __call__ /opt/stack/placement/placement/requestlog.py:55}}
Aug 29 19:28:34.772138 n-d-854824-2 devstack@placement-api.service[107659]: DEBUG placement.requestlog [req-457cf8d4-f468-46c9-8ca7-9b5842d79b2e req-af14fc91-8340-412a-b338-f02fb90d15cc None None] Starting request: 10.222.0.100 "GET /placement/allocations/beda61e9-f5c2-42a1-a643-e615b74ce0f3" {{(pid=107659) __call__ /opt/stack/placement/placement/requestlog.py:55}}
Aug 29 19:28:34.802033 n-d-854824-2 devstack@placement-api.service[107659]: INFO placement.requestlog [req-457cf8d4-f468-46c9-8ca7-9b5842d79b2e req-af14fc91-8340-412a-b338-f02fb90d15cc service placement] 10.222.0.100 "GET /placement/allocations/beda61e9-f5c2-42a1-a643-e615b74ce0f3" status: 200 len: 259 microversion: 1.28
Aug 29 19:28:34.803050 n-d-854824-2 devstack@placement-api.service[107659]: [pid: 107659|app: 0|req: 475/943] 10.222.0.100 () {60 vars in 1378 bytes} [Mon Aug 29 19:28:34 2022] GET /placement/allocations/beda61e9-f5c2-42a1-a643-e615b74ce0f3 => generated 259 bytes in 31 msecs (HTTP/1.1 200) 8 headers in 296 bytes (1 switches on core 0)
Aug 29 19:28:34.809375 n-d-854824-2 devstack@placement-api.service[107660]: INFO placement.requestlog [req-305de89d-d426-4bc1-bd8d-cf7b5fadb485 req-f6215e30-8a87-4cde-b37e-eab42fe24034 service placement] 10.222.0.100 "GET /placement/allocations/2e88c5de-5621-4c3c-9ceb-65adc2e5f94c" status: 200 len: 259 microversion: 1.28
Aug 29 19:28:34.810160 n-d-854824-2 devstack@placement-api.service[107660]: [pid: 107660|app: 0|req: 469/944] 10.222.0.100 () {60 vars in 1378 bytes} [Mon Aug 29 19:28:34 2022] GET /placement/allocations/2e88c5de-5621-4c3c-9ceb-65adc2e5f94c => generated 259 bytes in 46 msecs (HTTP/1.1 200) 8 headers in 296 bytes (1 switches on core 0)
Aug 29 19:28:34.885304 n-d-854824-2 devstack@placement-api.service[107659]: DEBUG placement.requestlog [req-305de89d-d426-4bc1-bd8d-cf7b5fadb485 req-ce39b20c-9d26-4660-8d29-4e2ad1dcb0a2 None None] Starting request: 10.222.0.100 "GET /placement/allocations/8c89cefb-0577-4711-ac88-459b95a169f5" {{(pid=107659) __call__ /opt/stack/placement/placement/requestlog.py:55}}
Aug 29 19:28:34.899132 n-d-854824-2 devstack@placement-api.service[107660]: DEBUG placement.requestlog [req-457cf8d4-f468-46c9-8ca7-9b5842d79b2e req-d8903bc7-341c-4341-96e3-83b754ef16a1 None None] Starting request: 10.222.0.100 "GET /placement/allocations/e2f43755-a455-4631-99be-f13f47e1377c" {{(pid=107660) __call__ /opt/stack/placement/placement/requestlog.py:55}}
Aug 29 19:28:34.910011 n-d-854824-2 devstack@placement-api.service[107659]: INFO placement.requestlog [req-305de89d-d426-4bc1-bd8d-cf7b5fadb485 req-ce39b20c-9d26-4660-8d29-4e2ad1dcb0a2 service placement] 10.222.0.100 "GET /placement/allocations/8c89cefb-0577-4711-ac88-459b95a169f5" status: 200 len: 259 microversion: 1.28
Aug 29 19:28:34.910696 n-d-854824-2 devstack@placement-api.service[107659]: [pid: 107659|app: 0|req: 476/945] 10.222.0.100 () {60 vars in 1378 bytes} [Mon Aug 29 19:28:34 2022] GET /placement/allocations/8c89cefb-0577-4711-ac88-459b95a169f5 => generated 259 bytes in 26 msecs (HTTP/1.1 200) 8 headers in 296 bytes (1 switches on core 0)
Aug 29 19:28:34.931634 n-d-854824-2 devstack@placement-api.service[107660]: INFO placement.requestlog [req-457cf8d4-f468-46c9-8ca7-9b5842d79b2e req-d8903bc7-341c-4341-96e3-83b754ef16a1 service placement] 10.222.0.100 "GET /placement/allocations/e2f43755-a455-4631-99be-f13f47e1377c" status: 200 len: 259 microversion: 1.28
Aug 29 19:28:34.932047 n-d-854824-2 devstack@placement-api.service[107660]: [pid: 107660|app: 0|req: 470/946] 10.222.0.100 () {60 vars in 1378 bytes} [Mon Aug 29 19:28:34 2022] GET /placement/allocations/e2f43755-a455-4631-99be-f13f47e1377c => generated 259 bytes in 33 msecs (HTTP/1.1 200) 8 headers in 296 bytes (2 switches on core 0)
Aug 29 19:28:35.510460 n-d-854824-2 devstack@placement-api.service[107659]: DEBUG placement.requestlog [req-457cf8d4-f468-46c9-8ca7-9b5842d79b2e req-f069dd1b-0796-4618-96d5-406730debf38 None None] Starting request: 10.222.0.100 "GET /placement/allocations/2e88c5de-5621-4c3c-9ceb-65adc2e5f94c" {{(pid=107659) __call__ /opt/stack/placement/placement/requestlog.py:55}}
Aug 29 19:28:35.560015 n-d-854824-2 devstack@placement-api.service[107659]: INFO placement.requestlog [req-457cf8d4-f468-46c9-8ca7-9b5842d79b2e req-f069dd1b-0796-4618-96d5-406730debf38 service placement] 10.222.0.100 "GET /placement/allocations/2e88c5de-5621-4c3c-9ceb-65adc2e5f94c" status: 200 len: 259 microversion: 1.28
Aug 29 19:28:35.562976 n-d-854824-2 devstack@placement-api.service[107659]: [pid: 107659|app: 0|req: 477/947] 10.222.0.100 () {60 vars in 1378 bytes} [Mon Aug 29 19:28:35 2022] GET /placement/allocations/2e88c5de-5621-4c3c-9ceb-65adc2e5f94c => generated 259 bytes in 53 msecs (HTTP/1.1 200) 8 headers in 296 bytes (1 switches on core 0)
Aug 29 19:28:35.820709 n-d-854824-2 devstack@placement-api.service[107660]: DEBUG placement.requestlog [req-457cf8d4-f468-46c9-8ca7-9b5842d79b2e req-4b6deb47-4307-4c27-a471-72b5ea27d9a7 None None] Starting request: 10.222.0.100 "GET /placement/allocations/8c89cefb-0577-4711-ac88-459b95a169f5" {{(pid=107660) __call__ /opt/stack/placement/placement/requestlog.py:55}}
Aug 29 19:28:35.850613 n-d-854824-2 devstack@placement-api.service[107660]: INFO placement.requestlog [req-457cf8d4-f468-46c9-8ca7-9b5842d79b2e req-4b6deb47-4307-4c27-a471-72b5ea27d9a7 service placement] 10.222.0.100 "GET /placement/allocations/8c89cefb-0577-4711-ac88-459b95a169f5" status: 200 len: 259 microversion: 1.28
Aug 29 19:28:35.852413 n-d-854824-2 devstack@placement-api.service[107660]: [pid: 107660|app: 0|req: 471/948] 10.222.0.100 () {60 vars in 1378 bytes} [Mon Aug 29 19:28:35 2022] GET /placement/allocations/8c89cefb-0577-4711-ac88-459b95a169f5 => generated 259 bytes in 32 msecs (HTTP/1.1 200) 8 headers in 296 bytes (1 switches on core 0)
Aug 29 19:28:36.394768 n-d-854824-2 devstack@placement-api.service[107659]: DEBUG placement.requestlog [req-457cf8d4-f468-46c9-8ca7-9b5842d79b2e req-61c7450b-064a-40c8-ab5a-d2be63c15d21 None None] Starting request: 10.222.0.100 "DELETE /placement/allocations/8c89cefb-0577-4711-ac88-459b95a169f5" {{(pid=107659) __call__ /opt/stack/placement/placement/requestlog.py:55}}
Aug 29 19:28:36.502908 n-d-854824-2 devstack@placement-api.service[107659]: DEBUG placement.handlers.allocation [req-457cf8d4-f468-46c9-8ca7-9b5842d79b2e req-61c7450b-064a-40c8-ab5a-d2be63c15d21 service placement] Successfully deleted allocations [, , ] {{(pid=107659) delete_allocations /opt/stack/placement/placement/handlers/allocation.py:627}}
Aug 29 19:28:36.504785 n-d-854824-2 devstack@placement-api.service[107659]: INFO placement.requestlog [req-457cf8d4-f468-46c9-8ca7-9b5842d79b2e req-61c7450b-064a-40c8-ab5a-d2be63c15d21 service placement] 10.222.0.100 "DELETE /placement/allocations/8c89cefb-0577-4711-ac88-459b95a169f5" status: 204 len: 0 microversion: 1.0
Aug 29 19:28:36.506848 n-d-854824-2 devstack@placement-api.service[107659]: [pid: 107659|app: 0|req: 478/949] 10.222.0.100 () {60 vars in 1356 bytes} [Mon Aug 29 19:28:36 2022] DELETE /placement/allocations/8c89cefb-0577-4711-ac88-459b95a169f5 => generated 0 bytes in 112 msecs (HTTP/1.1 204) 5 headers in 198 bytes (2 switches on core 0)
Aug 29 19:28:45.842880 n-d-854824-2 devstack@placement-api.service[107660]: DEBUG dbcounter [-] [107660] Writing DB stats placement:SELECT=23 {{(pid=107660) stat_writer /usr/local/lib/python3.8/dist-packages/dbcounter.py:114}}
Aug 29 19:28:46.482715 n-d-854824-2 devstack@placement-api.service[107659]: DEBUG dbcounter [-] [107659] Writing DB stats placement:SELECT=44,placement:DELETE=2 {{(pid=107659) stat_writer /usr/local/lib/python3.8/dist-packages/dbcounter.py:114}}
Aug 29 19:28:51.534031 n-d-854824-2 devstack@placement-api.service[107660]: DEBUG placement.requestlog [req-38d81595-684e-4db0-8b45-08e3083464ba req-40aa8c7d-cc42-4454-a58d-074afbcaee92 None None] Starting request: 10.222.0.100 "GET /placement/resource_providers/606336ec-74df-49c8-993b-22551e178fd3/allocations" {{(pid=107660) __call__ /opt/stack/placement/placement/requestlog.py:55}}
Aug 29 19:28:51.608323 n-d-854824-2 devstack@placement-api.service[107660]: INFO placement.requestlog [req-38d81595-684e-4db0-8b45-08e3083464ba req-40aa8c7d-cc42-4454-a58d-074afbcaee92 service placement] 10.222.0.100 "GET /placement/resource_providers/606336ec-74df-49c8-993b-22551e178fd3/allocations" status: 200 len: 1063 microversion: 1.0
Aug 29 19:28:51.609124 n-d-854824-2 devstack@placement-api.service[107660]: [pid: 107660|app: 0|req: 472/950] 10.222.0.100 () {58 vars in 1391 bytes} [Mon Aug 29 19:28:51 2022] GET /placement/resource_providers/606336ec-74df-49c8-993b-22551e178fd3/allocations => generated 1063 bytes in 75 msecs (HTTP/1.1 200) 6 headers in 225 bytes (1 switches on core 0)
Aug 29 19:28:51.784883 n-d-854824-2 devstack@placement-api.service[107659]: DEBUG placement.requestlog [req-38d81595-684e-4db0-8b45-08e3083464ba req-414251a0-793a-454b-9f74-9452ca21e248 None None] Starting request: 10.222.0.100 "GET /placement/resource_providers/606336ec-74df-49c8-993b-22551e178fd3/allocations" {{(pid=107659) __call__ /opt/stack/placement/placement/requestlog.py:55}}
Aug 29 19:28:51.800921 n-d-854824-2 devstack@placement-api.service[107660]: DEBUG placement.requestlog [req-b90240ee-4ae5-40b5-be42-5da6bb475d8b req-10d71b3d-2666-40ff-9bef-66aaf5472331 None None] Starting request: 10.222.0.99 "GET /placement/allocation_candidates?limit=1000&resources=MEMORY_MB%3A1024%2CVCPU%3A1&root_required=%21COMPUTE_STATUS_DISABLED" {{(pid=107660) __call__ /opt/stack/placement/placement/requestlog.py:55}}
Aug 29 19:28:51.856679 n-d-854824-2 devstack@placement-api.service[107660]: DEBUG placement.objects.research_context [req-b90240ee-4ae5-40b5-be42-5da6bb475d8b req-10d71b3d-2666-40ff-9bef-66aaf5472331 service placement] getting providers with 1024 MEMORY_MB {{(pid=107660) __init__ /opt/stack/placement/placement/objects/research_context.py:136}}
Aug 29 19:28:51.864637 n-d-854824-2 devstack@placement-api.service[107660]: DEBUG placement.objects.research_context [req-b90240ee-4ae5-40b5-be42-5da6bb475d8b req-10d71b3d-2666-40ff-9bef-66aaf5472331 service placement] getting providers with 1 VCPU {{(pid=107660) __init__ /opt/stack/placement/placement/objects/research_context.py:136}}
Aug 29 19:28:51.871067 n-d-854824-2 devstack@placement-api.service[107659]: INFO placement.requestlog [req-38d81595-684e-4db0-8b45-08e3083464ba req-414251a0-793a-454b-9f74-9452ca21e248 service placement] 10.222.0.100 "GET /placement/resource_providers/606336ec-74df-49c8-993b-22551e178fd3/allocations" status: 200 len: 1063 microversion: 1.0
Aug 29 19:28:51.873569 n-d-854824-2 devstack@placement-api.service[107660]: DEBUG placement.objects.research_context [req-b90240ee-4ae5-40b5-be42-5da6bb475d8b req-10d71b3d-2666-40ff-9bef-66aaf5472331 service placement] found 2 providers with available 1024 MEMORY_MB {{(pid=107660) get_provider_ids_matching /opt/stack/placement/placement/objects/research_context.py:563}}
Aug 29 19:28:51.873916 n-d-854824-2 devstack@placement-api.service[107660]: DEBUG placement.objects.research_context [req-b90240ee-4ae5-40b5-be42-5da6bb475d8b req-10d71b3d-2666-40ff-9bef-66aaf5472331 service placement] found 2 providers with available 1 VCPU {{(pid=107660) get_provider_ids_matching /opt/stack/placement/placement/objects/research_context.py:563}}
Aug 29 19:28:51.874253 n-d-854824-2 devstack@placement-api.service[107660]: DEBUG placement.objects.research_context [req-b90240ee-4ae5-40b5-be42-5da6bb475d8b req-10d71b3d-2666-40ff-9bef-66aaf5472331 service placement] found 2 providers after filtering by previous result {{(pid=107660) get_provider_ids_matching /opt/stack/placement/placement/objects/research_context.py:594}}
Aug 29 19:28:51.874877 n-d-854824-2 devstack@placement-api.service[107659]: [pid: 107659|app: 0|req: 479/951] 10.222.0.100 () {58 vars in 1391 bytes} [Mon Aug 29 19:28:51 2022] GET /placement/resource_providers/606336ec-74df-49c8-993b-22551e178fd3/allocations => generated 1063 bytes in 90 msecs (HTTP/1.1 200) 6 headers in 225 bytes (1 switches on core 0)
Aug 29 19:28:51.885406 n-d-854824-2 devstack@placement-api.service[107659]: DEBUG placement.requestlog [req-38d81595-684e-4db0-8b45-08e3083464ba req-a827a187-fa7f-4610-b99b-045d64046db7 None None] Starting request: 10.222.0.100 "GET /placement/allocations/0a83a60b-e642-4fd9-a158-db106da19cac" {{(pid=107659) __call__ /opt/stack/placement/placement/requestlog.py:55}}
Aug 29 19:28:51.905891 n-d-854824-2 devstack@placement-api.service[107660]: DEBUG placement.objects.allocation_candidate [req-b90240ee-4ae5-40b5-be42-5da6bb475d8b req-10d71b3d-2666-40ff-9bef-66aaf5472331 service placement] RequestGroup(use_same_provider=False, resources={MEMORY_MB:1024, VCPU:1}, traits=(), aggregates=[]) (suffix '') returned 2 matches {{(pid=107660) _get_by_requests /opt/stack/placement/placement/objects/allocation_candidate.py:156}}
Aug 29 19:28:51.906602 n-d-854824-2 devstack@placement-api.service[107660]: DEBUG placement.objects.allocation_candidate [req-b90240ee-4ae5-40b5-be42-5da6bb475d8b req-10d71b3d-2666-40ff-9bef-66aaf5472331 service placement] Merging candidates yields 2 allocation requests and 2 provider summaries {{(pid=107660) _merge_candidates /opt/stack/placement/placement/objects/allocation_candidate.py:809}}
Aug 29 19:28:51.908677 n-d-854824-2 devstack@placement-api.service[107660]: INFO placement.requestlog [req-b90240ee-4ae5-40b5-be42-5da6bb475d8b req-10d71b3d-2666-40ff-9bef-66aaf5472331 service placement] 10.222.0.99 "GET /placement/allocation_candidates?limit=1000&resources=MEMORY_MB%3A1024%2CVCPU%3A1&root_required=%21COMPUTE_STATUS_DISABLED" status: 200 len: 1287 microversion: 1.36
Aug 29 19:28:51.913679 n-d-854824-2 devstack@placement-api.service[107660]: [pid: 107660|app: 0|req: 473/952] 10.222.0.99 () {60 vars in 1478 bytes} [Mon Aug 29 19:28:51 2022] GET /placement/allocation_candidates?limit=1000&resources=MEMORY_MB%3A1024%2CVCPU%3A1&root_required=%21COMPUTE_STATUS_DISABLED => generated 1287 bytes in 113 msecs (HTTP/1.1 200) 8 headers in 297 bytes (2 switches on core 0)
Aug 29 19:28:51.987222 n-d-854824-2 devstack@placement-api.service[107659]: INFO placement.requestlog [req-38d81595-684e-4db0-8b45-08e3083464ba req-a827a187-fa7f-4610-b99b-045d64046db7 service placement] 10.222.0.100 "GET /placement/allocations/0a83a60b-e642-4fd9-a158-db106da19cac" status: 200 len: 259 microversion: 1.28
Aug 29 19:28:51.990472 n-d-854824-2 devstack@placement-api.service[107659]: [pid: 107659|app: 0|req: 480/953] 10.222.0.100 () {60 vars in 1378 bytes} [Mon Aug 29 19:28:51 2022] GET /placement/allocations/0a83a60b-e642-4fd9-a158-db106da19cac => generated 259 bytes in 105 msecs (HTTP/1.1 200) 8 headers in 296 bytes (1 switches on core 0)
Aug 29 19:28:52.007526 n-d-854824-2 devstack@placement-api.service[107660]: DEBUG placement.requestlog [req-38d81595-684e-4db0-8b45-08e3083464ba req-44b16a88-6372-4dcf-8ac4-18075f9dad04 None None] Starting request: 10.222.0.100 "GET /placement/allocations/3250cdbb-1e46-49b8-8bfd-c0784b6f3a8a" {{(pid=107660) __call__ /opt/stack/placement/placement/requestlog.py:55}}
Aug 29 19:28:52.054461 n-d-854824-2 devstack@placement-api.service[107660]: INFO placement.requestlog [req-38d81595-684e-4db0-8b45-08e3083464ba req-44b16a88-6372-4dcf-8ac4-18075f9dad04 service placement] 10.222.0.100 "GET /placement/allocations/3250cdbb-1e46-49b8-8bfd-c0784b6f3a8a" status: 200 len: 259 microversion: 1.28
Aug 29 19:28:52.056091 n-d-854824-2 devstack@placement-api.service[107660]: [pid: 107660|app: 0|req: 474/954] 10.222.0.100 () {60 vars in 1378 bytes} [Mon Aug 29 19:28:52 2022] GET /placement/allocations/3250cdbb-1e46-49b8-8bfd-c0784b6f3a8a => generated 259 bytes in 49 msecs (HTTP/1.1 200) 8 headers in 296 bytes (1 switches on core 0)
Aug 29 19:28:52.065594 n-d-854824-2 devstack@placement-api.service[107659]: DEBUG placement.requestlog [req-38d81595-684e-4db0-8b45-08e3083464ba req-190e168e-5894-49fb-9bd9-4e65e1382686 None None] Starting request: 10.222.0.100 "GET /placement/allocations/bb9a77ef-5e87-4caf-8696-c51c775ff55f" {{(pid=107659) __call__ /opt/stack/placement/placement/requestlog.py:55}}
Aug 29 19:28:52.088901 n-d-854824-2 devstack@placement-api.service[107660]: DEBUG placement.requestlog [req-b90240ee-4ae5-40b5-be42-5da6bb475d8b req-222adb71-3f9d-44d6-9059-7cc05440dc2d None None] Starting request: 10.222.0.99 "GET /placement/allocations/3dd58f55-8d44-4e9f-a553-eabdc7a1669a" {{(pid=107660) __call__ /opt/stack/placement/placement/requestlog.py:55}}
Aug 29 19:28:52.101687 n-d-854824-2 devstack@placement-api.service[107659]: INFO placement.requestlog [req-38d81595-684e-4db0-8b45-08e3083464ba req-190e168e-5894-49fb-9bd9-4e65e1382686 service placement] 10.222.0.100 "GET /placement/allocations/bb9a77ef-5e87-4caf-8696-c51c775ff55f" status: 200 len: 259 microversion: 1.28
Aug 29 19:28:52.104973 n-d-854824-2 devstack@placement-api.service[107659]: [pid: 107659|app: 0|req: 481/955] 10.222.0.100 () {60 vars in 1378 bytes} [Mon Aug 29 19:28:52 2022] GET /placement/allocations/bb9a77ef-5e87-4caf-8696-c51c775ff55f => generated 259 bytes in 39 msecs (HTTP/1.1 200) 8 headers in 296 bytes (1 switches on core 0)
Aug 29 19:28:52.109695 n-d-854824-2 devstack@placement-api.service[107660]: INFO placement.requestlog [req-b90240ee-4ae5-40b5-be42-5da6bb475d8b req-222adb71-3f9d-44d6-9059-7cc05440dc2d service placement] 10.222.0.99 "GET /placement/allocations/3dd58f55-8d44-4e9f-a553-eabdc7a1669a" status: 200 len: 19 microversion: 1.28
Aug 29 19:28:52.110114 n-d-854824-2 devstack@placement-api.service[107660]: [pid: 107660|app: 0|req: 475/956] 10.222.0.99 () {60 vars in 1380 bytes} [Mon Aug 29 19:28:52 2022] GET /placement/allocations/3dd58f55-8d44-4e9f-a553-eabdc7a1669a => generated 19 bytes in 21 msecs (HTTP/1.1 200) 8 headers in 295 bytes (2 switches on core 0)
Aug 29 19:28:52.118540 n-d-854824-2 devstack@placement-api.service[107659]: DEBUG placement.requestlog [req-b90240ee-4ae5-40b5-be42-5da6bb475d8b req-67aa97f5-4458-4d5b-963e-3d3cb8ff49da None None] Starting request: 10.222.0.99 "PUT /placement/allocations/3dd58f55-8d44-4e9f-a553-eabdc7a1669a" {{(pid=107659) __call__ /opt/stack/placement/placement/requestlog.py:55}}
Aug 29 19:28:52.123047 n-d-854824-2 devstack@placement-api.service[107660]: DEBUG placement.requestlog [req-38d81595-684e-4db0-8b45-08e3083464ba req-d080568f-cb56-457c-892c-3ceeb13761e9 None None] Starting request: 10.222.0.100 "GET /placement/allocations/fd4a22b0-3f0e-49d3-940a-436d3184ae57" {{(pid=107660) __call__ /opt/stack/placement/placement/requestlog.py:55}}
Aug 29 19:28:52.158227 n-d-854824-2 devstack@placement-api.service[107660]: INFO placement.requestlog [req-38d81595-684e-4db0-8b45-08e3083464ba req-d080568f-cb56-457c-892c-3ceeb13761e9 service placement] 10.222.0.100 "GET /placement/allocations/fd4a22b0-3f0e-49d3-940a-436d3184ae57" status: 200 len: 259 microversion: 1.28
Aug 29 19:28:52.158681 n-d-854824-2 devstack@placement-api.service[107660]: [pid: 107660|app: 0|req: 476/957] 10.222.0.100 () {60 vars in 1378 bytes} [Mon Aug 29 19:28:52 2022] GET /placement/allocations/fd4a22b0-3f0e-49d3-940a-436d3184ae57 => generated 259 bytes in 39 msecs (HTTP/1.1 200) 8 headers in 296 bytes (1 switches on core 0)
Aug 29 19:28:52.169516 n-d-854824-2 devstack@placement-api.service[107660]: DEBUG placement.requestlog [req-38d81595-684e-4db0-8b45-08e3083464ba req-94dc3500-270d-4da1-86da-d5b5cffdf11e None None] Starting request: 10.222.0.100 "GET /placement/allocations/305b9cb5-0354-4fba-8981-0a834cfcec5c" {{(pid=107660) __call__ /opt/stack/placement/placement/requestlog.py:55}}
Aug 29 19:28:52.200001 n-d-854824-2 devstack@placement-api.service[107660]: INFO placement.requestlog [req-38d81595-684e-4db0-8b45-08e3083464ba req-94dc3500-270d-4da1-86da-d5b5cffdf11e service placement] 10.222.0.100 "GET /placement/allocations/305b9cb5-0354-4fba-8981-0a834cfcec5c" status: 200 len: 259 microversion: 1.28
Aug 29 19:28:52.200394 n-d-854824-2 devstack@placement-api.service[107660]: [pid: 107660|app: 0|req: 477/958] 10.222.0.100 () {60 vars in 1378 bytes} [Mon Aug 29 19:28:52 2022] GET /placement/allocations/305b9cb5-0354-4fba-8981-0a834cfcec5c => generated 259 bytes in 31 msecs (HTTP/1.1 200) 8 headers in 296 bytes (1 switches on core 0)
Aug 29 19:28:52.213386 n-d-854824-2 devstack@placement-api.service[107660]: DEBUG placement.requestlog [req-38d81595-684e-4db0-8b45-08e3083464ba req-3c96b180-fcff-4540-946c-9f7c43ab34d7 None None] Starting request: 10.222.0.100 "GET /placement/allocations/2155243d-dd7a-4f1c-bc01-d7ff7e309fd2" {{(pid=107660) __call__ /opt/stack/placement/placement/requestlog.py:55}}
Aug 29 19:28:52.243634 n-d-854824-2 devstack@placement-api.service[107660]: INFO placement.requestlog [req-38d81595-684e-4db0-8b45-08e3083464ba req-3c96b180-fcff-4540-946c-9f7c43ab34d7 service placement] 10.222.0.100 "GET /placement/allocations/2155243d-dd7a-4f1c-bc01-d7ff7e309fd2" status: 200 len: 259 microversion: 1.28
Aug 29 19:28:52.244733 n-d-854824-2 devstack@placement-api.service[107660]: [pid: 107660|app: 0|req: 478/959] 10.222.0.100 () {60 vars in 1378 bytes} [Mon Aug 29 19:28:52 2022] GET /placement/allocations/2155243d-dd7a-4f1c-bc01-d7ff7e309fd2 => generated 259 bytes in 33 msecs (HTTP/1.1 200) 8 headers in 296 bytes (1 switches on core 0)
Aug 29 19:28:52.255244 n-d-854824-2 devstack@placement-api.service[107660]: DEBUG placement.requestlog [req-38d81595-684e-4db0-8b45-08e3083464ba req-eb11e636-0e97-4900-a8fa-46666e9899dc None None] Starting request: 10.222.0.100 "GET /placement/allocations/04553078-d676-47c4-8efe-06852a04e2a9" {{(pid=107660) __call__ /opt/stack/placement/placement/requestlog.py:55}}
Aug 29 19:28:52.286517 n-d-854824-2 devstack@placement-api.service[107660]: INFO placement.requestlog [req-38d81595-684e-4db0-8b45-08e3083464ba req-eb11e636-0e97-4900-a8fa-46666e9899dc service placement] 10.222.0.100 "GET /placement/allocations/04553078-d676-47c4-8efe-06852a04e2a9" status: 200 len: 259 microversion: 1.28
Aug 29 19:28:52.287551 n-d-854824-2 devstack@placement-api.service[107660]: [pid: 107660|app: 0|req: 479/960] 10.222.0.100 () {60 vars in 1378 bytes} [Mon Aug 29 19:28:52 2022] GET /placement/allocations/04553078-d676-47c4-8efe-06852a04e2a9 => generated 259 bytes in 33 msecs (HTTP/1.1 200) 8 headers in 296 bytes (2 switches on core 0)
Aug 29 19:28:52.298307 n-d-854824-2 devstack@placement-api.service[107660]: DEBUG placement.requestlog [req-38d81595-684e-4db0-8b45-08e3083464ba req-40a4411e-3bbf-405e-8522-71dcb39bfe7f None None] Starting request: 10.222.0.100 "GET /placement/allocations/beda61e9-f5c2-42a1-a643-e615b74ce0f3" {{(pid=107660) __call__ /opt/stack/placement/placement/requestlog.py:55}}
Aug 29 19:28:52.322940 n-d-854824-2 devstack@placement-api.service[107659]: DEBUG placement.handlers.allocation [req-b90240ee-4ae5-40b5-be42-5da6bb475d8b req-67aa97f5-4458-4d5b-963e-3d3cb8ff49da service placement] Successfully wrote allocations [, ] {{(pid=107659) _update_consumers_and_create_allocations /opt/stack/placement/placement/handlers/allocation.py:462}}
Aug 29 19:28:52.338460 n-d-854824-2 devstack@placement-api.service[107660]: INFO placement.requestlog [req-38d81595-684e-4db0-8b45-08e3083464ba req-40a4411e-3bbf-405e-8522-71dcb39bfe7f service placement] 10.222.0.100 "GET /placement/allocations/beda61e9-f5c2-42a1-a643-e615b74ce0f3" status: 200 len: 259 microversion: 1.28
Aug 29 19:28:52.342661 n-d-854824-2 devstack@placement-api.service[107660]: [pid: 107660|app: 0|req: 480/961] 10.222.0.100 () {60 vars in 1378 bytes} [Mon Aug 29 19:28:52 2022] GET /placement/allocations/beda61e9-f5c2-42a1-a643-e615b74ce0f3 => generated 259 bytes in 45 msecs (HTTP/1.1 200) 8 headers in 296 bytes (1 switches on core 0)
Aug 29 19:28:52.349573 n-d-854824-2 devstack@placement-api.service[107659]: INFO placement.requestlog [req-b90240ee-4ae5-40b5-be42-5da6bb475d8b req-67aa97f5-4458-4d5b-963e-3d3cb8ff49da service placement] 10.222.0.99 "PUT /placement/allocations/3dd58f55-8d44-4e9f-a553-eabdc7a1669a" status: 204 len: 0 microversion: 1.36
Aug 29 19:28:52.350896 n-d-854824-2 devstack@placement-api.service[107659]: [pid: 107659|app: 0|req: 482/962] 10.222.0.99 () {64 vars in 1433 bytes} [Mon Aug 29 19:28:52 2022] PUT /placement/allocations/3dd58f55-8d44-4e9f-a553-eabdc7a1669a => generated 0 bytes in 232 msecs (HTTP/1.1 204) 5 headers in 199 bytes (1 switches on core 0)
Aug 29 19:28:52.360792 n-d-854824-2 devstack@placement-api.service[107660]: DEBUG placement.requestlog [req-38d81595-684e-4db0-8b45-08e3083464ba req-346901a3-9d28-40db-baa2-c44af7695bf8 None None] Starting request: 10.222.0.100 "GET /placement/allocations/e2f43755-a455-4631-99be-f13f47e1377c" {{(pid=107660) __call__ /opt/stack/placement/placement/requestlog.py:55}}
Aug 29 19:28:52.411596 n-d-854824-2 devstack@placement-api.service[107660]: INFO placement.requestlog [req-38d81595-684e-4db0-8b45-08e3083464ba req-346901a3-9d28-40db-baa2-c44af7695bf8 service placement] 10.222.0.100 "GET /placement/allocations/e2f43755-a455-4631-99be-f13f47e1377c" status: 200 len: 259 microversion: 1.28
Aug 29 19:28:52.414638 n-d-854824-2 devstack@placement-api.service[107660]: [pid: 107660|app: 0|req: 481/963] 10.222.0.100 () {60 vars in 1378 bytes} [Mon Aug 29 19:28:52 2022] GET /placement/allocations/e2f43755-a455-4631-99be-f13f47e1377c => generated 259 bytes in 55 msecs (HTTP/1.1 200) 8 headers in 296 bytes (1 switches on core 0)
Aug 29 19:28:52.424124 n-d-854824-2 devstack@placement-api.service[107659]: DEBUG placement.requestlog [req-38d81595-684e-4db0-8b45-08e3083464ba req-4a62ad46-578f-4b17-b4f8-91fe726cc2af None None] Starting request: 10.222.0.100 "GET /placement/allocations/2e88c5de-5621-4c3c-9ceb-65adc2e5f94c" {{(pid=107659) __call__ /opt/stack/placement/placement/requestlog.py:55}}
Aug 29 19:28:52.462448 n-d-854824-2 devstack@placement-api.service[107659]: INFO placement.requestlog [req-38d81595-684e-4db0-8b45-08e3083464ba req-4a62ad46-578f-4b17-b4f8-91fe726cc2af service placement] 10.222.0.100 "GET /placement/allocations/2e88c5de-5621-4c3c-9ceb-65adc2e5f94c" status: 200 len: 259 microversion: 1.28
Aug 29 19:28:52.464919 n-d-854824-2 devstack@placement-api.service[107659]: [pid: 107659|app: 0|req: 483/964] 10.222.0.100 () {60 vars in 1378 bytes} [Mon Aug 29 19:28:52 2022] GET /placement/allocations/2e88c5de-5621-4c3c-9ceb-65adc2e5f94c => generated 259 bytes in 41 msecs (HTTP/1.1 200) 8 headers in 296 bytes (1 switches on core 0)
Aug 29 19:28:52.560141 n-d-854824-2 devstack@placement-api.service[107660]: DEBUG placement.requestlog [None req-263fde6b-b43a-496c-bfbd-a30ad3c5cab5 None None] Starting request: 10.222.0.99 "GET /placement/resource_providers/ef8f7cf1-dc12-43e4-b60a-1411e4698765/aggregates" {{(pid=107660) __call__ /opt/stack/placement/placement/requestlog.py:55}}
Aug 29 19:28:52.948257 n-d-854824-2 devstack@placement-api.service[107660]: INFO placement.requestlog [None req-263fde6b-b43a-496c-bfbd-a30ad3c5cab5 service placement] 10.222.0.99 "GET /placement/resource_providers/ef8f7cf1-dc12-43e4-b60a-1411e4698765/aggregates" status: 404 len: 235 microversion: 1.1
Aug 29 19:28:52.951789 n-d-854824-2 devstack@placement-api.service[107660]: [pid: 107660|app: 0|req: 482/965] 10.222.0.99 () {58 vars in 1362 bytes} [Mon Aug 29 19:28:52 2022] GET /placement/resource_providers/ef8f7cf1-dc12-43e4-b60a-1411e4698765/aggregates => generated 235 bytes in 392 msecs (HTTP/1.1 404) 5 headers in 202 bytes (1 switches on core 0)
Aug 29 19:28:52.996210 n-d-854824-2 devstack@placement-api.service[107659]: DEBUG placement.requestlog [None req-13a83c3d-73f4-451d-b4a1-0d476344d48c None None] Starting request: 10.222.0.99 "DELETE /placement/resource_providers/ef8f7cf1-dc12-43e4-b60a-1411e4698765" {{(pid=107659) __call__ /opt/stack/placement/placement/requestlog.py:55}}
Aug 29 19:28:53.020089 n-d-854824-2 devstack@placement-api.service[107659]: DEBUG placement.wsgi_wrapper [None req-13a83c3d-73f4-451d-b4a1-0d476344d48c service placement] Placement API returning an error response: No resource provider with uuid ef8f7cf1-dc12-43e4-b60a-1411e4698765 found for delete {{(pid=107659) call_func /opt/stack/placement/placement/wsgi_wrapper.py:31}}
Aug 29 19:28:53.021435 n-d-854824-2 devstack@placement-api.service[107659]: INFO placement.requestlog [None req-13a83c3d-73f4-451d-b4a1-0d476344d48c service placement] 10.222.0.99 "DELETE /placement/resource_providers/ef8f7cf1-dc12-43e4-b60a-1411e4698765" status: 404 len: 246 microversion: 1.1
Aug 29 19:28:53.025758 n-d-854824-2 devstack@placement-api.service[107659]: [pid: 107659|app: 0|req: 484/966] 10.222.0.99 () {60 vars in 1351 bytes} [Mon Aug 29 19:28:52 2022] DELETE /placement/resource_providers/ef8f7cf1-dc12-43e4-b60a-1411e4698765 => generated 246 bytes in 30 msecs (HTTP/1.1 404) 6 headers in 231 bytes (1 switches on core 0)
Aug 29 19:28:53.117712 n-d-854824-2 devstack@placement-api.service[107660]: DEBUG placement.requestlog [req-38d81595-684e-4db0-8b45-08e3083464ba req-58472157-3ca7-404e-b487-9933f0606ad3 None None] Starting request: 10.222.0.100 "GET /placement/allocations/0a83a60b-e642-4fd9-a158-db106da19cac" {{(pid=107660) __call__ /opt/stack/placement/placement/requestlog.py:55}}
Aug 29 19:28:53.157219 n-d-854824-2 devstack@placement-api.service[107660]: INFO placement.requestlog [req-38d81595-684e-4db0-8b45-08e3083464ba req-58472157-3ca7-404e-b487-9933f0606ad3 service placement] 10.222.0.100 "GET /placement/allocations/0a83a60b-e642-4fd9-a158-db106da19cac" status: 200 len: 259 microversion: 1.28
Aug 29 19:28:53.160672 n-d-854824-2 devstack@placement-api.service[107660]: [pid: 107660|app: 0|req: 483/967] 10.222.0.100 () {60 vars in 1378 bytes} [Mon Aug 29 19:28:53 2022] GET /placement/allocations/0a83a60b-e642-4fd9-a158-db106da19cac => generated 259 bytes in 43 msecs (HTTP/1.1 200) 8 headers in 296 bytes (1 switches on core 0)
Aug 29 19:28:53.164171 n-d-854824-2 devstack@placement-api.service[107659]: DEBUG placement.requestlog [req-b90240ee-4ae5-40b5-be42-5da6bb475d8b req-3438017f-119d-44c9-a315-07772d779f7d None None] Starting request: 10.222.0.102 "GET /placement/allocations/3dd58f55-8d44-4e9f-a553-eabdc7a1669a" {{(pid=107659) __call__ /opt/stack/placement/placement/requestlog.py:55}}
Aug 29 19:28:53.173438 n-d-854824-2 devstack@placement-api.service[107660]: DEBUG placement.requestlog [req-38d81595-684e-4db0-8b45-08e3083464ba req-c03fcefe-8763-483c-bc7c-7a0fce79b6d3 None None] Starting request: 10.222.0.100 "PUT /placement/allocations/0a83a60b-e642-4fd9-a158-db106da19cac" {{(pid=107660) __call__ /opt/stack/placement/placement/requestlog.py:55}}
Aug 29 19:28:53.208012 n-d-854824-2 devstack@placement-api.service[107659]: INFO placement.requestlog [req-b90240ee-4ae5-40b5-be42-5da6bb475d8b req-3438017f-119d-44c9-a315-07772d779f7d service placement] 10.222.0.102 "GET /placement/allocations/3dd58f55-8d44-4e9f-a553-eabdc7a1669a" status: 200 len: 245 microversion: 1.28
Aug 29 19:28:53.209360 n-d-854824-2 devstack@placement-api.service[107659]: [pid: 107659|app: 0|req: 485/968] 10.222.0.102 () {60 vars in 1378 bytes} [Mon Aug 29 19:28:53 2022] GET /placement/allocations/3dd58f55-8d44-4e9f-a553-eabdc7a1669a => generated 245 bytes in 45 msecs (HTTP/1.1 200) 8 headers in 296 bytes (1 switches on core 0)
Aug 29 19:28:53.318317 n-d-854824-2 devstack@placement-api.service[107660]: DEBUG placement.handlers.allocation [req-38d81595-684e-4db0-8b45-08e3083464ba req-c03fcefe-8763-483c-bc7c-7a0fce79b6d3 service placement] Successfully wrote allocations [, , ] {{(pid=107660) _update_consumers_and_create_allocations /opt/stack/placement/placement/handlers/allocation.py:462}}
Aug 29 19:28:53.333321 n-d-854824-2 devstack@placement-api.service[107660]: INFO placement.requestlog [req-38d81595-684e-4db0-8b45-08e3083464ba req-c03fcefe-8763-483c-bc7c-7a0fce79b6d3 service placement] 10.222.0.100 "PUT /placement/allocations/0a83a60b-e642-4fd9-a158-db106da19cac" status: 204 len: 0 microversion: 1.28
Aug 29 19:28:53.334240 n-d-854824-2 devstack@placement-api.service[107660]: [pid: 107660|app: 0|req: 484/969] 10.222.0.100 () {64 vars in 1431 bytes} [Mon Aug 29 19:28:53 2022] PUT /placement/allocations/0a83a60b-e642-4fd9-a158-db106da19cac => generated 0 bytes in 161 msecs (HTTP/1.1 204) 5 headers in 199 bytes (1 switches on core 0)
Aug 29 19:28:53.533108 n-d-854824-2 devstack@placement-api.service[107659]: DEBUG placement.requestlog [req-b90240ee-4ae5-40b5-be42-5da6bb475d8b req-23a34449-585e-42a4-a768-1dd37b8b9ec1 None None] Starting request: 10.222.0.102 "GET /placement/resource_providers/6a72450a-1632-4a14-9bad-5ceebaf0dd86/allocations" {{(pid=107659) __call__ /opt/stack/placement/placement/requestlog.py:55}}
Aug 29 19:28:53.591810 n-d-854824-2 devstack@placement-api.service[107659]: INFO placement.requestlog [req-b90240ee-4ae5-40b5-be42-5da6bb475d8b req-23a34449-585e-42a4-a768-1dd37b8b9ec1 service placement] 10.222.0.102 "GET /placement/resource_providers/6a72450a-1632-4a14-9bad-5ceebaf0dd86/allocations" status: 200 len: 1150 microversion: 1.0
Aug 29 19:28:53.592545 n-d-854824-2 devstack@placement-api.service[107659]: [pid: 107659|app: 0|req: 486/970] 10.222.0.102 () {58 vars in 1391 bytes} [Mon Aug 29 19:28:53 2022] GET /placement/resource_providers/6a72450a-1632-4a14-9bad-5ceebaf0dd86/allocations => generated 1150 bytes in 60 msecs (HTTP/1.1 200) 6 headers in 225 bytes (1 switches on core 0)
