Aug 29 19:05:40.465798 n-d-854824-2 devstack@keystone.service[81888]: DEBUG keystone.server.flask.request_processing.middleware.auth_context [None req-40787684-9ee4-4d4f-b431-1e7598dd9c08 None admin] Validating token access rules against request {{(pid=81888) validate_allowed_request /usr/local/lib/python3.8/dist-packages/keystonemiddleware/auth_token/__init__.py:545}}
Aug 29 19:05:40.498676 n-d-854824-2 devstack@keystone.service[81888]: DEBUG keystone.server.flask.request_processing.middleware.auth_context [None req-c3ebe0f8-e33e-4fd8-8dff-5aad6a06a3c0 None admin] RBAC: auth_context: {'token': , 'domain_id': None, 'trust_id': None, 'trustor_id': None, 'trustee_id': None, 'domain_name': None, 'group_ids': [], 'user_id': '965d6ed1f74b49d9aea8a13f19c1124d', 'user_domain_id': 'default', 'system_scope': 'all', 'project_id': None, 'project_domain_id': None, 'roles': ['admin', 'member', 'reader'], 'is_admin_project': True, 'service_user_id': None, 'service_user_domain_id': None, 'service_project_id': None, 'service_project_domain_id': None, 'service_roles': []} {{(pid=81888) fill_context /opt/stack/keystone/keystone/server/flask/request_processing/middleware/auth_context.py:478}}
Aug 29 19:05:40.499286 n-d-854824-2 devstack@keystone.service[81888]: DEBUG keystone.server.flask.request_processing.req_logging [None req-c3ebe0f8-e33e-4fd8-8dff-5aad6a06a3c0 None admin] REQUEST_METHOD: `GET` {{(pid=81888) log_request_info /opt/stack/keystone/keystone/server/flask/request_processing/req_logging.py:27}}
Aug 29 19:05:40.499567 n-d-854824-2 devstack@keystone.service[81888]: DEBUG keystone.server.flask.request_processing.req_logging [None req-c3ebe0f8-e33e-4fd8-8dff-5aad6a06a3c0 None admin] SCRIPT_NAME: `/identity` {{(pid=81888) log_request_info /opt/stack/keystone/keystone/server/flask/request_processing/req_logging.py:28}}
Aug 29 19:05:40.499839 n-d-854824-2 devstack@keystone.service[81888]: DEBUG keystone.server.flask.request_processing.req_logging [None req-c3ebe0f8-e33e-4fd8-8dff-5aad6a06a3c0 None admin] PATH_INFO: `/v3/roles` {{(pid=81888) log_request_info /opt/stack/keystone/keystone/server/flask/request_processing/req_logging.py:29}}
Aug 29 19:05:40.500504 n-d-854824-2 devstack@keystone.service[81888]: DEBUG keystone.common.rbac_enforcer.enforcer [None req-c3ebe0f8-e33e-4fd8-8dff-5aad6a06a3c0 None admin] RBAC: Adding query filter params (name=admin) {{(pid=81888) _extract_filter_values /opt/stack/keystone/keystone/common/rbac_enforcer/enforcer.py:167}}
Aug 29 19:05:40.500837 n-d-854824-2 devstack@keystone.service[81888]: DEBUG keystone.common.rbac_enforcer.enforcer [None req-c3ebe0f8-e33e-4fd8-8dff-5aad6a06a3c0 None admin] RBAC: Authorizing `identity:list_roles()` {{(pid=81888) enforce_call /opt/stack/keystone/keystone/common/rbac_enforcer/enforcer.py:449}}
Aug 29 19:05:40.502291 n-d-854824-2 devstack@keystone.service[81888]: DEBUG keystone.common.rbac_enforcer.enforcer [None req-c3ebe0f8-e33e-4fd8-8dff-5aad6a06a3c0 None admin] RBAC: Authorization granted {{(pid=81888) enforce_call /opt/stack/keystone/keystone/common/rbac_enforcer/enforcer.py:457}}
Aug 29 19:05:40.510291 n-d-854824-2 devstack@keystone.service[81888]: [pid: 81888|app: 0|req: 39/74] 10.222.0.99 () {56 vars in 1099 bytes} [Mon Aug 29 19:05:40 2022] GET /identity/v3/roles?name=admin => generated 339 bytes in 164 msecs (HTTP/1.1 200) 5 headers in 177 bytes (1 switches on core 0)
Aug 29 19:05:40.511152 n-d-854824-2 devstack@keystone.service[81888]: DEBUG keystone.server.flask.request_processing.middleware.auth_context [None req-c3ebe0f8-e33e-4fd8-8dff-5aad6a06a3c0 None admin] Authenticating user token {{(pid=81888) process_request /usr/local/lib/python3.8/dist-packages/keystonemiddleware/auth_token/__init__.py:407}}
Aug 29 19:05:40.521447 n-d-854824-2 devstack@keystone.service[81887]: DEBUG keystone.server.flask.request_processing.middleware.auth_context [None req-b2ed0c45-9948-4436-9d8c-977c2a90d5a4 None None] Validating token access rules against request {{(pid=81887) validate_allowed_request /usr/local/lib/python3.8/dist-packages/keystonemiddleware/auth_token/__init__.py:545}}
Aug 29 19:05:40.536365 n-d-854824-2 devstack@keystone.service[81887]: DEBUG dbcounter [-] [81887] Writing DB stats keystone:SELECT=100 {{(pid=81887) stat_writer /usr/local/lib/python3.8/dist-packages/dbcounter.py:114}}
Aug 29 19:05:40.541821 n-d-854824-2 devstack@keystone.service[81888]: DEBUG dbcounter [-] [81888] Writing DB stats keystone:SELECT=100 {{(pid=81888) stat_writer /usr/local/lib/python3.8/dist-packages/dbcounter.py:114}}
Aug 29 19:05:40.558665 n-d-854824-2 devstack@keystone.service[81887]: DEBUG keystone.server.flask.request_processing.middleware.auth_context [None req-eff14023-beae-4664-8d89-6ee968aa289a None admin] RBAC: auth_context: {'token': , 'domain_id': None, 'trust_id': None, 'trustor_id': None, 'trustee_id': None, 'domain_name': None, 'group_ids': [], 'user_id': '965d6ed1f74b49d9aea8a13f19c1124d', 'user_domain_id': 'default', 'system_scope': 'all', 'project_id': None, 'project_domain_id': None, 'roles': ['admin', 'member', 'reader'], 'is_admin_project': True, 'service_user_id': None, 'service_user_domain_id': None, 'service_project_id': None, 'service_project_domain_id': None, 'service_roles': []} {{(pid=81887) fill_context /opt/stack/keystone/keystone/server/flask/request_processing/middleware/auth_context.py:478}}
Aug 29 19:05:40.559270 n-d-854824-2 devstack@keystone.service[81887]: DEBUG keystone.server.flask.request_processing.req_logging [None req-eff14023-beae-4664-8d89-6ee968aa289a None admin] REQUEST_METHOD: `GET` {{(pid=81887) log_request_info /opt/stack/keystone/keystone/server/flask/request_processing/req_logging.py:27}}
Aug 29 19:05:40.559577 n-d-854824-2 devstack@keystone.service[81887]: DEBUG keystone.server.flask.request_processing.req_logging [None req-eff14023-beae-4664-8d89-6ee968aa289a None admin] SCRIPT_NAME: `/identity` {{(pid=81887) log_request_info /opt/stack/keystone/keystone/server/flask/request_processing/req_logging.py:28}}
Aug 29 19:05:40.559849 n-d-854824-2 devstack@keystone.service[81887]: DEBUG keystone.server.flask.request_processing.req_logging [None req-eff14023-beae-4664-8d89-6ee968aa289a None admin] PATH_INFO: `/v3/roles` {{(pid=81887) log_request_info /opt/stack/keystone/keystone/server/flask/request_processing/req_logging.py:29}}
Aug 29 19:05:40.560517 n-d-854824-2 devstack@keystone.service[81887]: DEBUG keystone.common.rbac_enforcer.enforcer [None req-eff14023-beae-4664-8d89-6ee968aa289a None admin] RBAC: Adding query filter params (name=member) {{(pid=81887) _extract_filter_values /opt/stack/keystone/keystone/common/rbac_enforcer/enforcer.py:167}}
Aug 29 19:05:40.560868 n-d-854824-2 devstack@keystone.service[81887]: DEBUG keystone.common.rbac_enforcer.enforcer [None req-eff14023-beae-4664-8d89-6ee968aa289a None admin] RBAC: Authorizing `identity:list_roles()` {{(pid=81887) enforce_call /opt/stack/keystone/keystone/common/rbac_enforcer/enforcer.py:449}}
Aug 29 19:05:40.562269 n-d-854824-2 devstack@keystone.service[81887]: DEBUG keystone.common.rbac_enforcer.enforcer [None req-eff14023-beae-4664-8d89-6ee968aa289a None admin] RBAC: Authorization granted {{(pid=81887) enforce_call /opt/stack/keystone/keystone/common/rbac_enforcer/enforcer.py:457}}
Aug 29 19:05:40.570364 n-d-854824-2 devstack@keystone.service[81887]: [pid: 81887|app: 0|req: 36/75] 10.222.0.99 () {56 vars in 1101 bytes} [Mon Aug 29 19:05:40 2022] GET /identity/v3/roles?name=member => generated 341 bytes in 154 msecs (HTTP/1.1 200) 5 headers in 177 bytes (1 switches on core 0)
Aug 29 19:05:40.571455 n-d-854824-2 devstack@keystone.service[81887]: DEBUG keystone.server.flask.request_processing.req_logging [None req-be47249d-f10c-42b7-a3e2-f9fd69a574a4 None None] REQUEST_METHOD: `POST` {{(pid=81887) log_request_info /opt/stack/keystone/keystone/server/flask/request_processing/req_logging.py:27}}
Aug 29 19:05:40.571742 n-d-854824-2 devstack@keystone.service[81887]: DEBUG keystone.server.flask.request_processing.req_logging [None req-be47249d-f10c-42b7-a3e2-f9fd69a574a4 None None] SCRIPT_NAME: `/identity` {{(pid=81887) log_request_info /opt/stack/keystone/keystone/server/flask/request_processing/req_logging.py:28}}
Aug 29 19:05:40.572020 n-d-854824-2 devstack@keystone.service[81887]: DEBUG keystone.server.flask.request_processing.req_logging [None req-be47249d-f10c-42b7-a3e2-f9fd69a574a4 None None] PATH_INFO: `/v3/auth/tokens` {{(pid=81887) log_request_info /opt/stack/keystone/keystone/server/flask/request_processing/req_logging.py:29}}
Aug 29 19:05:40.589724 n-d-854824-2 devstack@keystone.service[81887]: DEBUG keystone.auth.core [None req-be47249d-f10c-42b7-a3e2-f9fd69a574a4 None None] MFA Rules not processed for user `965d6ed1f74b49d9aea8a13f19c1124d`. Rule list: `[]` (Enabled: `True`). {{(pid=81887) check_auth_methods_against_rules /opt/stack/keystone/keystone/auth/core.py:438}}
Aug 29 19:05:40.591031 n-d-854824-2 devstack@keystone.service[81887]: DEBUG keystone.common.fernet_utils [None req-be47249d-f10c-42b7-a3e2-f9fd69a574a4 None None] Loaded 2 Fernet keys from /etc/keystone/fernet-keys/, but `[fernet_tokens] max_active_keys = 3`; perhaps there have not been enough key rotations to reach `max_active_keys` yet? {{(pid=81887) load_keys /opt/stack/keystone/keystone/common/fernet_utils.py:286}}
Aug 29 19:05:40.618316 n-d-854824-2 devstack@keystone.service[81888]: DEBUG keystone.server.flask.request_processing.middleware.auth_context [None req-c3ebe0f8-e33e-4fd8-8dff-5aad6a06a3c0 None admin] Validating token access rules against request {{(pid=81888) validate_allowed_request /usr/local/lib/python3.8/dist-packages/keystonemiddleware/auth_token/__init__.py:545}}
Aug 29 19:05:40.654190 n-d-854824-2 devstack@keystone.service[81888]: DEBUG keystone.server.flask.request_processing.middleware.auth_context [None req-4ba6fb00-7277-4f8b-ad7f-139547745e5c None admin] RBAC: auth_context: {'token': , 'domain_id': None, 'trust_id': None, 'trustor_id': None, 'trustee_id': None, 'domain_name': None, 'group_ids': [], 'user_id': '965d6ed1f74b49d9aea8a13f19c1124d', 'user_domain_id': 'default', 'system_scope': 'all', 'project_id': None, 'project_domain_id': None, 'roles': ['admin', 'member', 'reader'], 'is_admin_project': True, 'service_user_id': None, 'service_user_domain_id': None, 'service_project_id': None, 'service_project_domain_id': None, 'service_roles': []} {{(pid=81888) fill_context /opt/stack/keystone/keystone/server/flask/request_processing/middleware/auth_context.py:478}}
Aug 29 19:05:40.654806 n-d-854824-2 devstack@keystone.service[81888]: DEBUG keystone.server.flask.request_processing.req_logging [None req-4ba6fb00-7277-4f8b-ad7f-139547745e5c None admin] REQUEST_METHOD: `GET` {{(pid=81888) log_request_info /opt/stack/keystone/keystone/server/flask/request_processing/req_logging.py:27}}
Aug 29 19:05:40.655085 n-d-854824-2 devstack@keystone.service[81888]: DEBUG keystone.server.flask.request_processing.req_logging [None req-4ba6fb00-7277-4f8b-ad7f-139547745e5c None admin] SCRIPT_NAME: `/identity` {{(pid=81888) log_request_info /opt/stack/keystone/keystone/server/flask/request_processing/req_logging.py:28}}
Aug 29 19:05:40.655344 n-d-854824-2 devstack@keystone.service[81888]: DEBUG keystone.server.flask.request_processing.req_logging [None req-4ba6fb00-7277-4f8b-ad7f-139547745e5c None admin] PATH_INFO: `/v3/roles` {{(pid=81888) log_request_info /opt/stack/keystone/keystone/server/flask/request_processing/req_logging.py:29}}
Aug 29 19:05:40.656017 n-d-854824-2 devstack@keystone.service[81888]: DEBUG keystone.common.rbac_enforcer.enforcer [None req-4ba6fb00-7277-4f8b-ad7f-139547745e5c None admin] RBAC: Adding query filter params (name=anotherrole) {{(pid=81888) _extract_filter_values /opt/stack/keystone/keystone/common/rbac_enforcer/enforcer.py:167}}
Aug 29 19:05:40.656321 n-d-854824-2 devstack@keystone.service[81888]: DEBUG keystone.common.rbac_enforcer.enforcer [None req-4ba6fb00-7277-4f8b-ad7f-139547745e5c None admin] RBAC: Authorizing `identity:list_roles()` {{(pid=81888) enforce_call /opt/stack/keystone/keystone/common/rbac_enforcer/enforcer.py:449}}
Aug 29 19:05:40.657786 n-d-854824-2 devstack@keystone.service[81888]: DEBUG keystone.common.rbac_enforcer.enforcer [None req-4ba6fb00-7277-4f8b-ad7f-139547745e5c None admin] RBAC: Authorization granted {{(pid=81888) enforce_call /opt/stack/keystone/keystone/common/rbac_enforcer/enforcer.py:457}}
Aug 29 19:05:40.658952 n-d-854824-2 devstack@keystone.service[81887]: [pid: 81887|app: 0|req: 37/76] 10.222.0.99 () {58 vars in 1024 bytes} [Mon Aug 29 19:05:40 2022] POST /identity/v3/auth/tokens => generated 799 bytes in 88 msecs (HTTP/1.1 201) 6 headers in 363 bytes (1 switches on core 0)
Aug 29 19:05:40.665458 n-d-854824-2 devstack@keystone.service[81887]: DEBUG keystone.server.flask.request_processing.middleware.auth_context [None req-be47249d-f10c-42b7-a3e2-f9fd69a574a4 None None] Authenticating user token {{(pid=81887) process_request /usr/local/lib/python3.8/dist-packages/keystonemiddleware/auth_token/__init__.py:407}}
Aug 29 19:05:40.666545 n-d-854824-2 devstack@keystone.service[81888]: [pid: 81888|app: 0|req: 40/77] 10.222.0.99 () {56 vars in 1111 bytes} [Mon Aug 29 19:05:40 2022] GET /identity/v3/roles?name=anotherrole => generated 334 bytes in 156 msecs (HTTP/1.1 200) 5 headers in 177 bytes (1 switches on core 0)
Aug 29 19:05:40.667265 n-d-854824-2 devstack@keystone.service[81888]: DEBUG keystone.server.flask.request_processing.middleware.auth_context [None req-4ba6fb00-7277-4f8b-ad7f-139547745e5c None admin] Authenticating user token {{(pid=81888) process_request /usr/local/lib/python3.8/dist-packages/keystonemiddleware/auth_token/__init__.py:407}}
Aug 29 19:05:40.767658 n-d-854824-2 devstack@keystone.service[81887]: DEBUG keystone.server.flask.request_processing.middleware.auth_context [None req-be47249d-f10c-42b7-a3e2-f9fd69a574a4 None None] Validating token access rules against request {{(pid=81887) validate_allowed_request /usr/local/lib/python3.8/dist-packages/keystonemiddleware/auth_token/__init__.py:545}}
Aug 29 19:05:40.768802 n-d-854824-2 devstack@keystone.service[81888]: DEBUG dbcounter [-] [81888] Writing DB stats keystone:SELECT=100 {{(pid=81888) stat_writer /usr/local/lib/python3.8/dist-packages/dbcounter.py:114}}
Aug 29 19:05:40.769965 n-d-854824-2 devstack@keystone.service[81887]: DEBUG dbcounter [-] [81887] Writing DB stats keystone:SELECT=100 {{(pid=81887) stat_writer /usr/local/lib/python3.8/dist-packages/dbcounter.py:114}}
Aug 29 19:05:40.780912 n-d-854824-2 devstack@keystone.service[81888]: DEBUG keystone.server.flask.request_processing.middleware.auth_context [None req-4ba6fb00-7277-4f8b-ad7f-139547745e5c None admin] Validating token access rules against request {{(pid=81888) validate_allowed_request /usr/local/lib/python3.8/dist-packages/keystonemiddleware/auth_token/__init__.py:545}}
Aug 29 19:05:40.805071 n-d-854824-2 devstack@keystone.service[81887]: DEBUG keystone.server.flask.request_processing.middleware.auth_context [None req-97c587a6-4160-4983-b97d-ff279076583e None admin] RBAC: auth_context: {'token': , 'domain_id': None, 'trust_id': None, 'trustor_id': None, 'trustee_id': None, 'domain_name': None, 'group_ids': [], 'user_id': '965d6ed1f74b49d9aea8a13f19c1124d', 'user_domain_id': 'default', 'system_scope': 'all', 'project_id': None, 'project_domain_id': None, 'roles': ['admin', 'member', 'reader'], 'is_admin_project': True, 'service_user_id': None, 'service_user_domain_id': None, 'service_project_id': None, 'service_project_domain_id': None, 'service_roles': []} {{(pid=81887) fill_context /opt/stack/keystone/keystone/server/flask/request_processing/middleware/auth_context.py:478}}
Aug 29 19:05:40.805708 n-d-854824-2 devstack@keystone.service[81887]: DEBUG keystone.server.flask.request_processing.req_logging [None req-97c587a6-4160-4983-b97d-ff279076583e None admin] REQUEST_METHOD: `GET` {{(pid=81887) log_request_info /opt/stack/keystone/keystone/server/flask/request_processing/req_logging.py:27}}
Aug 29 19:05:40.805970 n-d-854824-2 devstack@keystone.service[81887]: DEBUG keystone.server.flask.request_processing.req_logging [None req-97c587a6-4160-4983-b97d-ff279076583e None admin] SCRIPT_NAME: `/identity` {{(pid=81887) log_request_info /opt/stack/keystone/keystone/server/flask/request_processing/req_logging.py:28}}
Aug 29 19:05:40.806237 n-d-854824-2 devstack@keystone.service[81887]: DEBUG keystone.server.flask.request_processing.req_logging [None req-97c587a6-4160-4983-b97d-ff279076583e None admin] PATH_INFO: `/v3/roles/member` {{(pid=81887) log_request_info /opt/stack/keystone/keystone/server/flask/request_processing/req_logging.py:29}}
Aug 29 19:05:40.816349 n-d-854824-2 devstack@keystone.service[81888]: DEBUG keystone.server.flask.request_processing.middleware.auth_context [None req-764c0b0f-ea34-4cee-8d6e-b43d5ac3568c None admin] RBAC: auth_context: {'token': , 'domain_id': None, 'trust_id': None, 'trustor_id': None, 'trustee_id': None, 'domain_name': None, 'group_ids': [], 'user_id': '965d6ed1f74b49d9aea8a13f19c1124d', 'user_domain_id': 'default', 'system_scope': 'all', 'project_id': None, 'project_domain_id': None, 'roles': ['admin', 'member', 'reader'], 'is_admin_project': True, 'service_user_id': None, 'service_user_domain_id': None, 'service_project_id': None, 'service_project_domain_id': None, 'service_roles': []} {{(pid=81888) fill_context /opt/stack/keystone/keystone/server/flask/request_processing/middleware/auth_context.py:478}}
Aug 29 19:05:40.817006 n-d-854824-2 devstack@keystone.service[81888]: DEBUG keystone.server.flask.request_processing.req_logging [None req-764c0b0f-ea34-4cee-8d6e-b43d5ac3568c None admin] REQUEST_METHOD: `GET` {{(pid=81888) log_request_info /opt/stack/keystone/keystone/server/flask/request_processing/req_logging.py:27}}
Aug 29 19:05:40.817120 n-d-854824-2 devstack@keystone.service[81887]: DEBUG keystone.common.rbac_enforcer.enforcer [None req-97c587a6-4160-4983-b97d-ff279076583e None admin] Extracting inferred target data resulted in "NOT FOUND (404)". {{(pid=81887) enforce_call /opt/stack/keystone/keystone/common/rbac_enforcer/enforcer.py:409}}
Aug 29 19:05:40.817293 n-d-854824-2 devstack@keystone.service[81888]: DEBUG keystone.server.flask.request_processing.req_logging [None req-764c0b0f-ea34-4cee-8d6e-b43d5ac3568c None admin] SCRIPT_NAME: `/identity` {{(pid=81888) log_request_info /opt/stack/keystone/keystone/server/flask/request_processing/req_logging.py:28}}
Aug 29 19:05:40.817576 n-d-854824-2 devstack@keystone.service[81888]: DEBUG keystone.server.flask.request_processing.req_logging [None req-764c0b0f-ea34-4cee-8d6e-b43d5ac3568c None admin] PATH_INFO: `/v3/users/965d6ed1f74b49d9aea8a13f19c1124d` {{(pid=81888) log_request_info /opt/stack/keystone/keystone/server/flask/request_processing/req_logging.py:29}}
Aug 29 19:05:40.818709 n-d-854824-2 devstack@keystone.service[81888]: DEBUG keystone.common.rbac_enforcer.enforcer [None req-764c0b0f-ea34-4cee-8d6e-b43d5ac3568c None admin] RBAC: Authorizing `identity:get_user(user_id=965d6ed1f74b49d9aea8a13f19c1124d)` {{(pid=81888) enforce_call /opt/stack/keystone/keystone/common/rbac_enforcer/enforcer.py:449}}
Aug 29 19:05:40.820182 n-d-854824-2 devstack@keystone.service[81888]: DEBUG keystone.common.rbac_enforcer.enforcer [None req-764c0b0f-ea34-4cee-8d6e-b43d5ac3568c None admin] RBAC: Authorization granted {{(pid=81888) enforce_call /opt/stack/keystone/keystone/common/rbac_enforcer/enforcer.py:457}}
Aug 29 19:05:40.828802 n-d-854824-2 devstack@keystone.service[81888]: [pid: 81888|app: 0|req: 41/78] 10.222.0.99 () {56 vars in 1177 bytes} [Mon Aug 29 19:05:40 2022] GET /identity/v3/users/965d6ed1f74b49d9aea8a13f19c1124d => generated 247 bytes in 155 msecs (HTTP/1.1 200) 5 headers in 177 bytes (1 switches on core 0)
Aug 29 19:05:40.829165 n-d-854824-2 devstack@keystone.service[81887]: ERROR keystone.server.flask.application [None req-97c587a6-4160-4983-b97d-ff279076583e None admin] Could not find role: member.: keystone.exception.RoleNotFound: Could not find role: member.
Aug 29 19:05:40.829165 n-d-854824-2 devstack@keystone.service[81887]: ERROR keystone.server.flask.application
Traceback (most recent call last):
Aug 29 19:05:40.829165 n-d-854824-2 devstack@keystone.service[81887]: ERROR keystone.server.flask.application
File "/usr/local/lib/python3.8/dist-packages/flask/app.py", line 1820, in full_dispatch_request
Aug 29 19:05:40.829165 n-d-854824-2 devstack@keystone.service[81887]: ERROR keystone.server.flask.application rv = self.dispatch_request()
Aug 29 19:05:40.829165 n-d-854824-2 devstack@keystone.service[81887]: ERROR keystone.server.flask.application
File "/usr/local/lib/python3.8/dist-packages/flask/app.py", line 1796, in dispatch_request
Aug 29 19:05:40.829165 n-d-854824-2 devstack@keystone.service[81887]: ERROR keystone.server.flask.application return self.ensure_sync(self.view_functions[rule.endpoint])(**view_args)
Aug 29 19:05:40.829165 n-d-854824-2 devstack@keystone.service[81887]: ERROR keystone.server.flask.application
File "/usr/local/lib/python3.8/dist-packages/flask_restful/__init__.py", line 467, in wrapper
Aug 29 19:05:40.829165 n-d-854824-2 devstack@keystone.service[81887]: ERROR keystone.server.flask.application resp = resource(*args, **kwargs)
Aug 29 19:05:40.829165 n-d-854824-2 devstack@keystone.service[81887]: ERROR keystone.server.flask.application
File "/usr/local/lib/python3.8/dist-packages/flask/views.py", line 107, in view
Aug 29 19:05:40.829165 n-d-854824-2 devstack@keystone.service[81887]: ERROR keystone.server.flask.application return current_app.ensure_sync(self.dispatch_request)(**kwargs)
Aug 29 19:05:40.829165 n-d-854824-2 devstack@keystone.service[81887]: ERROR keystone.server.flask.application
File "/usr/local/lib/python3.8/dist-packages/flask_restful/__init__.py", line 582, in dispatch_request
Aug 29 19:05:40.829165 n-d-854824-2 devstack@keystone.service[81887]: ERROR keystone.server.flask.application resp = meth(*args, **kwargs)
Aug 29 19:05:40.829165 n-d-854824-2 devstack@keystone.service[81887]: ERROR keystone.server.flask.application
File "/opt/stack/keystone/keystone/api/roles.py", line 50, in get
Aug 29 19:05:40.829165 n-d-854824-2 devstack@keystone.service[81887]: ERROR keystone.server.flask.application return self._get_role(role_id)
Aug 29 19:05:40.829165 n-d-854824-2 devstack@keystone.service[81887]: ERROR keystone.server.flask.application
File "/opt/stack/keystone/keystone/api/roles.py", line 70, in _get_role
Aug 29 19:05:40.829165 n-d-854824-2 devstack@keystone.service[81887]: ERROR keystone.server.flask.application ENFORCER.enforce_call(action='identity:get_role')
Aug 29 19:05:40.830310 n-d-854824-2 devstack@keystone.service[81887]: ERROR keystone.server.flask.application
File "/opt/stack/keystone/keystone/common/rbac_enforcer/enforcer.py", line 402, in enforce_call
Aug 29 19:05:40.830310 n-d-854824-2 devstack@keystone.service[81887]: ERROR keystone.server.flask.application policy_dict.update(cls._extract_member_target_data(
Aug 29 19:05:40.830310 n-d-854824-2 devstack@keystone.service[81887]: ERROR keystone.server.flask.application
File "/opt/stack/keystone/keystone/common/rbac_enforcer/enforcer.py", line 234, in _extract_member_target_data
Aug 29 19:05:40.830310 n-d-854824-2 devstack@keystone.service[81887]: ERROR keystone.server.flask.application member_name: func(flask.request.view_args[key])
Aug 29 19:05:40.830310 n-d-854824-2 devstack@keystone.service[81887]: ERROR keystone.server.flask.application
File "/opt/stack/keystone/keystone/common/manager.py", line 115, in wrapped
Aug 29 19:05:40.830310 n-d-854824-2 devstack@keystone.service[81887]: ERROR keystone.server.flask.application __ret_val = __f(*args, **kwargs)
Aug 29 19:05:40.830310 n-d-854824-2 devstack@keystone.service[81887]: ERROR keystone.server.flask.application
File "/usr/local/lib/python3.8/dist-packages/decorator.py", line 232, in fun
Aug 29 19:05:40.830310 n-d-854824-2 devstack@keystone.service[81887]: ERROR keystone.server.flask.application return caller(func, *(extras + args), **kw)
Aug 29 19:05:40.830310 n-d-854824-2 devstack@keystone.service[81887]: ERROR keystone.server.flask.application
File "/usr/local/lib/python3.8/dist-packages/dogpile/cache/region.py", line 1577, in get_or_create_for_user_func
Aug 29 19:05:40.830310 n-d-854824-2 devstack@keystone.service[81887]: ERROR keystone.server.flask.application return self.get_or_create(
Aug 29 19:05:40.830310 n-d-854824-2 devstack@keystone.service[81887]: ERROR keystone.server.flask.application
File "/usr/local/lib/python3.8/dist-packages/dogpile/cache/region.py", line 1042, in get_or_create
Aug 29 19:05:40.830310 n-d-854824-2 devstack@keystone.service[81887]: ERROR keystone.server.flask.application with Lock(
Aug 29 19:05:40.830310 n-d-854824-2 devstack@keystone.service[81887]: ERROR keystone.server.flask.application
File "/usr/local/lib/python3.8/dist-packages/dogpile/lock.py", line 185, in __enter__
Aug 29 19:05:40.830310 n-d-854824-2 devstack@keystone.service[81887]: ERROR keystone.server.flask.application return self._enter()
Aug 29 19:05:40.830310 n-d-854824-2 devstack@keystone.service[81887]: ERROR keystone.server.flask.application
File "/usr/local/lib/python3.8/dist-packages/dogpile/lock.py", line 94, in _enter
Aug 29 19:05:40.830310 n-d-854824-2 devstack@keystone.service[81887]: ERROR keystone.server.flask.application generated = self._enter_create(value, createdtime)
Aug 29 19:05:40.831265 n-d-854824-2 devstack@keystone.service[81887]: ERROR keystone.server.flask.application
File "/usr/local/lib/python3.8/dist-packages/dogpile/lock.py", line 178, in _enter_create
Aug 29 19:05:40.831265 n-d-854824-2 devstack@keystone.service[81887]: ERROR keystone.server.flask.application return self.creator()
Aug 29 19:05:40.831265 n-d-854824-2 devstack@keystone.service[81887]: ERROR keystone.server.flask.application
File "/usr/local/lib/python3.8/dist-packages/dogpile/cache/region.py", line 995, in gen_value
Aug 29 19:05:40.831265 n-d-854824-2 devstack@keystone.service[81887]: ERROR keystone.server.flask.application created_value = creator(
Aug 29 19:05:40.831265 n-d-854824-2 devstack@keystone.service[81887]: ERROR keystone.server.flask.application
File "/opt/stack/keystone/keystone/assignment/core.py", line 1276, in get_role
Aug 29 19:05:40.831265 n-d-854824-2 devstack@keystone.service[81887]: ERROR keystone.server.flask.application return self.driver.get_role(role_id)
Aug 29 19:05:40.831265 n-d-854824-2 devstack@keystone.service[81887]: ERROR keystone.server.flask.application
File "/opt/stack/keystone/keystone/assignment/role_backends/sql.py", line 70, in get_role
Aug 29 19:05:40.831265 n-d-854824-2 devstack@keystone.service[81887]: ERROR keystone.server.flask.application return self._get_role(session, role_id).to_dict()
Aug 29 19:05:40.831265 n-d-854824-2 devstack@keystone.service[81887]: ERROR keystone.server.flask.application
File "/opt/stack/keystone/keystone/assignment/role_backends/sql.py", line 65, in _get_role
Aug 29 19:05:40.831265 n-d-854824-2 devstack@keystone.service[81887]: ERROR keystone.server.flask.application raise exception.RoleNotFound(role_id=role_id)
Aug 29 19:05:40.831265 n-d-854824-2 devstack@keystone.service[81887]: ERROR keystone.server.flask.application keystone.exception.RoleNotFound: Could not find role: member.
Aug 29 19:05:40.831265 n-d-854824-2 devstack@keystone.service[81887]: ERROR keystone.server.flask.application
Aug 29 19:05:40.831938 n-d-854824-2 devstack@keystone.service[81888]: DEBUG keystone.server.flask.request_processing.middleware.auth_context [None req-764c0b0f-ea34-4cee-8d6e-b43d5ac3568c None admin] Authenticating user token {{(pid=81888) process_request /usr/local/lib/python3.8/dist-packages/keystonemiddleware/auth_token/__init__.py:407}}
Aug 29 19:05:40.832015 n-d-854824-2 devstack@keystone.service[81887]: [pid: 81887|app: 0|req: 38/79] 10.222.0.99 () {56 vars in 1099 bytes} [Mon Aug 29 19:05:40 2022] GET /identity/v3/roles/member => generated 84 bytes in 164 msecs (HTTP/1.1 404) 5 headers in 183 bytes (1 switches on core 0)
Aug 29 19:05:40.832015 n-d-854824-2 devstack@keystone.service[81887]: DEBUG keystone.server.flask.request_processing.middleware.auth_context [None req-97c587a6-4160-4983-b97d-ff279076583e None admin] Authenticating user token {{(pid=81887) process_request /usr/local/lib/python3.8/dist-packages/keystonemiddleware/auth_token/__init__.py:407}}
Aug 29 19:05:40.934379 n-d-854824-2 devstack@keystone.service[81888]: DEBUG keystone.server.flask.request_processing.middleware.auth_context [None req-764c0b0f-ea34-4cee-8d6e-b43d5ac3568c None admin] Validating token access rules against request {{(pid=81888) validate_allowed_request /usr/local/lib/python3.8/dist-packages/keystonemiddleware/auth_token/__init__.py:545}}
Aug 29 19:05:40.939204 n-d-854824-2 devstack@keystone.service[81887]: DEBUG keystone.server.flask.request_processing.middleware.auth_context [None req-97c587a6-4160-4983-b97d-ff279076583e None admin] Validating token access rules against request {{(pid=81887) validate_allowed_request /usr/local/lib/python3.8/dist-packages/keystonemiddleware/auth_token/__init__.py:545}}
Aug 29 19:05:40.967154 n-d-854824-2 devstack@keystone.service[81888]: DEBUG keystone.server.flask.request_processing.middleware.auth_context [None req-d74d721b-e2b5-43ca-a5a2-e13140f496e6 None admin] RBAC: auth_context: {'token': , 'domain_id': None, 'trust_id': None, 'trustor_id': None, 'trustee_id': None, 'domain_name': None, 'group_ids': [], 'user_id': '965d6ed1f74b49d9aea8a13f19c1124d', 'user_domain_id': 'default', 'system_scope': 'all', 'project_id': None, 'project_domain_id': None, 'roles': ['admin', 'member', 'reader'], 'is_admin_project': True, 'service_user_id': None, 'service_user_domain_id': None, 'service_project_id': None, 'service_project_domain_id': None, 'service_roles': []} {{(pid=81888) fill_context /opt/stack/keystone/keystone/server/flask/request_processing/middleware/auth_context.py:478}}
Aug 29 19:05:40.968252 n-d-854824-2 devstack@keystone.service[81888]: DEBUG keystone.server.flask.request_processing.req_logging [None req-d74d721b-e2b5-43ca-a5a2-e13140f496e6 None admin] REQUEST_METHOD: `GET` {{(pid=81888) log_request_info /opt/stack/keystone/keystone/server/flask/request_processing/req_logging.py:27}}
Aug 29 19:05:40.968540 n-d-854824-2 devstack@keystone.service[81888]: DEBUG keystone.server.flask.request_processing.req_logging [None req-d74d721b-e2b5-43ca-a5a2-e13140f496e6 None admin] SCRIPT_NAME: `/identity` {{(pid=81888) log_request_info /opt/stack/keystone/keystone/server/flask/request_processing/req_logging.py:28}}
Aug 29 19:05:40.968848 n-d-854824-2 devstack@keystone.service[81888]: DEBUG keystone.server.flask.request_processing.req_logging [None req-d74d721b-e2b5-43ca-a5a2-e13140f496e6 None admin] PATH_INFO: `/v3/users/f9beb3735b2f4df2aadfcce6e91b1e8b` {{(pid=81888) log_request_info /opt/stack/keystone/keystone/server/flask/request_processing/req_logging.py:29}}
Aug 29 19:05:40.973645 n-d-854824-2 devstack@keystone.service[81887]: DEBUG keystone.server.flask.request_processing.middleware.auth_context [None req-7352362e-1421-40f2-891d-064214599703 None admin] RBAC: auth_context: {'token': , 'domain_id': None, 'trust_id': None, 'trustor_id': None, 'trustee_id': None, 'domain_name': None, 'group_ids': [], 'user_id': '965d6ed1f74b49d9aea8a13f19c1124d', 'user_domain_id': 'default', 'system_scope': 'all', 'project_id': None, 'project_domain_id': None, 'roles': ['admin', 'member', 'reader'], 'is_admin_project': True, 'service_user_id': None, 'service_user_domain_id': None, 'service_project_id': None, 'service_project_domain_id': None, 'service_roles': []} {{(pid=81887) fill_context /opt/stack/keystone/keystone/server/flask/request_processing/middleware/auth_context.py:478}}
Aug 29 19:05:40.974273 n-d-854824-2 devstack@keystone.service[81887]: DEBUG keystone.server.flask.request_processing.req_logging [None req-7352362e-1421-40f2-891d-064214599703 None admin] REQUEST_METHOD: `GET` {{(pid=81887) log_request_info /opt/stack/keystone/keystone/server/flask/request_processing/req_logging.py:27}}
Aug 29 19:05:40.974557 n-d-854824-2 devstack@keystone.service[81887]: DEBUG keystone.server.flask.request_processing.req_logging [None req-7352362e-1421-40f2-891d-064214599703 None admin] SCRIPT_NAME: `/identity` {{(pid=81887) log_request_info /opt/stack/keystone/keystone/server/flask/request_processing/req_logging.py:28}}
Aug 29 19:05:40.974835 n-d-854824-2 devstack@keystone.service[81887]: DEBUG keystone.server.flask.request_processing.req_logging [None req-7352362e-1421-40f2-891d-064214599703 None admin] PATH_INFO: `/v3/users/f9beb3735b2f4df2aadfcce6e91b1e8b` {{(pid=81887) log_request_info /opt/stack/keystone/keystone/server/flask/request_processing/req_logging.py:29}}
Aug 29 19:05:40.983109 n-d-854824-2 devstack@keystone.service[81888]: DEBUG keystone.common.rbac_enforcer.enforcer [None req-d74d721b-e2b5-43ca-a5a2-e13140f496e6 None admin] RBAC: Authorizing `identity:get_user(user_id=f9beb3735b2f4df2aadfcce6e91b1e8b)` {{(pid=81888) enforce_call /opt/stack/keystone/keystone/common/rbac_enforcer/enforcer.py:449}}
Aug 29 19:05:40.984600 n-d-854824-2 devstack@keystone.service[81888]: DEBUG keystone.common.rbac_enforcer.enforcer [None req-d74d721b-e2b5-43ca-a5a2-e13140f496e6 None admin] RBAC: Authorization granted {{(pid=81888) enforce_call /opt/stack/keystone/keystone/common/rbac_enforcer/enforcer.py:457}}
Aug 29 19:05:40.986325 n-d-854824-2 devstack@keystone.service[81888]: [pid: 81888|app: 0|req: 42/80] 10.222.0.99 () {56 vars in 1177 bytes} [Mon Aug 29 19:05:40 2022] GET /identity/v3/users/f9beb3735b2f4df2aadfcce6e91b1e8b => generated 275 bytes in 164 msecs (HTTP/1.1 200) 5 headers in 177 bytes (1 switches on core 0)
Aug 29 19:05:40.987086 n-d-854824-2 devstack@keystone.service[81888]: DEBUG keystone.server.flask.request_processing.middleware.auth_context [None req-d74d721b-e2b5-43ca-a5a2-e13140f496e6 None admin] Authenticating user token {{(pid=81888) process_request /usr/local/lib/python3.8/dist-packages/keystonemiddleware/auth_token/__init__.py:407}}
Aug 29 19:05:40.993974 n-d-854824-2 devstack@keystone.service[81887]: DEBUG keystone.common.rbac_enforcer.enforcer [None req-7352362e-1421-40f2-891d-064214599703 None admin] RBAC: Authorizing `identity:get_user(user_id=f9beb3735b2f4df2aadfcce6e91b1e8b)` {{(pid=81887) enforce_call /opt/stack/keystone/keystone/common/rbac_enforcer/enforcer.py:449}}
Aug 29 19:05:40.995419 n-d-854824-2 devstack@keystone.service[81887]: DEBUG keystone.common.rbac_enforcer.enforcer [None req-7352362e-1421-40f2-891d-064214599703 None admin] RBAC: Authorization granted {{(pid=81887) enforce_call /opt/stack/keystone/keystone/common/rbac_enforcer/enforcer.py:457}}
Aug 29 19:05:40.997133 n-d-854824-2 devstack@keystone.service[81887]: [pid: 81887|app: 0|req: 39/81] 10.222.0.99 () {56 vars in 1177 bytes} [Mon Aug 29 19:05:40 2022] GET /identity/v3/users/f9beb3735b2f4df2aadfcce6e91b1e8b => generated 275 bytes in 173 msecs (HTTP/1.1 200) 5 headers in 177 bytes (1 switches on core 0)
Aug 29 19:05:40.997894 n-d-854824-2 devstack@keystone.service[81887]: DEBUG keystone.server.flask.request_processing.middleware.auth_context [None req-7352362e-1421-40f2-891d-064214599703 None admin] Authenticating user token {{(pid=81887) process_request /usr/local/lib/python3.8/dist-packages/keystonemiddleware/auth_token/__init__.py:407}}
Aug 29 19:05:41.007025 n-d-854824-2 devstack@keystone.service[81888]: DEBUG dbcounter [-] [81888] Writing DB stats keystone:SELECT=100 {{(pid=81888) stat_writer /usr/local/lib/python3.8/dist-packages/dbcounter.py:114}}
Aug 29 19:05:41.022534 n-d-854824-2 devstack@keystone.service[81887]: DEBUG dbcounter [-] [81887] Writing DB stats keystone:SELECT=100 {{(pid=81887) stat_writer /usr/local/lib/python3.8/dist-packages/dbcounter.py:114}}
Aug 29 19:05:41.094689 n-d-854824-2 devstack@keystone.service[81888]: DEBUG keystone.server.flask.request_processing.middleware.auth_context [None req-d74d721b-e2b5-43ca-a5a2-e13140f496e6 None admin] Validating token access rules against request {{(pid=81888) validate_allowed_request /usr/local/lib/python3.8/dist-packages/keystonemiddleware/auth_token/__init__.py:545}}
Aug 29 19:05:41.099464 n-d-854824-2 devstack@keystone.service[81887]: DEBUG keystone.server.flask.request_processing.middleware.auth_context [None req-7352362e-1421-40f2-891d-064214599703 None admin] Validating token access rules against request {{(pid=81887) validate_allowed_request /usr/local/lib/python3.8/dist-packages/keystonemiddleware/auth_token/__init__.py:545}}
Aug 29 19:05:41.130600 n-d-854824-2 devstack@keystone.service[81888]: DEBUG keystone.server.flask.request_processing.middleware.auth_context [None req-415415bb-849c-463a-9342-4434a5c0d6c1 None admin] RBAC: auth_context: {'token': , 'domain_id': None, 'trust_id': None, 'trustor_id': None, 'trustee_id': None, 'domain_name': None, 'group_ids': [], 'user_id': '965d6ed1f74b49d9aea8a13f19c1124d', 'user_domain_id': 'default', 'system_scope': 'all', 'project_id': None, 'project_domain_id': None, 'roles': ['admin', 'member', 'reader'], 'is_admin_project': True, 'service_user_id': None, 'service_user_domain_id': None, 'service_project_id': None, 'service_project_domain_id': None, 'service_roles': []} {{(pid=81888) fill_context /opt/stack/keystone/keystone/server/flask/request_processing/middleware/auth_context.py:478}}
Aug 29 19:05:41.131478 n-d-854824-2 devstack@keystone.service[81888]: DEBUG keystone.server.flask.request_processing.req_logging [None req-415415bb-849c-463a-9342-4434a5c0d6c1 None admin] REQUEST_METHOD: `GET` {{(pid=81888) log_request_info /opt/stack/keystone/keystone/server/flask/request_processing/req_logging.py:27}}
Aug 29 19:05:41.131760 n-d-854824-2 devstack@keystone.service[81888]: DEBUG keystone.server.flask.request_processing.req_logging [None req-415415bb-849c-463a-9342-4434a5c0d6c1 None admin] SCRIPT_NAME: `/identity` {{(pid=81888) log_request_info /opt/stack/keystone/keystone/server/flask/request_processing/req_logging.py:28}}
Aug 29 19:05:41.132033 n-d-854824-2 devstack@keystone.service[81888]: DEBUG keystone.server.flask.request_processing.req_logging [None req-415415bb-849c-463a-9342-4434a5c0d6c1 None admin] PATH_INFO: `/v3/auth/tokens` {{(pid=81888) log_request_info /opt/stack/keystone/keystone/server/flask/request_processing/req_logging.py:29}}
Aug 29 19:05:41.136194 n-d-854824-2 devstack@keystone.service[81887]: DEBUG keystone.server.flask.request_processing.middleware.auth_context [None req-3f10b0a7-6615-428d-b674-8b0748f6dc80 None admin] RBAC: auth_context: {'token': , 'domain_id': None, 'trust_id': None, 'trustor_id': None, 'trustee_id': None, 'domain_name': None, 'group_ids': [], 'user_id': '965d6ed1f74b49d9aea8a13f19c1124d', 'user_domain_id': 'default', 'system_scope': 'all', 'project_id': None, 'project_domain_id': None, 'roles': ['admin', 'member', 'reader'], 'is_admin_project': True, 'service_user_id': None, 'service_user_domain_id': None, 'service_project_id': None, 'service_project_domain_id': None, 'service_roles': []} {{(pid=81887) fill_context /opt/stack/keystone/keystone/server/flask/request_processing/middleware/auth_context.py:478}}
Aug 29 19:05:41.136865 n-d-854824-2 devstack@keystone.service[81887]: DEBUG keystone.server.flask.request_processing.req_logging [None req-3f10b0a7-6615-428d-b674-8b0748f6dc80 None admin] REQUEST_METHOD: `GET` {{(pid=81887) log_request_info /opt/stack/keystone/keystone/server/flask/request_processing/req_logging.py:27}}
Aug 29 19:05:41.137169 n-d-854824-2 devstack@keystone.service[81887]: DEBUG keystone.server.flask.request_processing.req_logging [None req-3f10b0a7-6615-428d-b674-8b0748f6dc80 None admin] SCRIPT_NAME: `/identity` {{(pid=81887) log_request_info /opt/stack/keystone/keystone/server/flask/request_processing/req_logging.py:28}}
Aug 29 19:05:41.137440 n-d-854824-2 devstack@keystone.service[81887]: DEBUG keystone.server.flask.request_processing.req_logging [None req-3f10b0a7-6615-428d-b674-8b0748f6dc80 None admin] PATH_INFO: `/v3/roles` {{(pid=81887) log_request_info /opt/stack/keystone/keystone/server/flask/request_processing/req_logging.py:29}}
Aug 29 19:05:41.138097 n-d-854824-2 devstack@keystone.service[81887]: DEBUG keystone.common.rbac_enforcer.enforcer [None req-3f10b0a7-6615-428d-b674-8b0748f6dc80 None admin] RBAC: Adding query filter params (name=member) {{(pid=81887) _extract_filter_values /opt/stack/keystone/keystone/common/rbac_enforcer/enforcer.py:167}}
Aug 29 19:05:41.138397 n-d-854824-2 devstack@keystone.service[81887]: DEBUG keystone.common.rbac_enforcer.enforcer [None req-3f10b0a7-6615-428d-b674-8b0748f6dc80 None admin] RBAC: Authorizing `identity:list_roles()` {{(pid=81887) enforce_call /opt/stack/keystone/keystone/common/rbac_enforcer/enforcer.py:449}}
Aug 29 19:05:41.139934 n-d-854824-2 devstack@keystone.service[81887]: DEBUG keystone.common.rbac_enforcer.enforcer [None req-3f10b0a7-6615-428d-b674-8b0748f6dc80 None admin] RBAC: Authorization granted {{(pid=81887) enforce_call /opt/stack/keystone/keystone/common/rbac_enforcer/enforcer.py:457}}
Aug 29 19:05:41.149141 n-d-854824-2 devstack@keystone.service[81887]: [pid: 81887|app: 0|req: 40/82] 10.222.0.99 () {56 vars in 1101 bytes} [Mon Aug 29 19:05:40 2022] GET /identity/v3/roles?name=member => generated 341 bytes in 151 msecs (HTTP/1.1 200) 5 headers in 177 bytes (1 switches on core 0)
Aug 29 19:05:41.149979 n-d-854824-2 devstack@keystone.service[81887]: DEBUG keystone.server.flask.request_processing.middleware.auth_context [None req-3f10b0a7-6615-428d-b674-8b0748f6dc80 None admin] Authenticating user token {{(pid=81887) process_request /usr/local/lib/python3.8/dist-packages/keystonemiddleware/auth_token/__init__.py:407}}
Aug 29 19:05:41.206161 n-d-854824-2 devstack@keystone.service[81888]: DEBUG keystone.common.rbac_enforcer.enforcer [None req-415415bb-849c-463a-9342-4434a5c0d6c1 None admin] RBAC: Authorizing `identity:validate_token()` {{(pid=81888) enforce_call /opt/stack/keystone/keystone/common/rbac_enforcer/enforcer.py:449}}
Aug 29 19:05:41.207604 n-d-854824-2 devstack@keystone.service[81888]: DEBUG keystone.common.rbac_enforcer.enforcer [None req-415415bb-849c-463a-9342-4434a5c0d6c1 None admin] RBAC: Authorization granted {{(pid=81888) enforce_call /opt/stack/keystone/keystone/common/rbac_enforcer/enforcer.py:457}}
Aug 29 19:05:41.225185 n-d-854824-2 devstack@keystone.service[81888]: DEBUG dbcounter [-] [81888] Writing DB stats keystone:SELECT=100 {{(pid=81888) stat_writer /usr/local/lib/python3.8/dist-packages/dbcounter.py:114}}
Aug 29 19:05:41.237287 n-d-854824-2 devstack@keystone.service[81887]: DEBUG dbcounter [-] [81887] Writing DB stats keystone:SELECT=100 {{(pid=81887) stat_writer /usr/local/lib/python3.8/dist-packages/dbcounter.py:114}}
Aug 29 19:05:41.254181 n-d-854824-2 devstack@keystone.service[81887]: DEBUG keystone.server.flask.request_processing.middleware.auth_context [None req-3f10b0a7-6615-428d-b674-8b0748f6dc80 None admin] Validating token access rules against request {{(pid=81887) validate_allowed_request /usr/local/lib/python3.8/dist-packages/keystonemiddleware/auth_token/__init__.py:545}}
Aug 29 19:05:41.289774 n-d-854824-2 devstack@keystone.service[81887]: DEBUG keystone.server.flask.request_processing.middleware.auth_context [None req-54135f6d-c844-408d-b311-3d9d5f84c774 None admin] RBAC: auth_context: {'token': , 'domain_id': None, 'trust_id': None, 'trustor_id': None, 'trustee_id': None, 'domain_name': None, 'group_ids': [], 'user_id': '965d6ed1f74b49d9aea8a13f19c1124d', 'user_domain_id': 'default', 'system_scope': 'all', 'project_id': None, 'project_domain_id': None, 'roles': ['admin', 'member', 'reader'], 'is_admin_project': True, 'service_user_id': None, 'service_user_domain_id': None, 'service_project_id': None, 'service_project_domain_id': None, 'service_roles': []} {{(pid=81887) fill_context /opt/stack/keystone/keystone/server/flask/request_processing/middleware/auth_context.py:478}}
Aug 29 19:05:41.290409 n-d-854824-2 devstack@keystone.service[81887]: DEBUG keystone.server.flask.request_processing.req_logging [None req-54135f6d-c844-408d-b311-3d9d5f84c774 None admin] REQUEST_METHOD: `GET` {{(pid=81887) log_request_info /opt/stack/keystone/keystone/server/flask/request_processing/req_logging.py:27}}
Aug 29 19:05:41.290698 n-d-854824-2 devstack@keystone.service[81887]: DEBUG keystone.server.flask.request_processing.req_logging [None req-54135f6d-c844-408d-b311-3d9d5f84c774 None admin] SCRIPT_NAME: `/identity` {{(pid=81887) log_request_info /opt/stack/keystone/keystone/server/flask/request_processing/req_logging.py:28}}
Aug 29 19:05:41.291396 n-d-854824-2 devstack@keystone.service[81887]: DEBUG keystone.server.flask.request_processing.req_logging [None req-54135f6d-c844-408d-b311-3d9d5f84c774 None admin] PATH_INFO: `/v3/domains/default` {{(pid=81887) log_request_info /opt/stack/keystone/keystone/server/flask/request_processing/req_logging.py:29}}
Aug 29 19:05:41.292846 n-d-854824-2 devstack@keystone.service[81887]: DEBUG keystone.common.rbac_enforcer.enforcer [None req-54135f6d-c844-408d-b311-3d9d5f84c774 None admin] RBAC: Authorizing `identity:get_domain(domain_id=default)` {{(pid=81887) enforce_call /opt/stack/keystone/keystone/common/rbac_enforcer/enforcer.py:449}}
Aug 29 19:05:41.294324 n-d-854824-2 devstack@keystone.service[81887]: DEBUG keystone.common.rbac_enforcer.enforcer [None req-54135f6d-c844-408d-b311-3d9d5f84c774 None admin] RBAC: Authorization granted {{(pid=81887) enforce_call /opt/stack/keystone/keystone/common/rbac_enforcer/enforcer.py:457}}
Aug 29 19:05:41.296067 n-d-854824-2 devstack@keystone.service[81887]: [pid: 81887|app: 0|req: 41/83] 10.222.0.99 () {56 vars in 1108 bytes} [Mon Aug 29 19:05:41 2022] GET /identity/v3/domains/default => generated 199 bytes in 146 msecs (HTTP/1.1 200) 5 headers in 177 bytes (1 switches on core 0)
Aug 29 19:05:41.296698 n-d-854824-2 devstack@keystone.service[81887]: DEBUG keystone.server.flask.request_processing.middleware.auth_context [None req-54135f6d-c844-408d-b311-3d9d5f84c774 None admin] Authenticating user token {{(pid=81887) process_request /usr/local/lib/python3.8/dist-packages/keystonemiddleware/auth_token/__init__.py:407}}
Aug 29 19:05:41.318577 n-d-854824-2 devstack@keystone.service[81888]: [pid: 81888|app: 0|req: 43/84] 10.222.0.99 () {58 vars in 1282 bytes} [Mon Aug 29 19:05:40 2022] GET /identity/v3/auth/tokens => generated 799 bytes in 332 msecs (HTTP/1.1 200) 6 headers in 358 bytes (1 switches on core 0)
Aug 29 19:05:41.319433 n-d-854824-2 devstack@keystone.service[81888]: DEBUG keystone.server.flask.request_processing.middleware.auth_context [None req-415415bb-849c-463a-9342-4434a5c0d6c1 None admin] Authenticating user token {{(pid=81888) process_request /usr/local/lib/python3.8/dist-packages/keystonemiddleware/auth_token/__init__.py:407}}
Aug 29 19:05:41.407775 n-d-854824-2 devstack@keystone.service[81887]: DEBUG keystone.server.flask.request_processing.middleware.auth_context [None req-54135f6d-c844-408d-b311-3d9d5f84c774 None admin] Validating token access rules against request {{(pid=81887) validate_allowed_request /usr/local/lib/python3.8/dist-packages/keystonemiddleware/auth_token/__init__.py:545}}
Aug 29 19:05:41.422427 n-d-854824-2 devstack@keystone.service[81888]: DEBUG keystone.server.flask.request_processing.middleware.auth_context [None req-415415bb-849c-463a-9342-4434a5c0d6c1 None admin] Validating token access rules against request {{(pid=81888) validate_allowed_request /usr/local/lib/python3.8/dist-packages/keystonemiddleware/auth_token/__init__.py:545}}
Aug 29 19:05:41.438721 n-d-854824-2 devstack@keystone.service[81888]: DEBUG dbcounter [-] [81888] Writing DB stats keystone:SELECT=100 {{(pid=81888) stat_writer /usr/local/lib/python3.8/dist-packages/dbcounter.py:114}}
Aug 29 19:05:41.442122 n-d-854824-2 devstack@keystone.service[81887]: DEBUG keystone.server.flask.request_processing.middleware.auth_context [None req-acffb42e-6d59-4682-b840-514a29704ccd None admin] RBAC: auth_context: {'token': , 'domain_id': None, 'trust_id': None, 'trustor_id': None, 'trustee_id': None, 'domain_name': None, 'group_ids': [], 'user_id': '965d6ed1f74b49d9aea8a13f19c1124d', 'user_domain_id': 'default', 'system_scope': 'all', 'project_id': None, 'project_domain_id': None, 'roles': ['admin', 'member', 'reader'], 'is_admin_project': True, 'service_user_id': None, 'service_user_domain_id': None, 'service_project_id': None, 'service_project_domain_id': None, 'service_roles': []} {{(pid=81887) fill_context /opt/stack/keystone/keystone/server/flask/request_processing/middleware/auth_context.py:478}}
Aug 29 19:05:41.442873 n-d-854824-2 devstack@keystone.service[81887]: DEBUG keystone.server.flask.request_processing.req_logging [None req-acffb42e-6d59-4682-b840-514a29704ccd None admin] REQUEST_METHOD: `GET` {{(pid=81887) log_request_info /opt/stack/keystone/keystone/server/flask/request_processing/req_logging.py:27}}
Aug 29 19:05:41.443250 n-d-854824-2 devstack@keystone.service[81887]: DEBUG keystone.server.flask.request_processing.req_logging [None req-acffb42e-6d59-4682-b840-514a29704ccd None admin] SCRIPT_NAME: `/identity` {{(pid=81887) log_request_info /opt/stack/keystone/keystone/server/flask/request_processing/req_logging.py:28}}
Aug 29 19:05:41.443523 n-d-854824-2 devstack@keystone.service[81887]: DEBUG keystone.server.flask.request_processing.req_logging [None req-acffb42e-6d59-4682-b840-514a29704ccd None admin] PATH_INFO: `/v3/auth/tokens` {{(pid=81887) log_request_info /opt/stack/keystone/keystone/server/flask/request_processing/req_logging.py:29}}
