Oct 04 20:42:38.256614 n-d-854823-8 devstack@placement-api.service[107605]: DEBUG placement.objects.research_context [req-f691ade4-1ce9-4367-90e2-1186fddccee7 req-f221a268-e8e9-4a58-8e1d-5c9ec2874c04 service placement] found 2 providers after filtering by previous result {{(pid=107605) get_provider_ids_matching /opt/stack/placement/placement/objects/research_context.py:594}}
Oct 04 20:42:38.268955 n-d-854823-8 devstack@placement-api.service[107605]: DEBUG placement.objects.allocation_candidate [req-f691ade4-1ce9-4367-90e2-1186fddccee7 req-f221a268-e8e9-4a58-8e1d-5c9ec2874c04 service placement] RequestGroup(use_same_provider=False, resources={MEMORY_MB:1024, VCPU:1}, traits=(), aggregates=[]) (suffix '') returned 2 matches {{(pid=107605) _get_by_requests /opt/stack/placement/placement/objects/allocation_candidate.py:156}}
Oct 04 20:42:38.269324 n-d-854823-8 devstack@placement-api.service[107605]: DEBUG placement.objects.allocation_candidate [req-f691ade4-1ce9-4367-90e2-1186fddccee7 req-f221a268-e8e9-4a58-8e1d-5c9ec2874c04 service placement] Merging candidates yields 2 allocation requests and 2 provider summaries {{(pid=107605) _merge_candidates /opt/stack/placement/placement/objects/allocation_candidate.py:809}}
Oct 04 20:42:38.270962 n-d-854823-8 devstack@placement-api.service[107605]: INFO placement.requestlog [req-f691ade4-1ce9-4367-90e2-1186fddccee7 req-f221a268-e8e9-4a58-8e1d-5c9ec2874c04 service placement] 10.222.0.33 "GET /placement/allocation_candidates?limit=1000&resources=MEMORY_MB%3A1024%2CVCPU%3A1&root_required=%21COMPUTE_STATUS_DISABLED" status: 200 len: 1281 microversion: 1.36
Oct 04 20:42:38.271666 n-d-854823-8 devstack@placement-api.service[107605]: [pid: 107605|app: 0|req: 667/1350] 10.222.0.33 () {60 vars in 1478 bytes} [Tue Oct 4 20:42:38 2022] GET /placement/allocation_candidates?limit=1000&resources=MEMORY_MB%3A1024%2CVCPU%3A1&root_required=%21COMPUTE_STATUS_DISABLED => generated 1281 bytes in 76 msecs (HTTP/1.1 200) 8 headers in 297 bytes (1 switches on core 0)
Oct 04 20:42:38.471086 n-d-854823-8 devstack@placement-api.service[107606]: DEBUG placement.requestlog [req-f691ade4-1ce9-4367-90e2-1186fddccee7 req-be3313de-f78f-49bf-b8c0-685ab06a125d None None] Starting request: 10.222.0.33 "GET /placement/allocations/17f61077-3e1c-4d86-b364-b22e4e40b3ca" {{(pid=107606) __call__ /opt/stack/placement/placement/requestlog.py:55}}
Oct 04 20:42:38.487537 n-d-854823-8 devstack@placement-api.service[107606]: INFO placement.requestlog [req-f691ade4-1ce9-4367-90e2-1186fddccee7 req-be3313de-f78f-49bf-b8c0-685ab06a125d service placement] 10.222.0.33 "GET /placement/allocations/17f61077-3e1c-4d86-b364-b22e4e40b3ca" status: 200 len: 19 microversion: 1.28
Oct 04 20:42:38.488255 n-d-854823-8 devstack@placement-api.service[107606]: [pid: 107606|app: 0|req: 684/1351] 10.222.0.33 () {60 vars in 1380 bytes} [Tue Oct 4 20:42:38 2022] GET /placement/allocations/17f61077-3e1c-4d86-b364-b22e4e40b3ca => generated 19 bytes in 17 msecs (HTTP/1.1 200) 8 headers in 295 bytes (1 switches on core 0)
Oct 04 20:42:38.495225 n-d-854823-8 devstack@placement-api.service[107605]: DEBUG placement.requestlog [req-f691ade4-1ce9-4367-90e2-1186fddccee7 req-e7d15fc0-3d9f-4994-99c9-55a0c5137521 None None] Starting request: 10.222.0.33 "PUT /placement/allocations/17f61077-3e1c-4d86-b364-b22e4e40b3ca" {{(pid=107605) __call__ /opt/stack/placement/placement/requestlog.py:55}}
Oct 04 20:42:38.566324 n-d-854823-8 devstack@placement-api.service[107605]: DEBUG placement.handlers.allocation [req-f691ade4-1ce9-4367-90e2-1186fddccee7 req-e7d15fc0-3d9f-4994-99c9-55a0c5137521 service placement] Successfully wrote allocations [, ] {{(pid=107605) _update_consumers_and_create_allocations /opt/stack/placement/placement/handlers/allocation.py:462}}
Oct 04 20:42:38.571715 n-d-854823-8 devstack@placement-api.service[107605]: INFO placement.requestlog [req-f691ade4-1ce9-4367-90e2-1186fddccee7 req-e7d15fc0-3d9f-4994-99c9-55a0c5137521 service placement] 10.222.0.33 "PUT /placement/allocations/17f61077-3e1c-4d86-b364-b22e4e40b3ca" status: 204 len: 0 microversion: 1.36
Oct 04 20:42:38.572641 n-d-854823-8 devstack@placement-api.service[107605]: [pid: 107605|app: 0|req: 668/1352] 10.222.0.33 () {64 vars in 1433 bytes} [Tue Oct 4 20:42:38 2022] PUT /placement/allocations/17f61077-3e1c-4d86-b364-b22e4e40b3ca => generated 0 bytes in 78 msecs (HTTP/1.1 204) 5 headers in 199 bytes (1 switches on core 0)
Oct 04 20:42:39.149318 n-d-854823-8 devstack@placement-api.service[107606]: DEBUG placement.requestlog [req-f691ade4-1ce9-4367-90e2-1186fddccee7 req-1e6d404f-0eef-40d5-9040-94a49d918c85 None None] Starting request: 10.222.0.16 "GET /placement/allocations/17f61077-3e1c-4d86-b364-b22e4e40b3ca" {{(pid=107606) __call__ /opt/stack/placement/placement/requestlog.py:55}}
Oct 04 20:42:39.197069 n-d-854823-8 devstack@placement-api.service[107606]: INFO placement.requestlog [req-f691ade4-1ce9-4367-90e2-1186fddccee7 req-1e6d404f-0eef-40d5-9040-94a49d918c85 service placement] 10.222.0.16 "GET /placement/allocations/17f61077-3e1c-4d86-b364-b22e4e40b3ca" status: 200 len: 245 microversion: 1.28
Oct 04 20:42:39.198981 n-d-854823-8 devstack@placement-api.service[107606]: [pid: 107606|app: 0|req: 685/1353] 10.222.0.16 () {60 vars in 1377 bytes} [Tue Oct 4 20:42:39 2022] GET /placement/allocations/17f61077-3e1c-4d86-b364-b22e4e40b3ca => generated 245 bytes in 50 msecs (HTTP/1.1 200) 8 headers in 296 bytes (1 switches on core 0)
Oct 04 20:42:39.502592 n-d-854823-8 devstack@placement-api.service[107605]: DEBUG placement.requestlog [req-f691ade4-1ce9-4367-90e2-1186fddccee7 req-6460ad4f-e56d-4d79-8458-636c1a38278d None None] Starting request: 10.222.0.16 "GET /placement/resource_providers/8de326d3-3deb-471b-911d-3b44a5306325/allocations" {{(pid=107605) __call__ /opt/stack/placement/placement/requestlog.py:55}}
Oct 04 20:42:39.561281 n-d-854823-8 devstack@placement-api.service[107605]: INFO placement.requestlog [req-f691ade4-1ce9-4367-90e2-1186fddccee7 req-6460ad4f-e56d-4d79-8458-636c1a38278d service placement] 10.222.0.16 "GET /placement/resource_providers/8de326d3-3deb-471b-911d-3b44a5306325/allocations" status: 200 len: 530 microversion: 1.0
Oct 04 20:42:39.563142 n-d-854823-8 devstack@placement-api.service[107605]: [pid: 107605|app: 0|req: 669/1354] 10.222.0.16 () {58 vars in 1390 bytes} [Tue Oct 4 20:42:39 2022] GET /placement/resource_providers/8de326d3-3deb-471b-911d-3b44a5306325/allocations => generated 530 bytes in 61 msecs (HTTP/1.1 200) 6 headers in 224 bytes (1 switches on core 0)
Oct 04 20:42:39.597133 n-d-854823-8 devstack@placement-api.service[107606]: DEBUG placement.requestlog [req-f691ade4-1ce9-4367-90e2-1186fddccee7 req-ac6b8191-eeb9-4b63-afec-195c445c43df None None] Starting request: 10.222.0.16 "GET /placement/allocations/f33c0e5c-fe2c-4379-b50a-08eb17062b91" {{(pid=107606) __call__ /opt/stack/placement/placement/requestlog.py:55}}
Oct 04 20:42:39.662989 n-d-854823-8 devstack@placement-api.service[107606]: INFO placement.requestlog [req-f691ade4-1ce9-4367-90e2-1186fddccee7 req-ac6b8191-eeb9-4b63-afec-195c445c43df service placement] 10.222.0.16 "GET /placement/allocations/f33c0e5c-fe2c-4379-b50a-08eb17062b91" status: 200 len: 259 microversion: 1.28
Oct 04 20:42:39.663833 n-d-854823-8 devstack@placement-api.service[107606]: [pid: 107606|app: 0|req: 686/1355] 10.222.0.16 () {60 vars in 1377 bytes} [Tue Oct 4 20:42:39 2022] GET /placement/allocations/f33c0e5c-fe2c-4379-b50a-08eb17062b91 => generated 259 bytes in 73 msecs (HTTP/1.1 200) 8 headers in 296 bytes (1 switches on core 0)
Oct 04 20:42:39.684677 n-d-854823-8 devstack@placement-api.service[107605]: DEBUG placement.requestlog [req-f691ade4-1ce9-4367-90e2-1186fddccee7 req-af3017b0-a763-4ae4-8309-7d55a436c78d None None] Starting request: 10.222.0.16 "GET /placement/allocations/17f61077-3e1c-4d86-b364-b22e4e40b3ca" {{(pid=107605) __call__ /opt/stack/placement/placement/requestlog.py:55}}
Oct 04 20:42:39.742323 n-d-854823-8 devstack@placement-api.service[107605]: INFO placement.requestlog [req-f691ade4-1ce9-4367-90e2-1186fddccee7 req-af3017b0-a763-4ae4-8309-7d55a436c78d service placement] 10.222.0.16 "GET /placement/allocations/17f61077-3e1c-4d86-b364-b22e4e40b3ca" status: 200 len: 245 microversion: 1.28
Oct 04 20:42:39.742977 n-d-854823-8 devstack@placement-api.service[107605]: [pid: 107605|app: 0|req: 670/1356] 10.222.0.16 () {60 vars in 1377 bytes} [Tue Oct 4 20:42:39 2022] GET /placement/allocations/17f61077-3e1c-4d86-b364-b22e4e40b3ca => generated 245 bytes in 59 msecs (HTTP/1.1 200) 8 headers in 296 bytes (1 switches on core 0)
Oct 04 20:42:39.756966 n-d-854823-8 devstack@placement-api.service[107606]: DEBUG placement.requestlog [req-f691ade4-1ce9-4367-90e2-1186fddccee7 req-beed29d2-f51a-4280-a03f-c2e88f5239d5 None None] Starting request: 10.222.0.16 "GET /placement/allocations/6e45d1ad-4adf-4a5a-86d4-5bca91a5cdae" {{(pid=107606) __call__ /opt/stack/placement/placement/requestlog.py:55}}
Oct 04 20:42:39.811346 n-d-854823-8 devstack@placement-api.service[107606]: INFO placement.requestlog [req-f691ade4-1ce9-4367-90e2-1186fddccee7 req-beed29d2-f51a-4280-a03f-c2e88f5239d5 service placement] 10.222.0.16 "GET /placement/allocations/6e45d1ad-4adf-4a5a-86d4-5bca91a5cdae" status: 200 len: 245 microversion: 1.28
Oct 04 20:42:39.812169 n-d-854823-8 devstack@placement-api.service[107606]: [pid: 107606|app: 0|req: 687/1357] 10.222.0.16 () {60 vars in 1377 bytes} [Tue Oct 4 20:42:39 2022] GET /placement/allocations/6e45d1ad-4adf-4a5a-86d4-5bca91a5cdae => generated 245 bytes in 55 msecs (HTTP/1.1 200) 8 headers in 296 bytes (1 switches on core 0)
Oct 04 20:42:39.831939 n-d-854823-8 devstack@placement-api.service[107605]: DEBUG placement.requestlog [req-f691ade4-1ce9-4367-90e2-1186fddccee7 req-d92c7fcb-0296-4790-b531-5bd6dad5062e None None] Starting request: 10.222.0.16 "GET /placement/allocations/81748c83-b703-4c68-899c-c575cc3340d2" {{(pid=107605) __call__ /opt/stack/placement/placement/requestlog.py:55}}
Oct 04 20:42:39.880860 n-d-854823-8 devstack@placement-api.service[107605]: INFO placement.requestlog [req-f691ade4-1ce9-4367-90e2-1186fddccee7 req-d92c7fcb-0296-4790-b531-5bd6dad5062e service placement] 10.222.0.16 "GET /placement/allocations/81748c83-b703-4c68-899c-c575cc3340d2" status: 200 len: 259 microversion: 1.28
Oct 04 20:42:39.881821 n-d-854823-8 devstack@placement-api.service[107605]: [pid: 107605|app: 0|req: 671/1358] 10.222.0.16 () {60 vars in 1377 bytes} [Tue Oct 4 20:42:39 2022] GET /placement/allocations/81748c83-b703-4c68-899c-c575cc3340d2 => generated 259 bytes in 51 msecs (HTTP/1.1 200) 8 headers in 296 bytes (1 switches on core 0)
Oct 04 20:42:39.919186 n-d-854823-8 devstack@placement-api.service[107606]: DEBUG placement.requestlog [req-f691ade4-1ce9-4367-90e2-1186fddccee7 req-e93ef7ba-9201-42be-bb20-e86f5a00fcec None None] Starting request: 10.222.0.16 "GET /placement/allocations/251a34fb-f406-415f-8a45-d80feb48581d" {{(pid=107606) __call__ /opt/stack/placement/placement/requestlog.py:55}}
Oct 04 20:42:39.972301 n-d-854823-8 devstack@placement-api.service[107606]: INFO placement.requestlog [req-f691ade4-1ce9-4367-90e2-1186fddccee7 req-e93ef7ba-9201-42be-bb20-e86f5a00fcec service placement] 10.222.0.16 "GET /placement/allocations/251a34fb-f406-415f-8a45-d80feb48581d" status: 200 len: 259 microversion: 1.28
Oct 04 20:42:39.972680 n-d-854823-8 devstack@placement-api.service[107606]: [pid: 107606|app: 0|req: 688/1359] 10.222.0.16 () {60 vars in 1377 bytes} [Tue Oct 4 20:42:39 2022] GET /placement/allocations/251a34fb-f406-415f-8a45-d80feb48581d => generated 259 bytes in 54 msecs (HTTP/1.1 200) 8 headers in 296 bytes (1 switches on core 0)
Oct 04 20:42:46.481354 n-d-854823-8 devstack@placement-api.service[107605]: DEBUG placement.requestlog [req-9d538c54-78cb-485d-8d5e-0851b743b627 req-47014d9f-ab01-4d4d-a4c9-2f3cdc806af8 None None] Starting request: 10.222.0.33 "GET /placement/allocation_candidates?limit=1000&resources=DISK_GB%3A1%2CMEMORY_MB%3A1024%2CVCPU%3A1&root_required=%21COMPUTE_STATUS_DISABLED" {{(pid=107605) __call__ /opt/stack/placement/placement/requestlog.py:55}}
Oct 04 20:42:46.633075 n-d-854823-8 devstack@placement-api.service[107605]: DEBUG placement.objects.research_context [req-9d538c54-78cb-485d-8d5e-0851b743b627 req-47014d9f-ab01-4d4d-a4c9-2f3cdc806af8 service placement] getting providers with 1 DISK_GB {{(pid=107605) __init__ /opt/stack/placement/placement/objects/research_context.py:136}}
Oct 04 20:42:46.652897 n-d-854823-8 devstack@placement-api.service[107605]: DEBUG placement.objects.research_context [req-9d538c54-78cb-485d-8d5e-0851b743b627 req-47014d9f-ab01-4d4d-a4c9-2f3cdc806af8 service placement] getting providers with 1024 MEMORY_MB {{(pid=107605) __init__ /opt/stack/placement/placement/objects/research_context.py:136}}
Oct 04 20:42:46.664636 n-d-854823-8 devstack@placement-api.service[107605]: DEBUG placement.objects.research_context [req-9d538c54-78cb-485d-8d5e-0851b743b627 req-47014d9f-ab01-4d4d-a4c9-2f3cdc806af8 service placement] getting providers with 1 VCPU {{(pid=107605) __init__ /opt/stack/placement/placement/objects/research_context.py:136}}
Oct 04 20:42:46.681311 n-d-854823-8 devstack@placement-api.service[107605]: DEBUG placement.objects.research_context [req-9d538c54-78cb-485d-8d5e-0851b743b627 req-47014d9f-ab01-4d4d-a4c9-2f3cdc806af8 service placement] found 2 providers with available 1 DISK_GB {{(pid=107605) get_provider_ids_matching /opt/stack/placement/placement/objects/research_context.py:563}}
Oct 04 20:42:46.681913 n-d-854823-8 devstack@placement-api.service[107605]: DEBUG placement.objects.research_context [req-9d538c54-78cb-485d-8d5e-0851b743b627 req-47014d9f-ab01-4d4d-a4c9-2f3cdc806af8 service placement] found 2 providers with available 1024 MEMORY_MB {{(pid=107605) get_provider_ids_matching /opt/stack/placement/placement/objects/research_context.py:563}}
Oct 04 20:42:46.682603 n-d-854823-8 devstack@placement-api.service[107605]: DEBUG placement.objects.research_context [req-9d538c54-78cb-485d-8d5e-0851b743b627 req-47014d9f-ab01-4d4d-a4c9-2f3cdc806af8 service placement] found 2 providers after filtering by previous result {{(pid=107605) get_provider_ids_matching /opt/stack/placement/placement/objects/research_context.py:594}}
Oct 04 20:42:46.683064 n-d-854823-8 devstack@placement-api.service[107605]: DEBUG placement.objects.research_context [req-9d538c54-78cb-485d-8d5e-0851b743b627 req-47014d9f-ab01-4d4d-a4c9-2f3cdc806af8 service placement] found 2 providers with available 1 VCPU {{(pid=107605) get_provider_ids_matching /opt/stack/placement/placement/objects/research_context.py:563}}
Oct 04 20:42:46.683521 n-d-854823-8 devstack@placement-api.service[107605]: DEBUG placement.objects.research_context [req-9d538c54-78cb-485d-8d5e-0851b743b627 req-47014d9f-ab01-4d4d-a4c9-2f3cdc806af8 service placement] found 2 providers after filtering by previous result {{(pid=107605) get_provider_ids_matching /opt/stack/placement/placement/objects/research_context.py:594}}
Oct 04 20:42:46.733233 n-d-854823-8 devstack@placement-api.service[107605]: DEBUG placement.objects.allocation_candidate [req-9d538c54-78cb-485d-8d5e-0851b743b627 req-47014d9f-ab01-4d4d-a4c9-2f3cdc806af8 service placement] RequestGroup(use_same_provider=False, resources={DISK_GB:1, MEMORY_MB:1024, VCPU:1}, traits=(), aggregates=[]) (suffix '') returned 2 matches {{(pid=107605) _get_by_requests /opt/stack/placement/placement/objects/allocation_candidate.py:156}}
Oct 04 20:42:46.733694 n-d-854823-8 devstack@placement-api.service[107605]: DEBUG placement.objects.allocation_candidate [req-9d538c54-78cb-485d-8d5e-0851b743b627 req-47014d9f-ab01-4d4d-a4c9-2f3cdc806af8 service placement] Merging candidates yields 2 allocation requests and 2 provider summaries {{(pid=107605) _merge_candidates /opt/stack/placement/placement/objects/allocation_candidate.py:809}}
Oct 04 20:42:46.736524 n-d-854823-8 devstack@placement-api.service[107605]: INFO placement.requestlog [req-9d538c54-78cb-485d-8d5e-0851b743b627 req-47014d9f-ab01-4d4d-a4c9-2f3cdc806af8 service placement] 10.222.0.33 "GET /placement/allocation_candidates?limit=1000&resources=DISK_GB%3A1%2CMEMORY_MB%3A1024%2CVCPU%3A1&root_required=%21COMPUTE_STATUS_DISABLED" status: 200 len: 1309 microversion: 1.36
Oct 04 20:42:46.742477 n-d-854823-8 devstack@placement-api.service[107605]: [pid: 107605|app: 0|req: 672/1360] 10.222.0.33 () {60 vars in 1506 bytes} [Tue Oct 4 20:42:46 2022] GET /placement/allocation_candidates?limit=1000&resources=DISK_GB%3A1%2CMEMORY_MB%3A1024%2CVCPU%3A1&root_required=%21COMPUTE_STATUS_DISABLED => generated 1309 bytes in 262 msecs (HTTP/1.1 200) 8 headers in 297 bytes (1 switches on core 0)
Oct 04 20:42:46.901034 n-d-854823-8 devstack@placement-api.service[107606]: DEBUG placement.requestlog [req-9d538c54-78cb-485d-8d5e-0851b743b627 req-e5ecae2d-bf67-4fc0-ab90-3ac7f7032701 None None] Starting request: 10.222.0.33 "GET /placement/allocations/659f073c-b8c2-48d3-8c09-fef755291460" {{(pid=107606) __call__ /opt/stack/placement/placement/requestlog.py:55}}
Oct 04 20:42:46.927109 n-d-854823-8 devstack@placement-api.service[107606]: INFO placement.requestlog [req-9d538c54-78cb-485d-8d5e-0851b743b627 req-e5ecae2d-bf67-4fc0-ab90-3ac7f7032701 service placement] 10.222.0.33 "GET /placement/allocations/659f073c-b8c2-48d3-8c09-fef755291460" status: 200 len: 19 microversion: 1.28
Oct 04 20:42:46.928757 n-d-854823-8 devstack@placement-api.service[107606]: [pid: 107606|app: 0|req: 689/1361] 10.222.0.33 () {60 vars in 1380 bytes} [Tue Oct 4 20:42:46 2022] GET /placement/allocations/659f073c-b8c2-48d3-8c09-fef755291460 => generated 19 bytes in 28 msecs (HTTP/1.1 200) 8 headers in 295 bytes (1 switches on core 0)
Oct 04 20:42:46.937034 n-d-854823-8 devstack@placement-api.service[107605]: DEBUG placement.requestlog [req-9d538c54-78cb-485d-8d5e-0851b743b627 req-8d0f1bfa-2824-41e3-9270-be067c7cb480 None None] Starting request: 10.222.0.33 "PUT /placement/allocations/659f073c-b8c2-48d3-8c09-fef755291460" {{(pid=107605) __call__ /opt/stack/placement/placement/requestlog.py:55}}
Oct 04 20:42:47.219390 n-d-854823-8 devstack@placement-api.service[107605]: DEBUG dbcounter [-] [107605] Writing DB stats placement:SELECT=83,placement:INSERT=9,placement:DELETE=4,placement:UPDATE=4 {{(pid=107605) stat_writer /usr/local/lib/python3.8/dist-packages/dbcounter.py:114}}
Oct 04 20:42:47.224857 n-d-854823-8 devstack@placement-api.service[107605]: DEBUG placement.handlers.allocation [req-9d538c54-78cb-485d-8d5e-0851b743b627 req-8d0f1bfa-2824-41e3-9270-be067c7cb480 service placement] Successfully wrote allocations [, , ] {{(pid=107605) _update_consumers_and_create_allocations /opt/stack/placement/placement/handlers/allocation.py:462}}
Oct 04 20:42:47.234074 n-d-854823-8 devstack@placement-api.service[107605]: INFO placement.requestlog [req-9d538c54-78cb-485d-8d5e-0851b743b627 req-8d0f1bfa-2824-41e3-9270-be067c7cb480 service placement] 10.222.0.33 "PUT /placement/allocations/659f073c-b8c2-48d3-8c09-fef755291460" status: 204 len: 0 microversion: 1.36
Oct 04 20:42:47.234494 n-d-854823-8 devstack@placement-api.service[107605]: [pid: 107605|app: 0|req: 673/1362] 10.222.0.33 () {64 vars in 1433 bytes} [Tue Oct 4 20:42:46 2022] PUT /placement/allocations/659f073c-b8c2-48d3-8c09-fef755291460 => generated 0 bytes in 298 msecs (HTTP/1.1 204) 5 headers in 199 bytes (1 switches on core 0)
Oct 04 20:42:47.457517 n-d-854823-8 devstack@placement-api.service[107606]: DEBUG placement.requestlog [req-76978fe5-a94f-451b-b04d-d2f1383bb388 req-25401c33-62cb-4a5a-b6b8-b35c77e5693f None None] Starting request: 10.222.0.16 "GET /placement/resource_providers/8de326d3-3deb-471b-911d-3b44a5306325/allocations" {{(pid=107606) __call__ /opt/stack/placement/placement/requestlog.py:55}}
Oct 04 20:42:47.485131 n-d-854823-8 devstack@placement-api.service[107606]: INFO placement.requestlog [req-76978fe5-a94f-451b-b04d-d2f1383bb388 req-25401c33-62cb-4a5a-b6b8-b35c77e5693f service placement] 10.222.0.16 "GET /placement/resource_providers/8de326d3-3deb-471b-911d-3b44a5306325/allocations" status: 200 len: 530 microversion: 1.0
Oct 04 20:42:47.486004 n-d-854823-8 devstack@placement-api.service[107606]: [pid: 107606|app: 0|req: 690/1363] 10.222.0.16 () {58 vars in 1390 bytes} [Tue Oct 4 20:42:47 2022] GET /placement/resource_providers/8de326d3-3deb-471b-911d-3b44a5306325/allocations => generated 530 bytes in 29 msecs (HTTP/1.1 200) 6 headers in 224 bytes (1 switches on core 0)
Oct 04 20:42:47.567150 n-d-854823-8 devstack@placement-api.service[107605]: DEBUG placement.requestlog [req-76978fe5-a94f-451b-b04d-d2f1383bb388 req-eac71b9c-2589-49da-bc3a-9b0fc877fb3c None None] Starting request: 10.222.0.16 "GET /placement/resource_providers/8de326d3-3deb-471b-911d-3b44a5306325/allocations" {{(pid=107605) __call__ /opt/stack/placement/placement/requestlog.py:55}}
Oct 04 20:42:47.595843 n-d-854823-8 devstack@placement-api.service[107605]: INFO placement.requestlog [req-76978fe5-a94f-451b-b04d-d2f1383bb388 req-eac71b9c-2589-49da-bc3a-9b0fc877fb3c service placement] 10.222.0.16 "GET /placement/resource_providers/8de326d3-3deb-471b-911d-3b44a5306325/allocations" status: 200 len: 530 microversion: 1.0
Oct 04 20:42:47.596766 n-d-854823-8 devstack@placement-api.service[107605]: [pid: 107605|app: 0|req: 674/1364] 10.222.0.16 () {58 vars in 1390 bytes} [Tue Oct 4 20:42:47 2022] GET /placement/resource_providers/8de326d3-3deb-471b-911d-3b44a5306325/allocations => generated 530 bytes in 31 msecs (HTTP/1.1 200) 6 headers in 224 bytes (1 switches on core 0)
Oct 04 20:42:47.623239 n-d-854823-8 devstack@placement-api.service[107606]: DEBUG placement.requestlog [req-76978fe5-a94f-451b-b04d-d2f1383bb388 req-bf95b4c2-1cba-4e9b-94db-3f1c531b8756 None None] Starting request: 10.222.0.16 "GET /placement/allocations/f33c0e5c-fe2c-4379-b50a-08eb17062b91" {{(pid=107606) __call__ /opt/stack/placement/placement/requestlog.py:55}}
Oct 04 20:42:47.666605 n-d-854823-8 devstack@placement-api.service[107606]: INFO placement.requestlog [req-76978fe5-a94f-451b-b04d-d2f1383bb388 req-bf95b4c2-1cba-4e9b-94db-3f1c531b8756 service placement] 10.222.0.16 "GET /placement/allocations/f33c0e5c-fe2c-4379-b50a-08eb17062b91" status: 200 len: 259 microversion: 1.28
Oct 04 20:42:47.667468 n-d-854823-8 devstack@placement-api.service[107606]: [pid: 107606|app: 0|req: 691/1365] 10.222.0.16 () {60 vars in 1377 bytes} [Tue Oct 4 20:42:47 2022] GET /placement/allocations/f33c0e5c-fe2c-4379-b50a-08eb17062b91 => generated 259 bytes in 46 msecs (HTTP/1.1 200) 8 headers in 296 bytes (1 switches on core 0)
Oct 04 20:42:47.691623 n-d-854823-8 devstack@placement-api.service[107605]: DEBUG placement.requestlog [req-76978fe5-a94f-451b-b04d-d2f1383bb388 req-a3e55113-d09a-48b6-a926-21128f381934 None None] Starting request: 10.222.0.16 "GET /placement/allocations/17f61077-3e1c-4d86-b364-b22e4e40b3ca" {{(pid=107605) __call__ /opt/stack/placement/placement/requestlog.py:55}}
Oct 04 20:42:47.712697 n-d-854823-8 devstack@placement-api.service[107605]: INFO placement.requestlog [req-76978fe5-a94f-451b-b04d-d2f1383bb388 req-a3e55113-d09a-48b6-a926-21128f381934 service placement] 10.222.0.16 "GET /placement/allocations/17f61077-3e1c-4d86-b364-b22e4e40b3ca" status: 200 len: 245 microversion: 1.28
Oct 04 20:42:47.714210 n-d-854823-8 devstack@placement-api.service[107605]: [pid: 107605|app: 0|req: 675/1366] 10.222.0.16 () {60 vars in 1377 bytes} [Tue Oct 4 20:42:47 2022] GET /placement/allocations/17f61077-3e1c-4d86-b364-b22e4e40b3ca => generated 245 bytes in 23 msecs (HTTP/1.1 200) 8 headers in 296 bytes (1 switches on core 0)
Oct 04 20:42:47.715890 n-d-854823-8 devstack@placement-api.service[107606]: DEBUG placement.requestlog [req-9d538c54-78cb-485d-8d5e-0851b743b627 req-594e80bb-9682-4673-9678-ed819e101cd6 None None] Starting request: 10.222.0.23 "GET /placement/allocations/659f073c-b8c2-48d3-8c09-fef755291460" {{(pid=107606) __call__ /opt/stack/placement/placement/requestlog.py:55}}
Oct 04 20:42:47.727773 n-d-854823-8 devstack@placement-api.service[107605]: DEBUG placement.requestlog [req-76978fe5-a94f-451b-b04d-d2f1383bb388 req-138a1023-33f1-427c-84c7-9984a67d28ef None None] Starting request: 10.222.0.16 "GET /placement/allocations/6e45d1ad-4adf-4a5a-86d4-5bca91a5cdae" {{(pid=107605) __call__ /opt/stack/placement/placement/requestlog.py:55}}
Oct 04 20:42:47.743996 n-d-854823-8 devstack@placement-api.service[107606]: INFO placement.requestlog [req-9d538c54-78cb-485d-8d5e-0851b743b627 req-594e80bb-9682-4673-9678-ed819e101cd6 service placement] 10.222.0.23 "GET /placement/allocations/659f073c-b8c2-48d3-8c09-fef755291460" status: 200 len: 259 microversion: 1.28
Oct 04 20:42:47.744725 n-d-854823-8 devstack@placement-api.service[107606]: [pid: 107606|app: 0|req: 692/1367] 10.222.0.23 () {60 vars in 1377 bytes} [Tue Oct 4 20:42:47 2022] GET /placement/allocations/659f073c-b8c2-48d3-8c09-fef755291460 => generated 259 bytes in 29 msecs (HTTP/1.1 200) 8 headers in 296 bytes (2 switches on core 0)
Oct 04 20:42:47.755754 n-d-854823-8 devstack@placement-api.service[107605]: INFO placement.requestlog [req-76978fe5-a94f-451b-b04d-d2f1383bb388 req-138a1023-33f1-427c-84c7-9984a67d28ef service placement] 10.222.0.16 "GET /placement/allocations/6e45d1ad-4adf-4a5a-86d4-5bca91a5cdae" status: 200 len: 245 microversion: 1.28
Oct 04 20:42:47.756656 n-d-854823-8 devstack@placement-api.service[107605]: [pid: 107605|app: 0|req: 676/1368] 10.222.0.16 () {60 vars in 1377 bytes} [Tue Oct 4 20:42:47 2022] GET /placement/allocations/6e45d1ad-4adf-4a5a-86d4-5bca91a5cdae => generated 245 bytes in 30 msecs (HTTP/1.1 200) 8 headers in 296 bytes (1 switches on core 0)
Oct 04 20:42:47.771577 n-d-854823-8 devstack@placement-api.service[107606]: DEBUG placement.requestlog [req-76978fe5-a94f-451b-b04d-d2f1383bb388 req-44aa5d4b-9688-4885-b1dc-0cfdfddeab8e None None] Starting request: 10.222.0.16 "GET /placement/allocations/81748c83-b703-4c68-899c-c575cc3340d2" {{(pid=107606) __call__ /opt/stack/placement/placement/requestlog.py:55}}
Oct 04 20:42:47.799464 n-d-854823-8 devstack@placement-api.service[107606]: INFO placement.requestlog [req-76978fe5-a94f-451b-b04d-d2f1383bb388 req-44aa5d4b-9688-4885-b1dc-0cfdfddeab8e service placement] 10.222.0.16 "GET /placement/allocations/81748c83-b703-4c68-899c-c575cc3340d2" status: 200 len: 259 microversion: 1.28
Oct 04 20:42:47.800343 n-d-854823-8 devstack@placement-api.service[107606]: [pid: 107606|app: 0|req: 693/1369] 10.222.0.16 () {60 vars in 1377 bytes} [Tue Oct 4 20:42:47 2022] GET /placement/allocations/81748c83-b703-4c68-899c-c575cc3340d2 => generated 259 bytes in 29 msecs (HTTP/1.1 200) 8 headers in 296 bytes (1 switches on core 0)
Oct 04 20:42:47.809006 n-d-854823-8 devstack@placement-api.service[107605]: DEBUG placement.requestlog [req-76978fe5-a94f-451b-b04d-d2f1383bb388 req-032893a3-7759-4118-a807-c3c92c56ef2f None None] Starting request: 10.222.0.16 "GET /placement/allocations/251a34fb-f406-415f-8a45-d80feb48581d" {{(pid=107605) __call__ /opt/stack/placement/placement/requestlog.py:55}}
Oct 04 20:42:47.839191 n-d-854823-8 devstack@placement-api.service[107605]: INFO placement.requestlog [req-76978fe5-a94f-451b-b04d-d2f1383bb388 req-032893a3-7759-4118-a807-c3c92c56ef2f service placement] 10.222.0.16 "GET /placement/allocations/251a34fb-f406-415f-8a45-d80feb48581d" status: 200 len: 259 microversion: 1.28
Oct 04 20:42:47.839859 n-d-854823-8 devstack@placement-api.service[107605]: [pid: 107605|app: 0|req: 677/1370] 10.222.0.16 () {60 vars in 1377 bytes} [Tue Oct 4 20:42:47 2022] GET /placement/allocations/251a34fb-f406-415f-8a45-d80feb48581d => generated 259 bytes in 31 msecs (HTTP/1.1 200) 8 headers in 296 bytes (1 switches on core 0)
Oct 04 20:42:47.893417 n-d-854823-8 devstack@placement-api.service[107606]: DEBUG placement.requestlog [req-1aef5e99-10c5-4f7e-87d4-6325427fb86a req-4d9d6618-5b62-4632-a694-eecba8b6fcb3 None None] Starting request: 10.222.0.33 "GET /placement/allocation_candidates?limit=1000&resources=MEMORY_MB%3A1024%2CVCPU%3A1&root_required=%21COMPUTE_STATUS_DISABLED" {{(pid=107606) __call__ /opt/stack/placement/placement/requestlog.py:55}}
Oct 04 20:42:47.937447 n-d-854823-8 devstack@placement-api.service[107605]: DEBUG placement.requestlog [req-9d538c54-78cb-485d-8d5e-0851b743b627 req-b277172b-3d8d-472a-9682-08d5a262e61f None None] Starting request: 10.222.0.23 "GET /placement/resource_providers/f4b3ff22-7cf0-4921-ac4e-a105d144c603/allocations" {{(pid=107605) __call__ /opt/stack/placement/placement/requestlog.py:55}}
Oct 04 20:42:47.974135 n-d-854823-8 devstack@placement-api.service[107605]: INFO placement.requestlog [req-9d538c54-78cb-485d-8d5e-0851b743b627 req-b277172b-3d8d-472a-9682-08d5a262e61f service placement] 10.222.0.23 "GET /placement/resource_providers/f4b3ff22-7cf0-4921-ac4e-a105d144c603/allocations" status: 200 len: 746 microversion: 1.0
Oct 04 20:42:47.976006 n-d-854823-8 devstack@placement-api.service[107606]: DEBUG placement.objects.research_context [req-1aef5e99-10c5-4f7e-87d4-6325427fb86a req-4d9d6618-5b62-4632-a694-eecba8b6fcb3 service placement] getting providers with 1024 MEMORY_MB {{(pid=107606) __init__ /opt/stack/placement/placement/objects/research_context.py:136}}
Oct 04 20:42:47.978101 n-d-854823-8 devstack@placement-api.service[107605]: [pid: 107605|app: 0|req: 678/1371] 10.222.0.23 () {58 vars in 1390 bytes} [Tue Oct 4 20:42:47 2022] GET /placement/resource_providers/f4b3ff22-7cf0-4921-ac4e-a105d144c603/allocations => generated 746 bytes in 41 msecs (HTTP/1.1 200) 6 headers in 224 bytes (1 switches on core 0)
Oct 04 20:42:47.985307 n-d-854823-8 devstack@placement-api.service[107605]: DEBUG placement.requestlog [req-9d538c54-78cb-485d-8d5e-0851b743b627 req-86da008c-a5a3-47f1-8ab3-d52f2820fb53 None None] Starting request: 10.222.0.23 "GET /placement/allocations/8f1e4990-6f32-426c-bdea-ce2007c37a6f" {{(pid=107605) __call__ /opt/stack/placement/placement/requestlog.py:55}}
Oct 04 20:42:47.992579 n-d-854823-8 devstack@placement-api.service[107606]: DEBUG placement.objects.research_context [req-1aef5e99-10c5-4f7e-87d4-6325427fb86a req-4d9d6618-5b62-4632-a694-eecba8b6fcb3 service placement] getting providers with 1 VCPU {{(pid=107606) __init__ /opt/stack/placement/placement/objects/research_context.py:136}}
Oct 04 20:42:48.006937 n-d-854823-8 devstack@placement-api.service[107606]: DEBUG placement.objects.research_context [req-1aef5e99-10c5-4f7e-87d4-6325427fb86a req-4d9d6618-5b62-4632-a694-eecba8b6fcb3 service placement] found 2 providers with available 1024 MEMORY_MB {{(pid=107606) get_provider_ids_matching /opt/stack/placement/placement/objects/research_context.py:563}}
Oct 04 20:42:48.008212 n-d-854823-8 devstack@placement-api.service[107606]: DEBUG placement.objects.research_context [req-1aef5e99-10c5-4f7e-87d4-6325427fb86a req-4d9d6618-5b62-4632-a694-eecba8b6fcb3 service placement] found 2 providers with available 1 VCPU {{(pid=107606) get_provider_ids_matching /opt/stack/placement/placement/objects/research_context.py:563}}
Oct 04 20:42:48.009115 n-d-854823-8 devstack@placement-api.service[107606]: DEBUG placement.objects.research_context [req-1aef5e99-10c5-4f7e-87d4-6325427fb86a req-4d9d6618-5b62-4632-a694-eecba8b6fcb3 service placement] found 2 providers after filtering by previous result {{(pid=107606) get_provider_ids_matching /opt/stack/placement/placement/objects/research_context.py:594}}
Oct 04 20:42:48.012002 n-d-854823-8 devstack@placement-api.service[107605]: INFO placement.requestlog [req-9d538c54-78cb-485d-8d5e-0851b743b627 req-86da008c-a5a3-47f1-8ab3-d52f2820fb53 service placement] 10.222.0.23 "GET /placement/allocations/8f1e4990-6f32-426c-bdea-ce2007c37a6f" status: 200 len: 245 microversion: 1.28
Oct 04 20:42:48.013129 n-d-854823-8 devstack@placement-api.service[107605]: [pid: 107605|app: 0|req: 679/1372] 10.222.0.23 () {60 vars in 1377 bytes} [Tue Oct 4 20:42:47 2022] GET /placement/allocations/8f1e4990-6f32-426c-bdea-ce2007c37a6f => generated 245 bytes in 28 msecs (HTTP/1.1 200) 8 headers in 296 bytes (2 switches on core 0)
Oct 04 20:42:48.020608 n-d-854823-8 devstack@placement-api.service[107605]: DEBUG placement.requestlog [req-9d538c54-78cb-485d-8d5e-0851b743b627 req-6e2c4068-9f71-4cc9-bcf7-8e83cc107870 None None] Starting request: 10.222.0.23 "GET /placement/allocations/659f073c-b8c2-48d3-8c09-fef755291460" {{(pid=107605) __call__ /opt/stack/placement/placement/requestlog.py:55}}
Oct 04 20:42:48.041807 n-d-854823-8 devstack@placement-api.service[107606]: DEBUG placement.objects.allocation_candidate [req-1aef5e99-10c5-4f7e-87d4-6325427fb86a req-4d9d6618-5b62-4632-a694-eecba8b6fcb3 service placement] RequestGroup(use_same_provider=False, resources={MEMORY_MB:1024, VCPU:1}, traits=(), aggregates=[]) (suffix '') returned 2 matches {{(pid=107606) _get_by_requests /opt/stack/placement/placement/objects/allocation_candidate.py:156}}
Oct 04 20:42:48.045540 n-d-854823-8 devstack@placement-api.service[107606]: DEBUG placement.objects.allocation_candidate [req-1aef5e99-10c5-4f7e-87d4-6325427fb86a req-4d9d6618-5b62-4632-a694-eecba8b6fcb3 service placement] Merging candidates yields 2 allocation requests and 2 provider summaries {{(pid=107606) _merge_candidates /opt/stack/placement/placement/objects/allocation_candidate.py:809}}
Oct 04 20:42:48.048482 n-d-854823-8 devstack@placement-api.service[107606]: INFO placement.requestlog [req-1aef5e99-10c5-4f7e-87d4-6325427fb86a req-4d9d6618-5b62-4632-a694-eecba8b6fcb3 service placement] 10.222.0.33 "GET /placement/allocation_candidates?limit=1000&resources=MEMORY_MB%3A1024%2CVCPU%3A1&root_required=%21COMPUTE_STATUS_DISABLED" status: 200 len: 1281 microversion: 1.36
Oct 04 20:42:48.056718 n-d-854823-8 devstack@placement-api.service[107606]: [pid: 107606|app: 0|req: 694/1373] 10.222.0.33 () {60 vars in 1478 bytes} [Tue Oct 4 20:42:47 2022] GET /placement/allocation_candidates?limit=1000&resources=MEMORY_MB%3A1024%2CVCPU%3A1&root_required=%21COMPUTE_STATUS_DISABLED => generated 1281 bytes in 164 msecs (HTTP/1.1 200) 8 headers in 297 bytes (2 switches on core 0)
Oct 04 20:42:48.058746 n-d-854823-8 devstack@placement-api.service[107605]: INFO placement.requestlog [req-9d538c54-78cb-485d-8d5e-0851b743b627 req-6e2c4068-9f71-4cc9-bcf7-8e83cc107870 service placement] 10.222.0.23 "GET /placement/allocations/659f073c-b8c2-48d3-8c09-fef755291460" status: 200 len: 259 microversion: 1.28
Oct 04 20:42:48.059627 n-d-854823-8 devstack@placement-api.service[107605]: [pid: 107605|app: 0|req: 680/1374] 10.222.0.23 () {60 vars in 1377 bytes} [Tue Oct 4 20:42:48 2022] GET /placement/allocations/659f073c-b8c2-48d3-8c09-fef755291460 => generated 259 bytes in 39 msecs (HTTP/1.1 200) 8 headers in 296 bytes (2 switches on core 0)
Oct 04 20:42:48.086661 n-d-854823-8 devstack@placement-api.service[107606]: DEBUG placement.requestlog [req-9d538c54-78cb-485d-8d5e-0851b743b627 req-b1255055-c68c-48c0-a73e-b58995f23074 None None] Starting request: 10.222.0.23 "GET /placement/allocations/62b98bc7-657a-42c2-b501-ae4d926cfa2f" {{(pid=107606) __call__ /opt/stack/placement/placement/requestlog.py:55}}
Oct 04 20:42:48.113283 n-d-854823-8 devstack@placement-api.service[107606]: INFO placement.requestlog [req-9d538c54-78cb-485d-8d5e-0851b743b627 req-b1255055-c68c-48c0-a73e-b58995f23074 service placement] 10.222.0.23 "GET /placement/allocations/62b98bc7-657a-42c2-b501-ae4d926cfa2f" status: 200 len: 259 microversion: 1.28
Oct 04 20:42:48.113761 n-d-854823-8 devstack@placement-api.service[107606]: [pid: 107606|app: 0|req: 695/1375] 10.222.0.23 () {60 vars in 1377 bytes} [Tue Oct 4 20:42:48 2022] GET /placement/allocations/62b98bc7-657a-42c2-b501-ae4d926cfa2f => generated 259 bytes in 28 msecs (HTTP/1.1 200) 8 headers in 296 bytes (1 switches on core 0)
Oct 04 20:42:48.123073 n-d-854823-8 devstack@placement-api.service[107605]: DEBUG placement.requestlog [req-9d538c54-78cb-485d-8d5e-0851b743b627 req-e747c908-2030-4d7d-9102-24a2d618d5f8 None None] Starting request: 10.222.0.23 "GET /placement/allocations/83df4756-40e2-4fc6-be48-48a82dd4572a" {{(pid=107605) __call__ /opt/stack/placement/placement/requestlog.py:55}}
Oct 04 20:42:48.146376 n-d-854823-8 devstack@placement-api.service[107605]: INFO placement.requestlog [req-9d538c54-78cb-485d-8d5e-0851b743b627 req-e747c908-2030-4d7d-9102-24a2d618d5f8 service placement] 10.222.0.23 "GET /placement/allocations/83df4756-40e2-4fc6-be48-48a82dd4572a" status: 200 len: 259 microversion: 1.28
Oct 04 20:42:48.147804 n-d-854823-8 devstack@placement-api.service[107605]: [pid: 107605|app: 0|req: 681/1376] 10.222.0.23 () {60 vars in 1377 bytes} [Tue Oct 4 20:42:48 2022] GET /placement/allocations/83df4756-40e2-4fc6-be48-48a82dd4572a => generated 259 bytes in 26 msecs (HTTP/1.1 200) 8 headers in 296 bytes (1 switches on core 0)
Oct 04 20:42:48.164220 n-d-854823-8 devstack@placement-api.service[107606]: DEBUG placement.requestlog [req-9d538c54-78cb-485d-8d5e-0851b743b627 req-55dde272-4bf3-4097-b726-ba6cc46657a4 None None] Starting request: 10.222.0.23 "GET /placement/allocations/5dbb0cb7-e2d8-416a-a486-72d4398ee877" {{(pid=107606) __call__ /opt/stack/placement/placement/requestlog.py:55}}
Oct 04 20:42:48.192280 n-d-854823-8 devstack@placement-api.service[107606]: INFO placement.requestlog [req-9d538c54-78cb-485d-8d5e-0851b743b627 req-55dde272-4bf3-4097-b726-ba6cc46657a4 service placement] 10.222.0.23 "GET /placement/allocations/5dbb0cb7-e2d8-416a-a486-72d4398ee877" status: 200 len: 259 microversion: 1.28
Oct 04 20:42:48.192767 n-d-854823-8 devstack@placement-api.service[107606]: [pid: 107606|app: 0|req: 696/1377] 10.222.0.23 () {60 vars in 1377 bytes} [Tue Oct 4 20:42:48 2022] GET /placement/allocations/5dbb0cb7-e2d8-416a-a486-72d4398ee877 => generated 259 bytes in 29 msecs (HTTP/1.1 200) 8 headers in 296 bytes (1 switches on core 0)
Oct 04 20:42:48.200215 n-d-854823-8 devstack@placement-api.service[107605]: DEBUG placement.requestlog [req-9d538c54-78cb-485d-8d5e-0851b743b627 req-7f4b4126-60cb-44fa-b0b3-7b4b9afdffe7 None None] Starting request: 10.222.0.23 "GET /placement/allocations/c806a6c6-6b03-4b6e-9247-75b8541ce9b4" {{(pid=107605) __call__ /opt/stack/placement/placement/requestlog.py:55}}
Oct 04 20:42:48.213207 n-d-854823-8 devstack@placement-api.service[107606]: DEBUG placement.requestlog [req-1aef5e99-10c5-4f7e-87d4-6325427fb86a req-34295a62-56b4-48d1-beef-34a170f92ddd None None] Starting request: 10.222.0.33 "GET /placement/allocations/c0a14e22-0620-4912-9893-62974c80978a" {{(pid=107606) __call__ /opt/stack/placement/placement/requestlog.py:55}}
Oct 04 20:42:48.227527 n-d-854823-8 devstack@placement-api.service[107606]: INFO placement.requestlog [req-1aef5e99-10c5-4f7e-87d4-6325427fb86a req-34295a62-56b4-48d1-beef-34a170f92ddd service placement] 10.222.0.33 "GET /placement/allocations/c0a14e22-0620-4912-9893-62974c80978a" status: 200 len: 19 microversion: 1.28
Oct 04 20:42:48.228755 n-d-854823-8 devstack@placement-api.service[107605]: INFO placement.requestlog [req-9d538c54-78cb-485d-8d5e-0851b743b627 req-7f4b4126-60cb-44fa-b0b3-7b4b9afdffe7 service placement] 10.222.0.23 "GET /placement/allocations/c806a6c6-6b03-4b6e-9247-75b8541ce9b4" status: 200 len: 259 microversion: 1.28
Oct 04 20:42:48.229384 n-d-854823-8 devstack@placement-api.service[107605]: [pid: 107605|app: 0|req: 682/1378] 10.222.0.23 () {60 vars in 1377 bytes} [Tue Oct 4 20:42:48 2022] GET /placement/allocations/c806a6c6-6b03-4b6e-9247-75b8541ce9b4 => generated 259 bytes in 30 msecs (HTTP/1.1 200) 8 headers in 296 bytes (1 switches on core 0)
Oct 04 20:42:48.230073 n-d-854823-8 devstack@placement-api.service[107605]: DEBUG placement.requestlog [req-76978fe5-a94f-451b-b04d-d2f1383bb388 req-f0bd2b9e-5136-4baf-aa98-6029cb79286d None None] Starting request: 10.222.0.16 "GET /placement/allocations/6e45d1ad-4adf-4a5a-86d4-5bca91a5cdae" {{(pid=107605) __call__ /opt/stack/placement/placement/requestlog.py:55}}
Oct 04 20:42:48.235103 n-d-854823-8 devstack@placement-api.service[107606]: [pid: 107606|app: 0|req: 697/1379] 10.222.0.33 () {60 vars in 1380 bytes} [Tue Oct 4 20:42:48 2022] GET /placement/allocations/c0a14e22-0620-4912-9893-62974c80978a => generated 19 bytes in 23 msecs (HTTP/1.1 200) 8 headers in 295 bytes (2 switches on core 0)
Oct 04 20:42:48.236541 n-d-854823-8 devstack@placement-api.service[107606]: DEBUG placement.requestlog [req-1aef5e99-10c5-4f7e-87d4-6325427fb86a req-3b1a9dcd-da48-4b36-b052-88f1fa73c564 None None] Starting request: 10.222.0.33 "PUT /placement/allocations/c0a14e22-0620-4912-9893-62974c80978a" {{(pid=107606) __call__ /opt/stack/placement/placement/requestlog.py:55}}
Oct 04 20:42:48.259233 n-d-854823-8 devstack@placement-api.service[107605]: INFO placement.requestlog [req-76978fe5-a94f-451b-b04d-d2f1383bb388 req-f0bd2b9e-5136-4baf-aa98-6029cb79286d service placement] 10.222.0.16 "GET /placement/allocations/6e45d1ad-4adf-4a5a-86d4-5bca91a5cdae" status: 200 len: 245 microversion: 1.28
Oct 04 20:42:48.260152 n-d-854823-8 devstack@placement-api.service[107605]: [pid: 107605|app: 0|req: 683/1380] 10.222.0.16 () {60 vars in 1377 bytes} [Tue Oct 4 20:42:48 2022] GET /placement/allocations/6e45d1ad-4adf-4a5a-86d4-5bca91a5cdae => generated 245 bytes in 30 msecs (HTTP/1.1 200) 8 headers in 296 bytes (1 switches on core 0)
Oct 04 20:42:48.260770 n-d-854823-8 devstack@placement-api.service[107605]: DEBUG placement.requestlog [req-9d538c54-78cb-485d-8d5e-0851b743b627 req-43114a5d-3feb-4441-a866-2cdaf3984e4b None None] Starting request: 10.222.0.23 "GET /placement/allocations/8a72de6a-64a0-4ec7-a613-576f8ac02af3" {{(pid=107605) __call__ /opt/stack/placement/placement/requestlog.py:55}}
Oct 04 20:42:48.306152 n-d-854823-8 devstack@placement-api.service[107605]: INFO placement.requestlog [req-9d538c54-78cb-485d-8d5e-0851b743b627 req-43114a5d-3feb-4441-a866-2cdaf3984e4b service placement] 10.222.0.23 "GET /placement/allocations/8a72de6a-64a0-4ec7-a613-576f8ac02af3" status: 200 len: 259 microversion: 1.28
Oct 04 20:42:48.307201 n-d-854823-8 devstack@placement-api.service[107605]: [pid: 107605|app: 0|req: 684/1381] 10.222.0.23 () {60 vars in 1377 bytes} [Tue Oct 4 20:42:48 2022] GET /placement/allocations/8a72de6a-64a0-4ec7-a613-576f8ac02af3 => generated 259 bytes in 46 msecs (HTTP/1.1 200) 8 headers in 296 bytes (1 switches on core 0)
Oct 04 20:42:48.307837 n-d-854823-8 devstack@placement-api.service[107605]: DEBUG placement.requestlog [req-76978fe5-a94f-451b-b04d-d2f1383bb388 req-5f1eb235-f1c4-4fbe-96fc-c04357d6a988 None None] Starting request: 10.222.0.16 "PUT /placement/allocations/6e45d1ad-4adf-4a5a-86d4-5bca91a5cdae" {{(pid=107605) __call__ /opt/stack/placement/placement/requestlog.py:55}}
Oct 04 20:42:48.374698 n-d-854823-8 devstack@placement-api.service[107606]: DEBUG dbcounter [-] [107606] Writing DB stats placement:SELECT=92,placement:INSERT=5,placement:DELETE=1,placement:UPDATE=2 {{(pid=107606) stat_writer /usr/local/lib/python3.8/dist-packages/dbcounter.py:114}}
Oct 04 20:42:48.379050 n-d-854823-8 devstack@placement-api.service[107606]: DEBUG placement.handlers.allocation [req-1aef5e99-10c5-4f7e-87d4-6325427fb86a req-3b1a9dcd-da48-4b36-b052-88f1fa73c564 service placement] Successfully wrote allocations [, ] {{(pid=107606) _update_consumers_and_create_allocations /opt/stack/placement/placement/handlers/allocation.py:462}}
Oct 04 20:42:48.386922 n-d-854823-8 devstack@placement-api.service[107605]: DEBUG placement.objects.allocation [req-76978fe5-a94f-451b-b04d-d2f1383bb388 req-5f1eb235-f1c4-4fbe-96fc-c04357d6a988 service placement] Retrying allocations write on resource provider generation conflict {{(pid=107605) replace_all /opt/stack/placement/placement/objects/allocation.py:509}}
Oct 04 20:42:48.388896 n-d-854823-8 devstack@placement-api.service[107606]: INFO placement.requestlog [req-1aef5e99-10c5-4f7e-87d4-6325427fb86a req-3b1a9dcd-da48-4b36-b052-88f1fa73c564 service placement] 10.222.0.33 "PUT /placement/allocations/c0a14e22-0620-4912-9893-62974c80978a" status: 204 len: 0 microversion: 1.36
Oct 04 20:42:48.391397 n-d-854823-8 devstack@placement-api.service[107606]: [pid: 107606|app: 0|req: 698/1382] 10.222.0.33 () {64 vars in 1433 bytes} [Tue Oct 4 20:42:48 2022] PUT /placement/allocations/c0a14e22-0620-4912-9893-62974c80978a => generated 0 bytes in 155 msecs (HTTP/1.1 204) 5 headers in 199 bytes (1 switches on core 0)
Oct 04 20:42:48.429645 n-d-854823-8 devstack@placement-api.service[107605]: DEBUG placement.handlers.allocation [req-76978fe5-a94f-451b-b04d-d2f1383bb388 req-5f1eb235-f1c4-4fbe-96fc-c04357d6a988 service placement] Successfully wrote allocations [, ] {{(pid=107605) _update_consumers_and_create_allocations /opt/stack/placement/placement/handlers/allocation.py:462}}
Oct 04 20:42:48.441746 n-d-854823-8 devstack@placement-api.service[107605]: INFO placement.requestlog [req-76978fe5-a94f-451b-b04d-d2f1383bb388 req-5f1eb235-f1c4-4fbe-96fc-c04357d6a988 service placement] 10.222.0.16 "PUT /placement/allocations/6e45d1ad-4adf-4a5a-86d4-5bca91a5cdae" status: 204 len: 0 microversion: 1.28
Oct 04 20:42:48.442769 n-d-854823-8 devstack@placement-api.service[107605]: [pid: 107605|app: 0|req: 685/1383] 10.222.0.16 () {64 vars in 1430 bytes} [Tue Oct 4 20:42:48 2022] PUT /placement/allocations/6e45d1ad-4adf-4a5a-86d4-5bca91a5cdae => generated 0 bytes in 135 msecs (HTTP/1.1 204) 5 headers in 199 bytes (1 switches on core 0)
Oct 04 20:42:49.124451 n-d-854823-8 devstack@placement-api.service[107606]: DEBUG placement.requestlog [req-1aef5e99-10c5-4f7e-87d4-6325427fb86a req-ec056192-ada2-4a8c-b8a4-79a28619cb0a None None] Starting request: 10.222.0.16 "GET /placement/allocations/c0a14e22-0620-4912-9893-62974c80978a" {{(pid=107606) __call__ /opt/stack/placement/placement/requestlog.py:55}}
Oct 04 20:42:49.151977 n-d-854823-8 devstack@placement-api.service[107606]: INFO placement.requestlog [req-1aef5e99-10c5-4f7e-87d4-6325427fb86a req-ec056192-ada2-4a8c-b8a4-79a28619cb0a service placement] 10.222.0.16 "GET /placement/allocations/c0a14e22-0620-4912-9893-62974c80978a" status: 200 len: 245 microversion: 1.28
Oct 04 20:42:49.159695 n-d-854823-8 devstack@placement-api.service[107606]: [pid: 107606|app: 0|req: 699/1384] 10.222.0.16 () {60 vars in 1377 bytes} [Tue Oct 4 20:42:49 2022] GET /placement/allocations/c0a14e22-0620-4912-9893-62974c80978a => generated 245 bytes in 38 msecs (HTTP/1.1 200) 8 headers in 296 bytes (1 switches on core 0)
Oct 04 20:42:49.442659 n-d-854823-8 devstack@placement-api.service[107605]: DEBUG placement.requestlog [req-1aef5e99-10c5-4f7e-87d4-6325427fb86a req-e198133d-60cd-47ab-ae12-1135da099e1d None None] Starting request: 10.222.0.16 "GET /placement/resource_providers/8de326d3-3deb-471b-911d-3b44a5306325/allocations" {{(pid=107605) __call__ /opt/stack/placement/placement/requestlog.py:55}}
Oct 04 20:42:49.505631 n-d-854823-8 devstack@placement-api.service[107605]: INFO placement.requestlog [req-1aef5e99-10c5-4f7e-87d4-6325427fb86a req-e198133d-60cd-47ab-ae12-1135da099e1d service placement] 10.222.0.16 "GET /placement/resource_providers/8de326d3-3deb-471b-911d-3b44a5306325/allocations" status: 200 len: 530 microversion: 1.0
Oct 04 20:42:49.507741 n-d-854823-8 devstack@placement-api.service[107605]: [pid: 107605|app: 0|req: 686/1385] 10.222.0.16 () {58 vars in 1390 bytes} [Tue Oct 4 20:42:49 2022] GET /placement/resource_providers/8de326d3-3deb-471b-911d-3b44a5306325/allocations => generated 530 bytes in 65 msecs (HTTP/1.1 200) 6 headers in 224 bytes (1 switches on core 0)
Oct 04 20:42:49.521693 n-d-854823-8 devstack@placement-api.service[107606]: DEBUG placement.requestlog [req-1aef5e99-10c5-4f7e-87d4-6325427fb86a req-5da0f6f4-1edd-467e-853b-2bb716227af6 None None] Starting request: 10.222.0.16 "GET /placement/allocations/f33c0e5c-fe2c-4379-b50a-08eb17062b91" {{(pid=107606) __call__ /opt/stack/placement/placement/requestlog.py:55}}
Oct 04 20:42:49.579043 n-d-854823-8 devstack@placement-api.service[107606]: INFO placement.requestlog [req-1aef5e99-10c5-4f7e-87d4-6325427fb86a req-5da0f6f4-1edd-467e-853b-2bb716227af6 service placement] 10.222.0.16 "GET /placement/allocations/f33c0e5c-fe2c-4379-b50a-08eb17062b91" status: 200 len: 259 microversion: 1.28
Oct 04 20:42:49.598429 n-d-854823-8 devstack@placement-api.service[107606]: [pid: 107606|app: 0|req: 700/1386] 10.222.0.16 () {60 vars in 1377 bytes} [Tue Oct 4 20:42:49 2022] GET /placement/allocations/f33c0e5c-fe2c-4379-b50a-08eb17062b91 => generated 259 bytes in 78 msecs (HTTP/1.1 200) 8 headers in 296 bytes (1 switches on core 0)
Oct 04 20:42:49.614786 n-d-854823-8 devstack@placement-api.service[107605]: DEBUG placement.requestlog [req-1aef5e99-10c5-4f7e-87d4-6325427fb86a req-cb19474f-72f3-4873-9726-cf588f8e32ef None None] Starting request: 10.222.0.16 "GET /placement/allocations/17f61077-3e1c-4d86-b364-b22e4e40b3ca" {{(pid=107605) __call__ /opt/stack/placement/placement/requestlog.py:55}}
Oct 04 20:42:49.687224 n-d-854823-8 devstack@placement-api.service[107605]: INFO placement.requestlog [req-1aef5e99-10c5-4f7e-87d4-6325427fb86a req-cb19474f-72f3-4873-9726-cf588f8e32ef service placement] 10.222.0.16 "GET /placement/allocations/17f61077-3e1c-4d86-b364-b22e4e40b3ca" status: 200 len: 245 microversion: 1.28
Oct 04 20:42:49.689223 n-d-854823-8 devstack@placement-api.service[107605]: [pid: 107605|app: 0|req: 687/1387] 10.222.0.16 () {60 vars in 1377 bytes} [Tue Oct 4 20:42:49 2022] GET /placement/allocations/17f61077-3e1c-4d86-b364-b22e4e40b3ca => generated 245 bytes in 75 msecs (HTTP/1.1 200) 8 headers in 296 bytes (1 switches on core 0)
Oct 04 20:42:49.708083 n-d-854823-8 devstack@placement-api.service[107606]: DEBUG placement.requestlog [req-1aef5e99-10c5-4f7e-87d4-6325427fb86a req-f4c9485e-41cf-42ea-aea5-7bab6848353c None None] Starting request: 10.222.0.16 "GET /placement/allocations/c0a14e22-0620-4912-9893-62974c80978a" {{(pid=107606) __call__ /opt/stack/placement/placement/requestlog.py:55}}
