Oct 04 20:40:41.611610 n-d-854823-8 devstack@placement-api.service[107605]: DEBUG placement.requestlog [req-e5918cad-761c-448d-a996-921b4759ffc1 req-7e652acd-4ab0-4863-b693-840d6a089a4a None None] Starting request: 10.222.0.23 "GET /placement/allocations/05257e34-cdfc-4de6-a439-11493a58099b" {{(pid=107605) __call__ /opt/stack/placement/placement/requestlog.py:55}}
Oct 04 20:40:41.641425 n-d-854823-8 devstack@placement-api.service[107605]: INFO placement.requestlog [req-e5918cad-761c-448d-a996-921b4759ffc1 req-7e652acd-4ab0-4863-b693-840d6a089a4a service placement] 10.222.0.23 "GET /placement/allocations/05257e34-cdfc-4de6-a439-11493a58099b" status: 200 len: 259 microversion: 1.28
Oct 04 20:40:41.642105 n-d-854823-8 devstack@placement-api.service[107605]: [pid: 107605|app: 0|req: 561/1138] 10.222.0.23 () {60 vars in 1377 bytes} [Tue Oct 4 20:40:41 2022] GET /placement/allocations/05257e34-cdfc-4de6-a439-11493a58099b => generated 259 bytes in 32 msecs (HTTP/1.1 200) 8 headers in 296 bytes (1 switches on core 0)
Oct 04 20:40:41.652416 n-d-854823-8 devstack@placement-api.service[107606]: DEBUG placement.requestlog [req-e5918cad-761c-448d-a996-921b4759ffc1 req-4a75fa03-7478-4892-89d3-23ce2884bd39 None None] Starting request: 10.222.0.23 "PUT /placement/allocations/05257e34-cdfc-4de6-a439-11493a58099b" {{(pid=107606) __call__ /opt/stack/placement/placement/requestlog.py:55}}
Oct 04 20:40:41.712806 n-d-854823-8 devstack@placement-api.service[107606]: DEBUG dbcounter [-] [107606] Writing DB stats placement:SELECT=99,placement:DELETE=1 {{(pid=107606) stat_writer /usr/local/lib/python3.8/dist-packages/dbcounter.py:114}}
Oct 04 20:40:41.736966 n-d-854823-8 devstack@placement-api.service[107606]: DEBUG placement.handlers.allocation [req-e5918cad-761c-448d-a996-921b4759ffc1 req-4a75fa03-7478-4892-89d3-23ce2884bd39 service placement] Successfully wrote allocations [, , ] {{(pid=107606) _update_consumers_and_create_allocations /opt/stack/placement/placement/handlers/allocation.py:462}}
Oct 04 20:40:41.742067 n-d-854823-8 devstack@placement-api.service[107606]: INFO placement.requestlog [req-e5918cad-761c-448d-a996-921b4759ffc1 req-4a75fa03-7478-4892-89d3-23ce2884bd39 service placement] 10.222.0.23 "PUT /placement/allocations/05257e34-cdfc-4de6-a439-11493a58099b" status: 204 len: 0 microversion: 1.28
Oct 04 20:40:41.742889 n-d-854823-8 devstack@placement-api.service[107606]: [pid: 107606|app: 0|req: 578/1139] 10.222.0.23 () {64 vars in 1430 bytes} [Tue Oct 4 20:40:41 2022] PUT /placement/allocations/05257e34-cdfc-4de6-a439-11493a58099b => generated 0 bytes in 91 msecs (HTTP/1.1 204) 5 headers in 199 bytes (2 switches on core 0)
Oct 04 20:40:45.786306 n-d-854823-8 devstack@placement-api.service[107605]: DEBUG placement.requestlog [req-03ecf0c5-d0c2-4d72-aff5-8b52c4253c01 req-d6d2117f-558f-430d-9a94-a56ddd1b9994 None None] Starting request: 10.222.0.33 "GET /placement/allocations/83df4756-40e2-4fc6-be48-48a82dd4572a" {{(pid=107605) __call__ /opt/stack/placement/placement/requestlog.py:55}}
Oct 04 20:40:45.811915 n-d-854823-8 devstack@placement-api.service[107605]: INFO placement.requestlog [req-03ecf0c5-d0c2-4d72-aff5-8b52c4253c01 req-d6d2117f-558f-430d-9a94-a56ddd1b9994 service placement] 10.222.0.33 "GET /placement/allocations/83df4756-40e2-4fc6-be48-48a82dd4572a" status: 200 len: 259 microversion: 1.28
Oct 04 20:40:45.812593 n-d-854823-8 devstack@placement-api.service[107605]: [pid: 107605|app: 0|req: 562/1140] 10.222.0.33 () {60 vars in 1380 bytes} [Tue Oct 4 20:40:45 2022] GET /placement/allocations/83df4756-40e2-4fc6-be48-48a82dd4572a => generated 259 bytes in 27 msecs (HTTP/1.1 200) 8 headers in 296 bytes (1 switches on core 0)
Oct 04 20:40:45.820675 n-d-854823-8 devstack@placement-api.service[107606]: DEBUG placement.requestlog [req-03ecf0c5-d0c2-4d72-aff5-8b52c4253c01 req-19ba738b-04c1-4265-b1f1-5baa69ffcf8f None None] Starting request: 10.222.0.33 "GET /placement/allocations/83df4756-40e2-4fc6-be48-48a82dd4572a" {{(pid=107606) __call__ /opt/stack/placement/placement/requestlog.py:55}}
Oct 04 20:40:45.840257 n-d-854823-8 devstack@placement-api.service[107606]: INFO placement.requestlog [req-03ecf0c5-d0c2-4d72-aff5-8b52c4253c01 req-19ba738b-04c1-4265-b1f1-5baa69ffcf8f service placement] 10.222.0.33 "GET /placement/allocations/83df4756-40e2-4fc6-be48-48a82dd4572a" status: 200 len: 259 microversion: 1.28
Oct 04 20:40:45.847559 n-d-854823-8 devstack@placement-api.service[107605]: DEBUG placement.requestlog [req-03ecf0c5-d0c2-4d72-aff5-8b52c4253c01 req-26a63fe2-4107-488d-a87e-bec8dc78f7bd None None] Starting request: 10.222.0.33 "GET /placement/allocations/3a072848-2b81-4526-af03-2dd853158520" {{(pid=107605) __call__ /opt/stack/placement/placement/requestlog.py:55}}
Oct 04 20:40:45.854560 n-d-854823-8 devstack@placement-api.service[107606]: [pid: 107606|app: 0|req: 579/1141] 10.222.0.33 () {60 vars in 1380 bytes} [Tue Oct 4 20:40:45 2022] GET /placement/allocations/83df4756-40e2-4fc6-be48-48a82dd4572a => generated 259 bytes in 35 msecs (HTTP/1.1 200) 8 headers in 296 bytes (1 switches on core 0)
Oct 04 20:40:45.864600 n-d-854823-8 devstack@placement-api.service[107605]: INFO placement.requestlog [req-03ecf0c5-d0c2-4d72-aff5-8b52c4253c01 req-26a63fe2-4107-488d-a87e-bec8dc78f7bd service placement] 10.222.0.33 "GET /placement/allocations/3a072848-2b81-4526-af03-2dd853158520" status: 200 len: 19 microversion: 1.28
Oct 04 20:40:45.870999 n-d-854823-8 devstack@placement-api.service[107605]: [pid: 107605|app: 0|req: 563/1142] 10.222.0.33 () {60 vars in 1380 bytes} [Tue Oct 4 20:40:45 2022] GET /placement/allocations/3a072848-2b81-4526-af03-2dd853158520 => generated 19 bytes in 24 msecs (HTTP/1.1 200) 8 headers in 295 bytes (2 switches on core 0)
Oct 04 20:40:45.871700 n-d-854823-8 devstack@placement-api.service[107606]: DEBUG placement.requestlog [req-03ecf0c5-d0c2-4d72-aff5-8b52c4253c01 req-e2801082-05c1-472a-822b-b8845b52de46 None None] Starting request: 10.222.0.33 "POST /placement/allocations" {{(pid=107606) __call__ /opt/stack/placement/placement/requestlog.py:55}}
Oct 04 20:40:46.022081 n-d-854823-8 devstack@placement-api.service[107606]: DEBUG placement.handlers.allocation [req-03ecf0c5-d0c2-4d72-aff5-8b52c4253c01 req-e2801082-05c1-472a-822b-b8845b52de46 service placement] Successfully wrote allocations [, , , , , ] {{(pid=107606) _update_consumers_and_create_allocations /opt/stack/placement/placement/handlers/allocation.py:572}}
Oct 04 20:40:46.030401 n-d-854823-8 devstack@placement-api.service[107606]: INFO placement.requestlog [req-03ecf0c5-d0c2-4d72-aff5-8b52c4253c01 req-e2801082-05c1-472a-822b-b8845b52de46 service placement] 10.222.0.33 "POST /placement/allocations" status: 204 len: 0 microversion: 1.28
Oct 04 20:40:46.031699 n-d-854823-8 devstack@placement-api.service[107606]: [pid: 107606|app: 0|req: 580/1143] 10.222.0.33 () {64 vars in 1323 bytes} [Tue Oct 4 20:40:45 2022] POST /placement/allocations => generated 0 bytes in 160 msecs (HTTP/1.1 204) 5 headers in 199 bytes (2 switches on core 0)
Oct 04 20:40:46.074925 n-d-854823-8 devstack@placement-api.service[107605]: DEBUG placement.requestlog [req-03ecf0c5-d0c2-4d72-aff5-8b52c4253c01 req-fed39121-2e6e-4990-a233-664227e243d2 None None] Starting request: 10.222.0.33 "GET /placement/allocations/83df4756-40e2-4fc6-be48-48a82dd4572a" {{(pid=107605) __call__ /opt/stack/placement/placement/requestlog.py:55}}
Oct 04 20:40:46.087494 n-d-854823-8 devstack@placement-api.service[107605]: INFO placement.requestlog [req-03ecf0c5-d0c2-4d72-aff5-8b52c4253c01 req-fed39121-2e6e-4990-a233-664227e243d2 service placement] 10.222.0.33 "GET /placement/allocations/83df4756-40e2-4fc6-be48-48a82dd4572a" status: 200 len: 19 microversion: 1.28
Oct 04 20:40:46.088284 n-d-854823-8 devstack@placement-api.service[107605]: [pid: 107605|app: 0|req: 564/1144] 10.222.0.33 () {60 vars in 1380 bytes} [Tue Oct 4 20:40:46 2022] GET /placement/allocations/83df4756-40e2-4fc6-be48-48a82dd4572a => generated 19 bytes in 14 msecs (HTTP/1.1 200) 8 headers in 295 bytes (1 switches on core 0)
Oct 04 20:40:46.094393 n-d-854823-8 devstack@placement-api.service[107606]: DEBUG placement.requestlog [req-03ecf0c5-d0c2-4d72-aff5-8b52c4253c01 req-18d16f84-074d-4bb5-b7f9-8c3527cccfcc None None] Starting request: 10.222.0.33 "PUT /placement/allocations/83df4756-40e2-4fc6-be48-48a82dd4572a" {{(pid=107606) __call__ /opt/stack/placement/placement/requestlog.py:55}}
Oct 04 20:40:46.163055 n-d-854823-8 devstack@placement-api.service[107606]: DEBUG placement.handlers.allocation [req-03ecf0c5-d0c2-4d72-aff5-8b52c4253c01 req-18d16f84-074d-4bb5-b7f9-8c3527cccfcc service placement] Successfully wrote allocations [, , ] {{(pid=107606) _update_consumers_and_create_allocations /opt/stack/placement/placement/handlers/allocation.py:462}}
Oct 04 20:40:46.167816 n-d-854823-8 devstack@placement-api.service[107606]: INFO placement.requestlog [req-03ecf0c5-d0c2-4d72-aff5-8b52c4253c01 req-18d16f84-074d-4bb5-b7f9-8c3527cccfcc service placement] 10.222.0.33 "PUT /placement/allocations/83df4756-40e2-4fc6-be48-48a82dd4572a" status: 204 len: 0 microversion: 1.28
Oct 04 20:40:46.168537 n-d-854823-8 devstack@placement-api.service[107606]: [pid: 107606|app: 0|req: 581/1145] 10.222.0.33 () {64 vars in 1433 bytes} [Tue Oct 4 20:40:46 2022] PUT /placement/allocations/83df4756-40e2-4fc6-be48-48a82dd4572a => generated 0 bytes in 74 msecs (HTTP/1.1 204) 5 headers in 199 bytes (1 switches on core 0)
Oct 04 20:40:46.283574 n-d-854823-8 devstack@placement-api.service[107605]: DEBUG placement.requestlog [req-96b31518-ba25-4d25-aadb-695e0fe5312b req-09f6b190-5eb9-48de-aae2-cbfd9352ebf2 None None] Starting request: 10.222.0.23 "GET /placement/resource_providers/f4b3ff22-7cf0-4921-ac4e-a105d144c603/allocations" {{(pid=107605) __call__ /opt/stack/placement/placement/requestlog.py:55}}
Oct 04 20:40:46.322860 n-d-854823-8 devstack@placement-api.service[107605]: INFO placement.requestlog [req-96b31518-ba25-4d25-aadb-695e0fe5312b req-09f6b190-5eb9-48de-aae2-cbfd9352ebf2 service placement] 10.222.0.23 "GET /placement/resource_providers/f4b3ff22-7cf0-4921-ac4e-a105d144c603/allocations" status: 200 len: 962 microversion: 1.0
Oct 04 20:40:46.324172 n-d-854823-8 devstack@placement-api.service[107605]: [pid: 107605|app: 0|req: 565/1146] 10.222.0.23 () {58 vars in 1390 bytes} [Tue Oct 4 20:40:46 2022] GET /placement/resource_providers/f4b3ff22-7cf0-4921-ac4e-a105d144c603/allocations => generated 962 bytes in 40 msecs (HTTP/1.1 200) 6 headers in 224 bytes (2 switches on core 0)
Oct 04 20:40:46.331708 n-d-854823-8 devstack@placement-api.service[107606]: DEBUG placement.requestlog [req-96b31518-ba25-4d25-aadb-695e0fe5312b req-e2b365e1-cbd0-4fd5-97d3-d2dee2a45d53 None None] Starting request: 10.222.0.23 "GET /placement/allocations/96d890a0-a100-40a7-b795-6677eb966251" {{(pid=107606) __call__ /opt/stack/placement/placement/requestlog.py:55}}
Oct 04 20:40:46.359269 n-d-854823-8 devstack@placement-api.service[107606]: INFO placement.requestlog [req-96b31518-ba25-4d25-aadb-695e0fe5312b req-e2b365e1-cbd0-4fd5-97d3-d2dee2a45d53 service placement] 10.222.0.23 "GET /placement/allocations/96d890a0-a100-40a7-b795-6677eb966251" status: 200 len: 259 microversion: 1.28
Oct 04 20:40:46.359754 n-d-854823-8 devstack@placement-api.service[107606]: [pid: 107606|app: 0|req: 582/1147] 10.222.0.23 () {60 vars in 1377 bytes} [Tue Oct 4 20:40:46 2022] GET /placement/allocations/96d890a0-a100-40a7-b795-6677eb966251 => generated 259 bytes in 28 msecs (HTTP/1.1 200) 8 headers in 296 bytes (1 switches on core 0)
Oct 04 20:40:46.388846 n-d-854823-8 devstack@placement-api.service[107606]: DEBUG placement.requestlog [req-96b31518-ba25-4d25-aadb-695e0fe5312b req-be09b186-4ae9-4e56-89f3-9b1016eb6216 None None] Starting request: 10.222.0.23 "GET /placement/allocations/2182737b-f69a-44aa-a3ea-bbabae8ad737" {{(pid=107606) __call__ /opt/stack/placement/placement/requestlog.py:55}}
Oct 04 20:40:46.389759 n-d-854823-8 devstack@placement-api.service[107605]: DEBUG placement.requestlog [req-03ecf0c5-d0c2-4d72-aff5-8b52c4253c01 req-e43d202c-adfc-42c6-b6bb-206ebbd96d7e None None] Starting request: 10.222.0.23 "GET /placement/allocations/83df4756-40e2-4fc6-be48-48a82dd4572a" {{(pid=107605) __call__ /opt/stack/placement/placement/requestlog.py:55}}
Oct 04 20:40:46.428061 n-d-854823-8 devstack@placement-api.service[107606]: INFO placement.requestlog [req-96b31518-ba25-4d25-aadb-695e0fe5312b req-be09b186-4ae9-4e56-89f3-9b1016eb6216 service placement] 10.222.0.23 "GET /placement/allocations/2182737b-f69a-44aa-a3ea-bbabae8ad737" status: 200 len: 259 microversion: 1.28
Oct 04 20:40:46.429292 n-d-854823-8 devstack@placement-api.service[107605]: INFO placement.requestlog [req-03ecf0c5-d0c2-4d72-aff5-8b52c4253c01 req-e43d202c-adfc-42c6-b6bb-206ebbd96d7e service placement] 10.222.0.23 "GET /placement/allocations/83df4756-40e2-4fc6-be48-48a82dd4572a" status: 200 len: 259 microversion: 1.28
Oct 04 20:40:46.431229 n-d-854823-8 devstack@placement-api.service[107606]: [pid: 107606|app: 0|req: 583/1149] 10.222.0.23 () {60 vars in 1377 bytes} [Tue Oct 4 20:40:46 2022] GET /placement/allocations/2182737b-f69a-44aa-a3ea-bbabae8ad737 => generated 259 bytes in 43 msecs (HTTP/1.1 200) 8 headers in 296 bytes (1 switches on core 0)
Oct 04 20:40:46.431589 n-d-854823-8 devstack@placement-api.service[107605]: [pid: 107605|app: 0|req: 566/1149] 10.222.0.23 () {60 vars in 1377 bytes} [Tue Oct 4 20:40:46 2022] GET /placement/allocations/83df4756-40e2-4fc6-be48-48a82dd4572a => generated 259 bytes in 44 msecs (HTTP/1.1 200) 8 headers in 296 bytes (2 switches on core 0)
Oct 04 20:40:46.444059 n-d-854823-8 devstack@placement-api.service[107606]: DEBUG placement.requestlog [req-96b31518-ba25-4d25-aadb-695e0fe5312b req-8457b916-2cc2-40da-8001-b8d4a6153d81 None None] Starting request: 10.222.0.23 "GET /placement/allocations/53f0a355-8a5d-4775-a0d3-3aeedfc01570" {{(pid=107606) __call__ /opt/stack/placement/placement/requestlog.py:55}}
Oct 04 20:40:46.477937 n-d-854823-8 devstack@placement-api.service[107606]: INFO placement.requestlog [req-96b31518-ba25-4d25-aadb-695e0fe5312b req-8457b916-2cc2-40da-8001-b8d4a6153d81 service placement] 10.222.0.23 "GET /placement/allocations/53f0a355-8a5d-4775-a0d3-3aeedfc01570" status: 200 len: 259 microversion: 1.28
Oct 04 20:40:46.478763 n-d-854823-8 devstack@placement-api.service[107606]: [pid: 107606|app: 0|req: 584/1150] 10.222.0.23 () {60 vars in 1377 bytes} [Tue Oct 4 20:40:46 2022] GET /placement/allocations/53f0a355-8a5d-4775-a0d3-3aeedfc01570 => generated 259 bytes in 35 msecs (HTTP/1.1 200) 8 headers in 296 bytes (1 switches on core 0)
Oct 04 20:40:46.500776 n-d-854823-8 devstack@placement-api.service[107605]: DEBUG placement.requestlog [req-96b31518-ba25-4d25-aadb-695e0fe5312b req-dd630569-095d-46c7-83e8-6a9082539776 None None] Starting request: 10.222.0.23 "GET /placement/allocations/62b98bc7-657a-42c2-b501-ae4d926cfa2f" {{(pid=107605) __call__ /opt/stack/placement/placement/requestlog.py:55}}
Oct 04 20:40:46.521061 n-d-854823-8 devstack@placement-api.service[107605]: INFO placement.requestlog [req-96b31518-ba25-4d25-aadb-695e0fe5312b req-dd630569-095d-46c7-83e8-6a9082539776 service placement] 10.222.0.23 "GET /placement/allocations/62b98bc7-657a-42c2-b501-ae4d926cfa2f" status: 200 len: 259 microversion: 1.28
Oct 04 20:40:46.521709 n-d-854823-8 devstack@placement-api.service[107605]: [pid: 107605|app: 0|req: 567/1151] 10.222.0.23 () {60 vars in 1377 bytes} [Tue Oct 4 20:40:46 2022] GET /placement/allocations/62b98bc7-657a-42c2-b501-ae4d926cfa2f => generated 259 bytes in 21 msecs (HTTP/1.1 200) 8 headers in 296 bytes (1 switches on core 0)
Oct 04 20:40:46.528745 n-d-854823-8 devstack@placement-api.service[107606]: DEBUG placement.requestlog [req-96b31518-ba25-4d25-aadb-695e0fe5312b req-01e6a384-8ffe-4315-81a2-18bdada0ee5e None None] Starting request: 10.222.0.23 "GET /placement/allocations/a1e8b81b-5e26-4d5c-87ca-057eea43abba" {{(pid=107606) __call__ /opt/stack/placement/placement/requestlog.py:55}}
Oct 04 20:40:46.567489 n-d-854823-8 devstack@placement-api.service[107606]: INFO placement.requestlog [req-96b31518-ba25-4d25-aadb-695e0fe5312b req-01e6a384-8ffe-4315-81a2-18bdada0ee5e service placement] 10.222.0.23 "GET /placement/allocations/a1e8b81b-5e26-4d5c-87ca-057eea43abba" status: 200 len: 259 microversion: 1.28
Oct 04 20:40:46.567873 n-d-854823-8 devstack@placement-api.service[107606]: [pid: 107606|app: 0|req: 585/1152] 10.222.0.23 () {60 vars in 1377 bytes} [Tue Oct 4 20:40:46 2022] GET /placement/allocations/a1e8b81b-5e26-4d5c-87ca-057eea43abba => generated 259 bytes in 40 msecs (HTTP/1.1 200) 8 headers in 296 bytes (1 switches on core 0)
Oct 04 20:40:46.581400 n-d-854823-8 devstack@placement-api.service[107605]: DEBUG placement.requestlog [req-96b31518-ba25-4d25-aadb-695e0fe5312b req-378d2f09-c954-4860-b875-71968084786c None None] Starting request: 10.222.0.23 "GET /placement/allocations/5dbb0cb7-e2d8-416a-a486-72d4398ee877" {{(pid=107605) __call__ /opt/stack/placement/placement/requestlog.py:55}}
Oct 04 20:40:46.606985 n-d-854823-8 devstack@placement-api.service[107605]: INFO placement.requestlog [req-96b31518-ba25-4d25-aadb-695e0fe5312b req-378d2f09-c954-4860-b875-71968084786c service placement] 10.222.0.23 "GET /placement/allocations/5dbb0cb7-e2d8-416a-a486-72d4398ee877" status: 200 len: 259 microversion: 1.28
Oct 04 20:40:46.607762 n-d-854823-8 devstack@placement-api.service[107605]: [pid: 107605|app: 0|req: 568/1153] 10.222.0.23 () {60 vars in 1377 bytes} [Tue Oct 4 20:40:46 2022] GET /placement/allocations/5dbb0cb7-e2d8-416a-a486-72d4398ee877 => generated 259 bytes in 27 msecs (HTTP/1.1 200) 8 headers in 296 bytes (1 switches on core 0)
Oct 04 20:40:46.616508 n-d-854823-8 devstack@placement-api.service[107606]: DEBUG placement.requestlog [req-96b31518-ba25-4d25-aadb-695e0fe5312b req-a3bbdd0a-6f62-4296-b9d9-e5b360072f81 None None] Starting request: 10.222.0.23 "GET /placement/allocations/d9c5805f-6cd2-4993-86b2-8a7546b62dd6" {{(pid=107606) __call__ /opt/stack/placement/placement/requestlog.py:55}}
Oct 04 20:40:46.636538 n-d-854823-8 devstack@placement-api.service[107606]: INFO placement.requestlog [req-96b31518-ba25-4d25-aadb-695e0fe5312b req-a3bbdd0a-6f62-4296-b9d9-e5b360072f81 service placement] 10.222.0.23 "GET /placement/allocations/d9c5805f-6cd2-4993-86b2-8a7546b62dd6" status: 200 len: 259 microversion: 1.28
Oct 04 20:40:46.637218 n-d-854823-8 devstack@placement-api.service[107606]: [pid: 107606|app: 0|req: 586/1154] 10.222.0.23 () {60 vars in 1377 bytes} [Tue Oct 4 20:40:46 2022] GET /placement/allocations/d9c5805f-6cd2-4993-86b2-8a7546b62dd6 => generated 259 bytes in 21 msecs (HTTP/1.1 200) 8 headers in 296 bytes (1 switches on core 0)
Oct 04 20:40:46.646412 n-d-854823-8 devstack@placement-api.service[107605]: DEBUG placement.requestlog [req-96b31518-ba25-4d25-aadb-695e0fe5312b req-da4240d3-3fde-4284-9e82-72ebb6f3f13c None None] Starting request: 10.222.0.23 "GET /placement/allocations/83df4756-40e2-4fc6-be48-48a82dd4572a" {{(pid=107605) __call__ /opt/stack/placement/placement/requestlog.py:55}}
Oct 04 20:40:46.665448 n-d-854823-8 devstack@placement-api.service[107605]: INFO placement.requestlog [req-96b31518-ba25-4d25-aadb-695e0fe5312b req-da4240d3-3fde-4284-9e82-72ebb6f3f13c service placement] 10.222.0.23 "GET /placement/allocations/83df4756-40e2-4fc6-be48-48a82dd4572a" status: 200 len: 259 microversion: 1.28
Oct 04 20:40:46.666115 n-d-854823-8 devstack@placement-api.service[107605]: [pid: 107605|app: 0|req: 569/1155] 10.222.0.23 () {60 vars in 1377 bytes} [Tue Oct 4 20:40:46 2022] GET /placement/allocations/83df4756-40e2-4fc6-be48-48a82dd4572a => generated 259 bytes in 20 msecs (HTTP/1.1 200) 8 headers in 296 bytes (1 switches on core 0)
Oct 04 20:40:46.674234 n-d-854823-8 devstack@placement-api.service[107606]: DEBUG placement.requestlog [req-96b31518-ba25-4d25-aadb-695e0fe5312b req-9b94b7f4-fe6b-4295-8583-d2672602cb0b None None] Starting request: 10.222.0.23 "GET /placement/allocations/8a72de6a-64a0-4ec7-a613-576f8ac02af3" {{(pid=107606) __call__ /opt/stack/placement/placement/requestlog.py:55}}
Oct 04 20:40:46.696387 n-d-854823-8 devstack@placement-api.service[107606]: INFO placement.requestlog [req-96b31518-ba25-4d25-aadb-695e0fe5312b req-9b94b7f4-fe6b-4295-8583-d2672602cb0b service placement] 10.222.0.23 "GET /placement/allocations/8a72de6a-64a0-4ec7-a613-576f8ac02af3" status: 200 len: 259 microversion: 1.28
Oct 04 20:40:46.697644 n-d-854823-8 devstack@placement-api.service[107606]: [pid: 107606|app: 0|req: 587/1156] 10.222.0.23 () {60 vars in 1377 bytes} [Tue Oct 4 20:40:46 2022] GET /placement/allocations/8a72de6a-64a0-4ec7-a613-576f8ac02af3 => generated 259 bytes in 23 msecs (HTTP/1.1 200) 8 headers in 296 bytes (2 switches on core 0)
Oct 04 20:40:47.090033 n-d-854823-8 devstack@placement-api.service[107605]: DEBUG placement.requestlog [req-96b31518-ba25-4d25-aadb-695e0fe5312b req-e6094398-ab2d-4c0c-b5f5-8832661d42cc None None] Starting request: 10.222.0.23 "DELETE /placement/allocations/d9c5805f-6cd2-4993-86b2-8a7546b62dd6" {{(pid=107605) __call__ /opt/stack/placement/placement/requestlog.py:55}}
Oct 04 20:40:47.119204 n-d-854823-8 devstack@placement-api.service[107605]: DEBUG placement.handlers.allocation [req-96b31518-ba25-4d25-aadb-695e0fe5312b req-e6094398-ab2d-4c0c-b5f5-8832661d42cc service placement] Successfully deleted allocations [, , ] {{(pid=107605) delete_allocations /opt/stack/placement/placement/handlers/allocation.py:627}}
Oct 04 20:40:47.120144 n-d-854823-8 devstack@placement-api.service[107605]: INFO placement.requestlog [req-96b31518-ba25-4d25-aadb-695e0fe5312b req-e6094398-ab2d-4c0c-b5f5-8832661d42cc service placement] 10.222.0.23 "DELETE /placement/allocations/d9c5805f-6cd2-4993-86b2-8a7546b62dd6" status: 204 len: 0 microversion: 1.0
Oct 04 20:40:47.120642 n-d-854823-8 devstack@placement-api.service[107605]: [pid: 107605|app: 0|req: 570/1157] 10.222.0.23 () {60 vars in 1355 bytes} [Tue Oct 4 20:40:47 2022] DELETE /placement/allocations/d9c5805f-6cd2-4993-86b2-8a7546b62dd6 => generated 0 bytes in 31 msecs (HTTP/1.1 204) 5 headers in 198 bytes (2 switches on core 0)
Oct 04 20:40:50.154936 n-d-854823-8 devstack@placement-api.service[107606]: DEBUG placement.requestlog [None req-e5b6a711-188c-4087-962c-44468dfa2d78 None None] Starting request: 10.222.0.33 "GET /placement/resource_providers/633dd0cc-e075-4abf-854d-8f237fb28fd3/aggregates" {{(pid=107606) __call__ /opt/stack/placement/placement/requestlog.py:55}}
Oct 04 20:40:50.170285 n-d-854823-8 devstack@placement-api.service[107606]: INFO placement.requestlog [None req-e5b6a711-188c-4087-962c-44468dfa2d78 service placement] 10.222.0.33 "GET /placement/resource_providers/633dd0cc-e075-4abf-854d-8f237fb28fd3/aggregates" status: 404 len: 235 microversion: 1.1
Oct 04 20:40:50.171478 n-d-854823-8 devstack@placement-api.service[107606]: [pid: 107606|app: 0|req: 588/1158] 10.222.0.33 () {58 vars in 1362 bytes} [Tue Oct 4 20:40:50 2022] GET /placement/resource_providers/633dd0cc-e075-4abf-854d-8f237fb28fd3/aggregates => generated 235 bytes in 17 msecs (HTTP/1.1 404) 5 headers in 202 bytes (1 switches on core 0)
Oct 04 20:40:50.212801 n-d-854823-8 devstack@placement-api.service[107605]: DEBUG placement.requestlog [None req-6c5da6ed-446c-4dc5-a6ed-8572ea517b9b None None] Starting request: 10.222.0.33 "DELETE /placement/resource_providers/633dd0cc-e075-4abf-854d-8f237fb28fd3" {{(pid=107605) __call__ /opt/stack/placement/placement/requestlog.py:55}}
Oct 04 20:40:50.228776 n-d-854823-8 devstack@placement-api.service[107605]: DEBUG placement.wsgi_wrapper [None req-6c5da6ed-446c-4dc5-a6ed-8572ea517b9b service placement] Placement API returning an error response: No resource provider with uuid 633dd0cc-e075-4abf-854d-8f237fb28fd3 found for delete {{(pid=107605) call_func /opt/stack/placement/placement/wsgi_wrapper.py:31}}
Oct 04 20:40:50.230018 n-d-854823-8 devstack@placement-api.service[107605]: INFO placement.requestlog [None req-6c5da6ed-446c-4dc5-a6ed-8572ea517b9b service placement] 10.222.0.33 "DELETE /placement/resource_providers/633dd0cc-e075-4abf-854d-8f237fb28fd3" status: 404 len: 246 microversion: 1.1
Oct 04 20:40:50.230643 n-d-854823-8 devstack@placement-api.service[107605]: [pid: 107605|app: 0|req: 571/1159] 10.222.0.33 () {60 vars in 1351 bytes} [Tue Oct 4 20:40:50 2022] DELETE /placement/resource_providers/633dd0cc-e075-4abf-854d-8f237fb28fd3 => generated 246 bytes in 19 msecs (HTTP/1.1 404) 6 headers in 231 bytes (1 switches on core 0)
Oct 04 20:40:50.946063 n-d-854823-8 devstack@placement-api.service[107606]: DEBUG placement.requestlog [req-982117f9-fd2f-43d6-b0c5-c2d0d535bc06 req-53e73ca4-bb30-4439-bc68-88491dd67d3a None None] Starting request: 10.222.0.16 "GET /placement/resource_providers/8de326d3-3deb-471b-911d-3b44a5306325/allocations" {{(pid=107606) __call__ /opt/stack/placement/placement/requestlog.py:55}}
Oct 04 20:40:50.988554 n-d-854823-8 devstack@placement-api.service[107606]: INFO placement.requestlog [req-982117f9-fd2f-43d6-b0c5-c2d0d535bc06 req-53e73ca4-bb30-4439-bc68-88491dd67d3a service placement] 10.222.0.16 "GET /placement/resource_providers/8de326d3-3deb-471b-911d-3b44a5306325/allocations" status: 200 len: 962 microversion: 1.0
Oct 04 20:40:50.988945 n-d-854823-8 devstack@placement-api.service[107606]: [pid: 107606|app: 0|req: 589/1160] 10.222.0.16 () {58 vars in 1390 bytes} [Tue Oct 4 20:40:50 2022] GET /placement/resource_providers/8de326d3-3deb-471b-911d-3b44a5306325/allocations => generated 962 bytes in 43 msecs (HTTP/1.1 200) 6 headers in 224 bytes (1 switches on core 0)
Oct 04 20:40:50.998296 n-d-854823-8 devstack@placement-api.service[107605]: DEBUG placement.requestlog [req-982117f9-fd2f-43d6-b0c5-c2d0d535bc06 req-54bb6cf8-a35c-4dc5-b7bc-24e50bd13837 None None] Starting request: 10.222.0.16 "GET /placement/allocations/3a072848-2b81-4526-af03-2dd853158520" {{(pid=107605) __call__ /opt/stack/placement/placement/requestlog.py:55}}
Oct 04 20:40:51.015151 n-d-854823-8 devstack@placement-api.service[107605]: INFO placement.requestlog [req-982117f9-fd2f-43d6-b0c5-c2d0d535bc06 req-54bb6cf8-a35c-4dc5-b7bc-24e50bd13837 service placement] 10.222.0.16 "GET /placement/allocations/3a072848-2b81-4526-af03-2dd853158520" status: 200 len: 259 microversion: 1.28
Oct 04 20:40:51.015688 n-d-854823-8 devstack@placement-api.service[107605]: [pid: 107605|app: 0|req: 572/1161] 10.222.0.16 () {60 vars in 1377 bytes} [Tue Oct 4 20:40:50 2022] GET /placement/allocations/3a072848-2b81-4526-af03-2dd853158520 => generated 259 bytes in 18 msecs (HTTP/1.1 200) 8 headers in 296 bytes (1 switches on core 0)
Oct 04 20:40:51.023811 n-d-854823-8 devstack@placement-api.service[107606]: DEBUG placement.requestlog [req-982117f9-fd2f-43d6-b0c5-c2d0d535bc06 req-c916ea1b-4903-47df-afb7-69c063c8ae7e None None] Starting request: 10.222.0.16 "GET /placement/allocations/6ff56299-ada5-4e73-9e68-59cdd48f8a16" {{(pid=107606) __call__ /opt/stack/placement/placement/requestlog.py:55}}
Oct 04 20:40:51.040754 n-d-854823-8 devstack@placement-api.service[107606]: INFO placement.requestlog [req-982117f9-fd2f-43d6-b0c5-c2d0d535bc06 req-c916ea1b-4903-47df-afb7-69c063c8ae7e service placement] 10.222.0.16 "GET /placement/allocations/6ff56299-ada5-4e73-9e68-59cdd48f8a16" status: 200 len: 259 microversion: 1.28
Oct 04 20:40:51.041770 n-d-854823-8 devstack@placement-api.service[107606]: [pid: 107606|app: 0|req: 590/1162] 10.222.0.16 () {60 vars in 1377 bytes} [Tue Oct 4 20:40:51 2022] GET /placement/allocations/6ff56299-ada5-4e73-9e68-59cdd48f8a16 => generated 259 bytes in 18 msecs (HTTP/1.1 200) 8 headers in 296 bytes (1 switches on core 0)
Oct 04 20:40:51.051296 n-d-854823-8 devstack@placement-api.service[107605]: DEBUG placement.requestlog [req-982117f9-fd2f-43d6-b0c5-c2d0d535bc06 req-7b549fcc-9fb6-45ee-b098-dac3db9e15c6 None None] Starting request: 10.222.0.16 "GET /placement/allocations/f33c0e5c-fe2c-4379-b50a-08eb17062b91" {{(pid=107605) __call__ /opt/stack/placement/placement/requestlog.py:55}}
Oct 04 20:40:51.074523 n-d-854823-8 devstack@placement-api.service[107605]: INFO placement.requestlog [req-982117f9-fd2f-43d6-b0c5-c2d0d535bc06 req-7b549fcc-9fb6-45ee-b098-dac3db9e15c6 service placement] 10.222.0.16 "GET /placement/allocations/f33c0e5c-fe2c-4379-b50a-08eb17062b91" status: 200 len: 259 microversion: 1.28
Oct 04 20:40:51.075610 n-d-854823-8 devstack@placement-api.service[107605]: [pid: 107605|app: 0|req: 573/1163] 10.222.0.16 () {60 vars in 1377 bytes} [Tue Oct 4 20:40:51 2022] GET /placement/allocations/f33c0e5c-fe2c-4379-b50a-08eb17062b91 => generated 259 bytes in 24 msecs (HTTP/1.1 200) 8 headers in 296 bytes (2 switches on core 0)
Oct 04 20:40:51.082919 n-d-854823-8 devstack@placement-api.service[107606]: DEBUG placement.requestlog [req-982117f9-fd2f-43d6-b0c5-c2d0d535bc06 req-b7f3cea9-74a4-4596-821d-cd8567e2a178 None None] Starting request: 10.222.0.16 "GET /placement/allocations/42726a57-cdc8-45e3-8d61-348f02bfcd53" {{(pid=107606) __call__ /opt/stack/placement/placement/requestlog.py:55}}
Oct 04 20:40:51.117038 n-d-854823-8 devstack@placement-api.service[107606]: DEBUG dbcounter [-] [107606] Writing DB stats placement:UPDATE=7,placement:SELECT=79,placement:DELETE=6,placement:INSERT=8 {{(pid=107606) stat_writer /usr/local/lib/python3.8/dist-packages/dbcounter.py:114}}
Oct 04 20:40:51.123396 n-d-854823-8 devstack@placement-api.service[107606]: INFO placement.requestlog [req-982117f9-fd2f-43d6-b0c5-c2d0d535bc06 req-b7f3cea9-74a4-4596-821d-cd8567e2a178 service placement] 10.222.0.16 "GET /placement/allocations/42726a57-cdc8-45e3-8d61-348f02bfcd53" status: 200 len: 259 microversion: 1.28
Oct 04 20:40:51.123783 n-d-854823-8 devstack@placement-api.service[107606]: [pid: 107606|app: 0|req: 591/1164] 10.222.0.16 () {60 vars in 1377 bytes} [Tue Oct 4 20:40:51 2022] GET /placement/allocations/42726a57-cdc8-45e3-8d61-348f02bfcd53 => generated 259 bytes in 41 msecs (HTTP/1.1 200) 8 headers in 296 bytes (1 switches on core 0)
Oct 04 20:40:51.143493 n-d-854823-8 devstack@placement-api.service[107605]: DEBUG placement.requestlog [req-982117f9-fd2f-43d6-b0c5-c2d0d535bc06 req-a3e71020-99ff-498c-9a05-2c14b1601c1f None None] Starting request: 10.222.0.16 "GET /placement/allocations/81748c83-b703-4c68-899c-c575cc3340d2" {{(pid=107605) __call__ /opt/stack/placement/placement/requestlog.py:55}}
Oct 04 20:40:51.183757 n-d-854823-8 devstack@placement-api.service[107605]: INFO placement.requestlog [req-982117f9-fd2f-43d6-b0c5-c2d0d535bc06 req-a3e71020-99ff-498c-9a05-2c14b1601c1f service placement] 10.222.0.16 "GET /placement/allocations/81748c83-b703-4c68-899c-c575cc3340d2" status: 200 len: 259 microversion: 1.28
Oct 04 20:40:51.186191 n-d-854823-8 devstack@placement-api.service[107605]: [pid: 107605|app: 0|req: 574/1165] 10.222.0.16 () {60 vars in 1377 bytes} [Tue Oct 4 20:40:51 2022] GET /placement/allocations/81748c83-b703-4c68-899c-c575cc3340d2 => generated 259 bytes in 51 msecs (HTTP/1.1 200) 8 headers in 296 bytes (1 switches on core 0)
Oct 04 20:40:51.195725 n-d-854823-8 devstack@placement-api.service[107606]: DEBUG placement.requestlog [req-982117f9-fd2f-43d6-b0c5-c2d0d535bc06 req-f85ce2cc-49ed-48c0-bf55-8050e922ac8d None None] Starting request: 10.222.0.16 "GET /placement/allocations/55d73a76-3d5e-426c-8a99-9cae92f8498b" {{(pid=107606) __call__ /opt/stack/placement/placement/requestlog.py:55}}
Oct 04 20:40:51.244952 n-d-854823-8 devstack@placement-api.service[107606]: INFO placement.requestlog [req-982117f9-fd2f-43d6-b0c5-c2d0d535bc06 req-f85ce2cc-49ed-48c0-bf55-8050e922ac8d service placement] 10.222.0.16 "GET /placement/allocations/55d73a76-3d5e-426c-8a99-9cae92f8498b" status: 200 len: 259 microversion: 1.28
Oct 04 20:40:51.245672 n-d-854823-8 devstack@placement-api.service[107606]: [pid: 107606|app: 0|req: 592/1166] 10.222.0.16 () {60 vars in 1377 bytes} [Tue Oct 4 20:40:51 2022] GET /placement/allocations/55d73a76-3d5e-426c-8a99-9cae92f8498b => generated 259 bytes in 50 msecs (HTTP/1.1 200) 8 headers in 296 bytes (1 switches on core 0)
Oct 04 20:40:51.255217 n-d-854823-8 devstack@placement-api.service[107605]: DEBUG placement.requestlog [req-982117f9-fd2f-43d6-b0c5-c2d0d535bc06 req-0f90e986-cc41-49db-866d-6061875f5677 None None] Starting request: 10.222.0.16 "GET /placement/allocations/0dd1d0cf-a3a0-4ea2-8260-ac206bbfac88" {{(pid=107605) __call__ /opt/stack/placement/placement/requestlog.py:55}}
Oct 04 20:40:51.298900 n-d-854823-8 devstack@placement-api.service[107605]: INFO placement.requestlog [req-982117f9-fd2f-43d6-b0c5-c2d0d535bc06 req-0f90e986-cc41-49db-866d-6061875f5677 service placement] 10.222.0.16 "GET /placement/allocations/0dd1d0cf-a3a0-4ea2-8260-ac206bbfac88" status: 200 len: 259 microversion: 1.28
Oct 04 20:40:51.299801 n-d-854823-8 devstack@placement-api.service[107605]: [pid: 107605|app: 0|req: 575/1167] 10.222.0.16 () {60 vars in 1377 bytes} [Tue Oct 4 20:40:51 2022] GET /placement/allocations/0dd1d0cf-a3a0-4ea2-8260-ac206bbfac88 => generated 259 bytes in 45 msecs (HTTP/1.1 200) 8 headers in 296 bytes (1 switches on core 0)
Oct 04 20:40:51.312588 n-d-854823-8 devstack@placement-api.service[107606]: DEBUG placement.requestlog [req-982117f9-fd2f-43d6-b0c5-c2d0d535bc06 req-aa29c2be-eda2-42c3-8ba3-6b167d4d3c48 None None] Starting request: 10.222.0.16 "GET /placement/allocations/a2fc592c-9dac-4f72-8633-229925d3bf76" {{(pid=107606) __call__ /opt/stack/placement/placement/requestlog.py:55}}
Oct 04 20:40:51.344055 n-d-854823-8 devstack@placement-api.service[107606]: INFO placement.requestlog [req-982117f9-fd2f-43d6-b0c5-c2d0d535bc06 req-aa29c2be-eda2-42c3-8ba3-6b167d4d3c48 service placement] 10.222.0.16 "GET /placement/allocations/a2fc592c-9dac-4f72-8633-229925d3bf76" status: 200 len: 259 microversion: 1.28
Oct 04 20:40:51.346055 n-d-854823-8 devstack@placement-api.service[107606]: [pid: 107606|app: 0|req: 593/1168] 10.222.0.16 () {60 vars in 1377 bytes} [Tue Oct 4 20:40:51 2022] GET /placement/allocations/a2fc592c-9dac-4f72-8633-229925d3bf76 => generated 259 bytes in 34 msecs (HTTP/1.1 200) 8 headers in 296 bytes (1 switches on core 0)
Oct 04 20:40:51.353254 n-d-854823-8 devstack@placement-api.service[107605]: DEBUG placement.requestlog [req-982117f9-fd2f-43d6-b0c5-c2d0d535bc06 req-98b25d5b-fbf1-4192-af2b-afc4da2578fe None None] Starting request: 10.222.0.16 "GET /placement/allocations/fd12aa25-6dbc-4f92-a2e1-83ae94ab83b4" {{(pid=107605) __call__ /opt/stack/placement/placement/requestlog.py:55}}
Oct 04 20:40:51.384845 n-d-854823-8 devstack@placement-api.service[107605]: INFO placement.requestlog [req-982117f9-fd2f-43d6-b0c5-c2d0d535bc06 req-98b25d5b-fbf1-4192-af2b-afc4da2578fe service placement] 10.222.0.16 "GET /placement/allocations/fd12aa25-6dbc-4f92-a2e1-83ae94ab83b4" status: 200 len: 259 microversion: 1.28
Oct 04 20:40:51.385696 n-d-854823-8 devstack@placement-api.service[107605]: [pid: 107605|app: 0|req: 576/1169] 10.222.0.16 () {60 vars in 1377 bytes} [Tue Oct 4 20:40:51 2022] GET /placement/allocations/fd12aa25-6dbc-4f92-a2e1-83ae94ab83b4 => generated 259 bytes in 33 msecs (HTTP/1.1 200) 8 headers in 296 bytes (1 switches on core 0)
Oct 04 20:40:51.649302 n-d-854823-8 devstack@placement-api.service[107606]: DEBUG placement.requestlog [req-982117f9-fd2f-43d6-b0c5-c2d0d535bc06 req-4bf38764-1392-4e18-8796-834d91da9d30 None None] Starting request: 10.222.0.16 "DELETE /placement/allocations/fd12aa25-6dbc-4f92-a2e1-83ae94ab83b4" {{(pid=107606) __call__ /opt/stack/placement/placement/requestlog.py:55}}
Oct 04 20:40:51.717491 n-d-854823-8 devstack@placement-api.service[107606]: DEBUG placement.handlers.allocation [req-982117f9-fd2f-43d6-b0c5-c2d0d535bc06 req-4bf38764-1392-4e18-8796-834d91da9d30 service placement] Successfully deleted allocations [, , ] {{(pid=107606) delete_allocations /opt/stack/placement/placement/handlers/allocation.py:627}}
Oct 04 20:40:51.718852 n-d-854823-8 devstack@placement-api.service[107606]: INFO placement.requestlog [req-982117f9-fd2f-43d6-b0c5-c2d0d535bc06 req-4bf38764-1392-4e18-8796-834d91da9d30 service placement] 10.222.0.16 "DELETE /placement/allocations/fd12aa25-6dbc-4f92-a2e1-83ae94ab83b4" status: 204 len: 0 microversion: 1.0
Oct 04 20:40:51.719560 n-d-854823-8 devstack@placement-api.service[107606]: [pid: 107606|app: 0|req: 594/1170] 10.222.0.16 () {60 vars in 1355 bytes} [Tue Oct 4 20:40:51 2022] DELETE /placement/allocations/fd12aa25-6dbc-4f92-a2e1-83ae94ab83b4 => generated 0 bytes in 71 msecs (HTTP/1.1 204) 5 headers in 198 bytes (1 switches on core 0)
Oct 04 20:40:51.721183 n-d-854823-8 devstack@placement-api.service[107605]: DEBUG placement.requestlog [req-78b7e0c5-fe35-4dc1-a015-a7a8d31f3179 req-fc51cb0a-e343-4fef-8142-edcc07fd73e8 None None] Starting request: 10.222.0.16 "GET /placement/resource_providers/8de326d3-3deb-471b-911d-3b44a5306325/allocations" {{(pid=107605) __call__ /opt/stack/placement/placement/requestlog.py:55}}
Oct 04 20:40:51.757731 n-d-854823-8 devstack@placement-api.service[107605]: INFO placement.requestlog [req-78b7e0c5-fe35-4dc1-a015-a7a8d31f3179 req-fc51cb0a-e343-4fef-8142-edcc07fd73e8 service placement] 10.222.0.16 "GET /placement/resource_providers/8de326d3-3deb-471b-911d-3b44a5306325/allocations" status: 200 len: 861 microversion: 1.0
Oct 04 20:40:51.758264 n-d-854823-8 devstack@placement-api.service[107605]: [pid: 107605|app: 0|req: 577/1171] 10.222.0.16 () {58 vars in 1390 bytes} [Tue Oct 4 20:40:51 2022] GET /placement/resource_providers/8de326d3-3deb-471b-911d-3b44a5306325/allocations => generated 861 bytes in 39 msecs (HTTP/1.1 200) 6 headers in 224 bytes (2 switches on core 0)
Oct 04 20:40:51.767387 n-d-854823-8 devstack@placement-api.service[107606]: DEBUG placement.requestlog [req-78b7e0c5-fe35-4dc1-a015-a7a8d31f3179 req-d1e2d127-155e-46e2-8e5f-c6fac7800cbf None None] Starting request: 10.222.0.16 "GET /placement/allocations/3a072848-2b81-4526-af03-2dd853158520" {{(pid=107606) __call__ /opt/stack/placement/placement/requestlog.py:55}}
Oct 04 20:40:51.798301 n-d-854823-8 devstack@placement-api.service[107606]: INFO placement.requestlog [req-78b7e0c5-fe35-4dc1-a015-a7a8d31f3179 req-d1e2d127-155e-46e2-8e5f-c6fac7800cbf service placement] 10.222.0.16 "GET /placement/allocations/3a072848-2b81-4526-af03-2dd853158520" status: 200 len: 259 microversion: 1.28
Oct 04 20:40:51.798815 n-d-854823-8 devstack@placement-api.service[107606]: [pid: 107606|app: 0|req: 595/1172] 10.222.0.16 () {60 vars in 1377 bytes} [Tue Oct 4 20:40:51 2022] GET /placement/allocations/3a072848-2b81-4526-af03-2dd853158520 => generated 259 bytes in 32 msecs (HTTP/1.1 200) 8 headers in 296 bytes (2 switches on core 0)
Oct 04 20:40:51.807712 n-d-854823-8 devstack@placement-api.service[107605]: DEBUG placement.requestlog [req-78b7e0c5-fe35-4dc1-a015-a7a8d31f3179 req-d7c5626c-6578-42d1-beb8-a089828428d7 None None] Starting request: 10.222.0.16 "GET /placement/allocations/6ff56299-ada5-4e73-9e68-59cdd48f8a16" {{(pid=107605) __call__ /opt/stack/placement/placement/requestlog.py:55}}
Oct 04 20:40:51.836208 n-d-854823-8 devstack@placement-api.service[107605]: INFO placement.requestlog [req-78b7e0c5-fe35-4dc1-a015-a7a8d31f3179 req-d7c5626c-6578-42d1-beb8-a089828428d7 service placement] 10.222.0.16 "GET /placement/allocations/6ff56299-ada5-4e73-9e68-59cdd48f8a16" status: 200 len: 259 microversion: 1.28
Oct 04 20:40:51.837161 n-d-854823-8 devstack@placement-api.service[107605]: [pid: 107605|app: 0|req: 578/1173] 10.222.0.16 () {60 vars in 1377 bytes} [Tue Oct 4 20:40:51 2022] GET /placement/allocations/6ff56299-ada5-4e73-9e68-59cdd48f8a16 => generated 259 bytes in 30 msecs (HTTP/1.1 200) 8 headers in 296 bytes (1 switches on core 0)
Oct 04 20:40:51.850695 n-d-854823-8 devstack@placement-api.service[107606]: DEBUG placement.requestlog [req-78b7e0c5-fe35-4dc1-a015-a7a8d31f3179 req-de5b373e-bc66-4496-9d9e-af890f6db433 None None] Starting request: 10.222.0.16 "GET /placement/allocations/f33c0e5c-fe2c-4379-b50a-08eb17062b91" {{(pid=107606) __call__ /opt/stack/placement/placement/requestlog.py:55}}
Oct 04 20:40:51.882369 n-d-854823-8 devstack@placement-api.service[107606]: INFO placement.requestlog [req-78b7e0c5-fe35-4dc1-a015-a7a8d31f3179 req-de5b373e-bc66-4496-9d9e-af890f6db433 service placement] 10.222.0.16 "GET /placement/allocations/f33c0e5c-fe2c-4379-b50a-08eb17062b91" status: 200 len: 259 microversion: 1.28
Oct 04 20:40:51.882930 n-d-854823-8 devstack@placement-api.service[107606]: [pid: 107606|app: 0|req: 596/1174] 10.222.0.16 () {60 vars in 1377 bytes} [Tue Oct 4 20:40:51 2022] GET /placement/allocations/f33c0e5c-fe2c-4379-b50a-08eb17062b91 => generated 259 bytes in 33 msecs (HTTP/1.1 200) 8 headers in 296 bytes (1 switches on core 0)
Oct 04 20:40:51.896845 n-d-854823-8 devstack@placement-api.service[107605]: DEBUG placement.requestlog [req-78b7e0c5-fe35-4dc1-a015-a7a8d31f3179 req-9191530f-e162-4027-8db3-ca9b1084f099 None None] Starting request: 10.222.0.16 "GET /placement/allocations/42726a57-cdc8-45e3-8d61-348f02bfcd53" {{(pid=107605) __call__ /opt/stack/placement/placement/requestlog.py:55}}
Oct 04 20:40:51.940115 n-d-854823-8 devstack@placement-api.service[107605]: INFO placement.requestlog [req-78b7e0c5-fe35-4dc1-a015-a7a8d31f3179 req-9191530f-e162-4027-8db3-ca9b1084f099 service placement] 10.222.0.16 "GET /placement/allocations/42726a57-cdc8-45e3-8d61-348f02bfcd53" status: 200 len: 259 microversion: 1.28
Oct 04 20:40:51.940818 n-d-854823-8 devstack@placement-api.service[107605]: [pid: 107605|app: 0|req: 579/1175] 10.222.0.16 () {60 vars in 1377 bytes} [Tue Oct 4 20:40:51 2022] GET /placement/allocations/42726a57-cdc8-45e3-8d61-348f02bfcd53 => generated 259 bytes in 44 msecs (HTTP/1.1 200) 8 headers in 296 bytes (1 switches on core 0)
Oct 04 20:40:51.961369 n-d-854823-8 devstack@placement-api.service[107606]: DEBUG placement.requestlog [req-78b7e0c5-fe35-4dc1-a015-a7a8d31f3179 req-8b5cc6f1-de2c-4d6d-a2c2-d87c7468428d None None] Starting request: 10.222.0.16 "GET /placement/allocations/81748c83-b703-4c68-899c-c575cc3340d2" {{(pid=107606) __call__ /opt/stack/placement/placement/requestlog.py:55}}
Oct 04 20:40:51.986163 n-d-854823-8 devstack@placement-api.service[107606]: INFO placement.requestlog [req-78b7e0c5-fe35-4dc1-a015-a7a8d31f3179 req-8b5cc6f1-de2c-4d6d-a2c2-d87c7468428d service placement] 10.222.0.16 "GET /placement/allocations/81748c83-b703-4c68-899c-c575cc3340d2" status: 200 len: 259 microversion: 1.28
Oct 04 20:40:51.987968 n-d-854823-8 devstack@placement-api.service[107606]: [pid: 107606|app: 0|req: 597/1176] 10.222.0.16 () {60 vars in 1377 bytes} [Tue Oct 4 20:40:51 2022] GET /placement/allocations/81748c83-b703-4c68-899c-c575cc3340d2 => generated 259 bytes in 38 msecs (HTTP/1.1 200) 8 headers in 296 bytes (1 switches on core 0)
Oct 04 20:40:52.010116 n-d-854823-8 devstack@placement-api.service[107605]: DEBUG placement.requestlog [req-78b7e0c5-fe35-4dc1-a015-a7a8d31f3179 req-8fc329d7-5835-4d8c-9e23-18ab0ade9ab5 None None] Starting request: 10.222.0.16 "GET /placement/allocations/55d73a76-3d5e-426c-8a99-9cae92f8498b" {{(pid=107605) __call__ /opt/stack/placement/placement/requestlog.py:55}}
Oct 04 20:40:52.037668 n-d-854823-8 devstack@placement-api.service[107605]: INFO placement.requestlog [req-78b7e0c5-fe35-4dc1-a015-a7a8d31f3179 req-8fc329d7-5835-4d8c-9e23-18ab0ade9ab5 service placement] 10.222.0.16 "GET /placement/allocations/55d73a76-3d5e-426c-8a99-9cae92f8498b" status: 200 len: 259 microversion: 1.28
Oct 04 20:40:52.038864 n-d-854823-8 devstack@placement-api.service[107605]: [pid: 107605|app: 0|req: 580/1177] 10.222.0.16 () {60 vars in 1377 bytes} [Tue Oct 4 20:40:52 2022] GET /placement/allocations/55d73a76-3d5e-426c-8a99-9cae92f8498b => generated 259 bytes in 29 msecs (HTTP/1.1 200) 8 headers in 296 bytes (1 switches on core 0)
Oct 04 20:40:52.052746 n-d-854823-8 devstack@placement-api.service[107606]: DEBUG placement.requestlog [req-78b7e0c5-fe35-4dc1-a015-a7a8d31f3179 req-792270db-e62a-4068-a48a-77e881183e5e None None] Starting request: 10.222.0.16 "GET /placement/allocations/0dd1d0cf-a3a0-4ea2-8260-ac206bbfac88" {{(pid=107606) __call__ /opt/stack/placement/placement/requestlog.py:55}}
Oct 04 20:40:52.085815 n-d-854823-8 devstack@placement-api.service[107606]: INFO placement.requestlog [req-78b7e0c5-fe35-4dc1-a015-a7a8d31f3179 req-792270db-e62a-4068-a48a-77e881183e5e service placement] 10.222.0.16 "GET /placement/allocations/0dd1d0cf-a3a0-4ea2-8260-ac206bbfac88" status: 200 len: 259 microversion: 1.28
Oct 04 20:40:52.086217 n-d-854823-8 devstack@placement-api.service[107606]: [pid: 107606|app: 0|req: 598/1178] 10.222.0.16 () {60 vars in 1377 bytes} [Tue Oct 4 20:40:52 2022] GET /placement/allocations/0dd1d0cf-a3a0-4ea2-8260-ac206bbfac88 => generated 259 bytes in 34 msecs (HTTP/1.1 200) 8 headers in 296 bytes (1 switches on core 0)
Oct 04 20:40:52.094694 n-d-854823-8 devstack@placement-api.service[107605]: DEBUG placement.requestlog [req-78b7e0c5-fe35-4dc1-a015-a7a8d31f3179 req-d35f4bb3-c3fb-45ff-a57a-0c8fab477851 None None] Starting request: 10.222.0.16 "GET /placement/allocations/a2fc592c-9dac-4f72-8633-229925d3bf76" {{(pid=107605) __call__ /opt/stack/placement/placement/requestlog.py:55}}
Oct 04 20:40:52.132674 n-d-854823-8 devstack@placement-api.service[107605]: INFO placement.requestlog [req-78b7e0c5-fe35-4dc1-a015-a7a8d31f3179 req-d35f4bb3-c3fb-45ff-a57a-0c8fab477851 service placement] 10.222.0.16 "GET /placement/allocations/a2fc592c-9dac-4f72-8633-229925d3bf76" status: 200 len: 259 microversion: 1.28
Oct 04 20:40:52.135419 n-d-854823-8 devstack@placement-api.service[107605]: [pid: 107605|app: 0|req: 581/1179] 10.222.0.16 () {60 vars in 1377 bytes} [Tue Oct 4 20:40:52 2022] GET /placement/allocations/a2fc592c-9dac-4f72-8633-229925d3bf76 => generated 259 bytes in 41 msecs (HTTP/1.1 200) 8 headers in 296 bytes (1 switches on core 0)
Oct 04 20:40:52.399196 n-d-854823-8 devstack@placement-api.service[107606]: DEBUG placement.requestlog [req-78b7e0c5-fe35-4dc1-a015-a7a8d31f3179 req-0cebfa1b-db9f-4858-ba49-f6723f5d9f4f None None] Starting request: 10.222.0.16 "DELETE /placement/allocations/0dd1d0cf-a3a0-4ea2-8260-ac206bbfac88" {{(pid=107606) __call__ /opt/stack/placement/placement/requestlog.py:55}}
Oct 04 20:40:52.463615 n-d-854823-8 devstack@placement-api.service[107606]: DEBUG placement.handlers.allocation [req-78b7e0c5-fe35-4dc1-a015-a7a8d31f3179 req-0cebfa1b-db9f-4858-ba49-f6723f5d9f4f service placement] Successfully deleted allocations [, , ] {{(pid=107606) delete_allocations /opt/stack/placement/placement/handlers/allocation.py:627}}
Oct 04 20:40:52.465199 n-d-854823-8 devstack@placement-api.service[107606]: INFO placement.requestlog [req-78b7e0c5-fe35-4dc1-a015-a7a8d31f3179 req-0cebfa1b-db9f-4858-ba49-f6723f5d9f4f service placement] 10.222.0.16 "DELETE /placement/allocations/0dd1d0cf-a3a0-4ea2-8260-ac206bbfac88" status: 204 len: 0 microversion: 1.0
Oct 04 20:40:52.471426 n-d-854823-8 devstack@placement-api.service[107606]: [pid: 107606|app: 0|req: 599/1180] 10.222.0.16 () {60 vars in 1355 bytes} [Tue Oct 4 20:40:52 2022] DELETE /placement/allocations/0dd1d0cf-a3a0-4ea2-8260-ac206bbfac88 => generated 0 bytes in 73 msecs (HTTP/1.1 204) 5 headers in 198 bytes (1 switches on core 0)
Oct 04 20:40:53.275908 n-d-854823-8 devstack@placement-api.service[107605]: DEBUG placement.requestlog [req-1f264915-ea4c-4559-81ff-841a8f8ddb34 req-5876af1e-68d9-469c-8f22-e228ea54eeac None None] Starting request: 10.222.0.23 "GET /placement/resource_providers/f4b3ff22-7cf0-4921-ac4e-a105d144c603/allocations" {{(pid=107605) __call__ /opt/stack/placement/placement/requestlog.py:55}}
Oct 04 20:40:53.277037 n-d-854823-8 devstack@placement-api.service[107606]: DEBUG placement.requestlog [req-bf4719ab-73f3-4acd-94c2-75697171a4c3 req-5a83a029-e2c8-482f-9f53-b32b45f280e6 None None] Starting request: 10.222.0.16 "GET /placement/resource_providers/8de326d3-3deb-471b-911d-3b44a5306325/allocations" {{(pid=107606) __call__ /opt/stack/placement/placement/requestlog.py:55}}
Oct 04 20:40:53.286119 n-d-854823-8 devstack@placement-api.service[107605]: DEBUG dbcounter [-] [107605] Writing DB stats placement:SELECT=98,placement:DELETE=2 {{(pid=107605) stat_writer /usr/local/lib/python3.8/dist-packages/dbcounter.py:114}}
Oct 04 20:40:53.312708 n-d-854823-8 devstack@placement-api.service[107605]: INFO placement.requestlog [req-1f264915-ea4c-4559-81ff-841a8f8ddb34 req-5876af1e-68d9-469c-8f22-e228ea54eeac service placement] 10.222.0.23 "GET /placement/resource_providers/f4b3ff22-7cf0-4921-ac4e-a105d144c603/allocations" status: 200 len: 861 microversion: 1.0
Oct 04 20:40:53.313734 n-d-854823-8 devstack@placement-api.service[107605]: [pid: 107605|app: 0|req: 582/1181] 10.222.0.23 () {58 vars in 1390 bytes} [Tue Oct 4 20:40:53 2022] GET /placement/resource_providers/f4b3ff22-7cf0-4921-ac4e-a105d144c603/allocations => generated 861 bytes in 38 msecs (HTTP/1.1 200) 6 headers in 224 bytes (1 switches on core 0)
Oct 04 20:40:53.318485 n-d-854823-8 devstack@placement-api.service[107606]: INFO placement.requestlog [req-bf4719ab-73f3-4acd-94c2-75697171a4c3 req-5a83a029-e2c8-482f-9f53-b32b45f280e6 service placement] 10.222.0.16 "GET /placement/resource_providers/8de326d3-3deb-471b-911d-3b44a5306325/allocations" status: 200 len: 760 microversion: 1.0
Oct 04 20:40:53.319124 n-d-854823-8 devstack@placement-api.service[107606]: [pid: 107606|app: 0|req: 600/1182] 10.222.0.16 () {58 vars in 1390 bytes} [Tue Oct 4 20:40:53 2022] GET /placement/resource_providers/8de326d3-3deb-471b-911d-3b44a5306325/allocations => generated 760 bytes in 42 msecs (HTTP/1.1 200) 6 headers in 224 bytes (2 switches on core 0)
Oct 04 20:40:53.327937 n-d-854823-8 devstack@placement-api.service[107605]: DEBUG placement.requestlog [req-bf4719ab-73f3-4acd-94c2-75697171a4c3 req-81d8ba03-653b-485f-aa3b-a54132cc98d6 None None] Starting request: 10.222.0.16 "GET /placement/allocations/a2fc592c-9dac-4f72-8633-229925d3bf76" {{(pid=107605) __call__ /opt/stack/placement/placement/requestlog.py:55}}
