Aug 30 15:52:58.087083 n-d-854663-7 devstack@keystone.service[81977]: [pid: 81977|app: 0|req: 198/394] 10.222.0.36 () {56 vars in 1101 bytes} [Tue Aug 30 15:52:57 2022] GET /identity/v3/roles?name=member => generated 341 bytes in 246 msecs (HTTP/1.1 200) 5 headers in 177 bytes (1 switches on core 0)
Aug 30 15:52:58.093108 n-d-854663-7 devstack@keystone.service[81977]: DEBUG keystone.server.flask.request_processing.middleware.auth_context [None req-0808cbf4-6944-414c-8da6-9cb077f40a6d None admin] Authenticating user token {{(pid=81977) process_request /usr/local/lib/python3.8/dist-packages/keystonemiddleware/auth_token/__init__.py:407}}
Aug 30 15:52:58.158385 n-d-854663-7 devstack@keystone.service[81976]: DEBUG keystone.server.flask.request_processing.middleware.auth_context [None req-a5f6585d-eb00-49dd-a303-8f81cceb90b5 None admin] Validating token access rules against request {{(pid=81976) validate_allowed_request /usr/local/lib/python3.8/dist-packages/keystonemiddleware/auth_token/__init__.py:545}}
Aug 30 15:52:58.218875 n-d-854663-7 devstack@keystone.service[81977]: DEBUG dbcounter [-] [81977] Writing DB stats keystone:SELECT=100 {{(pid=81977) stat_writer /usr/local/lib/python3.8/dist-packages/dbcounter.py:114}}
Aug 30 15:52:58.235955 n-d-854663-7 devstack@keystone.service[81976]: DEBUG keystone.server.flask.request_processing.middleware.auth_context [None req-57a30a1c-10b0-480d-812e-5aa3e659aa70 None admin] RBAC: auth_context: {'token': , 'domain_id': None, 'trust_id': None, 'trustor_id': None, 'trustee_id': None, 'domain_name': None, 'group_ids': [], 'user_id': '5cb63acbce624a8993c83c864d5c9d36', 'user_domain_id': 'default', 'system_scope': 'all', 'project_id': None, 'project_domain_id': None, 'roles': ['admin', 'member', 'reader'], 'is_admin_project': True, 'service_user_id': None, 'service_user_domain_id': None, 'service_project_id': None, 'service_project_domain_id': None, 'service_roles': []} {{(pid=81976) fill_context /opt/stack/keystone/keystone/server/flask/request_processing/middleware/auth_context.py:478}}
Aug 30 15:52:58.236855 n-d-854663-7 devstack@keystone.service[81976]: DEBUG keystone.server.flask.request_processing.req_logging [None req-57a30a1c-10b0-480d-812e-5aa3e659aa70 None admin] REQUEST_METHOD: `GET` {{(pid=81976) log_request_info /opt/stack/keystone/keystone/server/flask/request_processing/req_logging.py:27}}
Aug 30 15:52:58.237302 n-d-854663-7 devstack@keystone.service[81976]: DEBUG keystone.server.flask.request_processing.req_logging [None req-57a30a1c-10b0-480d-812e-5aa3e659aa70 None admin] SCRIPT_NAME: `/identity` {{(pid=81976) log_request_info /opt/stack/keystone/keystone/server/flask/request_processing/req_logging.py:28}}
Aug 30 15:52:58.237712 n-d-854663-7 devstack@keystone.service[81976]: DEBUG keystone.server.flask.request_processing.req_logging [None req-57a30a1c-10b0-480d-812e-5aa3e659aa70 None admin] PATH_INFO: `/v3/roles` {{(pid=81976) log_request_info /opt/stack/keystone/keystone/server/flask/request_processing/req_logging.py:29}}
Aug 30 15:52:58.239533 n-d-854663-7 devstack@keystone.service[81976]: DEBUG keystone.common.rbac_enforcer.enforcer [None req-57a30a1c-10b0-480d-812e-5aa3e659aa70 None admin] RBAC: Adding query filter params (name=anotherrole) {{(pid=81976) _extract_filter_values /opt/stack/keystone/keystone/common/rbac_enforcer/enforcer.py:167}}
Aug 30 15:52:58.240012 n-d-854663-7 devstack@keystone.service[81976]: DEBUG keystone.common.rbac_enforcer.enforcer [None req-57a30a1c-10b0-480d-812e-5aa3e659aa70 None admin] RBAC: Authorizing `identity:list_roles()` {{(pid=81976) enforce_call /opt/stack/keystone/keystone/common/rbac_enforcer/enforcer.py:449}}
Aug 30 15:52:58.241694 n-d-854663-7 devstack@keystone.service[81976]: DEBUG keystone.common.rbac_enforcer.enforcer [None req-57a30a1c-10b0-480d-812e-5aa3e659aa70 None admin] RBAC: Authorization granted {{(pid=81976) enforce_call /opt/stack/keystone/keystone/common/rbac_enforcer/enforcer.py:457}}
Aug 30 15:52:58.259423 n-d-854663-7 devstack@keystone.service[81976]: [pid: 81976|app: 0|req: 197/395] 10.222.0.36 () {56 vars in 1111 bytes} [Tue Aug 30 15:52:58 2022] GET /identity/v3/roles?name=anotherrole => generated 334 bytes in 245 msecs (HTTP/1.1 200) 5 headers in 177 bytes (1 switches on core 0)
Aug 30 15:52:58.265780 n-d-854663-7 devstack@keystone.service[81977]: DEBUG keystone.server.flask.request_processing.middleware.auth_context [None req-0808cbf4-6944-414c-8da6-9cb077f40a6d None admin] Validating token access rules against request {{(pid=81977) validate_allowed_request /usr/local/lib/python3.8/dist-packages/keystonemiddleware/auth_token/__init__.py:545}}
Aug 30 15:52:58.269963 n-d-854663-7 devstack@keystone.service[81976]: DEBUG keystone.server.flask.request_processing.middleware.auth_context [None req-57a30a1c-10b0-480d-812e-5aa3e659aa70 None admin] Authenticating user token {{(pid=81976) process_request /usr/local/lib/python3.8/dist-packages/keystonemiddleware/auth_token/__init__.py:407}}
Aug 30 15:52:58.335941 n-d-854663-7 devstack@keystone.service[81977]: DEBUG keystone.server.flask.request_processing.middleware.auth_context [None req-0bbc3153-a16f-4612-8599-90334010b5f3 None admin] RBAC: auth_context: {'token': , 'domain_id': None, 'trust_id': None, 'trustor_id': None, 'trustee_id': None, 'domain_name': None, 'group_ids': [], 'user_id': '5cb63acbce624a8993c83c864d5c9d36', 'user_domain_id': 'default', 'system_scope': 'all', 'project_id': None, 'project_domain_id': None, 'roles': ['admin', 'member', 'reader'], 'is_admin_project': True, 'service_user_id': None, 'service_user_domain_id': None, 'service_project_id': None, 'service_project_domain_id': None, 'service_roles': []} {{(pid=81977) fill_context /opt/stack/keystone/keystone/server/flask/request_processing/middleware/auth_context.py:478}}
Aug 30 15:52:58.338356 n-d-854663-7 devstack@keystone.service[81977]: DEBUG keystone.server.flask.request_processing.req_logging [None req-0bbc3153-a16f-4612-8599-90334010b5f3 None admin] REQUEST_METHOD: `GET` {{(pid=81977) log_request_info /opt/stack/keystone/keystone/server/flask/request_processing/req_logging.py:27}}
Aug 30 15:52:58.338808 n-d-854663-7 devstack@keystone.service[81977]: DEBUG keystone.server.flask.request_processing.req_logging [None req-0bbc3153-a16f-4612-8599-90334010b5f3 None admin] SCRIPT_NAME: `/identity` {{(pid=81977) log_request_info /opt/stack/keystone/keystone/server/flask/request_processing/req_logging.py:28}}
Aug 30 15:52:58.339234 n-d-854663-7 devstack@keystone.service[81977]: DEBUG keystone.server.flask.request_processing.req_logging [None req-0bbc3153-a16f-4612-8599-90334010b5f3 None admin] PATH_INFO: `/v3/groups/42d508099d4142049e867a2a1ecdaa78` {{(pid=81977) log_request_info /opt/stack/keystone/keystone/server/flask/request_processing/req_logging.py:29}}
Aug 30 15:52:58.341390 n-d-854663-7 devstack@keystone.service[81977]: DEBUG keystone.common.rbac_enforcer.enforcer [None req-0bbc3153-a16f-4612-8599-90334010b5f3 None admin] RBAC: Authorizing `identity:get_group(group_id=42d508099d4142049e867a2a1ecdaa78)` {{(pid=81977) enforce_call /opt/stack/keystone/keystone/common/rbac_enforcer/enforcer.py:449}}
Aug 30 15:52:58.345221 n-d-854663-7 devstack@keystone.service[81977]: DEBUG keystone.common.rbac_enforcer.enforcer [None req-0bbc3153-a16f-4612-8599-90334010b5f3 None admin] RBAC: Authorization granted {{(pid=81977) enforce_call /opt/stack/keystone/keystone/common/rbac_enforcer/enforcer.py:457}}
Aug 30 15:52:58.348699 n-d-854663-7 devstack@keystone.service[81977]: [pid: 81977|app: 0|req: 199/396] 10.222.0.36 () {56 vars in 1180 bytes} [Tue Aug 30 15:52:58 2022] GET /identity/v3/groups/42d508099d4142049e867a2a1ecdaa78 => generated 226 bytes in 254 msecs (HTTP/1.1 200) 5 headers in 177 bytes (1 switches on core 0)
Aug 30 15:52:58.353020 n-d-854663-7 devstack@keystone.service[81977]: DEBUG keystone.server.flask.request_processing.middleware.auth_context [None req-0bbc3153-a16f-4612-8599-90334010b5f3 None admin] Authenticating user token {{(pid=81977) process_request /usr/local/lib/python3.8/dist-packages/keystonemiddleware/auth_token/__init__.py:407}}
Aug 30 15:52:58.400324 n-d-854663-7 devstack@keystone.service[81976]: DEBUG dbcounter [-] [81976] Writing DB stats keystone:SELECT=100 {{(pid=81976) stat_writer /usr/local/lib/python3.8/dist-packages/dbcounter.py:114}}
Aug 30 15:52:58.414074 n-d-854663-7 devstack@keystone.service[81976]: DEBUG keystone.server.flask.request_processing.middleware.auth_context [None req-57a30a1c-10b0-480d-812e-5aa3e659aa70 None admin] Validating token access rules against request {{(pid=81976) validate_allowed_request /usr/local/lib/python3.8/dist-packages/keystonemiddleware/auth_token/__init__.py:545}}
Aug 30 15:52:58.450620 n-d-854663-7 devstack@keystone.service[81976]: DEBUG keystone.server.flask.request_processing.middleware.auth_context [None req-e0ad5b67-0503-45ba-a4ee-3adb7f3c6e80 None admin] RBAC: auth_context: {'token': , 'domain_id': None, 'trust_id': None, 'trustor_id': None, 'trustee_id': None, 'domain_name': None, 'group_ids': [], 'user_id': '5cb63acbce624a8993c83c864d5c9d36', 'user_domain_id': 'default', 'system_scope': 'all', 'project_id': None, 'project_domain_id': None, 'roles': ['admin', 'member', 'reader'], 'is_admin_project': True, 'service_user_id': None, 'service_user_domain_id': None, 'service_project_id': None, 'service_project_domain_id': None, 'service_roles': []} {{(pid=81976) fill_context /opt/stack/keystone/keystone/server/flask/request_processing/middleware/auth_context.py:478}}
Aug 30 15:52:58.451552 n-d-854663-7 devstack@keystone.service[81976]: DEBUG keystone.server.flask.request_processing.req_logging [None req-e0ad5b67-0503-45ba-a4ee-3adb7f3c6e80 None admin] REQUEST_METHOD: `GET` {{(pid=81976) log_request_info /opt/stack/keystone/keystone/server/flask/request_processing/req_logging.py:27}}
Aug 30 15:52:58.452056 n-d-854663-7 devstack@keystone.service[81976]: DEBUG keystone.server.flask.request_processing.req_logging [None req-e0ad5b67-0503-45ba-a4ee-3adb7f3c6e80 None admin] SCRIPT_NAME: `/identity` {{(pid=81976) log_request_info /opt/stack/keystone/keystone/server/flask/request_processing/req_logging.py:28}}
Aug 30 15:52:58.452503 n-d-854663-7 devstack@keystone.service[81976]: DEBUG keystone.server.flask.request_processing.req_logging [None req-e0ad5b67-0503-45ba-a4ee-3adb7f3c6e80 None admin] PATH_INFO: `/v3/groups/42d508099d4142049e867a2a1ecdaa78` {{(pid=81976) log_request_info /opt/stack/keystone/keystone/server/flask/request_processing/req_logging.py:29}}
Aug 30 15:52:58.453790 n-d-854663-7 devstack@keystone.service[81976]: DEBUG keystone.common.rbac_enforcer.enforcer [None req-e0ad5b67-0503-45ba-a4ee-3adb7f3c6e80 None admin] RBAC: Authorizing `identity:get_group(group_id=42d508099d4142049e867a2a1ecdaa78)` {{(pid=81976) enforce_call /opt/stack/keystone/keystone/common/rbac_enforcer/enforcer.py:449}}
Aug 30 15:52:58.455391 n-d-854663-7 devstack@keystone.service[81976]: DEBUG keystone.common.rbac_enforcer.enforcer [None req-e0ad5b67-0503-45ba-a4ee-3adb7f3c6e80 None admin] RBAC: Authorization granted {{(pid=81976) enforce_call /opt/stack/keystone/keystone/common/rbac_enforcer/enforcer.py:457}}
Aug 30 15:52:58.458185 n-d-854663-7 devstack@keystone.service[81976]: [pid: 81976|app: 0|req: 198/397] 10.222.0.36 () {56 vars in 1180 bytes} [Tue Aug 30 15:52:58 2022] GET /identity/v3/groups/42d508099d4142049e867a2a1ecdaa78 => generated 226 bytes in 189 msecs (HTTP/1.1 200) 5 headers in 177 bytes (1 switches on core 0)
Aug 30 15:52:58.463712 n-d-854663-7 devstack@keystone.service[81976]: DEBUG keystone.server.flask.request_processing.middleware.auth_context [None req-e0ad5b67-0503-45ba-a4ee-3adb7f3c6e80 None admin] Authenticating user token {{(pid=81976) process_request /usr/local/lib/python3.8/dist-packages/keystonemiddleware/auth_token/__init__.py:407}}
Aug 30 15:52:58.464788 n-d-854663-7 devstack@keystone.service[81977]: DEBUG keystone.server.flask.request_processing.middleware.auth_context [None req-0bbc3153-a16f-4612-8599-90334010b5f3 None admin] Validating token access rules against request {{(pid=81977) validate_allowed_request /usr/local/lib/python3.8/dist-packages/keystonemiddleware/auth_token/__init__.py:545}}
Aug 30 15:52:58.511318 n-d-854663-7 devstack@keystone.service[81977]: DEBUG keystone.server.flask.request_processing.middleware.auth_context [None req-935e406d-4ea1-449c-99d1-a42daa1676bd None admin] RBAC: auth_context: {'token': , 'domain_id': None, 'trust_id': None, 'trustor_id': None, 'trustee_id': None, 'domain_name': None, 'group_ids': [], 'user_id': '5cb63acbce624a8993c83c864d5c9d36', 'user_domain_id': 'default', 'system_scope': 'all', 'project_id': None, 'project_domain_id': None, 'roles': ['admin', 'member', 'reader'], 'is_admin_project': True, 'service_user_id': None, 'service_user_domain_id': None, 'service_project_id': None, 'service_project_domain_id': None, 'service_roles': []} {{(pid=81977) fill_context /opt/stack/keystone/keystone/server/flask/request_processing/middleware/auth_context.py:478}}
Aug 30 15:52:58.511999 n-d-854663-7 devstack@keystone.service[81977]: DEBUG keystone.server.flask.request_processing.req_logging [None req-935e406d-4ea1-449c-99d1-a42daa1676bd None admin] REQUEST_METHOD: `GET` {{(pid=81977) log_request_info /opt/stack/keystone/keystone/server/flask/request_processing/req_logging.py:27}}
Aug 30 15:52:58.512284 n-d-854663-7 devstack@keystone.service[81977]: DEBUG keystone.server.flask.request_processing.req_logging [None req-935e406d-4ea1-449c-99d1-a42daa1676bd None admin] SCRIPT_NAME: `/identity` {{(pid=81977) log_request_info /opt/stack/keystone/keystone/server/flask/request_processing/req_logging.py:28}}
Aug 30 15:52:58.512606 n-d-854663-7 devstack@keystone.service[81977]: DEBUG keystone.server.flask.request_processing.req_logging [None req-935e406d-4ea1-449c-99d1-a42daa1676bd None admin] PATH_INFO: `/v3/projects/9d75d6ab5ac14892b8c4fe9404a70f2f` {{(pid=81977) log_request_info /opt/stack/keystone/keystone/server/flask/request_processing/req_logging.py:29}}
Aug 30 15:52:58.514580 n-d-854663-7 devstack@keystone.service[81977]: DEBUG keystone.common.rbac_enforcer.enforcer [None req-935e406d-4ea1-449c-99d1-a42daa1676bd None admin] RBAC: Authorizing `identity:get_project(project_id=9d75d6ab5ac14892b8c4fe9404a70f2f)` {{(pid=81977) enforce_call /opt/stack/keystone/keystone/common/rbac_enforcer/enforcer.py:449}}
Aug 30 15:52:58.516091 n-d-854663-7 devstack@keystone.service[81977]: DEBUG keystone.common.rbac_enforcer.enforcer [None req-935e406d-4ea1-449c-99d1-a42daa1676bd None admin] RBAC: Authorization granted {{(pid=81977) enforce_call /opt/stack/keystone/keystone/common/rbac_enforcer/enforcer.py:457}}
Aug 30 15:52:58.517734 n-d-854663-7 devstack@keystone.service[81977]: [pid: 81977|app: 0|req: 200/398] 10.222.0.36 () {56 vars in 1186 bytes} [Tue Aug 30 15:52:58 2022] GET /identity/v3/projects/9d75d6ab5ac14892b8c4fe9404a70f2f => generated 302 bytes in 165 msecs (HTTP/1.1 200) 5 headers in 177 bytes (2 switches on core 0)
Aug 30 15:52:58.524337 n-d-854663-7 devstack@keystone.service[81977]: DEBUG keystone.server.flask.request_processing.middleware.auth_context [None req-935e406d-4ea1-449c-99d1-a42daa1676bd None admin] Authenticating user token {{(pid=81977) process_request /usr/local/lib/python3.8/dist-packages/keystonemiddleware/auth_token/__init__.py:407}}
Aug 30 15:52:58.549042 n-d-854663-7 devstack@keystone.service[81977]: DEBUG dbcounter [-] [81977] Writing DB stats keystone:SELECT=100 {{(pid=81977) stat_writer /usr/local/lib/python3.8/dist-packages/dbcounter.py:114}}
Aug 30 15:52:58.608187 n-d-854663-7 devstack@keystone.service[81976]: DEBUG keystone.server.flask.request_processing.middleware.auth_context [None req-e0ad5b67-0503-45ba-a4ee-3adb7f3c6e80 None admin] Validating token access rules against request {{(pid=81976) validate_allowed_request /usr/local/lib/python3.8/dist-packages/keystonemiddleware/auth_token/__init__.py:545}}
Aug 30 15:52:58.643737 n-d-854663-7 devstack@keystone.service[81977]: DEBUG keystone.server.flask.request_processing.middleware.auth_context [None req-935e406d-4ea1-449c-99d1-a42daa1676bd None admin] Validating token access rules against request {{(pid=81977) validate_allowed_request /usr/local/lib/python3.8/dist-packages/keystonemiddleware/auth_token/__init__.py:545}}
Aug 30 15:52:58.655391 n-d-854663-7 devstack@keystone.service[81976]: DEBUG keystone.server.flask.request_processing.middleware.auth_context [None req-cfae8596-400c-4ee6-8a6d-2307931f326b None admin] RBAC: auth_context: {'token': , 'domain_id': None, 'trust_id': None, 'trustor_id': None, 'trustee_id': None, 'domain_name': None, 'group_ids': [], 'user_id': '5cb63acbce624a8993c83c864d5c9d36', 'user_domain_id': 'default', 'system_scope': 'all', 'project_id': None, 'project_domain_id': None, 'roles': ['admin', 'member', 'reader'], 'is_admin_project': True, 'service_user_id': None, 'service_user_domain_id': None, 'service_project_id': None, 'service_project_domain_id': None, 'service_roles': []} {{(pid=81976) fill_context /opt/stack/keystone/keystone/server/flask/request_processing/middleware/auth_context.py:478}}
Aug 30 15:52:58.656137 n-d-854663-7 devstack@keystone.service[81976]: DEBUG keystone.server.flask.request_processing.req_logging [None req-cfae8596-400c-4ee6-8a6d-2307931f326b None admin] REQUEST_METHOD: `GET` {{(pid=81976) log_request_info /opt/stack/keystone/keystone/server/flask/request_processing/req_logging.py:27}}
Aug 30 15:52:58.656890 n-d-854663-7 devstack@keystone.service[81976]: DEBUG keystone.server.flask.request_processing.req_logging [None req-cfae8596-400c-4ee6-8a6d-2307931f326b None admin] SCRIPT_NAME: `/identity` {{(pid=81976) log_request_info /opt/stack/keystone/keystone/server/flask/request_processing/req_logging.py:28}}
Aug 30 15:52:58.657238 n-d-854663-7 devstack@keystone.service[81976]: DEBUG keystone.server.flask.request_processing.req_logging [None req-cfae8596-400c-4ee6-8a6d-2307931f326b None admin] PATH_INFO: `/v3/projects/d5e2d0a5073a44008eca920fb516e6bd` {{(pid=81976) log_request_info /opt/stack/keystone/keystone/server/flask/request_processing/req_logging.py:29}}
Aug 30 15:52:58.658730 n-d-854663-7 devstack@keystone.service[81976]: DEBUG keystone.common.rbac_enforcer.enforcer [None req-cfae8596-400c-4ee6-8a6d-2307931f326b None admin] RBAC: Authorizing `identity:get_project(project_id=d5e2d0a5073a44008eca920fb516e6bd)` {{(pid=81976) enforce_call /opt/stack/keystone/keystone/common/rbac_enforcer/enforcer.py:449}}
Aug 30 15:52:58.661994 n-d-854663-7 devstack@keystone.service[81976]: DEBUG keystone.common.rbac_enforcer.enforcer [None req-cfae8596-400c-4ee6-8a6d-2307931f326b None admin] RBAC: Authorization granted {{(pid=81976) enforce_call /opt/stack/keystone/keystone/common/rbac_enforcer/enforcer.py:457}}
Aug 30 15:52:58.664713 n-d-854663-7 devstack@keystone.service[81976]: [pid: 81976|app: 0|req: 199/399] 10.222.0.36 () {56 vars in 1186 bytes} [Tue Aug 30 15:52:58 2022] GET /identity/v3/projects/d5e2d0a5073a44008eca920fb516e6bd => generated 298 bytes in 201 msecs (HTTP/1.1 200) 5 headers in 177 bytes (2 switches on core 0)
Aug 30 15:52:58.666009 n-d-854663-7 devstack@keystone.service[81976]: DEBUG keystone.server.flask.request_processing.req_logging [None req-d5903993-896a-4fdb-a28f-4f4e0932c36f None None] REQUEST_METHOD: `GET` {{(pid=81976) log_request_info /opt/stack/keystone/keystone/server/flask/request_processing/req_logging.py:27}}
Aug 30 15:52:58.666390 n-d-854663-7 devstack@keystone.service[81976]: DEBUG keystone.server.flask.request_processing.req_logging [None req-d5903993-896a-4fdb-a28f-4f4e0932c36f None None] SCRIPT_NAME: `/identity` {{(pid=81976) log_request_info /opt/stack/keystone/keystone/server/flask/request_processing/req_logging.py:28}}
Aug 30 15:52:58.667301 n-d-854663-7 devstack@keystone.service[81976]: DEBUG keystone.server.flask.request_processing.req_logging [None req-d5903993-896a-4fdb-a28f-4f4e0932c36f None None] PATH_INFO: `/` {{(pid=81976) log_request_info /opt/stack/keystone/keystone/server/flask/request_processing/req_logging.py:29}}
Aug 30 15:52:58.671754 n-d-854663-7 devstack@keystone.service[81976]: [pid: 81976|app: 0|req: 200/400] 10.222.0.36 () {54 vars in 927 bytes} [Tue Aug 30 15:52:58 2022] GET /identity => generated 270 bytes in 6 msecs (HTTP/1.1 300) 6 headers in 234 bytes (1 switches on core 0)
Aug 30 15:52:58.672501 n-d-854663-7 devstack@keystone.service[81976]: DEBUG keystone.server.flask.request_processing.middleware.auth_context [None req-d5903993-896a-4fdb-a28f-4f4e0932c36f None None] Authenticating user token {{(pid=81976) process_request /usr/local/lib/python3.8/dist-packages/keystonemiddleware/auth_token/__init__.py:407}}
Aug 30 15:52:58.686143 n-d-854663-7 devstack@keystone.service[81977]: DEBUG keystone.server.flask.request_processing.middleware.auth_context [None req-b8347212-58ee-48f4-b968-38f1e7a193c9 None admin] RBAC: auth_context: {'token': , 'domain_id': None, 'trust_id': None, 'trustor_id': None, 'trustee_id': None, 'domain_name': None, 'group_ids': [], 'user_id': '5cb63acbce624a8993c83c864d5c9d36', 'user_domain_id': 'default', 'system_scope': 'all', 'project_id': None, 'project_domain_id': None, 'roles': ['admin', 'member', 'reader'], 'is_admin_project': True, 'service_user_id': None, 'service_user_domain_id': None, 'service_project_id': None, 'service_project_domain_id': None, 'service_roles': []} {{(pid=81977) fill_context /opt/stack/keystone/keystone/server/flask/request_processing/middleware/auth_context.py:478}}
Aug 30 15:52:58.687186 n-d-854663-7 devstack@keystone.service[81977]: DEBUG keystone.server.flask.request_processing.req_logging [None req-b8347212-58ee-48f4-b968-38f1e7a193c9 None admin] REQUEST_METHOD: `PUT` {{(pid=81977) log_request_info /opt/stack/keystone/keystone/server/flask/request_processing/req_logging.py:27}}
Aug 30 15:52:58.687471 n-d-854663-7 devstack@keystone.service[81977]: DEBUG keystone.server.flask.request_processing.req_logging [None req-b8347212-58ee-48f4-b968-38f1e7a193c9 None admin] SCRIPT_NAME: `/identity` {{(pid=81977) log_request_info /opt/stack/keystone/keystone/server/flask/request_processing/req_logging.py:28}}
Aug 30 15:52:58.688074 n-d-854663-7 devstack@keystone.service[81977]: DEBUG keystone.server.flask.request_processing.req_logging [None req-b8347212-58ee-48f4-b968-38f1e7a193c9 None admin] PATH_INFO: `/v3/projects/9d75d6ab5ac14892b8c4fe9404a70f2f/groups/42d508099d4142049e867a2a1ecdaa78/roles/56df9481f1f74d0584f265fed99cd032` {{(pid=81977) log_request_info /opt/stack/keystone/keystone/server/flask/request_processing/req_logging.py:29}}
Aug 30 15:52:58.690279 n-d-854663-7 devstack@keystone.service[81977]: DEBUG keystone.common.rbac_enforcer.enforcer [None req-b8347212-58ee-48f4-b968-38f1e7a193c9 None admin] RBAC: Authorizing `identity:create_grant(project_id=9d75d6ab5ac14892b8c4fe9404a70f2f, group_id=42d508099d4142049e867a2a1ecdaa78, role_id=56df9481f1f74d0584f265fed99cd032)` {{(pid=81977) enforce_call /opt/stack/keystone/keystone/common/rbac_enforcer/enforcer.py:449}}
Aug 30 15:52:58.692403 n-d-854663-7 devstack@keystone.service[81977]: DEBUG keystone.common.rbac_enforcer.enforcer [None req-b8347212-58ee-48f4-b968-38f1e7a193c9 None admin] RBAC: Authorization granted {{(pid=81977) enforce_call /opt/stack/keystone/keystone/common/rbac_enforcer/enforcer.py:457}}
Aug 30 15:52:58.701847 n-d-854663-7 devstack@keystone.service[81976]: DEBUG dbcounter [-] [81976] Writing DB stats keystone:SELECT=100 {{(pid=81976) stat_writer /usr/local/lib/python3.8/dist-packages/dbcounter.py:114}}
Aug 30 15:52:58.764678 n-d-854663-7 devstack@keystone.service[81977]: [pid: 81977|app: 0|req: 201/401] 10.222.0.36 () {58 vars in 1442 bytes} [Tue Aug 30 15:52:58 2022] PUT /identity/v3/projects/9d75d6ab5ac14892b8c4fe9404a70f2f/groups/42d508099d4142049e867a2a1ecdaa78/roles/56df9481f1f74d0584f265fed99cd032 => generated 0 bytes in 241 msecs (HTTP/1.1 204) 3 headers in 132 bytes (0 switches on core 0)
Aug 30 15:52:58.777160 n-d-854663-7 devstack@keystone.service[81977]: DEBUG keystone.server.flask.request_processing.req_logging [None req-130ce86b-72ed-47eb-905a-6c215a5ee9cf None None] REQUEST_METHOD: `POST` {{(pid=81977) log_request_info /opt/stack/keystone/keystone/server/flask/request_processing/req_logging.py:27}}
Aug 30 15:52:58.777463 n-d-854663-7 devstack@keystone.service[81977]: DEBUG keystone.server.flask.request_processing.req_logging [None req-130ce86b-72ed-47eb-905a-6c215a5ee9cf None None] SCRIPT_NAME: `/identity` {{(pid=81977) log_request_info /opt/stack/keystone/keystone/server/flask/request_processing/req_logging.py:28}}
Aug 30 15:52:58.777726 n-d-854663-7 devstack@keystone.service[81977]: DEBUG keystone.server.flask.request_processing.req_logging [None req-130ce86b-72ed-47eb-905a-6c215a5ee9cf None None] PATH_INFO: `/v3/auth/tokens` {{(pid=81977) log_request_info /opt/stack/keystone/keystone/server/flask/request_processing/req_logging.py:29}}
Aug 30 15:52:58.779118 n-d-854663-7 devstack@keystone.service[81976]: DEBUG keystone.server.flask.request_processing.middleware.auth_context [None req-d5903993-896a-4fdb-a28f-4f4e0932c36f None None] Validating token access rules against request {{(pid=81976) validate_allowed_request /usr/local/lib/python3.8/dist-packages/keystonemiddleware/auth_token/__init__.py:545}}
Aug 30 15:52:58.813463 n-d-854663-7 devstack@keystone.service[81977]: DEBUG keystone.auth.core [None req-130ce86b-72ed-47eb-905a-6c215a5ee9cf None None] MFA Rules not processed for user `5cb63acbce624a8993c83c864d5c9d36`. Rule list: `[]` (Enabled: `True`). {{(pid=81977) check_auth_methods_against_rules /opt/stack/keystone/keystone/auth/core.py:438}}
Aug 30 15:52:58.816369 n-d-854663-7 devstack@keystone.service[81977]: DEBUG keystone.common.fernet_utils [None req-130ce86b-72ed-47eb-905a-6c215a5ee9cf None None] Loaded 2 Fernet keys from /etc/keystone/fernet-keys/, but `[fernet_tokens] max_active_keys = 3`; perhaps there have not been enough key rotations to reach `max_active_keys` yet? {{(pid=81977) load_keys /opt/stack/keystone/keystone/common/fernet_utils.py:286}}
Aug 30 15:52:58.828783 n-d-854663-7 devstack@keystone.service[81976]: DEBUG keystone.server.flask.request_processing.middleware.auth_context [None req-1ac8b45e-dc8b-4ef1-ba94-f797ab166b19 None admin] RBAC: auth_context: {'token': , 'domain_id': None, 'trust_id': None, 'trustor_id': None, 'trustee_id': None, 'domain_name': None, 'group_ids': [], 'user_id': '5cb63acbce624a8993c83c864d5c9d36', 'user_domain_id': 'default', 'system_scope': 'all', 'project_id': None, 'project_domain_id': None, 'roles': ['admin', 'member', 'reader'], 'is_admin_project': True, 'service_user_id': None, 'service_user_domain_id': None, 'service_project_id': None, 'service_project_domain_id': None, 'service_roles': []} {{(pid=81976) fill_context /opt/stack/keystone/keystone/server/flask/request_processing/middleware/auth_context.py:478}}
Aug 30 15:52:58.829772 n-d-854663-7 devstack@keystone.service[81976]: DEBUG keystone.server.flask.request_processing.req_logging [None req-1ac8b45e-dc8b-4ef1-ba94-f797ab166b19 None admin] REQUEST_METHOD: `PUT` {{(pid=81976) log_request_info /opt/stack/keystone/keystone/server/flask/request_processing/req_logging.py:27}}
Aug 30 15:52:58.830191 n-d-854663-7 devstack@keystone.service[81976]: DEBUG keystone.server.flask.request_processing.req_logging [None req-1ac8b45e-dc8b-4ef1-ba94-f797ab166b19 None admin] SCRIPT_NAME: `/identity` {{(pid=81976) log_request_info /opt/stack/keystone/keystone/server/flask/request_processing/req_logging.py:28}}
Aug 30 15:52:58.830614 n-d-854663-7 devstack@keystone.service[81976]: DEBUG keystone.server.flask.request_processing.req_logging [None req-1ac8b45e-dc8b-4ef1-ba94-f797ab166b19 None admin] PATH_INFO: `/v3/projects/d5e2d0a5073a44008eca920fb516e6bd/groups/42d508099d4142049e867a2a1ecdaa78/roles/45640c867304436094639924d2dac32c` {{(pid=81976) log_request_info /opt/stack/keystone/keystone/server/flask/request_processing/req_logging.py:29}}
Aug 30 15:52:58.833918 n-d-854663-7 devstack@keystone.service[81976]: DEBUG keystone.common.rbac_enforcer.enforcer [None req-1ac8b45e-dc8b-4ef1-ba94-f797ab166b19 None admin] RBAC: Authorizing `identity:create_grant(project_id=d5e2d0a5073a44008eca920fb516e6bd, group_id=42d508099d4142049e867a2a1ecdaa78, role_id=45640c867304436094639924d2dac32c)` {{(pid=81976) enforce_call /opt/stack/keystone/keystone/common/rbac_enforcer/enforcer.py:449}}
Aug 30 15:52:58.835559 n-d-854663-7 devstack@keystone.service[81976]: DEBUG keystone.common.rbac_enforcer.enforcer [None req-1ac8b45e-dc8b-4ef1-ba94-f797ab166b19 None admin] RBAC: Authorization granted {{(pid=81976) enforce_call /opt/stack/keystone/keystone/common/rbac_enforcer/enforcer.py:457}}
Aug 30 15:52:58.902583 n-d-854663-7 devstack@keystone.service[81977]: DEBUG dbcounter [-] [81977] Writing DB stats keystone:SELECT=99,keystone:INSERT=1 {{(pid=81977) stat_writer /usr/local/lib/python3.8/dist-packages/dbcounter.py:114}}
Aug 30 15:52:58.908618 n-d-854663-7 devstack@keystone.service[81977]: [pid: 81977|app: 0|req: 202/402] 10.222.0.36 () {58 vars in 1024 bytes} [Tue Aug 30 15:52:58 2022] POST /identity/v3/auth/tokens => generated 799 bytes in 143 msecs (HTTP/1.1 201) 6 headers in 363 bytes (1 switches on core 0)
Aug 30 15:52:58.909757 n-d-854663-7 devstack@keystone.service[81977]: DEBUG keystone.server.flask.request_processing.req_logging [None req-a5936348-202f-4fe1-ac05-5c66b95287eb None None] REQUEST_METHOD: `GET` {{(pid=81977) log_request_info /opt/stack/keystone/keystone/server/flask/request_processing/req_logging.py:27}}
Aug 30 15:52:58.910255 n-d-854663-7 devstack@keystone.service[81977]: DEBUG keystone.server.flask.request_processing.req_logging [None req-a5936348-202f-4fe1-ac05-5c66b95287eb None None] SCRIPT_NAME: `/identity` {{(pid=81977) log_request_info /opt/stack/keystone/keystone/server/flask/request_processing/req_logging.py:28}}
Aug 30 15:52:58.910741 n-d-854663-7 devstack@keystone.service[81977]: DEBUG keystone.server.flask.request_processing.req_logging [None req-a5936348-202f-4fe1-ac05-5c66b95287eb None None] PATH_INFO: `/` {{(pid=81977) log_request_info /opt/stack/keystone/keystone/server/flask/request_processing/req_logging.py:29}}
Aug 30 15:52:58.913141 n-d-854663-7 devstack@keystone.service[81977]: [pid: 81977|app: 0|req: 203/403] 10.222.0.36 () {54 vars in 927 bytes} [Tue Aug 30 15:52:58 2022] GET /identity => generated 270 bytes in 4 msecs (HTTP/1.1 300) 6 headers in 234 bytes (1 switches on core 0)
Aug 30 15:52:58.920388 n-d-854663-7 devstack@keystone.service[81977]: DEBUG keystone.server.flask.request_processing.req_logging [None req-ee8211ac-a80a-4e36-8759-2539636acb9c None None] REQUEST_METHOD: `POST` {{(pid=81977) log_request_info /opt/stack/keystone/keystone/server/flask/request_processing/req_logging.py:27}}
Aug 30 15:52:58.920388 n-d-854663-7 devstack@keystone.service[81977]: DEBUG keystone.server.flask.request_processing.req_logging [None req-ee8211ac-a80a-4e36-8759-2539636acb9c None None] SCRIPT_NAME: `/identity` {{(pid=81977) log_request_info /opt/stack/keystone/keystone/server/flask/request_processing/req_logging.py:28}}
Aug 30 15:52:58.920388 n-d-854663-7 devstack@keystone.service[81977]: DEBUG keystone.server.flask.request_processing.req_logging [None req-ee8211ac-a80a-4e36-8759-2539636acb9c None None] PATH_INFO: `/v3/auth/tokens` {{(pid=81977) log_request_info /opt/stack/keystone/keystone/server/flask/request_processing/req_logging.py:29}}
Aug 30 15:52:58.943781 n-d-854663-7 devstack@keystone.service[81977]: DEBUG keystone.auth.core [None req-ee8211ac-a80a-4e36-8759-2539636acb9c None None] MFA Rules not processed for user `5cb63acbce624a8993c83c864d5c9d36`. Rule list: `[]` (Enabled: `True`). {{(pid=81977) check_auth_methods_against_rules /opt/stack/keystone/keystone/auth/core.py:438}}
Aug 30 15:52:58.945809 n-d-854663-7 devstack@keystone.service[81977]: DEBUG keystone.common.fernet_utils [None req-ee8211ac-a80a-4e36-8759-2539636acb9c None None] Loaded 2 Fernet keys from /etc/keystone/fernet-keys/, but `[fernet_tokens] max_active_keys = 3`; perhaps there have not been enough key rotations to reach `max_active_keys` yet? {{(pid=81977) load_keys /opt/stack/keystone/keystone/common/fernet_utils.py:286}}
Aug 30 15:52:58.954424 n-d-854663-7 devstack@keystone.service[81976]: [pid: 81976|app: 0|req: 201/404] 10.222.0.36 () {58 vars in 1442 bytes} [Tue Aug 30 15:52:58 2022] PUT /identity/v3/projects/d5e2d0a5073a44008eca920fb516e6bd/groups/42d508099d4142049e867a2a1ecdaa78/roles/45640c867304436094639924d2dac32c => generated 0 bytes in 279 msecs (HTTP/1.1 204) 3 headers in 132 bytes (0 switches on core 0)
Aug 30 15:52:59.041349 n-d-854663-7 devstack@keystone.service[81977]: [pid: 81977|app: 0|req: 204/405] 10.222.0.36 () {58 vars in 1024 bytes} [Tue Aug 30 15:52:58 2022] POST /identity/v3/auth/tokens => generated 799 bytes in 123 msecs (HTTP/1.1 201) 6 headers in 363 bytes (1 switches on core 0)
Aug 30 15:52:59.195817 n-d-854663-7 devstack@keystone.service[81976]: DEBUG keystone.server.flask.request_processing.middleware.auth_context [None req-1ac8b45e-dc8b-4ef1-ba94-f797ab166b19 None admin] Authenticating user token {{(pid=81976) process_request /usr/local/lib/python3.8/dist-packages/keystonemiddleware/auth_token/__init__.py:407}}
Aug 30 15:52:59.284349 n-d-854663-7 devstack@keystone.service[81976]: DEBUG dbcounter [-] [81976] Writing DB stats keystone:SELECT=99,keystone:INSERT=1 {{(pid=81976) stat_writer /usr/local/lib/python3.8/dist-packages/dbcounter.py:114}}
Aug 30 15:52:59.305931 n-d-854663-7 devstack@keystone.service[81976]: DEBUG keystone.server.flask.request_processing.middleware.auth_context [None req-1ac8b45e-dc8b-4ef1-ba94-f797ab166b19 None admin] Validating token access rules against request {{(pid=81976) validate_allowed_request /usr/local/lib/python3.8/dist-packages/keystonemiddleware/auth_token/__init__.py:545}}
Aug 30 15:52:59.354639 n-d-854663-7 devstack@keystone.service[81976]: DEBUG keystone.server.flask.request_processing.middleware.auth_context [None req-6a1aa07e-2d1d-4dba-ac30-3cfc184e1019 None admin] RBAC: auth_context: {'token': , 'domain_id': None, 'trust_id': None, 'trustor_id': None, 'trustee_id': None, 'domain_name': None, 'group_ids': [], 'user_id': '5cb63acbce624a8993c83c864d5c9d36', 'user_domain_id': 'default', 'system_scope': 'all', 'project_id': None, 'project_domain_id': None, 'roles': ['admin', 'member', 'reader'], 'is_admin_project': True, 'service_user_id': None, 'service_user_domain_id': None, 'service_project_id': None, 'service_project_domain_id': None, 'service_roles': []} {{(pid=81976) fill_context /opt/stack/keystone/keystone/server/flask/request_processing/middleware/auth_context.py:478}}
Aug 30 15:52:59.355543 n-d-854663-7 devstack@keystone.service[81976]: DEBUG keystone.server.flask.request_processing.req_logging [None req-6a1aa07e-2d1d-4dba-ac30-3cfc184e1019 None admin] REQUEST_METHOD: `GET` {{(pid=81976) log_request_info /opt/stack/keystone/keystone/server/flask/request_processing/req_logging.py:27}}
Aug 30 15:52:59.355982 n-d-854663-7 devstack@keystone.service[81976]: DEBUG keystone.server.flask.request_processing.req_logging [None req-6a1aa07e-2d1d-4dba-ac30-3cfc184e1019 None admin] SCRIPT_NAME: `/identity` {{(pid=81976) log_request_info /opt/stack/keystone/keystone/server/flask/request_processing/req_logging.py:28}}
Aug 30 15:52:59.356396 n-d-854663-7 devstack@keystone.service[81976]: DEBUG keystone.server.flask.request_processing.req_logging [None req-6a1aa07e-2d1d-4dba-ac30-3cfc184e1019 None admin] PATH_INFO: `/v3/roles/anotherrole` {{(pid=81976) log_request_info /opt/stack/keystone/keystone/server/flask/request_processing/req_logging.py:29}}
Aug 30 15:52:59.371333 n-d-854663-7 devstack@keystone.service[81976]: DEBUG keystone.common.rbac_enforcer.enforcer [None req-6a1aa07e-2d1d-4dba-ac30-3cfc184e1019 None admin] Extracting inferred target data resulted in "NOT FOUND (404)". {{(pid=81976) enforce_call /opt/stack/keystone/keystone/common/rbac_enforcer/enforcer.py:409}}
Aug 30 15:52:59.380412 n-d-854663-7 devstack@keystone.service[81976]: ERROR keystone.server.flask.application [None req-6a1aa07e-2d1d-4dba-ac30-3cfc184e1019 None admin] Could not find role: anotherrole.: keystone.exception.RoleNotFound: Could not find role: anotherrole.
Aug 30 15:52:59.380412 n-d-854663-7 devstack@keystone.service[81976]: ERROR keystone.server.flask.application
Traceback (most recent call last):
Aug 30 15:52:59.380412 n-d-854663-7 devstack@keystone.service[81976]: ERROR keystone.server.flask.application
File "/usr/local/lib/python3.8/dist-packages/flask/app.py", line 1820, in full_dispatch_request
Aug 30 15:52:59.380412 n-d-854663-7 devstack@keystone.service[81976]: ERROR keystone.server.flask.application rv = self.dispatch_request()
Aug 30 15:52:59.380412 n-d-854663-7 devstack@keystone.service[81976]: ERROR keystone.server.flask.application
File "/usr/local/lib/python3.8/dist-packages/flask/app.py", line 1796, in dispatch_request
Aug 30 15:52:59.380412 n-d-854663-7 devstack@keystone.service[81976]: ERROR keystone.server.flask.application return self.ensure_sync(self.view_functions[rule.endpoint])(**view_args)
Aug 30 15:52:59.380412 n-d-854663-7 devstack@keystone.service[81976]: ERROR keystone.server.flask.application
File "/usr/local/lib/python3.8/dist-packages/flask_restful/__init__.py", line 467, in wrapper
Aug 30 15:52:59.380412 n-d-854663-7 devstack@keystone.service[81976]: ERROR keystone.server.flask.application resp = resource(*args, **kwargs)
Aug 30 15:52:59.380412 n-d-854663-7 devstack@keystone.service[81976]: ERROR keystone.server.flask.application
File "/usr/local/lib/python3.8/dist-packages/flask/views.py", line 107, in view
Aug 30 15:52:59.380412 n-d-854663-7 devstack@keystone.service[81976]: ERROR keystone.server.flask.application return current_app.ensure_sync(self.dispatch_request)(**kwargs)
Aug 30 15:52:59.380412 n-d-854663-7 devstack@keystone.service[81976]: ERROR keystone.server.flask.application
File "/usr/local/lib/python3.8/dist-packages/flask_restful/__init__.py", line 582, in dispatch_request
Aug 30 15:52:59.380412 n-d-854663-7 devstack@keystone.service[81976]: ERROR keystone.server.flask.application resp = meth(*args, **kwargs)
Aug 30 15:52:59.380412 n-d-854663-7 devstack@keystone.service[81976]: ERROR keystone.server.flask.application
File "/opt/stack/keystone/keystone/api/roles.py", line 50, in get
Aug 30 15:52:59.380412 n-d-854663-7 devstack@keystone.service[81976]: ERROR keystone.server.flask.application return self._get_role(role_id)
Aug 30 15:52:59.380412 n-d-854663-7 devstack@keystone.service[81976]: ERROR keystone.server.flask.application
File "/opt/stack/keystone/keystone/api/roles.py", line 70, in _get_role
Aug 30 15:52:59.380412 n-d-854663-7 devstack@keystone.service[81976]: ERROR keystone.server.flask.application ENFORCER.enforce_call(action='identity:get_role')
Aug 30 15:52:59.381461 n-d-854663-7 devstack@keystone.service[81976]: ERROR keystone.server.flask.application
File "/opt/stack/keystone/keystone/common/rbac_enforcer/enforcer.py", line 402, in enforce_call
Aug 30 15:52:59.381461 n-d-854663-7 devstack@keystone.service[81976]: ERROR keystone.server.flask.application policy_dict.update(cls._extract_member_target_data(
Aug 30 15:52:59.381461 n-d-854663-7 devstack@keystone.service[81976]: ERROR keystone.server.flask.application
File "/opt/stack/keystone/keystone/common/rbac_enforcer/enforcer.py", line 234, in _extract_member_target_data
Aug 30 15:52:59.381461 n-d-854663-7 devstack@keystone.service[81976]: ERROR keystone.server.flask.application member_name: func(flask.request.view_args[key])
Aug 30 15:52:59.381461 n-d-854663-7 devstack@keystone.service[81976]: ERROR keystone.server.flask.application
File "/opt/stack/keystone/keystone/common/manager.py", line 115, in wrapped
Aug 30 15:52:59.381461 n-d-854663-7 devstack@keystone.service[81976]: ERROR keystone.server.flask.application __ret_val = __f(*args, **kwargs)
Aug 30 15:52:59.381461 n-d-854663-7 devstack@keystone.service[81976]: ERROR keystone.server.flask.application
File "/usr/local/lib/python3.8/dist-packages/decorator.py", line 232, in fun
Aug 30 15:52:59.381461 n-d-854663-7 devstack@keystone.service[81976]: ERROR keystone.server.flask.application return caller(func, *(extras + args), **kw)
Aug 30 15:52:59.381461 n-d-854663-7 devstack@keystone.service[81976]: ERROR keystone.server.flask.application
File "/usr/local/lib/python3.8/dist-packages/dogpile/cache/region.py", line 1577, in get_or_create_for_user_func
Aug 30 15:52:59.381461 n-d-854663-7 devstack@keystone.service[81976]: ERROR keystone.server.flask.application return self.get_or_create(
Aug 30 15:52:59.381461 n-d-854663-7 devstack@keystone.service[81976]: ERROR keystone.server.flask.application
File "/usr/local/lib/python3.8/dist-packages/dogpile/cache/region.py", line 1042, in get_or_create
Aug 30 15:52:59.381461 n-d-854663-7 devstack@keystone.service[81976]: ERROR keystone.server.flask.application with Lock(
Aug 30 15:52:59.381461 n-d-854663-7 devstack@keystone.service[81976]: ERROR keystone.server.flask.application
File "/usr/local/lib/python3.8/dist-packages/dogpile/lock.py", line 185, in __enter__
Aug 30 15:52:59.381461 n-d-854663-7 devstack@keystone.service[81976]: ERROR keystone.server.flask.application return self._enter()
Aug 30 15:52:59.381461 n-d-854663-7 devstack@keystone.service[81976]: ERROR keystone.server.flask.application
File "/usr/local/lib/python3.8/dist-packages/dogpile/lock.py", line 94, in _enter
Aug 30 15:52:59.381461 n-d-854663-7 devstack@keystone.service[81976]: ERROR keystone.server.flask.application generated = self._enter_create(value, createdtime)
Aug 30 15:52:59.382436 n-d-854663-7 devstack@keystone.service[81976]: ERROR keystone.server.flask.application
File "/usr/local/lib/python3.8/dist-packages/dogpile/lock.py", line 178, in _enter_create
Aug 30 15:52:59.382436 n-d-854663-7 devstack@keystone.service[81976]: ERROR keystone.server.flask.application return self.creator()
Aug 30 15:52:59.382436 n-d-854663-7 devstack@keystone.service[81976]: ERROR keystone.server.flask.application
File "/usr/local/lib/python3.8/dist-packages/dogpile/cache/region.py", line 995, in gen_value
Aug 30 15:52:59.382436 n-d-854663-7 devstack@keystone.service[81976]: ERROR keystone.server.flask.application created_value = creator(
Aug 30 15:52:59.382436 n-d-854663-7 devstack@keystone.service[81976]: ERROR keystone.server.flask.application
File "/opt/stack/keystone/keystone/assignment/core.py", line 1276, in get_role
Aug 30 15:52:59.382436 n-d-854663-7 devstack@keystone.service[81976]: ERROR keystone.server.flask.application return self.driver.get_role(role_id)
Aug 30 15:52:59.382436 n-d-854663-7 devstack@keystone.service[81976]: ERROR keystone.server.flask.application
File "/opt/stack/keystone/keystone/assignment/role_backends/sql.py", line 70, in get_role
Aug 30 15:52:59.382436 n-d-854663-7 devstack@keystone.service[81976]: ERROR keystone.server.flask.application return self._get_role(session, role_id).to_dict()
Aug 30 15:52:59.382436 n-d-854663-7 devstack@keystone.service[81976]: ERROR keystone.server.flask.application
File "/opt/stack/keystone/keystone/assignment/role_backends/sql.py", line 65, in _get_role
Aug 30 15:52:59.382436 n-d-854663-7 devstack@keystone.service[81976]: ERROR keystone.server.flask.application raise exception.RoleNotFound(role_id=role_id)
Aug 30 15:52:59.382436 n-d-854663-7 devstack@keystone.service[81976]: ERROR keystone.server.flask.application keystone.exception.RoleNotFound: Could not find role: anotherrole.
Aug 30 15:52:59.382436 n-d-854663-7 devstack@keystone.service[81976]: ERROR keystone.server.flask.application
Aug 30 15:52:59.384315 n-d-854663-7 devstack@keystone.service[81976]: [pid: 81976|app: 0|req: 202/406] 10.222.0.36 () {56 vars in 1114 bytes} [Tue Aug 30 15:52:59 2022] GET /identity/v3/roles/anotherrole => generated 89 bytes in 189 msecs (HTTP/1.1 404) 5 headers in 183 bytes (2 switches on core 0)
Aug 30 15:52:59.390213 n-d-854663-7 devstack@keystone.service[81977]: DEBUG keystone.server.flask.request_processing.middleware.auth_context [None req-ee8211ac-a80a-4e36-8759-2539636acb9c None None] Authenticating user token {{(pid=81977) process_request /usr/local/lib/python3.8/dist-packages/keystonemiddleware/auth_token/__init__.py:407}}
Aug 30 15:52:59.489559 n-d-854663-7 devstack@keystone.service[81976]: DEBUG keystone.server.flask.request_processing.middleware.auth_context [None req-6a1aa07e-2d1d-4dba-ac30-3cfc184e1019 None admin] Authenticating user token {{(pid=81976) process_request /usr/local/lib/python3.8/dist-packages/keystonemiddleware/auth_token/__init__.py:407}}
Aug 30 15:52:59.504507 n-d-854663-7 devstack@keystone.service[81977]: DEBUG keystone.server.flask.request_processing.middleware.auth_context [None req-ee8211ac-a80a-4e36-8759-2539636acb9c None None] Validating token access rules against request {{(pid=81977) validate_allowed_request /usr/local/lib/python3.8/dist-packages/keystonemiddleware/auth_token/__init__.py:545}}
Aug 30 15:52:59.539605 n-d-854663-7 devstack@keystone.service[81977]: DEBUG dbcounter [-] [81977] Writing DB stats keystone:SELECT=100 {{(pid=81977) stat_writer /usr/local/lib/python3.8/dist-packages/dbcounter.py:114}}
Aug 30 15:52:59.546074 n-d-854663-7 devstack@keystone.service[81977]: DEBUG keystone.server.flask.request_processing.middleware.auth_context [None req-ca7e2e8b-4ba5-4095-a506-ab42732254d4 None admin] RBAC: auth_context: {'token': , 'domain_id': None, 'trust_id': None, 'trustor_id': None, 'trustee_id': None, 'domain_name': None, 'group_ids': [], 'user_id': '5cb63acbce624a8993c83c864d5c9d36', 'user_domain_id': 'default', 'system_scope': 'all', 'project_id': None, 'project_domain_id': None, 'roles': ['admin', 'member', 'reader'], 'is_admin_project': True, 'service_user_id': None, 'service_user_domain_id': None, 'service_project_id': None, 'service_project_domain_id': None, 'service_roles': []} {{(pid=81977) fill_context /opt/stack/keystone/keystone/server/flask/request_processing/middleware/auth_context.py:478}}
Aug 30 15:52:59.546948 n-d-854663-7 devstack@keystone.service[81977]: DEBUG keystone.server.flask.request_processing.req_logging [None req-ca7e2e8b-4ba5-4095-a506-ab42732254d4 None admin] REQUEST_METHOD: `GET` {{(pid=81977) log_request_info /opt/stack/keystone/keystone/server/flask/request_processing/req_logging.py:27}}
Aug 30 15:52:59.547336 n-d-854663-7 devstack@keystone.service[81977]: DEBUG keystone.server.flask.request_processing.req_logging [None req-ca7e2e8b-4ba5-4095-a506-ab42732254d4 None admin] SCRIPT_NAME: `/identity` {{(pid=81977) log_request_info /opt/stack/keystone/keystone/server/flask/request_processing/req_logging.py:28}}
Aug 30 15:52:59.547756 n-d-854663-7 devstack@keystone.service[81977]: DEBUG keystone.server.flask.request_processing.req_logging [None req-ca7e2e8b-4ba5-4095-a506-ab42732254d4 None admin] PATH_INFO: `/v3/roles` {{(pid=81977) log_request_info /opt/stack/keystone/keystone/server/flask/request_processing/req_logging.py:29}}
Aug 30 15:52:59.548592 n-d-854663-7 devstack@keystone.service[81977]: DEBUG keystone.common.rbac_enforcer.enforcer [None req-ca7e2e8b-4ba5-4095-a506-ab42732254d4 None admin] RBAC: Adding query filter params (name=anotherrole) {{(pid=81977) _extract_filter_values /opt/stack/keystone/keystone/common/rbac_enforcer/enforcer.py:167}}
Aug 30 15:52:59.548998 n-d-854663-7 devstack@keystone.service[81977]: DEBUG keystone.common.rbac_enforcer.enforcer [None req-ca7e2e8b-4ba5-4095-a506-ab42732254d4 None admin] RBAC: Authorizing `identity:list_roles()` {{(pid=81977) enforce_call /opt/stack/keystone/keystone/common/rbac_enforcer/enforcer.py:449}}
Aug 30 15:52:59.551291 n-d-854663-7 devstack@keystone.service[81977]: DEBUG keystone.common.rbac_enforcer.enforcer [None req-ca7e2e8b-4ba5-4095-a506-ab42732254d4 None admin] RBAC: Authorization granted {{(pid=81977) enforce_call /opt/stack/keystone/keystone/common/rbac_enforcer/enforcer.py:457}}
Aug 30 15:52:59.560762 n-d-854663-7 devstack@keystone.service[81977]: [pid: 81977|app: 0|req: 205/407] 10.222.0.36 () {56 vars in 1111 bytes} [Tue Aug 30 15:52:59 2022] GET /identity/v3/roles?name=anotherrole => generated 334 bytes in 171 msecs (HTTP/1.1 200) 5 headers in 177 bytes (1 switches on core 0)
Aug 30 15:52:59.572632 n-d-854663-7 devstack@keystone.service[81977]: DEBUG keystone.server.flask.request_processing.middleware.auth_context [None req-ca7e2e8b-4ba5-4095-a506-ab42732254d4 None admin] Authenticating user token {{(pid=81977) process_request /usr/local/lib/python3.8/dist-packages/keystonemiddleware/auth_token/__init__.py:407}}
Aug 30 15:52:59.667488 n-d-854663-7 devstack@keystone.service[81976]: DEBUG keystone.server.flask.request_processing.middleware.auth_context [None req-6a1aa07e-2d1d-4dba-ac30-3cfc184e1019 None admin] Validating token access rules against request {{(pid=81976) validate_allowed_request /usr/local/lib/python3.8/dist-packages/keystonemiddleware/auth_token/__init__.py:545}}
Aug 30 15:52:59.704670 n-d-854663-7 devstack@keystone.service[81976]: DEBUG keystone.server.flask.request_processing.middleware.auth_context [None req-f2dce430-5bec-4eda-9141-11a5c9bcc2b8 None admin] RBAC: auth_context: {'token': , 'domain_id': None, 'trust_id': None, 'trustor_id': None, 'trustee_id': None, 'domain_name': None, 'group_ids': [], 'user_id': '5cb63acbce624a8993c83c864d5c9d36', 'user_domain_id': 'default', 'system_scope': 'all', 'project_id': None, 'project_domain_id': None, 'roles': ['admin', 'member', 'reader'], 'is_admin_project': True, 'service_user_id': None, 'service_user_domain_id': None, 'service_project_id': None, 'service_project_domain_id': None, 'service_roles': []} {{(pid=81976) fill_context /opt/stack/keystone/keystone/server/flask/request_processing/middleware/auth_context.py:478}}
