Aug 29 13:54:38.267729 n-d-854663-6 devstack@n-api.service[150087]: DEBUG oslo_concurrency.lockutils [None req-9aaff3bb-7e55-4ff8-86dc-531f9e436f4b tempest-AggregatesAdminTestJSON-1027791757 tempest-AggregatesAdminTestJSON-1027791757-project] Lock "142fd070-00a0-4f76-83e8-3d15811f7043" "released" by "nova.context.set_target_cell..get_or_set_cached_cell_and_set_connections" :: held 0.001s {{(pid=150087) inner /usr/local/lib/python3.8/dist-packages/oslo_concurrency/lockutils.py:404}}
Aug 29 13:54:38.349730 n-d-854663-6 devstack@n-api.service[150087]: DEBUG nova.network.neutron [None req-9aaff3bb-7e55-4ff8-86dc-531f9e436f4b tempest-AggregatesAdminTestJSON-1027791757 tempest-AggregatesAdminTestJSON-1027791757-project] validate_networks() for None {{(pid=150087) validate_networks /opt/stack/nova/nova/network/neutron.py:2623}}
Aug 29 13:54:38.723431 n-d-854663-6 devstack@n-api.service[150087]: DEBUG nova.virt.hardware [None req-9aaff3bb-7e55-4ff8-86dc-531f9e436f4b tempest-AggregatesAdminTestJSON-1027791757 tempest-AggregatesAdminTestJSON-1027791757-project] Flavor limits 0:0:0 {{(pid=150087) get_cpu_topology_constraints /opt/stack/nova/nova/virt/hardware.py:343}}
Aug 29 13:54:38.723949 n-d-854663-6 devstack@n-api.service[150087]: DEBUG nova.virt.hardware [None req-9aaff3bb-7e55-4ff8-86dc-531f9e436f4b tempest-AggregatesAdminTestJSON-1027791757 tempest-AggregatesAdminTestJSON-1027791757-project] Image limits 0:0:0 {{(pid=150087) get_cpu_topology_constraints /opt/stack/nova/nova/virt/hardware.py:347}}
Aug 29 13:54:38.724495 n-d-854663-6 devstack@n-api.service[150087]: DEBUG nova.virt.hardware [None req-9aaff3bb-7e55-4ff8-86dc-531f9e436f4b tempest-AggregatesAdminTestJSON-1027791757 tempest-AggregatesAdminTestJSON-1027791757-project] Flavor pref 0:0:0 {{(pid=150087) get_cpu_topology_constraints /opt/stack/nova/nova/virt/hardware.py:383}}
Aug 29 13:54:38.724990 n-d-854663-6 devstack@n-api.service[150087]: DEBUG nova.virt.hardware [None req-9aaff3bb-7e55-4ff8-86dc-531f9e436f4b tempest-AggregatesAdminTestJSON-1027791757 tempest-AggregatesAdminTestJSON-1027791757-project] Image pref 0:0:0 {{(pid=150087) get_cpu_topology_constraints /opt/stack/nova/nova/virt/hardware.py:387}}
Aug 29 13:54:38.725467 n-d-854663-6 devstack@n-api.service[150087]: DEBUG nova.virt.hardware [None req-9aaff3bb-7e55-4ff8-86dc-531f9e436f4b tempest-AggregatesAdminTestJSON-1027791757 tempest-AggregatesAdminTestJSON-1027791757-project] Chose sockets=0, cores=0, threads=0; limits were sockets=65536, cores=65536, threads=65536 {{(pid=150087) get_cpu_topology_constraints /opt/stack/nova/nova/virt/hardware.py:425}}
Aug 29 13:54:38.738239 n-d-854663-6 devstack@n-api.service[150087]: DEBUG oslo_concurrency.lockutils [None req-9aaff3bb-7e55-4ff8-86dc-531f9e436f4b tempest-AggregatesAdminTestJSON-1027791757 tempest-AggregatesAdminTestJSON-1027791757-project] Acquiring lock "00000000-0000-0000-0000-000000000000" by "nova.context.set_target_cell..get_or_set_cached_cell_and_set_connections" {{(pid=150087) inner /usr/local/lib/python3.8/dist-packages/oslo_concurrency/lockutils.py:385}}
Aug 29 13:54:38.738929 n-d-854663-6 devstack@n-api.service[150087]: DEBUG oslo_concurrency.lockutils [None req-9aaff3bb-7e55-4ff8-86dc-531f9e436f4b tempest-AggregatesAdminTestJSON-1027791757 tempest-AggregatesAdminTestJSON-1027791757-project] Lock "00000000-0000-0000-0000-000000000000" acquired by "nova.context.set_target_cell..get_or_set_cached_cell_and_set_connections" :: waited 0.001s {{(pid=150087) inner /usr/local/lib/python3.8/dist-packages/oslo_concurrency/lockutils.py:390}}
Aug 29 13:54:38.739777 n-d-854663-6 devstack@n-api.service[150087]: DEBUG oslo_concurrency.lockutils [None req-9aaff3bb-7e55-4ff8-86dc-531f9e436f4b tempest-AggregatesAdminTestJSON-1027791757 tempest-AggregatesAdminTestJSON-1027791757-project] Lock "00000000-0000-0000-0000-000000000000" "released" by "nova.context.set_target_cell..get_or_set_cached_cell_and_set_connections" :: held 0.001s {{(pid=150087) inner /usr/local/lib/python3.8/dist-packages/oslo_concurrency/lockutils.py:404}}
Aug 29 13:54:38.741359 n-d-854663-6 devstack@n-api.service[150087]: DEBUG oslo_concurrency.lockutils [None req-9aaff3bb-7e55-4ff8-86dc-531f9e436f4b tempest-AggregatesAdminTestJSON-1027791757 tempest-AggregatesAdminTestJSON-1027791757-project] Acquiring lock "142fd070-00a0-4f76-83e8-3d15811f7043" by "nova.context.set_target_cell..get_or_set_cached_cell_and_set_connections" {{(pid=150087) inner /usr/local/lib/python3.8/dist-packages/oslo_concurrency/lockutils.py:385}}
Aug 29 13:54:38.745962 n-d-854663-6 devstack@n-api.service[150087]: DEBUG oslo_concurrency.lockutils [None req-9aaff3bb-7e55-4ff8-86dc-531f9e436f4b tempest-AggregatesAdminTestJSON-1027791757 tempest-AggregatesAdminTestJSON-1027791757-project] Lock "142fd070-00a0-4f76-83e8-3d15811f7043" acquired by "nova.context.set_target_cell..get_or_set_cached_cell_and_set_connections" :: waited 0.001s {{(pid=150087) inner /usr/local/lib/python3.8/dist-packages/oslo_concurrency/lockutils.py:390}}
Aug 29 13:54:38.746664 n-d-854663-6 devstack@n-api.service[150087]: DEBUG oslo_concurrency.lockutils [None req-9aaff3bb-7e55-4ff8-86dc-531f9e436f4b tempest-AggregatesAdminTestJSON-1027791757 tempest-AggregatesAdminTestJSON-1027791757-project] Lock "142fd070-00a0-4f76-83e8-3d15811f7043" "released" by "nova.context.set_target_cell..get_or_set_cached_cell_and_set_connections" :: held 0.005s {{(pid=150087) inner /usr/local/lib/python3.8/dist-packages/oslo_concurrency/lockutils.py:404}}
Aug 29 13:54:38.770695 n-d-854663-6 devstack@n-api.service[150087]: DEBUG nova.quota [None req-9aaff3bb-7e55-4ff8-86dc-531f9e436f4b tempest-AggregatesAdminTestJSON-1027791757 tempest-AggregatesAdminTestJSON-1027791757-project] Getting quotas for project 6ae916bc6ab64beba2d67e990107f7b4. Resources: {'cores', 'instances', 'ram'} {{(pid=150087) _get_quotas /opt/stack/nova/nova/quota.py:393}}
Aug 29 13:54:38.778270 n-d-854663-6 devstack@n-api.service[150087]: DEBUG nova.quota [None req-9aaff3bb-7e55-4ff8-86dc-531f9e436f4b tempest-AggregatesAdminTestJSON-1027791757 tempest-AggregatesAdminTestJSON-1027791757-project] Getting quotas for user cad326de62cb4dd08275cd91777cc9c7 and project 6ae916bc6ab64beba2d67e990107f7b4. Resources: {'cores', 'instances', 'ram'} {{(pid=150087) _get_quotas /opt/stack/nova/nova/quota.py:383}}
Aug 29 13:54:38.793091 n-d-854663-6 devstack@n-api.service[150087]: DEBUG nova.compute.api [None req-9aaff3bb-7e55-4ff8-86dc-531f9e436f4b tempest-AggregatesAdminTestJSON-1027791757 tempest-AggregatesAdminTestJSON-1027791757-project] Going to run 1 instances... {{(pid=150087) _provision_instances /opt/stack/nova/nova/compute/api.py:1403}}
Aug 29 13:54:38.795627 n-d-854663-6 devstack@n-api.service[150087]: DEBUG nova.compute.api [None req-9aaff3bb-7e55-4ff8-86dc-531f9e436f4b tempest-AggregatesAdminTestJSON-1027791757 tempest-AggregatesAdminTestJSON-1027791757-project] [instance: 9abb2a0c-5279-46ae-b4cd-7eafa8df6363] block_device_mapping [BlockDeviceMapping(attachment_id=,boot_index=0,connection_info=None,created_at=,delete_on_termination=True,deleted=,deleted_at=,destination_type='local',device_name=None,device_type='disk',disk_bus=None,encrypted=False,encryption_format=None,encryption_options=None,encryption_secret_uuid=None,guest_format=None,id=,image_id='ea62a074-0fec-4535-8e1b-069c819c43a7',instance=,instance_uuid=,no_device=False,snapshot_id=None,source_type='image',tag=None,updated_at=,uuid=,volume_id=None,volume_size=None,volume_type=None)] {{(pid=150087) _bdm_validate_set_size_and_instance /opt/stack/nova/nova/compute/api.py:1864}}
Aug 29 13:54:38.858324 n-d-854663-6 devstack@n-api.service[150087]: INFO nova.api.openstack.requestlog [None req-9aaff3bb-7e55-4ff8-86dc-531f9e436f4b tempest-AggregatesAdminTestJSON-1027791757 tempest-AggregatesAdminTestJSON-1027791757-project] 10.222.0.43 "POST /compute/v2.1/servers" status: 202 len: 380 microversion: 2.1 time: 0.982283
Aug 29 13:54:38.859063 n-d-854663-6 devstack@n-api.service[150087]: [pid: 150087|app: 0|req: 12/24] 10.222.0.43 () {60 vars in 1147 bytes} [Mon Aug 29 13:54:37 2022] POST /compute/v2.1/servers => generated 380 bytes in 984 msecs (HTTP/1.1 202) 10 headers in 451 bytes (2 switches on core 0)
Aug 29 13:54:38.870216 n-d-854663-6 devstack@n-api.service[150087]: DEBUG nova.api.openstack.wsgi [None req-cc8a7ce5-3a5f-45d3-947c-4d9cd1e0c20f tempest-AggregatesAdminTestJSON-1027791757 tempest-AggregatesAdminTestJSON-1027791757-project] Calling method '>' {{(pid=150087) _process_stack /opt/stack/nova/nova/api/openstack/wsgi.py:513}}
Aug 29 13:54:38.870843 n-d-854663-6 devstack@n-api.service[150087]: DEBUG nova.compute.api [None req-cc8a7ce5-3a5f-45d3-947c-4d9cd1e0c20f tempest-AggregatesAdminTestJSON-1027791757 tempest-AggregatesAdminTestJSON-1027791757-project] [instance: 9abb2a0c-5279-46ae-b4cd-7eafa8df6363] Fetching instance by UUID {{(pid=150087) get /opt/stack/nova/nova/compute/api.py:2975}}
Aug 29 13:54:38.976811 n-d-854663-6 devstack@n-api.service[150088]: DEBUG nova.policy [None req-fff6211f-ed84-4908-8953-7818372165ac tempest-DeleteServersAdminTestJSON-1306359464 tempest-DeleteServersAdminTestJSON-1306359464-project] Policy check for os_compute_api:os-extended-server-attributes failed with credentials {'is_admin': False, 'user_id': 'd5807a61420a47c0b47d89c5e22a52c6', 'user_domain_id': 'default', 'system_scope': None, 'domain_id': None, 'project_id': '9b46115655994eddb6817f562854f700', 'project_domain_id': 'default', 'roles': ['reader', 'member'], 'is_admin_project': True, 'service_user_id': None, 'service_user_domain_id': None, 'service_project_id': None, 'service_project_domain_id': None, 'service_roles': []} {{(pid=150088) authorize /opt/stack/nova/nova/policy.py:199}}
Aug 29 13:54:39.002509 n-d-854663-6 devstack@n-api.service[150087]: DEBUG nova.policy [None req-cc8a7ce5-3a5f-45d3-947c-4d9cd1e0c20f tempest-AggregatesAdminTestJSON-1027791757 tempest-AggregatesAdminTestJSON-1027791757-project] Policy check for os_compute_api:os-extended-server-attributes failed with credentials {'is_admin': False, 'user_id': 'cad326de62cb4dd08275cd91777cc9c7', 'user_domain_id': 'default', 'system_scope': None, 'domain_id': None, 'project_id': '6ae916bc6ab64beba2d67e990107f7b4', 'project_domain_id': 'default', 'roles': ['reader', 'member'], 'is_admin_project': True, 'service_user_id': None, 'service_user_domain_id': None, 'service_project_id': None, 'service_project_domain_id': None, 'service_roles': []} {{(pid=150087) authorize /opt/stack/nova/nova/policy.py:199}}
Aug 29 13:54:39.006936 n-d-854663-6 devstack@n-api.service[150088]: INFO nova.api.openstack.requestlog [None req-fff6211f-ed84-4908-8953-7818372165ac tempest-DeleteServersAdminTestJSON-1306359464 tempest-DeleteServersAdminTestJSON-1306359464-project] 10.222.0.43 "GET /compute/v2.1/servers/512aa1e0-a9e3-4f6d-8ec4-6665496c6808" status: 200 len: 1220 microversion: 2.1 time: 1.518450
Aug 29 13:54:39.029400 n-d-854663-6 devstack@n-api.service[150088]: [pid: 150088|app: 0|req: 13/25] 10.222.0.43 () {58 vars in 1236 bytes} [Mon Aug 29 13:54:37 2022] GET /compute/v2.1/servers/512aa1e0-a9e3-4f6d-8ec4-6665496c6808 => generated 1220 bytes in 1542 msecs (HTTP/1.1 200) 9 headers in 358 bytes (1 switches on core 0)
Aug 29 13:54:39.039832 n-d-854663-6 devstack@n-api.service[150087]: INFO nova.api.openstack.requestlog [None req-cc8a7ce5-3a5f-45d3-947c-4d9cd1e0c20f tempest-AggregatesAdminTestJSON-1027791757 tempest-AggregatesAdminTestJSON-1027791757-project] 10.222.0.43 "GET /compute/v2.1/servers/9abb2a0c-5279-46ae-b4cd-7eafa8df6363" status: 200 len: 1242 microversion: 2.1 time: 0.173702
Aug 29 13:54:39.040447 n-d-854663-6 devstack@n-api.service[150087]: [pid: 150087|app: 0|req: 13/26] 10.222.0.43 () {58 vars in 1236 bytes} [Mon Aug 29 13:54:38 2022] GET /compute/v2.1/servers/9abb2a0c-5279-46ae-b4cd-7eafa8df6363 => generated 1242 bytes in 175 msecs (HTTP/1.1 200) 9 headers in 358 bytes (1 switches on core 0)
Aug 29 13:54:40.042339 n-d-854663-6 devstack@n-api.service[150088]: DEBUG nova.api.openstack.wsgi [None req-97204989-77c2-423a-ade1-a1669c9ea4e1 tempest-DeleteServersAdminTestJSON-1306359464 tempest-DeleteServersAdminTestJSON-1306359464-project] Calling method '>' {{(pid=150088) _process_stack /opt/stack/nova/nova/api/openstack/wsgi.py:513}}
Aug 29 13:54:40.043733 n-d-854663-6 devstack@n-api.service[150088]: DEBUG nova.compute.api [None req-97204989-77c2-423a-ade1-a1669c9ea4e1 tempest-DeleteServersAdminTestJSON-1306359464 tempest-DeleteServersAdminTestJSON-1306359464-project] [instance: 512aa1e0-a9e3-4f6d-8ec4-6665496c6808] Fetching instance by UUID {{(pid=150088) get /opt/stack/nova/nova/compute/api.py:2975}}
Aug 29 13:54:40.059277 n-d-854663-6 devstack@n-api.service[150088]: DEBUG oslo_concurrency.lockutils [None req-97204989-77c2-423a-ade1-a1669c9ea4e1 tempest-DeleteServersAdminTestJSON-1306359464 tempest-DeleteServersAdminTestJSON-1306359464-project] Acquiring lock "142fd070-00a0-4f76-83e8-3d15811f7043" by "nova.context.set_target_cell..get_or_set_cached_cell_and_set_connections" {{(pid=150088) inner /usr/local/lib/python3.8/dist-packages/oslo_concurrency/lockutils.py:385}}
Aug 29 13:54:40.061676 n-d-854663-6 devstack@n-api.service[150087]: DEBUG nova.api.openstack.wsgi [None req-ca0f9f5c-fe73-4fde-9f52-51b2e7158752 tempest-AggregatesAdminTestJSON-1027791757 tempest-AggregatesAdminTestJSON-1027791757-project] Calling method '>' {{(pid=150087) _process_stack /opt/stack/nova/nova/api/openstack/wsgi.py:513}}
Aug 29 13:54:40.062285 n-d-854663-6 devstack@n-api.service[150087]: DEBUG nova.compute.api [None req-ca0f9f5c-fe73-4fde-9f52-51b2e7158752 tempest-AggregatesAdminTestJSON-1027791757 tempest-AggregatesAdminTestJSON-1027791757-project] [instance: 9abb2a0c-5279-46ae-b4cd-7eafa8df6363] Fetching instance by UUID {{(pid=150087) get /opt/stack/nova/nova/compute/api.py:2975}}
Aug 29 13:54:40.062634 n-d-854663-6 devstack@n-api.service[150088]: DEBUG oslo_concurrency.lockutils [None req-97204989-77c2-423a-ade1-a1669c9ea4e1 tempest-DeleteServersAdminTestJSON-1306359464 tempest-DeleteServersAdminTestJSON-1306359464-project] Lock "142fd070-00a0-4f76-83e8-3d15811f7043" acquired by "nova.context.set_target_cell..get_or_set_cached_cell_and_set_connections" :: waited 0.002s {{(pid=150088) inner /usr/local/lib/python3.8/dist-packages/oslo_concurrency/lockutils.py:390}}
Aug 29 13:54:40.063229 n-d-854663-6 devstack@n-api.service[150088]: DEBUG oslo_concurrency.lockutils [None req-97204989-77c2-423a-ade1-a1669c9ea4e1 tempest-DeleteServersAdminTestJSON-1306359464 tempest-DeleteServersAdminTestJSON-1306359464-project] Lock "142fd070-00a0-4f76-83e8-3d15811f7043" "released" by "nova.context.set_target_cell..get_or_set_cached_cell_and_set_connections" :: held 0.003s {{(pid=150088) inner /usr/local/lib/python3.8/dist-packages/oslo_concurrency/lockutils.py:404}}
Aug 29 13:54:40.067082 n-d-854663-6 devstack@n-api.service[150088]: DEBUG oslo_concurrency.lockutils [None req-97204989-77c2-423a-ade1-a1669c9ea4e1 tempest-DeleteServersAdminTestJSON-1306359464 tempest-DeleteServersAdminTestJSON-1306359464-project] Acquiring lock "142fd070-00a0-4f76-83e8-3d15811f7043" by "nova.context.set_target_cell..get_or_set_cached_cell_and_set_connections" {{(pid=150088) inner /usr/local/lib/python3.8/dist-packages/oslo_concurrency/lockutils.py:385}}
Aug 29 13:54:40.069942 n-d-854663-6 devstack@n-api.service[150088]: DEBUG oslo_concurrency.lockutils [None req-97204989-77c2-423a-ade1-a1669c9ea4e1 tempest-DeleteServersAdminTestJSON-1306359464 tempest-DeleteServersAdminTestJSON-1306359464-project] Lock "142fd070-00a0-4f76-83e8-3d15811f7043" acquired by "nova.context.set_target_cell..get_or_set_cached_cell_and_set_connections" :: waited 0.004s {{(pid=150088) inner /usr/local/lib/python3.8/dist-packages/oslo_concurrency/lockutils.py:390}}
Aug 29 13:54:40.070595 n-d-854663-6 devstack@n-api.service[150088]: DEBUG oslo_concurrency.lockutils [None req-97204989-77c2-423a-ade1-a1669c9ea4e1 tempest-DeleteServersAdminTestJSON-1306359464 tempest-DeleteServersAdminTestJSON-1306359464-project] Lock "142fd070-00a0-4f76-83e8-3d15811f7043" "released" by "nova.context.set_target_cell..get_or_set_cached_cell_and_set_connections" :: held 0.002s {{(pid=150088) inner /usr/local/lib/python3.8/dist-packages/oslo_concurrency/lockutils.py:404}}
Aug 29 13:54:40.081021 n-d-854663-6 devstack@n-api.service[150087]: DEBUG oslo_concurrency.lockutils [None req-ca0f9f5c-fe73-4fde-9f52-51b2e7158752 tempest-AggregatesAdminTestJSON-1027791757 tempest-AggregatesAdminTestJSON-1027791757-project] Acquiring lock "142fd070-00a0-4f76-83e8-3d15811f7043" by "nova.context.set_target_cell..get_or_set_cached_cell_and_set_connections" {{(pid=150087) inner /usr/local/lib/python3.8/dist-packages/oslo_concurrency/lockutils.py:385}}
Aug 29 13:54:40.085054 n-d-854663-6 devstack@n-api.service[150087]: DEBUG oslo_concurrency.lockutils [None req-ca0f9f5c-fe73-4fde-9f52-51b2e7158752 tempest-AggregatesAdminTestJSON-1027791757 tempest-AggregatesAdminTestJSON-1027791757-project] Lock "142fd070-00a0-4f76-83e8-3d15811f7043" acquired by "nova.context.set_target_cell..get_or_set_cached_cell_and_set_connections" :: waited 0.004s {{(pid=150087) inner /usr/local/lib/python3.8/dist-packages/oslo_concurrency/lockutils.py:390}}
Aug 29 13:54:40.085743 n-d-854663-6 devstack@n-api.service[150087]: DEBUG oslo_concurrency.lockutils [None req-ca0f9f5c-fe73-4fde-9f52-51b2e7158752 tempest-AggregatesAdminTestJSON-1027791757 tempest-AggregatesAdminTestJSON-1027791757-project] Lock "142fd070-00a0-4f76-83e8-3d15811f7043" "released" by "nova.context.set_target_cell..get_or_set_cached_cell_and_set_connections" :: held 0.001s {{(pid=150087) inner /usr/local/lib/python3.8/dist-packages/oslo_concurrency/lockutils.py:404}}
Aug 29 13:54:40.087085 n-d-854663-6 devstack@n-api.service[150087]: DEBUG oslo_concurrency.lockutils [None req-ca0f9f5c-fe73-4fde-9f52-51b2e7158752 tempest-AggregatesAdminTestJSON-1027791757 tempest-AggregatesAdminTestJSON-1027791757-project] Acquiring lock "142fd070-00a0-4f76-83e8-3d15811f7043" by "nova.context.set_target_cell..get_or_set_cached_cell_and_set_connections" {{(pid=150087) inner /usr/local/lib/python3.8/dist-packages/oslo_concurrency/lockutils.py:385}}
Aug 29 13:54:40.088168 n-d-854663-6 devstack@n-api.service[150087]: DEBUG oslo_concurrency.lockutils [None req-ca0f9f5c-fe73-4fde-9f52-51b2e7158752 tempest-AggregatesAdminTestJSON-1027791757 tempest-AggregatesAdminTestJSON-1027791757-project] Lock "142fd070-00a0-4f76-83e8-3d15811f7043" acquired by "nova.context.set_target_cell..get_or_set_cached_cell_and_set_connections" :: waited 0.001s {{(pid=150087) inner /usr/local/lib/python3.8/dist-packages/oslo_concurrency/lockutils.py:390}}
Aug 29 13:54:40.088802 n-d-854663-6 devstack@n-api.service[150087]: DEBUG oslo_concurrency.lockutils [None req-ca0f9f5c-fe73-4fde-9f52-51b2e7158752 tempest-AggregatesAdminTestJSON-1027791757 tempest-AggregatesAdminTestJSON-1027791757-project] Lock "142fd070-00a0-4f76-83e8-3d15811f7043" "released" by "nova.context.set_target_cell..get_or_set_cached_cell_and_set_connections" :: held 0.001s {{(pid=150087) inner /usr/local/lib/python3.8/dist-packages/oslo_concurrency/lockutils.py:404}}
Aug 29 13:54:40.419524 n-d-854663-6 devstack@n-api.service[150088]: DEBUG nova.policy [None req-97204989-77c2-423a-ade1-a1669c9ea4e1 tempest-DeleteServersAdminTestJSON-1306359464 tempest-DeleteServersAdminTestJSON-1306359464-project] Policy check for os_compute_api:os-extended-server-attributes failed with credentials {'is_admin': False, 'user_id': 'd5807a61420a47c0b47d89c5e22a52c6', 'user_domain_id': 'default', 'system_scope': None, 'domain_id': None, 'project_id': '9b46115655994eddb6817f562854f700', 'project_domain_id': 'default', 'roles': ['reader', 'member'], 'is_admin_project': True, 'service_user_id': None, 'service_user_domain_id': None, 'service_project_id': None, 'service_project_domain_id': None, 'service_roles': []} {{(pid=150088) authorize /opt/stack/nova/nova/policy.py:199}}
Aug 29 13:54:40.436138 n-d-854663-6 devstack@n-api.service[150088]: INFO nova.api.openstack.requestlog [None req-97204989-77c2-423a-ade1-a1669c9ea4e1 tempest-DeleteServersAdminTestJSON-1306359464 tempest-DeleteServersAdminTestJSON-1306359464-project] 10.222.0.43 "GET /compute/v2.1/servers/512aa1e0-a9e3-4f6d-8ec4-6665496c6808" status: 200 len: 1312 microversion: 2.1 time: 0.399684
Aug 29 13:54:40.438009 n-d-854663-6 devstack@n-api.service[150087]: DEBUG nova.policy [None req-ca0f9f5c-fe73-4fde-9f52-51b2e7158752 tempest-AggregatesAdminTestJSON-1027791757 tempest-AggregatesAdminTestJSON-1027791757-project] Policy check for os_compute_api:os-extended-server-attributes failed with credentials {'is_admin': False, 'user_id': 'cad326de62cb4dd08275cd91777cc9c7', 'user_domain_id': 'default', 'system_scope': None, 'domain_id': None, 'project_id': '6ae916bc6ab64beba2d67e990107f7b4', 'project_domain_id': 'default', 'roles': ['reader', 'member'], 'is_admin_project': True, 'service_user_id': None, 'service_user_domain_id': None, 'service_project_id': None, 'service_project_domain_id': None, 'service_roles': []} {{(pid=150087) authorize /opt/stack/nova/nova/policy.py:199}}
Aug 29 13:54:40.450126 n-d-854663-6 devstack@n-api.service[150088]: [pid: 150088|app: 0|req: 14/27] 10.222.0.43 () {58 vars in 1236 bytes} [Mon Aug 29 13:54:40 2022] GET /compute/v2.1/servers/512aa1e0-a9e3-4f6d-8ec4-6665496c6808 => generated 1312 bytes in 415 msecs (HTTP/1.1 200) 9 headers in 358 bytes (1 switches on core 0)
Aug 29 13:54:40.479189 n-d-854663-6 devstack@n-api.service[150087]: INFO nova.api.openstack.requestlog [None req-ca0f9f5c-fe73-4fde-9f52-51b2e7158752 tempest-AggregatesAdminTestJSON-1027791757 tempest-AggregatesAdminTestJSON-1027791757-project] 10.222.0.43 "GET /compute/v2.1/servers/9abb2a0c-5279-46ae-b4cd-7eafa8df6363" status: 200 len: 1234 microversion: 2.1 time: 0.419239
Aug 29 13:54:40.482595 n-d-854663-6 devstack@n-api.service[150087]: [pid: 150087|app: 0|req: 14/28] 10.222.0.43 () {58 vars in 1236 bytes} [Mon Aug 29 13:54:40 2022] GET /compute/v2.1/servers/9abb2a0c-5279-46ae-b4cd-7eafa8df6363 => generated 1234 bytes in 425 msecs (HTTP/1.1 200) 9 headers in 358 bytes (2 switches on core 0)
Aug 29 13:54:40.863418 n-d-854663-6 devstack@n-api.service[150088]: DEBUG nova.api.openstack.wsgi [None req-7d27b3d7-b1a3-4531-929e-628c6e2dfda1 tempest-FlavorsExtraSpecsTestJSON-1227297016 tempest-FlavorsExtraSpecsTestJSON-1227297016-project-admin] Action: 'create', calling method: >, body: {"flavor": {"name": "tempest-test_flavor-1944099119", "ram": 512, "vcpus": 1, "disk": 10, "id": 1964275749, "swap": 1024, "rxtx_factor": 1, "OS-FLV-EXT-DATA:ephemeral": 10}} {{(pid=150088) _process_stack /opt/stack/nova/nova/api/openstack/wsgi.py:511}}
Aug 29 13:54:40.915946 n-d-854663-6 devstack@n-api.service[150088]: INFO nova.api.openstack.requestlog [None req-7d27b3d7-b1a3-4531-929e-628c6e2dfda1 tempest-FlavorsExtraSpecsTestJSON-1227297016 tempest-FlavorsExtraSpecsTestJSON-1227297016-project-admin] 10.222.0.43 "POST /compute/v2.1/flavors" status: 200 len: 416 microversion: 2.1 time: 0.464536
Aug 29 13:54:40.917150 n-d-854663-6 devstack@n-api.service[150088]: [pid: 150088|app: 0|req: 15/29] 10.222.0.43 () {60 vars in 1147 bytes} [Mon Aug 29 13:54:40 2022] POST /compute/v2.1/flavors => generated 416 bytes in 466 msecs (HTTP/1.1 200) 9 headers in 357 bytes (1 switches on core 0)
Aug 29 13:54:40.933234 n-d-854663-6 devstack@n-api.service[150087]: DEBUG nova.api.openstack.wsgi [None req-2e9ee8b5-5060-4970-bd3b-3be3dd5441bc tempest-FlavorsExtraSpecsTestJSON-1227297016 tempest-FlavorsExtraSpecsTestJSON-1227297016-project-admin] Action: 'create', calling method: >, body: {"extra_specs": {"hw:numa_nodes": "1", "hw:cpu_policy": "shared"}} {{(pid=150087) _process_stack /opt/stack/nova/nova/api/openstack/wsgi.py:511}}
Aug 29 13:54:40.944721 n-d-854663-6 devstack@n-api.service[150087]: DEBUG dbcounter [-] [150087] Writing DB stats nova_api:SELECT=81,nova_api:INSERT=11,nova_api:UPDATE=1,nova_api:SAVEPOINT=2,nova_api:RELEASE=2,nova_api:DELETE=3 {{(pid=150087) stat_writer /usr/local/lib/python3.8/dist-packages/dbcounter.py:114}}
Aug 29 13:54:40.986059 n-d-854663-6 devstack@n-api.service[150087]: INFO nova.api.openstack.requestlog [None req-2e9ee8b5-5060-4970-bd3b-3be3dd5441bc tempest-FlavorsExtraSpecsTestJSON-1227297016 tempest-FlavorsExtraSpecsTestJSON-1227297016-project-admin] 10.222.0.43 "POST /compute/v2.1/flavors/1964275749/os-extra_specs" status: 200 len: 66 microversion: 2.1 time: 0.056246
Aug 29 13:54:40.993456 n-d-854663-6 devstack@n-api.service[150087]: [pid: 150087|app: 0|req: 15/30] 10.222.0.43 () {60 vars in 1224 bytes} [Mon Aug 29 13:54:40 2022] POST /compute/v2.1/flavors/1964275749/os-extra_specs => generated 66 bytes in 65 msecs (HTTP/1.1 200) 9 headers in 356 bytes (1 switches on core 0)
Aug 29 13:54:41.462311 n-d-854663-6 devstack@n-api.service[150087]: DEBUG nova.api.openstack.wsgi [None req-955a73ed-cce5-41de-aef4-f11c65a3c08f tempest-DeleteServersAdminTestJSON-1306359464 tempest-DeleteServersAdminTestJSON-1306359464-project] Calling method '>' {{(pid=150087) _process_stack /opt/stack/nova/nova/api/openstack/wsgi.py:513}}
Aug 29 13:54:41.462879 n-d-854663-6 devstack@n-api.service[150087]: DEBUG nova.compute.api [None req-955a73ed-cce5-41de-aef4-f11c65a3c08f tempest-DeleteServersAdminTestJSON-1306359464 tempest-DeleteServersAdminTestJSON-1306359464-project] [instance: 512aa1e0-a9e3-4f6d-8ec4-6665496c6808] Fetching instance by UUID {{(pid=150087) get /opt/stack/nova/nova/compute/api.py:2975}}
Aug 29 13:54:41.473696 n-d-854663-6 devstack@n-api.service[150087]: DEBUG oslo_concurrency.lockutils [None req-955a73ed-cce5-41de-aef4-f11c65a3c08f tempest-DeleteServersAdminTestJSON-1306359464 tempest-DeleteServersAdminTestJSON-1306359464-project] Acquiring lock "142fd070-00a0-4f76-83e8-3d15811f7043" by "nova.context.set_target_cell..get_or_set_cached_cell_and_set_connections" {{(pid=150087) inner /usr/local/lib/python3.8/dist-packages/oslo_concurrency/lockutils.py:385}}
Aug 29 13:54:41.474192 n-d-854663-6 devstack@n-api.service[150087]: DEBUG oslo_concurrency.lockutils [None req-955a73ed-cce5-41de-aef4-f11c65a3c08f tempest-DeleteServersAdminTestJSON-1306359464 tempest-DeleteServersAdminTestJSON-1306359464-project] Lock "142fd070-00a0-4f76-83e8-3d15811f7043" acquired by "nova.context.set_target_cell..get_or_set_cached_cell_and_set_connections" :: waited 0.001s {{(pid=150087) inner /usr/local/lib/python3.8/dist-packages/oslo_concurrency/lockutils.py:390}}
Aug 29 13:54:41.474633 n-d-854663-6 devstack@n-api.service[150087]: DEBUG oslo_concurrency.lockutils [None req-955a73ed-cce5-41de-aef4-f11c65a3c08f tempest-DeleteServersAdminTestJSON-1306359464 tempest-DeleteServersAdminTestJSON-1306359464-project] Lock "142fd070-00a0-4f76-83e8-3d15811f7043" "released" by "nova.context.set_target_cell..get_or_set_cached_cell_and_set_connections" :: held 0.000s {{(pid=150087) inner /usr/local/lib/python3.8/dist-packages/oslo_concurrency/lockutils.py:404}}
Aug 29 13:54:41.482699 n-d-854663-6 devstack@n-api.service[150087]: DEBUG oslo_concurrency.lockutils [None req-955a73ed-cce5-41de-aef4-f11c65a3c08f tempest-DeleteServersAdminTestJSON-1306359464 tempest-DeleteServersAdminTestJSON-1306359464-project] Acquiring lock "142fd070-00a0-4f76-83e8-3d15811f7043" by "nova.context.set_target_cell..get_or_set_cached_cell_and_set_connections" {{(pid=150087) inner /usr/local/lib/python3.8/dist-packages/oslo_concurrency/lockutils.py:385}}
Aug 29 13:54:41.483323 n-d-854663-6 devstack@n-api.service[150087]: DEBUG oslo_concurrency.lockutils [None req-955a73ed-cce5-41de-aef4-f11c65a3c08f tempest-DeleteServersAdminTestJSON-1306359464 tempest-DeleteServersAdminTestJSON-1306359464-project] Lock "142fd070-00a0-4f76-83e8-3d15811f7043" acquired by "nova.context.set_target_cell..get_or_set_cached_cell_and_set_connections" :: waited 0.008s {{(pid=150087) inner /usr/local/lib/python3.8/dist-packages/oslo_concurrency/lockutils.py:390}}
Aug 29 13:54:41.483775 n-d-854663-6 devstack@n-api.service[150087]: DEBUG oslo_concurrency.lockutils [None req-955a73ed-cce5-41de-aef4-f11c65a3c08f tempest-DeleteServersAdminTestJSON-1306359464 tempest-DeleteServersAdminTestJSON-1306359464-project] Lock "142fd070-00a0-4f76-83e8-3d15811f7043" "released" by "nova.context.set_target_cell..get_or_set_cached_cell_and_set_connections" :: held 0.001s {{(pid=150087) inner /usr/local/lib/python3.8/dist-packages/oslo_concurrency/lockutils.py:404}}
Aug 29 13:54:41.613123 n-d-854663-6 devstack@n-api.service[150087]: DEBUG nova.policy [None req-955a73ed-cce5-41de-aef4-f11c65a3c08f tempest-DeleteServersAdminTestJSON-1306359464 tempest-DeleteServersAdminTestJSON-1306359464-project] Policy check for os_compute_api:os-extended-server-attributes failed with credentials {'is_admin': False, 'user_id': 'd5807a61420a47c0b47d89c5e22a52c6', 'user_domain_id': 'default', 'system_scope': None, 'domain_id': None, 'project_id': '9b46115655994eddb6817f562854f700', 'project_domain_id': 'default', 'roles': ['reader', 'member'], 'is_admin_project': True, 'service_user_id': None, 'service_user_domain_id': None, 'service_project_id': None, 'service_project_domain_id': None, 'service_roles': []} {{(pid=150087) authorize /opt/stack/nova/nova/policy.py:199}}
Aug 29 13:54:41.621897 n-d-854663-6 devstack@n-api.service[150088]: DEBUG nova.api.openstack.wsgi [None req-3cf6732b-ec94-4b56-9404-e33fb13e42b0 tempest-FlavorsExtraSpecsTestJSON-235605718 tempest-FlavorsExtraSpecsTestJSON-235605718-project] Calling method '>' {{(pid=150088) _process_stack /opt/stack/nova/nova/api/openstack/wsgi.py:513}}
Aug 29 13:54:41.626498 n-d-854663-6 devstack@n-api.service[150087]: INFO nova.api.openstack.requestlog [None req-955a73ed-cce5-41de-aef4-f11c65a3c08f tempest-DeleteServersAdminTestJSON-1306359464 tempest-DeleteServersAdminTestJSON-1306359464-project] 10.222.0.43 "GET /compute/v2.1/servers/512aa1e0-a9e3-4f6d-8ec4-6665496c6808" status: 200 len: 1300 microversion: 2.1 time: 0.170458
Aug 29 13:54:41.642604 n-d-854663-6 devstack@n-api.service[150087]: [pid: 150087|app: 0|req: 16/31] 10.222.0.43 () {58 vars in 1236 bytes} [Mon Aug 29 13:54:41 2022] GET /compute/v2.1/servers/512aa1e0-a9e3-4f6d-8ec4-6665496c6808 => generated 1300 bytes in 189 msecs (HTTP/1.1 200) 9 headers in 358 bytes (1 switches on core 0)
Aug 29 13:54:41.653009 n-d-854663-6 devstack@n-api.service[150087]: DEBUG nova.api.openstack.wsgi [None req-e4fd5ccf-65c7-45ba-bb99-030cef2297cf tempest-AggregatesAdminTestJSON-1027791757 tempest-AggregatesAdminTestJSON-1027791757-project] Calling method '>' {{(pid=150087) _process_stack /opt/stack/nova/nova/api/openstack/wsgi.py:513}}
Aug 29 13:54:41.653622 n-d-854663-6 devstack@n-api.service[150087]: DEBUG nova.compute.api [None req-e4fd5ccf-65c7-45ba-bb99-030cef2297cf tempest-AggregatesAdminTestJSON-1027791757 tempest-AggregatesAdminTestJSON-1027791757-project] [instance: 9abb2a0c-5279-46ae-b4cd-7eafa8df6363] Fetching instance by UUID {{(pid=150087) get /opt/stack/nova/nova/compute/api.py:2975}}
Aug 29 13:54:41.664449 n-d-854663-6 devstack@n-api.service[150088]: INFO nova.api.openstack.requestlog [None req-3cf6732b-ec94-4b56-9404-e33fb13e42b0 tempest-FlavorsExtraSpecsTestJSON-235605718 tempest-FlavorsExtraSpecsTestJSON-235605718-project] 10.222.0.43 "GET /compute/v2.1/flavors/1964275749/os-extra_specs" status: 200 len: 66 microversion: 2.1 time: 0.670958
Aug 29 13:54:41.667112 n-d-854663-6 devstack@n-api.service[150088]: [pid: 150088|app: 0|req: 16/32] 10.222.0.43 () {58 vars in 1203 bytes} [Mon Aug 29 13:54:40 2022] GET /compute/v2.1/flavors/1964275749/os-extra_specs => generated 66 bytes in 674 msecs (HTTP/1.1 200) 9 headers in 356 bytes (1 switches on core 0)
Aug 29 13:54:41.678499 n-d-854663-6 devstack@n-api.service[150087]: DEBUG oslo_concurrency.lockutils [None req-e4fd5ccf-65c7-45ba-bb99-030cef2297cf tempest-AggregatesAdminTestJSON-1027791757 tempest-AggregatesAdminTestJSON-1027791757-project] Acquiring lock "142fd070-00a0-4f76-83e8-3d15811f7043" by "nova.context.set_target_cell..get_or_set_cached_cell_and_set_connections" {{(pid=150087) inner /usr/local/lib/python3.8/dist-packages/oslo_concurrency/lockutils.py:385}}
Aug 29 13:54:41.680706 n-d-854663-6 devstack@n-api.service[150087]: DEBUG oslo_concurrency.lockutils [None req-e4fd5ccf-65c7-45ba-bb99-030cef2297cf tempest-AggregatesAdminTestJSON-1027791757 tempest-AggregatesAdminTestJSON-1027791757-project] Lock "142fd070-00a0-4f76-83e8-3d15811f7043" acquired by "nova.context.set_target_cell..get_or_set_cached_cell_and_set_connections" :: waited 0.002s {{(pid=150087) inner /usr/local/lib/python3.8/dist-packages/oslo_concurrency/lockutils.py:390}}
Aug 29 13:54:41.681241 n-d-854663-6 devstack@n-api.service[150087]: DEBUG oslo_concurrency.lockutils [None req-e4fd5ccf-65c7-45ba-bb99-030cef2297cf tempest-AggregatesAdminTestJSON-1027791757 tempest-AggregatesAdminTestJSON-1027791757-project] Lock "142fd070-00a0-4f76-83e8-3d15811f7043" "released" by "nova.context.set_target_cell..get_or_set_cached_cell_and_set_connections" :: held 0.000s {{(pid=150087) inner /usr/local/lib/python3.8/dist-packages/oslo_concurrency/lockutils.py:404}}
Aug 29 13:54:41.681558 n-d-854663-6 devstack@n-api.service[150088]: DEBUG nova.api.openstack.wsgi [None req-91d33637-a833-4bf0-abcd-0e0e2863f6d3 tempest-FlavorsExtraSpecsTestJSON-1227297016 tempest-FlavorsExtraSpecsTestJSON-1227297016-project-admin] Action: 'create', calling method: >, body: {"extra_specs": {"hw:numa_nodes": "1", "hw:cpu_policy": "shared"}} {{(pid=150088) _process_stack /opt/stack/nova/nova/api/openstack/wsgi.py:511}}
Aug 29 13:54:41.681914 n-d-854663-6 devstack@n-api.service[150087]: DEBUG oslo_concurrency.lockutils [None req-e4fd5ccf-65c7-45ba-bb99-030cef2297cf tempest-AggregatesAdminTestJSON-1027791757 tempest-AggregatesAdminTestJSON-1027791757-project] Acquiring lock "142fd070-00a0-4f76-83e8-3d15811f7043" by "nova.context.set_target_cell..get_or_set_cached_cell_and_set_connections" {{(pid=150087) inner /usr/local/lib/python3.8/dist-packages/oslo_concurrency/lockutils.py:385}}
Aug 29 13:54:41.686276 n-d-854663-6 devstack@n-api.service[150087]: DEBUG oslo_concurrency.lockutils [None req-e4fd5ccf-65c7-45ba-bb99-030cef2297cf tempest-AggregatesAdminTestJSON-1027791757 tempest-AggregatesAdminTestJSON-1027791757-project] Lock "142fd070-00a0-4f76-83e8-3d15811f7043" acquired by "nova.context.set_target_cell..get_or_set_cached_cell_and_set_connections" :: waited 0.003s {{(pid=150087) inner /usr/local/lib/python3.8/dist-packages/oslo_concurrency/lockutils.py:390}}
Aug 29 13:54:41.686906 n-d-854663-6 devstack@n-api.service[150087]: DEBUG oslo_concurrency.lockutils [None req-e4fd5ccf-65c7-45ba-bb99-030cef2297cf tempest-AggregatesAdminTestJSON-1027791757 tempest-AggregatesAdminTestJSON-1027791757-project] Lock "142fd070-00a0-4f76-83e8-3d15811f7043" "released" by "nova.context.set_target_cell..get_or_set_cached_cell_and_set_connections" :: held 0.002s {{(pid=150087) inner /usr/local/lib/python3.8/dist-packages/oslo_concurrency/lockutils.py:404}}
Aug 29 13:54:41.731804 n-d-854663-6 devstack@n-api.service[150088]: INFO nova.api.openstack.requestlog [None req-91d33637-a833-4bf0-abcd-0e0e2863f6d3 tempest-FlavorsExtraSpecsTestJSON-1227297016 tempest-FlavorsExtraSpecsTestJSON-1227297016-project-admin] 10.222.0.43 "POST /compute/v2.1/flavors/1964275749/os-extra_specs" status: 200 len: 66 microversion: 2.1 time: 0.056609
Aug 29 13:54:41.733303 n-d-854663-6 devstack@n-api.service[150088]: [pid: 150088|app: 0|req: 17/33] 10.222.0.43 () {60 vars in 1224 bytes} [Mon Aug 29 13:54:41 2022] POST /compute/v2.1/flavors/1964275749/os-extra_specs => generated 66 bytes in 59 msecs (HTTP/1.1 200) 9 headers in 356 bytes (1 switches on core 0)
Aug 29 13:54:41.746970 n-d-854663-6 devstack@n-api.service[150088]: DEBUG nova.api.openstack.wsgi [None req-75408169-ef0b-4e2b-a9d6-a3c7093d2381 tempest-FlavorsExtraSpecsTestJSON-235605718 tempest-FlavorsExtraSpecsTestJSON-235605718-project] Calling method '>' {{(pid=150088) _process_stack /opt/stack/nova/nova/api/openstack/wsgi.py:513}}
Aug 29 13:54:41.759947 n-d-854663-6 devstack@n-api.service[150088]: INFO nova.api.openstack.requestlog [None req-75408169-ef0b-4e2b-a9d6-a3c7093d2381 tempest-FlavorsExtraSpecsTestJSON-235605718 tempest-FlavorsExtraSpecsTestJSON-235605718-project] 10.222.0.43 "GET /compute/v2.1/flavors/1964275749/os-extra_specs/hw:numa_nodes" status: 200 len: 22 microversion: 2.1 time: 0.018497
Aug 29 13:54:41.761212 n-d-854663-6 devstack@n-api.service[150088]: [pid: 150088|app: 0|req: 18/34] 10.222.0.43 () {58 vars in 1245 bytes} [Mon Aug 29 13:54:41 2022] GET /compute/v2.1/flavors/1964275749/os-extra_specs/hw:numa_nodes => generated 22 bytes in 21 msecs (HTTP/1.1 200) 9 headers in 356 bytes (1 switches on core 0)
Aug 29 13:54:41.784013 n-d-854663-6 devstack@n-api.service[150088]: DEBUG nova.api.openstack.wsgi [None req-004e0cd8-8d9e-4093-9aba-c34575bfbfc2 tempest-FlavorsExtraSpecsTestJSON-1227297016 tempest-FlavorsExtraSpecsTestJSON-1227297016-project-admin] Action: 'create', calling method: >, body: {"extra_specs": {"hw:numa_nodes": "1", "hw:cpu_policy": "shared"}} {{(pid=150088) _process_stack /opt/stack/nova/nova/api/openstack/wsgi.py:511}}
Aug 29 13:54:41.875659 n-d-854663-6 devstack@n-api.service[150088]: INFO nova.api.openstack.requestlog [None req-004e0cd8-8d9e-4093-9aba-c34575bfbfc2 tempest-FlavorsExtraSpecsTestJSON-1227297016 tempest-FlavorsExtraSpecsTestJSON-1227297016-project-admin] 10.222.0.43 "POST /compute/v2.1/flavors/1964275749/os-extra_specs" status: 200 len: 66 microversion: 2.1 time: 0.107897
Aug 29 13:54:41.876292 n-d-854663-6 devstack@n-api.service[150088]: [pid: 150088|app: 0|req: 19/35] 10.222.0.43 () {60 vars in 1224 bytes} [Mon Aug 29 13:54:41 2022] POST /compute/v2.1/flavors/1964275749/os-extra_specs => generated 66 bytes in 110 msecs (HTTP/1.1 200) 9 headers in 356 bytes (1 switches on core 0)
Aug 29 13:54:41.904161 n-d-854663-6 devstack@n-api.service[150088]: DEBUG nova.api.openstack.wsgi [None req-51d478a8-ee62-4752-8fc6-a56b30e4ca1c tempest-FlavorsExtraSpecsTestJSON-1227297016 tempest-FlavorsExtraSpecsTestJSON-1227297016-project-admin] Calling method '>' {{(pid=150088) _process_stack /opt/stack/nova/nova/api/openstack/wsgi.py:513}}
Aug 29 13:54:41.933681 n-d-854663-6 devstack@n-api.service[150088]: INFO nova.api.openstack.requestlog [None req-51d478a8-ee62-4752-8fc6-a56b30e4ca1c tempest-FlavorsExtraSpecsTestJSON-1227297016 tempest-FlavorsExtraSpecsTestJSON-1227297016-project-admin] 10.222.0.43 "GET /compute/v2.1/flavors/1964275749/os-extra_specs" status: 200 len: 66 microversion: 2.1 time: 0.050899
Aug 29 13:54:41.934833 n-d-854663-6 devstack@n-api.service[150088]: [pid: 150088|app: 0|req: 20/36] 10.222.0.43 () {58 vars in 1203 bytes} [Mon Aug 29 13:54:41 2022] GET /compute/v2.1/flavors/1964275749/os-extra_specs => generated 66 bytes in 53 msecs (HTTP/1.1 200) 9 headers in 356 bytes (1 switches on core 0)
Aug 29 13:54:41.955025 n-d-854663-6 devstack@n-api.service[150088]: DEBUG nova.api.openstack.wsgi [None req-b22020b3-d193-45ca-986c-dc16b2f249eb tempest-FlavorsExtraSpecsTestJSON-1227297016 tempest-FlavorsExtraSpecsTestJSON-1227297016-project-admin] Action: 'update', calling method: >, body: {"hw:numa_nodes": "2"} {{(pid=150088) _process_stack /opt/stack/nova/nova/api/openstack/wsgi.py:511}}
Aug 29 13:54:42.018537 n-d-854663-6 devstack@n-api.service[150088]: DEBUG dbcounter [-] [150088] Writing DB stats nova_api:SELECT=80,nova_api:DELETE=3,nova_api:INSERT=4,nova_api:SAVEPOINT=6,nova_api:RELEASE=6,nova_api:UPDATE=1 {{(pid=150088) stat_writer /usr/local/lib/python3.8/dist-packages/dbcounter.py:114}}
Aug 29 13:54:42.039593 n-d-854663-6 devstack@n-api.service[150088]: INFO nova.api.openstack.requestlog [None req-b22020b3-d193-45ca-986c-dc16b2f249eb tempest-FlavorsExtraSpecsTestJSON-1227297016 tempest-FlavorsExtraSpecsTestJSON-1227297016-project-admin] 10.222.0.43 "PUT /compute/v2.1/flavors/1964275749/os-extra_specs/hw:numa_nodes" status: 200 len: 22 microversion: 2.1 time: 0.098772
Aug 29 13:54:42.048872 n-d-854663-6 devstack@n-api.service[150088]: [pid: 150088|app: 0|req: 21/37] 10.222.0.43 () {60 vars in 1265 bytes} [Mon Aug 29 13:54:41 2022] PUT /compute/v2.1/flavors/1964275749/os-extra_specs/hw:numa_nodes => generated 22 bytes in 109 msecs (HTTP/1.1 200) 9 headers in 356 bytes (1 switches on core 0)
Aug 29 13:54:42.061442 n-d-854663-6 devstack@n-api.service[150088]: DEBUG nova.api.openstack.wsgi [None req-56f42577-8921-4723-9908-3bdfa4a84f3d tempest-FlavorsExtraSpecsTestJSON-1227297016 tempest-FlavorsExtraSpecsTestJSON-1227297016-project-admin] Calling method '>' {{(pid=150088) _process_stack /opt/stack/nova/nova/api/openstack/wsgi.py:513}}
Aug 29 13:54:42.078702 n-d-854663-6 devstack@n-api.service[150088]: INFO nova.api.openstack.requestlog [None req-56f42577-8921-4723-9908-3bdfa4a84f3d tempest-FlavorsExtraSpecsTestJSON-1227297016 tempest-FlavorsExtraSpecsTestJSON-1227297016-project-admin] 10.222.0.43 "GET /compute/v2.1/flavors/1964275749/os-extra_specs" status: 200 len: 66 microversion: 2.1 time: 0.024241
Aug 29 13:54:42.081415 n-d-854663-6 devstack@n-api.service[150088]: [pid: 150088|app: 0|req: 22/38] 10.222.0.43 () {58 vars in 1203 bytes} [Mon Aug 29 13:54:42 2022] GET /compute/v2.1/flavors/1964275749/os-extra_specs => generated 66 bytes in 29 msecs (HTTP/1.1 200) 9 headers in 356 bytes (1 switches on core 0)
Aug 29 13:54:42.093331 n-d-854663-6 devstack@n-api.service[150088]: DEBUG nova.api.openstack.wsgi [None req-56b60d21-0a87-4f74-9cf2-ecb9caf6638a tempest-FlavorsExtraSpecsTestJSON-1227297016 tempest-FlavorsExtraSpecsTestJSON-1227297016-project-admin] Calling method '>' {{(pid=150088) _process_stack /opt/stack/nova/nova/api/openstack/wsgi.py:513}}
Aug 29 13:54:42.185942 n-d-854663-6 devstack@n-api.service[150088]: INFO nova.api.openstack.requestlog [None req-56b60d21-0a87-4f74-9cf2-ecb9caf6638a tempest-FlavorsExtraSpecsTestJSON-1227297016 tempest-FlavorsExtraSpecsTestJSON-1227297016-project-admin] 10.222.0.43 "DELETE /compute/v2.1/flavors/1964275749/os-extra_specs/hw:numa_nodes" status: 200 len: 0 microversion: 2.1 time: 0.088588
Aug 29 13:54:42.186783 n-d-854663-6 devstack@n-api.service[150088]: [pid: 150088|app: 0|req: 23/39] 10.222.0.43 () {58 vars in 1248 bytes} [Mon Aug 29 13:54:42 2022] DELETE /compute/v2.1/flavors/1964275749/os-extra_specs/hw:numa_nodes => generated 0 bytes in 99 msecs (HTTP/1.1 200) 9 headers in 355 bytes (1 switches on core 0)
Aug 29 13:54:42.209395 n-d-854663-6 devstack@n-api.service[150088]: DEBUG nova.api.openstack.wsgi [None req-dc851ebe-9ec1-4521-bc25-1a9e79297767 tempest-FlavorsExtraSpecsTestJSON-1227297016 tempest-FlavorsExtraSpecsTestJSON-1227297016-project-admin] Calling method '>' {{(pid=150088) _process_stack /opt/stack/nova/nova/api/openstack/wsgi.py:513}}
Aug 29 13:54:42.267542 n-d-854663-6 devstack@n-api.service[150088]: INFO nova.api.openstack.requestlog [None req-dc851ebe-9ec1-4521-bc25-1a9e79297767 tempest-FlavorsExtraSpecsTestJSON-1227297016 tempest-FlavorsExtraSpecsTestJSON-1227297016-project-admin] 10.222.0.43 "DELETE /compute/v2.1/flavors/1964275749/os-extra_specs/hw:cpu_policy" status: 200 len: 0 microversion: 2.1 time: 0.075342
Aug 29 13:54:42.278729 n-d-854663-6 devstack@n-api.service[150088]: [pid: 150088|app: 0|req: 24/40] 10.222.0.43 () {58 vars in 1248 bytes} [Mon Aug 29 13:54:42 2022] DELETE /compute/v2.1/flavors/1964275749/os-extra_specs/hw:cpu_policy => generated 0 bytes in 85 msecs (HTTP/1.1 200) 9 headers in 355 bytes (1 switches on core 0)
Aug 29 13:54:42.288662 n-d-854663-6 devstack@n-api.service[150088]: DEBUG nova.api.openstack.wsgi [None req-69a61a49-0dca-42e1-8016-19b05db80d2e tempest-FlavorsExtraSpecsTestJSON-1227297016 tempest-FlavorsExtraSpecsTestJSON-1227297016-project-admin] Calling method '>' {{(pid=150088) _process_stack /opt/stack/nova/nova/api/openstack/wsgi.py:513}}
Aug 29 13:54:42.299801 n-d-854663-6 devstack@n-api.service[150087]: DEBUG nova.policy [None req-e4fd5ccf-65c7-45ba-bb99-030cef2297cf tempest-AggregatesAdminTestJSON-1027791757 tempest-AggregatesAdminTestJSON-1027791757-project] Policy check for os_compute_api:os-extended-server-attributes failed with credentials {'is_admin': False, 'user_id': 'cad326de62cb4dd08275cd91777cc9c7', 'user_domain_id': 'default', 'system_scope': None, 'domain_id': None, 'project_id': '6ae916bc6ab64beba2d67e990107f7b4', 'project_domain_id': 'default', 'roles': ['reader', 'member'], 'is_admin_project': True, 'service_user_id': None, 'service_user_domain_id': None, 'service_project_id': None, 'service_project_domain_id': None, 'service_roles': []} {{(pid=150087) authorize /opt/stack/nova/nova/policy.py:199}}
Aug 29 13:54:42.312644 n-d-854663-6 devstack@n-api.service[150088]: INFO nova.api.openstack.requestlog [None req-69a61a49-0dca-42e1-8016-19b05db80d2e tempest-FlavorsExtraSpecsTestJSON-1227297016 tempest-FlavorsExtraSpecsTestJSON-1227297016-project-admin] 10.222.0.43 "GET /compute/v2.1/flavors/1964275749/os-extra_specs" status: 200 len: 19 microversion: 2.1 time: 0.032151
Aug 29 13:54:42.312908 n-d-854663-6 devstack@n-api.service[150087]: INFO nova.api.openstack.requestlog [None req-e4fd5ccf-65c7-45ba-bb99-030cef2297cf tempest-AggregatesAdminTestJSON-1027791757 tempest-AggregatesAdminTestJSON-1027791757-project] 10.222.0.43 "GET /compute/v2.1/servers/9abb2a0c-5279-46ae-b4cd-7eafa8df6363" status: 200 len: 1296 microversion: 2.1 time: 0.664717
Aug 29 13:54:42.313732 n-d-854663-6 devstack@n-api.service[150088]: [pid: 150088|app: 0|req: 25/41] 10.222.0.43 () {58 vars in 1203 bytes} [Mon Aug 29 13:54:42 2022] GET /compute/v2.1/flavors/1964275749/os-extra_specs => generated 19 bytes in 34 msecs (HTTP/1.1 200) 9 headers in 356 bytes (1 switches on core 0)
Aug 29 13:54:42.324811 n-d-854663-6 devstack@n-api.service[150087]: [pid: 150087|app: 0|req: 17/42] 10.222.0.43 () {58 vars in 1236 bytes} [Mon Aug 29 13:54:41 2022] GET /compute/v2.1/servers/9abb2a0c-5279-46ae-b4cd-7eafa8df6363 => generated 1296 bytes in 671 msecs (HTTP/1.1 200) 9 headers in 358 bytes (1 switches on core 0)
Aug 29 13:54:42.330740 n-d-854663-6 devstack@n-api.service[150088]: DEBUG nova.api.openstack.wsgi [None req-fb4d6870-578c-4c5c-b3d7-fe282837552a tempest-FlavorsExtraSpecsTestJSON-1227297016 tempest-FlavorsExtraSpecsTestJSON-1227297016-project-admin] Calling method '>' {{(pid=150088) _process_stack /opt/stack/nova/nova/api/openstack/wsgi.py:513}}
Aug 29 13:54:42.367941 n-d-854663-6 devstack@n-api.service[150088]: INFO nova.api.openstack.requestlog [None req-fb4d6870-578c-4c5c-b3d7-fe282837552a tempest-FlavorsExtraSpecsTestJSON-1227297016 tempest-FlavorsExtraSpecsTestJSON-1227297016-project-admin] 10.222.0.43 "DELETE /compute/v2.1/flavors/1964275749" status: 202 len: 0 microversion: 2.1 time: 0.046430
Aug 29 13:54:42.369147 n-d-854663-6 devstack@n-api.service[150088]: [pid: 150088|app: 0|req: 26/43] 10.222.0.43 () {58 vars in 1161 bytes} [Mon Aug 29 13:54:42 2022] DELETE /compute/v2.1/flavors/1964275749 => generated 0 bytes in 49 msecs (HTTP/1.1 202) 9 headers in 361 bytes (1 switches on core 0)
Aug 29 13:54:42.393583 n-d-854663-6 devstack@n-api.service[150087]: DEBUG nova.api.openstack.wsgi [None req-187896fb-ba17-49bf-a5f8-83353e6c5b67 tempest-FlavorsExtraSpecsTestJSON-1227297016 tempest-FlavorsExtraSpecsTestJSON-1227297016-project-admin] Calling method '>' {{(pid=150087) _process_stack /opt/stack/nova/nova/api/openstack/wsgi.py:513}}
Aug 29 13:54:42.458607 n-d-854663-6 devstack@n-api.service[150087]: INFO nova.api.openstack.requestlog [None req-187896fb-ba17-49bf-a5f8-83353e6c5b67 tempest-FlavorsExtraSpecsTestJSON-1227297016 tempest-FlavorsExtraSpecsTestJSON-1227297016-project-admin] 10.222.0.43 "GET /compute/v2.1/flavors/detail" status: 200 len: 4991 microversion: 2.1 time: 0.083187
Aug 29 13:54:42.459894 n-d-854663-6 devstack@n-api.service[150087]: [pid: 150087|app: 0|req: 18/44] 10.222.0.43 () {58 vars in 1146 bytes} [Mon Aug 29 13:54:42 2022] GET /compute/v2.1/flavors/detail => generated 4991 bytes in 87 msecs (HTTP/1.1 200) 9 headers in 358 bytes (1 switches on core 0)
Aug 29 13:54:42.650984 n-d-854663-6 devstack@n-api.service[150088]: DEBUG nova.api.openstack.wsgi [None req-e9563b51-4e2e-4d15-aeb4-ee81855599f7 tempest-DeleteServersAdminTestJSON-1306359464 tempest-DeleteServersAdminTestJSON-1306359464-project] Calling method '>' {{(pid=150088) _process_stack /opt/stack/nova/nova/api/openstack/wsgi.py:513}}
Aug 29 13:54:42.651966 n-d-854663-6 devstack@n-api.service[150088]: DEBUG nova.compute.api [None req-e9563b51-4e2e-4d15-aeb4-ee81855599f7 tempest-DeleteServersAdminTestJSON-1306359464 tempest-DeleteServersAdminTestJSON-1306359464-project] [instance: 512aa1e0-a9e3-4f6d-8ec4-6665496c6808] Fetching instance by UUID {{(pid=150088) get /opt/stack/nova/nova/compute/api.py:2975}}
Aug 29 13:54:42.670731 n-d-854663-6 devstack@n-api.service[150088]: DEBUG oslo_concurrency.lockutils [None req-e9563b51-4e2e-4d15-aeb4-ee81855599f7 tempest-DeleteServersAdminTestJSON-1306359464 tempest-DeleteServersAdminTestJSON-1306359464-project] Acquiring lock "142fd070-00a0-4f76-83e8-3d15811f7043" by "nova.context.set_target_cell..get_or_set_cached_cell_and_set_connections" {{(pid=150088) inner /usr/local/lib/python3.8/dist-packages/oslo_concurrency/lockutils.py:385}}
Aug 29 13:54:42.672211 n-d-854663-6 devstack@n-api.service[150088]: DEBUG oslo_concurrency.lockutils [None req-e9563b51-4e2e-4d15-aeb4-ee81855599f7 tempest-DeleteServersAdminTestJSON-1306359464 tempest-DeleteServersAdminTestJSON-1306359464-project] Lock "142fd070-00a0-4f76-83e8-3d15811f7043" acquired by "nova.context.set_target_cell..get_or_set_cached_cell_and_set_connections" :: waited 0.003s {{(pid=150088) inner /usr/local/lib/python3.8/dist-packages/oslo_concurrency/lockutils.py:390}}
