Aug 29 14:18:03.139461 n-d-854663-6 sudo[178788]: pam_unix(sudo:session): session closed for user root
Aug 29 14:18:03.141552 n-d-854663-6 cinder-volume[143554]: DEBUG oslo_concurrency.processutils [None req-7e1a9a44-007a-4c59-b8dd-aca1ae89d673 tempest-VolumesGetTest-151734704 None] CMD "sudo cinder-rootwrap /etc/cinder/rootwrap.conf env LC_ALL=C vgs --noheadings --unit=g -o name,size,free,lv_count,uuid --separator : --nosuffix stack-volumes-lvmdriver-1" returned: 0 in 1.985s {{(pid=143554) execute /usr/local/lib/python3.8/dist-packages/oslo_concurrency/processutils.py:422}}
Aug 29 14:18:03.143606 n-d-854663-6 cinder-volume[143554]: DEBUG oslo_concurrency.processutils [None req-7e1a9a44-007a-4c59-b8dd-aca1ae89d673 tempest-VolumesGetTest-151734704 None] Running cmd (subprocess): sudo cinder-rootwrap /etc/cinder/rootwrap.conf env LC_ALL=C lvs --noheadings --unit=g -o vg_name,name,size --nosuffix --readonly stack-volumes-lvmdriver-1 {{(pid=143554) execute /usr/local/lib/python3.8/dist-packages/oslo_concurrency/processutils.py:384}}
Aug 29 14:18:03.175134 n-d-854663-6 sudo[178830]: ubuntu : TTY=unknown ; PWD=/ ; USER=root ; COMMAND=/usr/local/bin/cinder-rootwrap /etc/cinder/rootwrap.conf env LC_ALL=C lvs --noheadings --unit=g -o vg_name,name,size --nosuffix --readonly stack-volumes-lvmdriver-1
Aug 29 14:18:03.177069 n-d-854663-6 sudo[178830]: pam_unix(sudo:session): session opened for user root by (uid=0)
Aug 29 14:18:03.211209 n-d-854663-6 sudo[178822]: pam_unix(sudo:session): session closed for user root
Aug 29 14:18:03.217478 n-d-854663-6 cinder-volume[143554]: DEBUG oslo_concurrency.processutils [None req-a1b76355-9638-4e31-97f2-d513395e46d5 tempest-VolumesGetTest-151734704 None] CMD "sudo cinder-rootwrap /etc/cinder/rootwrap.conf env LC_ALL=C lvs --noheadings --unit=g -o vg_name,name,size --nosuffix --readonly stack-volumes-lvmdriver-1/volume-68d26992-7d8c-4ff4-9a48-3acf663c81bd" returned: 0 in 1.688s {{(pid=143554) execute /usr/local/lib/python3.8/dist-packages/oslo_concurrency/processutils.py:422}}
Aug 29 14:18:03.219888 n-d-854663-6 cinder-volume[143554]: DEBUG oslo_concurrency.processutils [None req-a1b76355-9638-4e31-97f2-d513395e46d5 tempest-VolumesGetTest-151734704 None] Running cmd (subprocess): sudo cinder-rootwrap /etc/cinder/rootwrap.conf env LC_ALL=C lvdisplay --noheading -C -o Attr --readonly stack-volumes-lvmdriver-1/volume-68d26992-7d8c-4ff4-9a48-3acf663c81bd {{(pid=143554) execute /usr/local/lib/python3.8/dist-packages/oslo_concurrency/processutils.py:384}}
Aug 29 14:18:03.249205 n-d-854663-6 sudo[178832]: ubuntu : TTY=unknown ; PWD=/ ; USER=root ; COMMAND=/usr/local/bin/cinder-rootwrap /etc/cinder/rootwrap.conf env LC_ALL=C lvdisplay --noheading -C -o Attr --readonly stack-volumes-lvmdriver-1/volume-68d26992-7d8c-4ff4-9a48-3acf663c81bd
Aug 29 14:18:03.250008 n-d-854663-6 sudo[178832]: pam_unix(sudo:session): session opened for user root by (uid=0)
Aug 29 14:18:04.572182 n-d-854663-6 sudo[178830]: pam_unix(sudo:session): session closed for user root
Aug 29 14:18:04.595825 n-d-854663-6 cinder-volume[143554]: DEBUG oslo_concurrency.processutils [None req-7e1a9a44-007a-4c59-b8dd-aca1ae89d673 tempest-VolumesGetTest-151734704 None] CMD "sudo cinder-rootwrap /etc/cinder/rootwrap.conf env LC_ALL=C lvs --noheadings --unit=g -o vg_name,name,size --nosuffix --readonly stack-volumes-lvmdriver-1" returned: 0 in 1.443s {{(pid=143554) execute /usr/local/lib/python3.8/dist-packages/oslo_concurrency/processutils.py:422}}
Aug 29 14:18:04.603177 n-d-854663-6 cinder-volume[143554]: DEBUG cinder.manager [None req-7e1a9a44-007a-4c59-b8dd-aca1ae89d673 tempest-VolumesGetTest-151734704 None] Notifying Schedulers of capabilities ... {{(pid=143554) _publish_service_capabilities /opt/stack/cinder/cinder/manager.py:202}}
Aug 29 14:18:04.619301 n-d-854663-6 cinder-volume[143554]: INFO cinder.volume.manager [None req-7e1a9a44-007a-4c59-b8dd-aca1ae89d673 tempest-VolumesGetTest-151734704 None] Deleted volume successfully.
Aug 29 14:18:04.670024 n-d-854663-6 cinder-volume[143554]: DEBUG cinder.coordination [None req-7e1a9a44-007a-4c59-b8dd-aca1ae89d673 tempest-VolumesGetTest-151734704 None] Lock "cinder-d94e29f2-ab99-41d7-b578-c1f9dbe68d39-delete_volume" released by "delete_volume" :: held 7.962s {{(pid=143554) _synchronized /opt/stack/cinder/cinder/coordination.py:207}}
Aug 29 14:18:04.870164 n-d-854663-6 sudo[178832]: pam_unix(sudo:session): session closed for user root
Aug 29 14:18:04.871986 n-d-854663-6 cinder-volume[143554]: DEBUG oslo_concurrency.processutils [None req-a1b76355-9638-4e31-97f2-d513395e46d5 tempest-VolumesGetTest-151734704 None] CMD "sudo cinder-rootwrap /etc/cinder/rootwrap.conf env LC_ALL=C lvdisplay --noheading -C -o Attr --readonly stack-volumes-lvmdriver-1/volume-68d26992-7d8c-4ff4-9a48-3acf663c81bd" returned: 0 in 1.652s {{(pid=143554) execute /usr/local/lib/python3.8/dist-packages/oslo_concurrency/processutils.py:422}}
Aug 29 14:18:04.873998 n-d-854663-6 cinder-volume[143554]: DEBUG oslo_concurrency.processutils [None req-a1b76355-9638-4e31-97f2-d513395e46d5 tempest-VolumesGetTest-151734704 None] Running cmd (subprocess): sudo cinder-rootwrap /etc/cinder/rootwrap.conf lvremove --config activation { retry_deactivation = 1} -f stack-volumes-lvmdriver-1/volume-68d26992-7d8c-4ff4-9a48-3acf663c81bd {{(pid=143554) execute /usr/local/lib/python3.8/dist-packages/oslo_concurrency/processutils.py:384}}
Aug 29 14:18:04.924604 n-d-854663-6 sudo[178836]: ubuntu : TTY=unknown ; PWD=/ ; USER=root ; COMMAND=/usr/local/bin/cinder-rootwrap /etc/cinder/rootwrap.conf lvremove --config activation { retry_deactivation = 1} -f stack-volumes-lvmdriver-1/volume-68d26992-7d8c-4ff4-9a48-3acf663c81bd
Aug 29 14:18:04.925418 n-d-854663-6 sudo[178836]: pam_unix(sudo:session): session opened for user root by (uid=0)
Aug 29 14:18:06.338558 n-d-854663-6 sudo[178836]: pam_unix(sudo:session): session closed for user root
Aug 29 14:18:06.343459 n-d-854663-6 cinder-volume[143554]: DEBUG oslo_concurrency.processutils [None req-a1b76355-9638-4e31-97f2-d513395e46d5 tempest-VolumesGetTest-151734704 None] CMD "sudo cinder-rootwrap /etc/cinder/rootwrap.conf lvremove --config activation { retry_deactivation = 1} -f stack-volumes-lvmdriver-1/volume-68d26992-7d8c-4ff4-9a48-3acf663c81bd" returned: 0 in 1.467s {{(pid=143554) execute /usr/local/lib/python3.8/dist-packages/oslo_concurrency/processutils.py:422}}
Aug 29 14:18:06.346091 n-d-854663-6 cinder-volume[143554]: INFO cinder.volume.drivers.lvm [None req-a1b76355-9638-4e31-97f2-d513395e46d5 tempest-VolumesGetTest-151734704 None] Successfully deleted volume: 68d26992-7d8c-4ff4-9a48-3acf663c81bd
Aug 29 14:18:06.461106 n-d-854663-6 cinder-volume[143554]: DEBUG cinder.quota [None req-a1b76355-9638-4e31-97f2-d513395e46d5 tempest-VolumesGetTest-151734704 None] Created reservations ['261e65da-5d0a-4396-8857-f1626300075e', '5d854753-f103-42c9-bc5f-c514c8c078bb', 'ab187cbb-d8d7-4a1e-9aa3-81c8d0a91cb8', 'f42ab66d-f9d5-4427-a85d-e41e4c91415a'] {{(pid=143554) reserve /opt/stack/cinder/cinder/quota.py:755}}
Aug 29 14:18:06.563902 n-d-854663-6 cinder-volume[143554]: DEBUG cinder.volume.drivers.lvm [None req-a1b76355-9638-4e31-97f2-d513395e46d5 tempest-VolumesGetTest-151734704 None] Updating volume stats {{(pid=143554) _update_volume_stats /opt/stack/cinder/cinder/volume/drivers/lvm.py:213}}
Aug 29 14:18:06.565054 n-d-854663-6 cinder-volume[143554]: DEBUG oslo_concurrency.processutils [None req-a1b76355-9638-4e31-97f2-d513395e46d5 tempest-VolumesGetTest-151734704 None] Running cmd (subprocess): sudo cinder-rootwrap /etc/cinder/rootwrap.conf env LC_ALL=C vgs --noheadings --unit=g -o name,size,free,lv_count,uuid --separator : --nosuffix stack-volumes-lvmdriver-1 {{(pid=143554) execute /usr/local/lib/python3.8/dist-packages/oslo_concurrency/processutils.py:384}}
Aug 29 14:18:06.610866 n-d-854663-6 sudo[178851]: ubuntu : TTY=unknown ; PWD=/ ; USER=root ; COMMAND=/usr/local/bin/cinder-rootwrap /etc/cinder/rootwrap.conf env LC_ALL=C vgs --noheadings --unit=g -o name,size,free,lv_count,uuid --separator : --nosuffix stack-volumes-lvmdriver-1
Aug 29 14:18:06.621072 n-d-854663-6 sudo[178851]: pam_unix(sudo:session): session opened for user root by (uid=0)
Aug 29 14:18:07.935852 n-d-854663-6 cinder-volume[143554]: DEBUG cinder.volume.flows.manager.create_volume [None req-501ef87d-5043-467c-bbe4-c0f3948d83de tempest-VolumesGetTest-151734704 None] Volume reschedule parameters: True retry: {'num_attempts': 1, 'backends': ['n-d-854663-6@lvmdriver-1#lvmdriver-1'], 'hosts': ['n-d-854663-6@lvmdriver-1#lvmdriver-1']} {{(pid=143554) get_flow /opt/stack/cinder/cinder/volume/flows/manager/create_volume.py:1366}}
Aug 29 14:18:07.977256 n-d-854663-6 cinder-volume[143554]: DEBUG cinder.volume.manager [None req-501ef87d-5043-467c-bbe4-c0f3948d83de tempest-VolumesGetTest-151734704 None] Flow 'volume_create_manager' (c9fb019f-9af3-4427-bb86-b419c2b27a8a) transitioned into state 'RUNNING' from state 'PENDING' {{(pid=143554) _flow_receiver /usr/local/lib/python3.8/dist-packages/taskflow/listeners/logging.py:141}}
Aug 29 14:18:07.986001 n-d-854663-6 cinder-volume[143554]: DEBUG cinder.volume.manager [None req-501ef87d-5043-467c-bbe4-c0f3948d83de tempest-VolumesGetTest-151734704 None] Task 'cinder.volume.flows.manager.create_volume.ExtractVolumeRefTask;volume:create' (c2128238-4823-4834-b9c6-974df14b29cb) transitioned into state 'RUNNING' from state 'PENDING' {{(pid=143554) _task_receiver /usr/local/lib/python3.8/dist-packages/taskflow/listeners/logging.py:190}}
Aug 29 14:18:08.022295 n-d-854663-6 cinder-volume[143554]: DEBUG cinder.volume.manager [None req-501ef87d-5043-467c-bbe4-c0f3948d83de tempest-VolumesGetTest-151734704 None] Task 'cinder.volume.flows.manager.create_volume.ExtractVolumeRefTask;volume:create' (c2128238-4823-4834-b9c6-974df14b29cb) transitioned into state 'SUCCESS' from state 'RUNNING' with result 'Volume(_name_id=None,admin_metadata=,attach_status='detached',availability_zone='nova',bootable=False,cluster=,cluster_name=None,consistencygroup=,consistencygroup_id=None,created_at=2022-08-29T14:18:08Z,deleted=False,deleted_at=None,display_description=None,display_name='tempest-VolumesGetTest-Volume-868159372',ec2_id=None,encryption_key_id=None,glance_metadata=,group=,group_id=None,host='n-d-854663-6@lvmdriver-1#lvmdriver-1',id=d8f31bd2-66aa-4c07-aecb-5827ea85c513,launched_at=None,metadata={},migration_status=None,multiattach=False,previous_status=None,project_id='d44e086a38da47aaa1572e5275e2cae8',provider_auth=None,provider_geometry=None,provider_id=None,provider_location=None,replication_driver_data=None,replication_extended_status=None,replication_status=None,scheduled_at=2022-08-29T14:18:08Z,service_uuid=None,shared_targets=True,size=1,snapshot_id=None,snapshots=,source_volid=None,status='creating',terminated_at=None,updated_at=2022-08-29T14:18:08Z,use_quota=True,user_id='18205c9f83794c90b102335267bd98cf',volume_attachment=VolumeAttachmentList,volume_type=VolumeType(cfdfd028-e994-433c-afac-4fd91c32c30c),volume_type_id=cfdfd028-e994-433c-afac-4fd91c32c30c)' {{(pid=143554) _task_receiver /usr/local/lib/python3.8/dist-packages/taskflow/listeners/logging.py:178}}
Aug 29 14:18:08.046485 n-d-854663-6 cinder-volume[143554]: DEBUG cinder.volume.manager [None req-501ef87d-5043-467c-bbe4-c0f3948d83de tempest-VolumesGetTest-151734704 None] Task 'cinder.volume.flows.manager.create_volume.OnFailureRescheduleTask;volume:create' (a8cc1084-f626-4b62-bb57-a52ee242ed76) transitioned into state 'RUNNING' from state 'PENDING' {{(pid=143554) _task_receiver /usr/local/lib/python3.8/dist-packages/taskflow/listeners/logging.py:190}}
Aug 29 14:18:08.051026 n-d-854663-6 cinder-volume[143554]: DEBUG cinder.volume.manager [None req-501ef87d-5043-467c-bbe4-c0f3948d83de tempest-VolumesGetTest-151734704 None] Task 'cinder.volume.flows.manager.create_volume.OnFailureRescheduleTask;volume:create' (a8cc1084-f626-4b62-bb57-a52ee242ed76) transitioned into state 'SUCCESS' from state 'RUNNING' with result 'None' {{(pid=143554) _task_receiver /usr/local/lib/python3.8/dist-packages/taskflow/listeners/logging.py:178}}
Aug 29 14:18:08.067429 n-d-854663-6 cinder-volume[143554]: DEBUG cinder.volume.manager [None req-501ef87d-5043-467c-bbe4-c0f3948d83de tempest-VolumesGetTest-151734704 None] Task 'cinder.volume.flows.manager.create_volume.ExtractVolumeSpecTask;volume:create' (6e154668-b0ae-4eca-8fa0-4b546c6f484b) transitioned into state 'RUNNING' from state 'PENDING' {{(pid=143554) _task_receiver /usr/local/lib/python3.8/dist-packages/taskflow/listeners/logging.py:190}}
Aug 29 14:18:08.080043 n-d-854663-6 cinder-volume[143554]: DEBUG cinder.volume.manager [None req-501ef87d-5043-467c-bbe4-c0f3948d83de tempest-VolumesGetTest-151734704 None] Task 'cinder.volume.flows.manager.create_volume.ExtractVolumeSpecTask;volume:create' (6e154668-b0ae-4eca-8fa0-4b546c6f484b) transitioned into state 'SUCCESS' from state 'RUNNING' with result '{'status': 'creating', 'type': 'raw', 'volume_id': 'd8f31bd2-66aa-4c07-aecb-5827ea85c513', 'volume_name': 'volume-d8f31bd2-66aa-4c07-aecb-5827ea85c513', 'volume_size': 1}' {{(pid=143554) _task_receiver /usr/local/lib/python3.8/dist-packages/taskflow/listeners/logging.py:178}}
Aug 29 14:18:08.092498 n-d-854663-6 cinder-volume[143554]: DEBUG cinder.volume.manager [None req-501ef87d-5043-467c-bbe4-c0f3948d83de tempest-VolumesGetTest-151734704 None] Task 'cinder.volume.flows.manager.create_volume.NotifyVolumeActionTask;volume:create, create.start' (6a06b22c-a2ec-412b-8591-254b3be92b85) transitioned into state 'RUNNING' from state 'PENDING' {{(pid=143554) _task_receiver /usr/local/lib/python3.8/dist-packages/taskflow/listeners/logging.py:190}}
Aug 29 14:18:08.102928 n-d-854663-6 cinder-volume[143554]: DEBUG cinder.volume.manager [None req-501ef87d-5043-467c-bbe4-c0f3948d83de tempest-VolumesGetTest-151734704 None] Task 'cinder.volume.flows.manager.create_volume.NotifyVolumeActionTask;volume:create, create.start' (6a06b22c-a2ec-412b-8591-254b3be92b85) transitioned into state 'SUCCESS' from state 'RUNNING' with result 'None' {{(pid=143554) _task_receiver /usr/local/lib/python3.8/dist-packages/taskflow/listeners/logging.py:178}}
Aug 29 14:18:08.113401 n-d-854663-6 cinder-volume[143554]: DEBUG cinder.volume.manager [None req-501ef87d-5043-467c-bbe4-c0f3948d83de tempest-VolumesGetTest-151734704 None] Task 'cinder.volume.flows.manager.create_volume.CreateVolumeFromSpecTask;volume:create' (94d1f577-415b-49b5-83d8-25bc9a8f4dc1) transitioned into state 'RUNNING' from state 'PENDING' {{(pid=143554) _task_receiver /usr/local/lib/python3.8/dist-packages/taskflow/listeners/logging.py:190}}
Aug 29 14:18:08.117980 n-d-854663-6 cinder-volume[143554]: INFO cinder.volume.flows.manager.create_volume [None req-501ef87d-5043-467c-bbe4-c0f3948d83de tempest-VolumesGetTest-151734704 None] Volume d8f31bd2-66aa-4c07-aecb-5827ea85c513: being created as raw with specification: {'status': 'creating', 'volume_name': 'volume-d8f31bd2-66aa-4c07-aecb-5827ea85c513', 'volume_size': 1}
Aug 29 14:18:08.119937 n-d-854663-6 cinder-volume[143554]: DEBUG oslo_concurrency.processutils [None req-501ef87d-5043-467c-bbe4-c0f3948d83de tempest-VolumesGetTest-151734704 None] Running cmd (subprocess): sudo cinder-rootwrap /etc/cinder/rootwrap.conf env LC_ALL=C lvcreate -n volume-d8f31bd2-66aa-4c07-aecb-5827ea85c513 stack-volumes-lvmdriver-1 -L 1g {{(pid=143554) execute /usr/local/lib/python3.8/dist-packages/oslo_concurrency/processutils.py:384}}
Aug 29 14:18:08.151055 n-d-854663-6 sudo[178851]: pam_unix(sudo:session): session closed for user root
Aug 29 14:18:08.156914 n-d-854663-6 cinder-volume[143554]: DEBUG oslo_concurrency.processutils [None req-a1b76355-9638-4e31-97f2-d513395e46d5 tempest-VolumesGetTest-151734704 None] CMD "sudo cinder-rootwrap /etc/cinder/rootwrap.conf env LC_ALL=C vgs --noheadings --unit=g -o name,size,free,lv_count,uuid --separator : --nosuffix stack-volumes-lvmdriver-1" returned: 0 in 1.591s {{(pid=143554) execute /usr/local/lib/python3.8/dist-packages/oslo_concurrency/processutils.py:422}}
Aug 29 14:18:08.159956 n-d-854663-6 cinder-volume[143554]: DEBUG oslo_concurrency.processutils [None req-a1b76355-9638-4e31-97f2-d513395e46d5 tempest-VolumesGetTest-151734704 None] Running cmd (subprocess): sudo cinder-rootwrap /etc/cinder/rootwrap.conf env LC_ALL=C lvs --noheadings --unit=g -o vg_name,name,size --nosuffix --readonly stack-volumes-lvmdriver-1 {{(pid=143554) execute /usr/local/lib/python3.8/dist-packages/oslo_concurrency/processutils.py:384}}
Aug 29 14:18:08.172929 n-d-854663-6 sudo[178861]: ubuntu : TTY=unknown ; PWD=/ ; USER=root ; COMMAND=/usr/local/bin/cinder-rootwrap /etc/cinder/rootwrap.conf env LC_ALL=C lvcreate -n volume-d8f31bd2-66aa-4c07-aecb-5827ea85c513 stack-volumes-lvmdriver-1 -L 1g
Aug 29 14:18:08.174348 n-d-854663-6 sudo[178861]: pam_unix(sudo:session): session opened for user root by (uid=0)
Aug 29 14:18:08.200085 n-d-854663-6 sudo[178862]: ubuntu : TTY=unknown ; PWD=/ ; USER=root ; COMMAND=/usr/local/bin/cinder-rootwrap /etc/cinder/rootwrap.conf env LC_ALL=C lvs --noheadings --unit=g -o vg_name,name,size --nosuffix --readonly stack-volumes-lvmdriver-1
Aug 29 14:18:08.201856 n-d-854663-6 sudo[178862]: pam_unix(sudo:session): session opened for user root by (uid=0)
Aug 29 14:18:09.169353 n-d-854663-6 sudo[178861]: pam_unix(sudo:session): session closed for user root
Aug 29 14:18:09.171654 n-d-854663-6 cinder-volume[143554]: DEBUG oslo_concurrency.processutils [None req-501ef87d-5043-467c-bbe4-c0f3948d83de tempest-VolumesGetTest-151734704 None] CMD "sudo cinder-rootwrap /etc/cinder/rootwrap.conf env LC_ALL=C lvcreate -n volume-d8f31bd2-66aa-4c07-aecb-5827ea85c513 stack-volumes-lvmdriver-1 -L 1g" returned: 0 in 1.051s {{(pid=143554) execute /usr/local/lib/python3.8/dist-packages/oslo_concurrency/processutils.py:422}}
Aug 29 14:18:09.176913 n-d-854663-6 cinder-volume[143554]: DEBUG cinder.volume.manager [None req-501ef87d-5043-467c-bbe4-c0f3948d83de tempest-VolumesGetTest-151734704 None] Task 'cinder.volume.flows.manager.create_volume.CreateVolumeFromSpecTask;volume:create' (94d1f577-415b-49b5-83d8-25bc9a8f4dc1) transitioned into state 'SUCCESS' from state 'RUNNING' with result '{'status': 'creating', 'volume_name': 'volume-d8f31bd2-66aa-4c07-aecb-5827ea85c513', 'volume_size': 1}' {{(pid=143554) _task_receiver /usr/local/lib/python3.8/dist-packages/taskflow/listeners/logging.py:178}}
Aug 29 14:18:09.180355 n-d-854663-6 sudo[178862]: pam_unix(sudo:session): session closed for user root
Aug 29 14:18:09.182683 n-d-854663-6 cinder-volume[143554]: DEBUG cinder.volume.manager [None req-501ef87d-5043-467c-bbe4-c0f3948d83de tempest-VolumesGetTest-151734704 None] Task 'cinder.volume.flows.manager.create_volume.CreateVolumeOnFinishTask;volume:create, create.end' (c762ce47-25ce-450a-bd32-ac8c913965fb) transitioned into state 'RUNNING' from state 'PENDING' {{(pid=143554) _task_receiver /usr/local/lib/python3.8/dist-packages/taskflow/listeners/logging.py:190}}
Aug 29 14:18:09.190974 n-d-854663-6 cinder-volume[143554]: DEBUG oslo_concurrency.processutils [None req-a1b76355-9638-4e31-97f2-d513395e46d5 tempest-VolumesGetTest-151734704 None] CMD "sudo cinder-rootwrap /etc/cinder/rootwrap.conf env LC_ALL=C lvs --noheadings --unit=g -o vg_name,name,size --nosuffix --readonly stack-volumes-lvmdriver-1" returned: 0 in 1.031s {{(pid=143554) execute /usr/local/lib/python3.8/dist-packages/oslo_concurrency/processutils.py:422}}
Aug 29 14:18:09.193289 n-d-854663-6 cinder-volume[143554]: DEBUG cinder.manager [None req-a1b76355-9638-4e31-97f2-d513395e46d5 tempest-VolumesGetTest-151734704 None] Notifying Schedulers of capabilities ... {{(pid=143554) _publish_service_capabilities /opt/stack/cinder/cinder/manager.py:202}}
Aug 29 14:18:09.205372 n-d-854663-6 cinder-volume[143554]: INFO cinder.volume.manager [None req-a1b76355-9638-4e31-97f2-d513395e46d5 tempest-VolumesGetTest-151734704 None] Deleted volume successfully.
Aug 29 14:18:09.212361 n-d-854663-6 cinder-volume[143554]: INFO cinder.volume.flows.manager.create_volume [None req-501ef87d-5043-467c-bbe4-c0f3948d83de tempest-VolumesGetTest-151734704 None] Volume volume-d8f31bd2-66aa-4c07-aecb-5827ea85c513 (d8f31bd2-66aa-4c07-aecb-5827ea85c513): created successfully
Aug 29 14:18:09.217585 n-d-854663-6 cinder-volume[143554]: DEBUG cinder.volume.manager [None req-501ef87d-5043-467c-bbe4-c0f3948d83de tempest-VolumesGetTest-151734704 None] Task 'cinder.volume.flows.manager.create_volume.CreateVolumeOnFinishTask;volume:create, create.end' (c762ce47-25ce-450a-bd32-ac8c913965fb) transitioned into state 'SUCCESS' from state 'RUNNING' with result 'None' {{(pid=143554) _task_receiver /usr/local/lib/python3.8/dist-packages/taskflow/listeners/logging.py:178}}
Aug 29 14:18:09.227925 n-d-854663-6 cinder-volume[143554]: DEBUG cinder.volume.manager [None req-501ef87d-5043-467c-bbe4-c0f3948d83de tempest-VolumesGetTest-151734704 None] Flow 'volume_create_manager' (c9fb019f-9af3-4427-bb86-b419c2b27a8a) transitioned into state 'SUCCESS' from state 'RUNNING' {{(pid=143554) _flow_receiver /usr/local/lib/python3.8/dist-packages/taskflow/listeners/logging.py:141}}
Aug 29 14:18:09.260946 n-d-854663-6 cinder-volume[143554]: DEBUG cinder.coordination [None req-a1b76355-9638-4e31-97f2-d513395e46d5 tempest-VolumesGetTest-151734704 None] Lock "cinder-68d26992-7d8c-4ff4-9a48-3acf663c81bd-delete_volume" released by "delete_volume" :: held 7.910s {{(pid=143554) _synchronized /opt/stack/cinder/cinder/coordination.py:207}}
Aug 29 14:18:09.262519 n-d-854663-6 cinder-volume[143554]: INFO cinder.volume.manager [None req-501ef87d-5043-467c-bbe4-c0f3948d83de tempest-VolumesGetTest-151734704 None] Created volume successfully.
Aug 29 14:18:10.568687 n-d-854663-6 cinder-volume[143554]: DEBUG cinder.volume.flows.manager.create_volume [None req-3514bc59-a7fc-493d-b249-6cb63a3c1435 tempest-VolumesGetTest-151734704 None] Volume reschedule parameters: True retry: {'num_attempts': 1, 'backends': ['n-d-854663-6@lvmdriver-1#lvmdriver-1'], 'hosts': ['n-d-854663-6@lvmdriver-1#lvmdriver-1']} {{(pid=143554) get_flow /opt/stack/cinder/cinder/volume/flows/manager/create_volume.py:1366}}
Aug 29 14:18:10.637484 n-d-854663-6 cinder-volume[143554]: DEBUG cinder.volume.manager [None req-3514bc59-a7fc-493d-b249-6cb63a3c1435 tempest-VolumesGetTest-151734704 None] Flow 'volume_create_manager' (b20a9339-e1c4-4098-96e8-78b22bc9aa4b) transitioned into state 'RUNNING' from state 'PENDING' {{(pid=143554) _flow_receiver /usr/local/lib/python3.8/dist-packages/taskflow/listeners/logging.py:141}}
Aug 29 14:18:10.644983 n-d-854663-6 cinder-volume[143554]: DEBUG cinder.volume.manager [None req-3514bc59-a7fc-493d-b249-6cb63a3c1435 tempest-VolumesGetTest-151734704 None] Task 'cinder.volume.flows.manager.create_volume.ExtractVolumeRefTask;volume:create' (3a0a148b-4c4b-41e5-98cb-8dc0b1d16ee1) transitioned into state 'RUNNING' from state 'PENDING' {{(pid=143554) _task_receiver /usr/local/lib/python3.8/dist-packages/taskflow/listeners/logging.py:190}}
Aug 29 14:18:10.663847 n-d-854663-6 cinder-volume[143554]: DEBUG cinder.volume.manager [None req-3514bc59-a7fc-493d-b249-6cb63a3c1435 tempest-VolumesGetTest-151734704 None] Task 'cinder.volume.flows.manager.create_volume.ExtractVolumeRefTask;volume:create' (3a0a148b-4c4b-41e5-98cb-8dc0b1d16ee1) transitioned into state 'SUCCESS' from state 'RUNNING' with result 'Volume(_name_id=None,admin_metadata=,attach_status='detached',availability_zone='nova',bootable=False,cluster=,cluster_name=None,consistencygroup=,consistencygroup_id=None,created_at=2022-08-29T14:18:10Z,deleted=False,deleted_at=None,display_description=None,display_name='tempest-VolumesGetTest-Volume-410734836',ec2_id=None,encryption_key_id=None,glance_metadata=,group=,group_id=None,host='n-d-854663-6@lvmdriver-1#lvmdriver-1',id=db9cbf96-631b-4a1f-934c-4c804a5cb6a1,launched_at=None,metadata={Type='Test'},migration_status=None,multiattach=False,previous_status=None,project_id='d44e086a38da47aaa1572e5275e2cae8',provider_auth=None,provider_geometry=None,provider_id=None,provider_location=None,replication_driver_data=None,replication_extended_status=None,replication_status=None,scheduled_at=2022-08-29T14:18:10Z,service_uuid=None,shared_targets=True,size=1,snapshot_id=None,snapshots=,source_volid=d8f31bd2-66aa-4c07-aecb-5827ea85c513,status='creating',terminated_at=None,updated_at=2022-08-29T14:18:10Z,use_quota=True,user_id='18205c9f83794c90b102335267bd98cf',volume_attachment=VolumeAttachmentList,volume_type=VolumeType(cfdfd028-e994-433c-afac-4fd91c32c30c),volume_type_id=cfdfd028-e994-433c-afac-4fd91c32c30c)' {{(pid=143554) _task_receiver /usr/local/lib/python3.8/dist-packages/taskflow/listeners/logging.py:178}}
Aug 29 14:18:10.671047 n-d-854663-6 cinder-volume[143554]: DEBUG cinder.volume.manager [None req-3514bc59-a7fc-493d-b249-6cb63a3c1435 tempest-VolumesGetTest-151734704 None] Task 'cinder.volume.flows.manager.create_volume.OnFailureRescheduleTask;volume:create' (421ce007-dc8f-47b6-8ba5-1b142a212f6d) transitioned into state 'RUNNING' from state 'PENDING' {{(pid=143554) _task_receiver /usr/local/lib/python3.8/dist-packages/taskflow/listeners/logging.py:190}}
Aug 29 14:18:10.675450 n-d-854663-6 cinder-volume[143554]: DEBUG cinder.volume.manager [None req-3514bc59-a7fc-493d-b249-6cb63a3c1435 tempest-VolumesGetTest-151734704 None] Task 'cinder.volume.flows.manager.create_volume.OnFailureRescheduleTask;volume:create' (421ce007-dc8f-47b6-8ba5-1b142a212f6d) transitioned into state 'SUCCESS' from state 'RUNNING' with result 'None' {{(pid=143554) _task_receiver /usr/local/lib/python3.8/dist-packages/taskflow/listeners/logging.py:178}}
Aug 29 14:18:10.682740 n-d-854663-6 cinder-volume[143554]: DEBUG cinder.volume.manager [None req-3514bc59-a7fc-493d-b249-6cb63a3c1435 tempest-VolumesGetTest-151734704 None] Task 'cinder.volume.flows.manager.create_volume.ExtractVolumeSpecTask;volume:create' (08528f53-35f0-491e-887f-5f6c2cd1e292) transitioned into state 'RUNNING' from state 'PENDING' {{(pid=143554) _task_receiver /usr/local/lib/python3.8/dist-packages/taskflow/listeners/logging.py:190}}
Aug 29 14:18:10.701557 n-d-854663-6 cinder-volume[143554]: DEBUG cinder.volume.manager [None req-3514bc59-a7fc-493d-b249-6cb63a3c1435 tempest-VolumesGetTest-151734704 None] Task 'cinder.volume.flows.manager.create_volume.ExtractVolumeSpecTask;volume:create' (08528f53-35f0-491e-887f-5f6c2cd1e292) transitioned into state 'SUCCESS' from state 'RUNNING' with result '{'status': 'creating', 'type': 'source_vol', 'volume_id': 'db9cbf96-631b-4a1f-934c-4c804a5cb6a1', 'volume_name': 'volume-db9cbf96-631b-4a1f-934c-4c804a5cb6a1', 'volume_size': 1, 'source_volid': 'd8f31bd2-66aa-4c07-aecb-5827ea85c513', 'source_volstatus': 'available'}' {{(pid=143554) _task_receiver /usr/local/lib/python3.8/dist-packages/taskflow/listeners/logging.py:178}}
Aug 29 14:18:10.707645 n-d-854663-6 cinder-volume[143554]: DEBUG cinder.volume.manager [None req-3514bc59-a7fc-493d-b249-6cb63a3c1435 tempest-VolumesGetTest-151734704 None] Task 'cinder.volume.flows.manager.create_volume.NotifyVolumeActionTask;volume:create, create.start' (cfd120e6-b75c-4a3e-9797-7a48a06992c8) transitioned into state 'RUNNING' from state 'PENDING' {{(pid=143554) _task_receiver /usr/local/lib/python3.8/dist-packages/taskflow/listeners/logging.py:190}}
Aug 29 14:18:10.712213 n-d-854663-6 cinder-volume[143554]: DEBUG cinder.volume.manager [None req-3514bc59-a7fc-493d-b249-6cb63a3c1435 tempest-VolumesGetTest-151734704 None] Task 'cinder.volume.flows.manager.create_volume.NotifyVolumeActionTask;volume:create, create.start' (cfd120e6-b75c-4a3e-9797-7a48a06992c8) transitioned into state 'SUCCESS' from state 'RUNNING' with result 'None' {{(pid=143554) _task_receiver /usr/local/lib/python3.8/dist-packages/taskflow/listeners/logging.py:178}}
Aug 29 14:18:10.718700 n-d-854663-6 cinder-volume[143554]: DEBUG cinder.volume.manager [None req-3514bc59-a7fc-493d-b249-6cb63a3c1435 tempest-VolumesGetTest-151734704 None] Task 'cinder.volume.flows.manager.create_volume.CreateVolumeFromSpecTask;volume:create' (b55c0304-4980-4d41-915e-832bcd0d8dac) transitioned into state 'RUNNING' from state 'PENDING' {{(pid=143554) _task_receiver /usr/local/lib/python3.8/dist-packages/taskflow/listeners/logging.py:190}}
Aug 29 14:18:10.719912 n-d-854663-6 cinder-volume[143554]: INFO cinder.volume.flows.manager.create_volume [None req-3514bc59-a7fc-493d-b249-6cb63a3c1435 tempest-VolumesGetTest-151734704 None] Volume db9cbf96-631b-4a1f-934c-4c804a5cb6a1: being created as source_vol with specification: {'status': 'creating', 'volume_name': 'volume-db9cbf96-631b-4a1f-934c-4c804a5cb6a1', 'volume_size': 1, 'source_volid': 'd8f31bd2-66aa-4c07-aecb-5827ea85c513', 'source_volstatus': 'available'}
Aug 29 14:18:10.735264 n-d-854663-6 cinder-volume[143554]: INFO cinder.volume.drivers.lvm [None req-3514bc59-a7fc-493d-b249-6cb63a3c1435 tempest-VolumesGetTest-151734704 None] Creating clone of volume: d8f31bd2-66aa-4c07-aecb-5827ea85c513
Aug 29 14:18:10.736775 n-d-854663-6 cinder-volume[143554]: DEBUG oslo_concurrency.processutils [None req-3514bc59-a7fc-493d-b249-6cb63a3c1435 tempest-VolumesGetTest-151734704 None] Running cmd (subprocess): sudo cinder-rootwrap /etc/cinder/rootwrap.conf env LC_ALL=C lvs --noheadings --unit=g -o vg_name,name,size --nosuffix --readonly stack-volumes-lvmdriver-1/volume-d8f31bd2-66aa-4c07-aecb-5827ea85c513 {{(pid=143554) execute /usr/local/lib/python3.8/dist-packages/oslo_concurrency/processutils.py:384}}
Aug 29 14:18:10.762360 n-d-854663-6 sudo[178899]: ubuntu : TTY=unknown ; PWD=/ ; USER=root ; COMMAND=/usr/local/bin/cinder-rootwrap /etc/cinder/rootwrap.conf env LC_ALL=C lvs --noheadings --unit=g -o vg_name,name,size --nosuffix --readonly stack-volumes-lvmdriver-1/volume-d8f31bd2-66aa-4c07-aecb-5827ea85c513
Aug 29 14:18:10.763284 n-d-854663-6 sudo[178899]: pam_unix(sudo:session): session opened for user root by (uid=0)
Aug 29 14:18:11.438224 n-d-854663-6 sudo[178899]: pam_unix(sudo:session): session closed for user root
Aug 29 14:18:11.441893 n-d-854663-6 cinder-volume[143554]: DEBUG oslo_concurrency.processutils [None req-3514bc59-a7fc-493d-b249-6cb63a3c1435 tempest-VolumesGetTest-151734704 None] CMD "sudo cinder-rootwrap /etc/cinder/rootwrap.conf env LC_ALL=C lvs --noheadings --unit=g -o vg_name,name,size --nosuffix --readonly stack-volumes-lvmdriver-1/volume-d8f31bd2-66aa-4c07-aecb-5827ea85c513" returned: 0 in 0.705s {{(pid=143554) execute /usr/local/lib/python3.8/dist-packages/oslo_concurrency/processutils.py:422}}
Aug 29 14:18:11.443947 n-d-854663-6 cinder-volume[143554]: DEBUG oslo_concurrency.processutils [None req-3514bc59-a7fc-493d-b249-6cb63a3c1435 tempest-VolumesGetTest-151734704 None] Running cmd (subprocess): sudo cinder-rootwrap /etc/cinder/rootwrap.conf env LC_ALL=C lvcreate --name clone-snap-db9cbf96-631b-4a1f-934c-4c804a5cb6a1 --snapshot stack-volumes-lvmdriver-1/volume-d8f31bd2-66aa-4c07-aecb-5827ea85c513 -L 1.00g {{(pid=143554) execute /usr/local/lib/python3.8/dist-packages/oslo_concurrency/processutils.py:384}}
Aug 29 14:18:11.497757 n-d-854663-6 sudo[178912]: ubuntu : TTY=unknown ; PWD=/ ; USER=root ; COMMAND=/usr/local/bin/cinder-rootwrap /etc/cinder/rootwrap.conf env LC_ALL=C lvcreate --name clone-snap-db9cbf96-631b-4a1f-934c-4c804a5cb6a1 --snapshot stack-volumes-lvmdriver-1/volume-d8f31bd2-66aa-4c07-aecb-5827ea85c513 -L 1.00g
Aug 29 14:18:11.499245 n-d-854663-6 sudo[178912]: pam_unix(sudo:session): session opened for user root by (uid=0)
Aug 29 14:18:12.814332 n-d-854663-6 sudo[178912]: pam_unix(sudo:session): session closed for user root
Aug 29 14:18:12.817064 n-d-854663-6 cinder-volume[143554]: DEBUG oslo_concurrency.processutils [None req-3514bc59-a7fc-493d-b249-6cb63a3c1435 tempest-VolumesGetTest-151734704 None] CMD "sudo cinder-rootwrap /etc/cinder/rootwrap.conf env LC_ALL=C lvcreate --name clone-snap-db9cbf96-631b-4a1f-934c-4c804a5cb6a1 --snapshot stack-volumes-lvmdriver-1/volume-d8f31bd2-66aa-4c07-aecb-5827ea85c513 -L 1.00g" returned: 0 in 1.373s {{(pid=143554) execute /usr/local/lib/python3.8/dist-packages/oslo_concurrency/processutils.py:422}}
Aug 29 14:18:12.819545 n-d-854663-6 cinder-volume[143554]: DEBUG oslo_concurrency.processutils [None req-3514bc59-a7fc-493d-b249-6cb63a3c1435 tempest-VolumesGetTest-151734704 None] Running cmd (subprocess): sudo cinder-rootwrap /etc/cinder/rootwrap.conf env LC_ALL=C lvcreate -n volume-db9cbf96-631b-4a1f-934c-4c804a5cb6a1 stack-volumes-lvmdriver-1 -L 1g {{(pid=143554) execute /usr/local/lib/python3.8/dist-packages/oslo_concurrency/processutils.py:384}}
Aug 29 14:18:12.872399 n-d-854663-6 sudo[179016]: ubuntu : TTY=unknown ; PWD=/ ; USER=root ; COMMAND=/usr/local/bin/cinder-rootwrap /etc/cinder/rootwrap.conf env LC_ALL=C lvcreate -n volume-db9cbf96-631b-4a1f-934c-4c804a5cb6a1 stack-volumes-lvmdriver-1 -L 1g
Aug 29 14:18:12.880501 n-d-854663-6 sudo[179016]: pam_unix(sudo:session): session opened for user root by (uid=0)
Aug 29 14:18:14.163827 n-d-854663-6 sudo[179016]: pam_unix(sudo:session): session closed for user root
Aug 29 14:18:14.167804 n-d-854663-6 cinder-volume[143554]: DEBUG oslo_concurrency.processutils [None req-3514bc59-a7fc-493d-b249-6cb63a3c1435 tempest-VolumesGetTest-151734704 None] CMD "sudo cinder-rootwrap /etc/cinder/rootwrap.conf env LC_ALL=C lvcreate -n volume-db9cbf96-631b-4a1f-934c-4c804a5cb6a1 stack-volumes-lvmdriver-1 -L 1g" returned: 0 in 1.348s {{(pid=143554) execute /usr/local/lib/python3.8/dist-packages/oslo_concurrency/processutils.py:422}}
Aug 29 14:18:14.169407 n-d-854663-6 cinder-volume[143554]: DEBUG oslo_concurrency.processutils [None req-3514bc59-a7fc-493d-b249-6cb63a3c1435 tempest-VolumesGetTest-151734704 None] Running cmd (subprocess): sudo cinder-rootwrap /etc/cinder/rootwrap.conf lvchange -a y --yes -K stack-volumes-lvmdriver-1/clone-snap-db9cbf96-631b-4a1f-934c-4c804a5cb6a1 {{(pid=143554) execute /usr/local/lib/python3.8/dist-packages/oslo_concurrency/processutils.py:384}}
Aug 29 14:18:14.217779 n-d-854663-6 sudo[179089]: ubuntu : TTY=unknown ; PWD=/ ; USER=root ; COMMAND=/usr/local/bin/cinder-rootwrap /etc/cinder/rootwrap.conf lvchange -a y --yes -K stack-volumes-lvmdriver-1/clone-snap-db9cbf96-631b-4a1f-934c-4c804a5cb6a1
Aug 29 14:18:14.224273 n-d-854663-6 sudo[179089]: pam_unix(sudo:session): session opened for user root by (uid=0)
Aug 29 14:18:15.479766 n-d-854663-6 sudo[179089]: pam_unix(sudo:session): session closed for user root
Aug 29 14:18:15.482022 n-d-854663-6 cinder-volume[143554]: DEBUG oslo_concurrency.processutils [None req-3514bc59-a7fc-493d-b249-6cb63a3c1435 tempest-VolumesGetTest-151734704 None] CMD "sudo cinder-rootwrap /etc/cinder/rootwrap.conf lvchange -a y --yes -K stack-volumes-lvmdriver-1/clone-snap-db9cbf96-631b-4a1f-934c-4c804a5cb6a1" returned: 0 in 1.312s {{(pid=143554) execute /usr/local/lib/python3.8/dist-packages/oslo_concurrency/processutils.py:422}}
Aug 29 14:18:15.484362 n-d-854663-6 cinder-volume[143554]: DEBUG oslo_concurrency.processutils [None req-3514bc59-a7fc-493d-b249-6cb63a3c1435 tempest-VolumesGetTest-151734704 None] Running cmd (subprocess): sudo cinder-rootwrap /etc/cinder/rootwrap.conf dd count=0 if=/dev/mapper/stack--volumes--lvmdriver--1-clone--snap--db9cbf96--631b--4a1f--934c--4c804a5cb6a1 of=/dev/mapper/stack--volumes--lvmdriver--1-volume--db9cbf96--631b--4a1f--934c--4c804a5cb6a1 iflag=direct {{(pid=143554) execute /usr/local/lib/python3.8/dist-packages/oslo_concurrency/processutils.py:384}}
Aug 29 14:18:15.533112 n-d-854663-6 sudo[179118]: ubuntu : TTY=unknown ; PWD=/ ; USER=root ; COMMAND=/usr/local/bin/cinder-rootwrap /etc/cinder/rootwrap.conf dd count=0 if=/dev/mapper/stack--volumes--lvmdriver--1-clone--snap--db9cbf96--631b--4a1f--934c--4c804a5cb6a1 of=/dev/mapper/stack--volumes--lvmdriver--1-volume--db9cbf96--631b--4a1f--934c--4c804a5cb6a1 iflag=direct
Aug 29 14:18:15.533934 n-d-854663-6 sudo[179118]: pam_unix(sudo:session): session opened for user root by (uid=0)
Aug 29 14:18:16.298468 n-d-854663-6 sudo[179118]: pam_unix(sudo:session): session closed for user root
Aug 29 14:18:16.303036 n-d-854663-6 cinder-volume[143554]: DEBUG oslo_concurrency.processutils [None req-3514bc59-a7fc-493d-b249-6cb63a3c1435 tempest-VolumesGetTest-151734704 None] CMD "sudo cinder-rootwrap /etc/cinder/rootwrap.conf dd count=0 if=/dev/mapper/stack--volumes--lvmdriver--1-clone--snap--db9cbf96--631b--4a1f--934c--4c804a5cb6a1 of=/dev/mapper/stack--volumes--lvmdriver--1-volume--db9cbf96--631b--4a1f--934c--4c804a5cb6a1 iflag=direct" returned: 0 in 0.816s {{(pid=143554) execute /usr/local/lib/python3.8/dist-packages/oslo_concurrency/processutils.py:422}}
Aug 29 14:18:16.304375 n-d-854663-6 cinder-volume[143554]: DEBUG oslo_concurrency.processutils [None req-3514bc59-a7fc-493d-b249-6cb63a3c1435 tempest-VolumesGetTest-151734704 None] Running cmd (subprocess): sudo cinder-rootwrap /etc/cinder/rootwrap.conf dd count=0 if=/dev/mapper/stack--volumes--lvmdriver--1-clone--snap--db9cbf96--631b--4a1f--934c--4c804a5cb6a1 of=/dev/mapper/stack--volumes--lvmdriver--1-volume--db9cbf96--631b--4a1f--934c--4c804a5cb6a1 oflag=direct {{(pid=143554) execute /usr/local/lib/python3.8/dist-packages/oslo_concurrency/processutils.py:384}}
Aug 29 14:18:16.379734 n-d-854663-6 sudo[179153]: ubuntu : TTY=unknown ; PWD=/ ; USER=root ; COMMAND=/usr/local/bin/cinder-rootwrap /etc/cinder/rootwrap.conf dd count=0 if=/dev/mapper/stack--volumes--lvmdriver--1-clone--snap--db9cbf96--631b--4a1f--934c--4c804a5cb6a1 of=/dev/mapper/stack--volumes--lvmdriver--1-volume--db9cbf96--631b--4a1f--934c--4c804a5cb6a1 oflag=direct
Aug 29 14:18:16.381757 n-d-854663-6 sudo[179153]: pam_unix(sudo:session): session opened for user root by (uid=0)
Aug 29 14:18:17.128236 n-d-854663-6 sudo[179153]: pam_unix(sudo:session): session closed for user root
Aug 29 14:18:17.130863 n-d-854663-6 cinder-volume[143554]: DEBUG oslo_concurrency.processutils [None req-3514bc59-a7fc-493d-b249-6cb63a3c1435 tempest-VolumesGetTest-151734704 None] CMD "sudo cinder-rootwrap /etc/cinder/rootwrap.conf dd count=0 if=/dev/mapper/stack--volumes--lvmdriver--1-clone--snap--db9cbf96--631b--4a1f--934c--4c804a5cb6a1 of=/dev/mapper/stack--volumes--lvmdriver--1-volume--db9cbf96--631b--4a1f--934c--4c804a5cb6a1 oflag=direct" returned: 0 in 0.826s {{(pid=143554) execute /usr/local/lib/python3.8/dist-packages/oslo_concurrency/processutils.py:422}}
Aug 29 14:18:17.132021 n-d-854663-6 cinder-volume[143554]: DEBUG oslo_concurrency.processutils [None req-3514bc59-a7fc-493d-b249-6cb63a3c1435 tempest-VolumesGetTest-151734704 None] Running cmd (subprocess): sudo cinder-rootwrap /etc/cinder/rootwrap.conf dd if=/dev/mapper/stack--volumes--lvmdriver--1-clone--snap--db9cbf96--631b--4a1f--934c--4c804a5cb6a1 of=/dev/mapper/stack--volumes--lvmdriver--1-volume--db9cbf96--631b--4a1f--934c--4c804a5cb6a1 count=1073741824 bs=1M iflag=count_bytes,direct oflag=direct {{(pid=143554) execute /usr/local/lib/python3.8/dist-packages/oslo_concurrency/processutils.py:384}}
Aug 29 14:18:17.161668 n-d-854663-6 sudo[179181]: ubuntu : TTY=unknown ; PWD=/ ; USER=root ; COMMAND=/usr/local/bin/cinder-rootwrap /etc/cinder/rootwrap.conf dd if=/dev/mapper/stack--volumes--lvmdriver--1-clone--snap--db9cbf96--631b--4a1f--934c--4c804a5cb6a1 of=/dev/mapper/stack--volumes--lvmdriver--1-volume--db9cbf96--631b--4a1f--934c--4c804a5cb6a1 count=1073741824 bs=1M iflag=count_bytes,direct oflag=direct
Aug 29 14:18:17.166485 n-d-854663-6 sudo[179181]: pam_unix(sudo:session): session opened for user root by (uid=0)
Aug 29 14:18:24.999258 n-d-854663-6 sudo[179181]: pam_unix(sudo:session): session closed for user root
Aug 29 14:18:25.001638 n-d-854663-6 cinder-volume[143554]: DEBUG oslo_concurrency.processutils [None req-3514bc59-a7fc-493d-b249-6cb63a3c1435 tempest-VolumesGetTest-151734704 None] CMD "sudo cinder-rootwrap /etc/cinder/rootwrap.conf dd if=/dev/mapper/stack--volumes--lvmdriver--1-clone--snap--db9cbf96--631b--4a1f--934c--4c804a5cb6a1 of=/dev/mapper/stack--volumes--lvmdriver--1-volume--db9cbf96--631b--4a1f--934c--4c804a5cb6a1 count=1073741824 bs=1M iflag=count_bytes,direct oflag=direct" returned: 0 in 7.869s {{(pid=143554) execute /usr/local/lib/python3.8/dist-packages/oslo_concurrency/processutils.py:422}}
Aug 29 14:18:25.002798 n-d-854663-6 cinder-volume[143554]: DEBUG cinder.volume.volume_utils [None req-3514bc59-a7fc-493d-b249-6cb63a3c1435 tempest-VolumesGetTest-151734704 None] Volume copy details: src /dev/mapper/stack--volumes--lvmdriver--1-clone--snap--db9cbf96--631b--4a1f--934c--4c804a5cb6a1, dest /dev/mapper/stack--volumes--lvmdriver--1-volume--db9cbf96--631b--4a1f--934c--4c804a5cb6a1, size 1024.00 MB, duration 7.87 sec {{(pid=143554) _copy_volume_with_path /opt/stack/cinder/cinder/volume/volume_utils.py:513}}
Aug 29 14:18:25.003353 n-d-854663-6 cinder-volume[143554]: INFO cinder.volume.volume_utils [None req-3514bc59-a7fc-493d-b249-6cb63a3c1435 tempest-VolumesGetTest-151734704 None] Volume copy 1024.00 MB at 130.09 MB/s
Aug 29 14:18:25.005256 n-d-854663-6 cinder-volume[143554]: DEBUG oslo_concurrency.processutils [None req-3514bc59-a7fc-493d-b249-6cb63a3c1435 tempest-VolumesGetTest-151734704 None] Running cmd (subprocess): sudo cinder-rootwrap /etc/cinder/rootwrap.conf env LC_ALL=C lvs --noheadings --unit=g -o vg_name,name,size --nosuffix --readonly stack-volumes-lvmdriver-1/clone-snap-db9cbf96-631b-4a1f-934c-4c804a5cb6a1 {{(pid=143554) execute /usr/local/lib/python3.8/dist-packages/oslo_concurrency/processutils.py:384}}
Aug 29 14:18:25.055875 n-d-854663-6 sudo[179296]: ubuntu : TTY=unknown ; PWD=/ ; USER=root ; COMMAND=/usr/local/bin/cinder-rootwrap /etc/cinder/rootwrap.conf env LC_ALL=C lvs --noheadings --unit=g -o vg_name,name,size --nosuffix --readonly stack-volumes-lvmdriver-1/clone-snap-db9cbf96-631b-4a1f-934c-4c804a5cb6a1
Aug 29 14:18:25.061546 n-d-854663-6 sudo[179296]: pam_unix(sudo:session): session opened for user root by (uid=0)
Aug 29 14:18:26.687135 n-d-854663-6 sudo[179296]: pam_unix(sudo:session): session closed for user root
Aug 29 14:18:26.692211 n-d-854663-6 cinder-volume[143554]: DEBUG oslo_concurrency.processutils [None req-3514bc59-a7fc-493d-b249-6cb63a3c1435 tempest-VolumesGetTest-151734704 None] CMD "sudo cinder-rootwrap /etc/cinder/rootwrap.conf env LC_ALL=C lvs --noheadings --unit=g -o vg_name,name,size --nosuffix --readonly stack-volumes-lvmdriver-1/clone-snap-db9cbf96-631b-4a1f-934c-4c804a5cb6a1" returned: 0 in 1.684s {{(pid=143554) execute /usr/local/lib/python3.8/dist-packages/oslo_concurrency/processutils.py:422}}
Aug 29 14:18:26.694584 n-d-854663-6 cinder-volume[143554]: DEBUG oslo_concurrency.processutils [None req-3514bc59-a7fc-493d-b249-6cb63a3c1435 tempest-VolumesGetTest-151734704 None] Running cmd (subprocess): sudo cinder-rootwrap /etc/cinder/rootwrap.conf lvremove --config activation { retry_deactivation = 1} -f stack-volumes-lvmdriver-1/clone-snap-db9cbf96-631b-4a1f-934c-4c804a5cb6a1 {{(pid=143554) execute /usr/local/lib/python3.8/dist-packages/oslo_concurrency/processutils.py:384}}
Aug 29 14:18:26.739950 n-d-854663-6 sudo[179319]: ubuntu : TTY=unknown ; PWD=/ ; USER=root ; COMMAND=/usr/local/bin/cinder-rootwrap /etc/cinder/rootwrap.conf lvremove --config activation { retry_deactivation = 1} -f stack-volumes-lvmdriver-1/clone-snap-db9cbf96-631b-4a1f-934c-4c804a5cb6a1
Aug 29 14:18:26.748959 n-d-854663-6 sudo[179319]: pam_unix(sudo:session): session opened for user root by (uid=0)
Aug 29 14:18:28.136642 n-d-854663-6 sudo[179319]: pam_unix(sudo:session): session closed for user root
Aug 29 14:18:28.138948 n-d-854663-6 cinder-volume[143554]: DEBUG oslo_concurrency.processutils [None req-3514bc59-a7fc-493d-b249-6cb63a3c1435 tempest-VolumesGetTest-151734704 None] CMD "sudo cinder-rootwrap /etc/cinder/rootwrap.conf lvremove --config activation { retry_deactivation = 1} -f stack-volumes-lvmdriver-1/clone-snap-db9cbf96-631b-4a1f-934c-4c804a5cb6a1" returned: 0 in 1.444s {{(pid=143554) execute /usr/local/lib/python3.8/dist-packages/oslo_concurrency/processutils.py:422}}
Aug 29 14:18:28.144623 n-d-854663-6 cinder-volume[143554]: DEBUG cinder.volume.manager [None req-3514bc59-a7fc-493d-b249-6cb63a3c1435 tempest-VolumesGetTest-151734704 None] Task 'cinder.volume.flows.manager.create_volume.CreateVolumeFromSpecTask;volume:create' (b55c0304-4980-4d41-915e-832bcd0d8dac) transitioned into state 'SUCCESS' from state 'RUNNING' with result '{'status': 'creating', 'volume_name': 'volume-db9cbf96-631b-4a1f-934c-4c804a5cb6a1', 'volume_size': 1, 'source_volid': 'd8f31bd2-66aa-4c07-aecb-5827ea85c513', 'source_volstatus': 'available'}' {{(pid=143554) _task_receiver /usr/local/lib/python3.8/dist-packages/taskflow/listeners/logging.py:178}}
Aug 29 14:18:28.150167 n-d-854663-6 cinder-volume[143554]: DEBUG cinder.volume.manager [None req-3514bc59-a7fc-493d-b249-6cb63a3c1435 tempest-VolumesGetTest-151734704 None] Task 'cinder.volume.flows.manager.create_volume.CreateVolumeOnFinishTask;volume:create, create.end' (1fb54225-5d21-45da-9b47-503e81a71742) transitioned into state 'RUNNING' from state 'PENDING' {{(pid=143554) _task_receiver /usr/local/lib/python3.8/dist-packages/taskflow/listeners/logging.py:190}}
Aug 29 14:18:28.166235 n-d-854663-6 cinder-volume[143554]: INFO cinder.volume.flows.manager.create_volume [None req-3514bc59-a7fc-493d-b249-6cb63a3c1435 tempest-VolumesGetTest-151734704 None] Volume volume-db9cbf96-631b-4a1f-934c-4c804a5cb6a1 (db9cbf96-631b-4a1f-934c-4c804a5cb6a1): created successfully
Aug 29 14:18:28.177485 n-d-854663-6 cinder-volume[143554]: DEBUG cinder.volume.manager [None req-3514bc59-a7fc-493d-b249-6cb63a3c1435 tempest-VolumesGetTest-151734704 None] Task 'cinder.volume.flows.manager.create_volume.CreateVolumeOnFinishTask;volume:create, create.end' (1fb54225-5d21-45da-9b47-503e81a71742) transitioned into state 'SUCCESS' from state 'RUNNING' with result 'None' {{(pid=143554) _task_receiver /usr/local/lib/python3.8/dist-packages/taskflow/listeners/logging.py:178}}
Aug 29 14:18:28.194062 n-d-854663-6 cinder-volume[143554]: DEBUG cinder.volume.manager [None req-3514bc59-a7fc-493d-b249-6cb63a3c1435 tempest-VolumesGetTest-151734704 None] Flow 'volume_create_manager' (b20a9339-e1c4-4098-96e8-78b22bc9aa4b) transitioned into state 'SUCCESS' from state 'RUNNING' {{(pid=143554) _flow_receiver /usr/local/lib/python3.8/dist-packages/taskflow/listeners/logging.py:141}}
Aug 29 14:18:28.210662 n-d-854663-6 cinder-volume[143554]: DEBUG dbcounter [-] [143554] Writing DB stats cinder:SELECT=44,cinder:UPDATE=35,cinder:DELETE=3,cinder:INSERT=2 {{(pid=143554) stat_writer /usr/local/lib/python3.8/dist-packages/dbcounter.py:114}}
Aug 29 14:18:28.233048 n-d-854663-6 cinder-volume[143554]: INFO cinder.volume.manager [None req-3514bc59-a7fc-493d-b249-6cb63a3c1435 tempest-VolumesGetTest-151734704 None] Created volume successfully.
Aug 29 14:18:29.910193 n-d-854663-6 cinder-volume[143554]: DEBUG cinder.volume.flows.manager.create_volume [None req-7feb9c91-9507-43dd-b0b9-ed89f4950f09 tempest-VolumesGetTest-151734704 None] Volume reschedule parameters: True retry: {'num_attempts': 1, 'backends': ['n-d-854663-6@lvmdriver-1#lvmdriver-1'], 'hosts': ['n-d-854663-6@lvmdriver-1#lvmdriver-1']} {{(pid=143554) get_flow /opt/stack/cinder/cinder/volume/flows/manager/create_volume.py:1366}}
Aug 29 14:18:29.955803 n-d-854663-6 cinder-volume[143554]: DEBUG cinder.volume.manager [None req-7feb9c91-9507-43dd-b0b9-ed89f4950f09 tempest-VolumesGetTest-151734704 None] Flow 'volume_create_manager' (a93d7cc3-8782-4fea-957b-bcccaa359352) transitioned into state 'RUNNING' from state 'PENDING' {{(pid=143554) _flow_receiver /usr/local/lib/python3.8/dist-packages/taskflow/listeners/logging.py:141}}
Aug 29 14:18:29.969005 n-d-854663-6 cinder-volume[143554]: DEBUG cinder.volume.manager [None req-7feb9c91-9507-43dd-b0b9-ed89f4950f09 tempest-VolumesGetTest-151734704 None] Task 'cinder.volume.flows.manager.create_volume.ExtractVolumeRefTask;volume:create' (7f963048-e63b-493e-8856-da905e14644e) transitioned into state 'RUNNING' from state 'PENDING' {{(pid=143554) _task_receiver /usr/local/lib/python3.8/dist-packages/taskflow/listeners/logging.py:190}}
Aug 29 14:18:30.007597 n-d-854663-6 cinder-volume[143554]: DEBUG cinder.volume.manager [None req-7feb9c91-9507-43dd-b0b9-ed89f4950f09 tempest-VolumesGetTest-151734704 None] Task 'cinder.volume.flows.manager.create_volume.ExtractVolumeRefTask;volume:create' (7f963048-e63b-493e-8856-da905e14644e) transitioned into state 'SUCCESS' from state 'RUNNING' with result 'Volume(_name_id=None,admin_metadata=,attach_status='detached',availability_zone='nova',bootable=False,cluster=,cluster_name=None,consistencygroup=,consistencygroup_id=None,created_at=2022-08-29T14:18:29Z,deleted=False,deleted_at=None,display_description='tempest-@#$%^* description-1078023801',display_name=None,ec2_id=None,encryption_key_id=None,glance_metadata=,group=,group_id=None,host='n-d-854663-6@lvmdriver-1#lvmdriver-1',id=5d45bfde-c4d0-49a1-a7e1-50c739541ddc,launched_at=None,metadata={},migration_status=None,multiattach=False,previous_status=None,project_id='d44e086a38da47aaa1572e5275e2cae8',provider_auth=None,provider_geometry=None,provider_id=None,provider_location=None,replication_driver_data=None,replication_extended_status=None,replication_status=None,scheduled_at=2022-08-29T14:18:30Z,service_uuid=None,shared_targets=True,size=1,snapshot_id=None,snapshots=,source_volid=None,status='creating',terminated_at=None,updated_at=2022-08-29T14:18:30Z,use_quota=True,user_id='18205c9f83794c90b102335267bd98cf',volume_attachment=VolumeAttachmentList,volume_type=VolumeType(cfdfd028-e994-433c-afac-4fd91c32c30c),volume_type_id=cfdfd028-e994-433c-afac-4fd91c32c30c)' {{(pid=143554) _task_receiver /usr/local/lib/python3.8/dist-packages/taskflow/listeners/logging.py:178}}
