Aug 26 02:58:58.693063 n-d-854663-1 devstack@g-api.service[116857]: DEBUG swiftclient [None req-e0883635-675b-4ff9-8cf1-af2251feadf1 admin admin] RESP HEADERS: {'Content-Type': 'text/html; charset=UTF-8', 'Content-Length': '0', 'Etag': '318f990048c8a194829e52141534610d', 'Last-Modified': 'Fri, 26 Aug 2022 02:58:44 GMT', 'X-Trans-Id': 'tx49c610df33c94300a3753-00630836e3', 'X-Openstack-Request-Id': 'tx49c610df33c94300a3753-00630836e3', 'Date': 'Fri, 26 Aug 2022 02:58:58 GMT'} {{(pid=116857) http_log /usr/local/lib/python3.8/dist-packages/swiftclient/client.py:159}}
Aug 26 02:58:58.694103 n-d-854663-1 devstack@g-api.service[116857]: INFO glance.location [None req-e0883635-675b-4ff9-8cf1-af2251feadf1 admin admin] Image format matched and virtual size computed: 734003200
Aug 26 02:58:58.823768 n-d-854663-1 devstack@g-api.service[116857]: DEBUG glance_store.backend [None req-e0883635-675b-4ff9-8cf1-af2251feadf1 admin admin] Attempting to import store swift {{(pid=116857) _load_store /usr/local/lib/python3.8/dist-packages/glance_store/backend.py:216}}
Aug 26 02:58:58.826717 n-d-854663-1 devstack@g-api.service[116857]: DEBUG glance_store.capabilities [None req-e0883635-675b-4ff9-8cf1-af2251feadf1 admin admin] Store glance_store._drivers.swift.store.SingleTenantStore doesn't support updating dynamic storage capabilities. Please overwrite 'update_capabilities' method of the store to implement updating logics if needed. {{(pid=116857) update_capabilities /usr/local/lib/python3.8/dist-packages/glance_store/capabilities.py:91}}
Aug 26 02:58:58.826973 n-d-854663-1 devstack@g-api.service[116857]: DEBUG glance_store.driver [None req-e0883635-675b-4ff9-8cf1-af2251feadf1 admin admin] Late loading location class glance_store._drivers.swift.store.StoreLocation {{(pid=116857) get_store_location_class /usr/local/lib/python3.8/dist-packages/glance_store/driver.py:116}}
Aug 26 02:58:58.827245 n-d-854663-1 devstack@g-api.service[116857]: DEBUG glance_store.location [None req-e0883635-675b-4ff9-8cf1-af2251feadf1 admin admin] Registering scheme swift+https with {'store': , 'location_class': , 'store_entry': 'swift'} {{(pid=116857) register_scheme_map /usr/local/lib/python3.8/dist-packages/glance_store/location.py:146}}
Aug 26 02:58:58.827496 n-d-854663-1 devstack@g-api.service[116857]: DEBUG glance_store.location [None req-e0883635-675b-4ff9-8cf1-af2251feadf1 admin admin] Registering scheme swift+https with {'store': , 'location_class': , 'store_entry': 'swift'} {{(pid=116857) register_scheme_map /usr/local/lib/python3.8/dist-packages/glance_store/location.py:146}}
Aug 26 02:58:58.827795 n-d-854663-1 devstack@g-api.service[116857]: DEBUG glance_store.location [None req-e0883635-675b-4ff9-8cf1-af2251feadf1 admin admin] Registering scheme swift with {'store': , 'location_class': , 'store_entry': 'swift'} {{(pid=116857) register_scheme_map /usr/local/lib/python3.8/dist-packages/glance_store/location.py:146}}
Aug 26 02:58:58.828046 n-d-854663-1 devstack@g-api.service[116857]: DEBUG glance_store.location [None req-e0883635-675b-4ff9-8cf1-af2251feadf1 admin admin] Registering scheme swift+https with {'store': , 'location_class': , 'store_entry': 'swift'} {{(pid=116857) register_scheme_map /usr/local/lib/python3.8/dist-packages/glance_store/location.py:146}}
Aug 26 02:58:58.828283 n-d-854663-1 devstack@g-api.service[116857]: DEBUG glance_store.location [None req-e0883635-675b-4ff9-8cf1-af2251feadf1 admin admin] Registering scheme swift with {'store': , 'location_class': , 'store_entry': 'swift'} {{(pid=116857) register_scheme_map /usr/local/lib/python3.8/dist-packages/glance_store/location.py:146}}
Aug 26 02:58:58.828521 n-d-854663-1 devstack@g-api.service[116857]: DEBUG glance_store.location [None req-e0883635-675b-4ff9-8cf1-af2251feadf1 admin admin] Registering scheme swift+http with {'store': , 'location_class': , 'store_entry': 'swift'} {{(pid=116857) register_scheme_map /usr/local/lib/python3.8/dist-packages/glance_store/location.py:146}}
Aug 26 02:58:58.828761 n-d-854663-1 devstack@g-api.service[116857]: DEBUG glance_store.location [None req-e0883635-675b-4ff9-8cf1-af2251feadf1 admin admin] Registering scheme swift+https with {'store': , 'location_class': , 'store_entry': 'swift'} {{(pid=116857) register_scheme_map /usr/local/lib/python3.8/dist-packages/glance_store/location.py:146}}
Aug 26 02:58:58.828991 n-d-854663-1 devstack@g-api.service[116857]: DEBUG glance_store.location [None req-e0883635-675b-4ff9-8cf1-af2251feadf1 admin admin] Registering scheme swift with {'store': , 'location_class': , 'store_entry': 'swift'} {{(pid=116857) register_scheme_map /usr/local/lib/python3.8/dist-packages/glance_store/location.py:146}}
Aug 26 02:58:58.829219 n-d-854663-1 devstack@g-api.service[116857]: DEBUG glance_store.location [None req-e0883635-675b-4ff9-8cf1-af2251feadf1 admin admin] Registering scheme swift+http with {'store': , 'location_class': , 'store_entry': 'swift'} {{(pid=116857) register_scheme_map /usr/local/lib/python3.8/dist-packages/glance_store/location.py:146}}
Aug 26 02:58:58.829447 n-d-854663-1 devstack@g-api.service[116857]: DEBUG glance_store.location [None req-e0883635-675b-4ff9-8cf1-af2251feadf1 admin admin] Registering scheme swift+config with {'store': , 'location_class': , 'store_entry': 'swift'} {{(pid=116857) register_scheme_map /usr/local/lib/python3.8/dist-packages/glance_store/location.py:146}}
Aug 26 02:58:58.829717 n-d-854663-1 devstack@g-api.service[116857]: DEBUG glance_store.backend [None req-e0883635-675b-4ff9-8cf1-af2251feadf1 admin admin] Skipping store.set_acls... not implemented. {{(pid=116857) set_acls /usr/local/lib/python3.8/dist-packages/glance_store/backend.py:508}}
Aug 26 02:58:58.837089 n-d-854663-1 devstack@g-api.service[116857]: [pid: 116857|app: 0|req: 3/4] 127.0.0.1 () {40 vars in 866 bytes} [Fri Aug 26 02:58:40 2022] PUT /v2/images/1e1655f9-d451-4b50-8c2b-2a9b83b99c0b/file => generated 0 bytes in 17926 msecs (HTTP/1.1 204) 4 headers in 171 bytes (1 switches on core 0)
Aug 26 02:59:08.821309 n-d-854663-1 devstack@g-api.service[116857]: DEBUG dbcounter [-] [116857] Writing DB stats glance:SELECT=9,glance:UPDATE=1,glance:INSERT=1 {{(pid=116857) stat_writer /usr/local/lib/python3.8/dist-packages/dbcounter.py:114}}
Aug 26 03:00:15.185546 n-d-854663-1 devstack@g-api.service[116856]: DEBUG glance.api.middleware.version_negotiation [None req-8d48cb79-eaf4-42ed-87ad-d1f0a933e403 admin admin] Determining version of request: GET / Accept: application/json {{(pid=116856) process_request /opt/stack/glance/glance/api/middleware/version_negotiation.py:44}}
Aug 26 03:00:15.186199 n-d-854663-1 devstack@g-api.service[116856]: DEBUG glance.api.middleware.version_negotiation [None req-8d48cb79-eaf4-42ed-87ad-d1f0a933e403 admin admin] Using url versioning {{(pid=116856) process_request /opt/stack/glance/glance/api/middleware/version_negotiation.py:57}}
Aug 26 03:00:15.186199 n-d-854663-1 devstack@g-api.service[116856]: DEBUG glance.api.middleware.version_negotiation [None req-8d48cb79-eaf4-42ed-87ad-d1f0a933e403 admin admin] Unknown version. Returning version choices. {{(pid=116856) process_request /opt/stack/glance/glance/api/middleware/version_negotiation.py:64}}
Aug 26 03:00:15.187730 n-d-854663-1 devstack@g-api.service[116856]: [pid: 116856|app: 0|req: 2/5] 127.0.0.1 () {34 vars in 509 bytes} [Fri Aug 26 03:00:15 2022] GET / => generated 1299 bytes in 3 msecs (HTTP/1.1 300) 3 headers in 106 bytes (1 switches on core 0)
Aug 26 03:00:15.200165 n-d-854663-1 devstack@g-api.service[116857]: DEBUG glance.api.middleware.version_negotiation [None req-e0883635-675b-4ff9-8cf1-af2251feadf1 admin admin] Determining version of request: GET /v2/images Accept: application/json {{(pid=116857) process_request /opt/stack/glance/glance/api/middleware/version_negotiation.py:44}}
Aug 26 03:00:15.200730 n-d-854663-1 devstack@g-api.service[116857]: DEBUG glance.api.middleware.version_negotiation [None req-e0883635-675b-4ff9-8cf1-af2251feadf1 admin admin] Using url versioning {{(pid=116857) process_request /opt/stack/glance/glance/api/middleware/version_negotiation.py:57}}
Aug 26 03:00:15.200841 n-d-854663-1 devstack@g-api.service[116857]: DEBUG glance.api.middleware.version_negotiation [None req-e0883635-675b-4ff9-8cf1-af2251feadf1 admin admin] Matched version: v2 {{(pid=116857) process_request /opt/stack/glance/glance/api/middleware/version_negotiation.py:69}}
Aug 26 03:00:15.201099 n-d-854663-1 devstack@g-api.service[116857]: DEBUG glance.api.middleware.version_negotiation [None req-e0883635-675b-4ff9-8cf1-af2251feadf1 admin admin] new path /v2/images {{(pid=116857) process_request /opt/stack/glance/glance/api/middleware/version_negotiation.py:70}}
Aug 26 03:00:15.765818 n-d-854663-1 devstack@g-api.service[116857]: [pid: 116857|app: 0|req: 4/6] 127.0.0.1 () {36 vars in 731 bytes} [Fri Aug 26 03:00:15 2022] GET /v2/images => generated 1015 bytes in 566 msecs (HTTP/1.1 200) 4 headers in 158 bytes (1 switches on core 0)
Aug 26 03:00:25.754719 n-d-854663-1 devstack@g-api.service[116857]: DEBUG dbcounter [-] [116857] Writing DB stats glance:SELECT=2 {{(pid=116857) stat_writer /usr/local/lib/python3.8/dist-packages/dbcounter.py:114}}
Aug 26 03:02:02.864743 n-d-854663-1 devstack@g-api.service[116856]: DEBUG glance.api.middleware.version_negotiation [None req-8d48cb79-eaf4-42ed-87ad-d1f0a933e403 admin admin] Determining version of request: GET /v1 Accept: application/json {{(pid=116856) process_request /opt/stack/glance/glance/api/middleware/version_negotiation.py:44}}
Aug 26 03:02:02.865253 n-d-854663-1 devstack@g-api.service[116856]: DEBUG glance.api.middleware.version_negotiation [None req-8d48cb79-eaf4-42ed-87ad-d1f0a933e403 admin admin] Using url versioning {{(pid=116856) process_request /opt/stack/glance/glance/api/middleware/version_negotiation.py:57}}
Aug 26 03:02:02.865378 n-d-854663-1 devstack@g-api.service[116856]: DEBUG glance.api.middleware.version_negotiation [None req-8d48cb79-eaf4-42ed-87ad-d1f0a933e403 admin admin] Unknown version. Returning version choices. {{(pid=116856) process_request /opt/stack/glance/glance/api/middleware/version_negotiation.py:64}}
Aug 26 03:02:02.866898 n-d-854663-1 devstack@g-api.service[116856]: [pid: 116856|app: 0|req: 3/7] 127.0.0.1 () {38 vars in 688 bytes} [Fri Aug 26 03:02:02 2022] GET /v1 => generated 1299 bytes in 2 msecs (HTTP/1.1 300) 3 headers in 106 bytes (1 switches on core 0)
Aug 26 03:07:49.041740 n-d-854663-1 devstack@g-api.service[116857]: DEBUG glance.api.middleware.version_negotiation [None req-d1e411dc-3b0e-47aa-94b6-b3e349488e42 admin admin] Determining version of request: GET / Accept: application/json {{(pid=116857) process_request /opt/stack/glance/glance/api/middleware/version_negotiation.py:44}}
Aug 26 03:07:49.042466 n-d-854663-1 devstack@g-api.service[116857]: DEBUG glance.api.middleware.version_negotiation [None req-d1e411dc-3b0e-47aa-94b6-b3e349488e42 admin admin] Using url versioning {{(pid=116857) process_request /opt/stack/glance/glance/api/middleware/version_negotiation.py:57}}
Aug 26 03:07:49.042466 n-d-854663-1 devstack@g-api.service[116857]: DEBUG glance.api.middleware.version_negotiation [None req-d1e411dc-3b0e-47aa-94b6-b3e349488e42 admin admin] Unknown version. Returning version choices. {{(pid=116857) process_request /opt/stack/glance/glance/api/middleware/version_negotiation.py:64}}
Aug 26 03:07:49.044245 n-d-854663-1 devstack@g-api.service[116857]: [pid: 116857|app: 0|req: 5/8] 127.0.0.1 () {34 vars in 494 bytes} [Fri Aug 26 03:07:49 2022] GET / => generated 1299 bytes in 3 msecs (HTTP/1.1 300) 3 headers in 106 bytes (1 switches on core 0)
Aug 26 03:07:49.957733 n-d-854663-1 devstack@g-api.service[116856]: DEBUG glance.api.middleware.version_negotiation [None req-8d48cb79-eaf4-42ed-87ad-d1f0a933e403 admin admin] Determining version of request: GET /v2/images/1e1655f9-d451-4b50-8c2b-2a9b83b99c0b Accept: */* {{(pid=116856) process_request /opt/stack/glance/glance/api/middleware/version_negotiation.py:44}}
Aug 26 03:07:49.958606 n-d-854663-1 devstack@g-api.service[116856]: DEBUG glance.api.middleware.version_negotiation [None req-8d48cb79-eaf4-42ed-87ad-d1f0a933e403 admin admin] Using url versioning {{(pid=116856) process_request /opt/stack/glance/glance/api/middleware/version_negotiation.py:57}}
Aug 26 03:07:49.959738 n-d-854663-1 devstack@g-api.service[116856]: DEBUG glance.api.middleware.version_negotiation [None req-8d48cb79-eaf4-42ed-87ad-d1f0a933e403 admin admin] Matched version: v2 {{(pid=116856) process_request /opt/stack/glance/glance/api/middleware/version_negotiation.py:69}}
Aug 26 03:07:49.961150 n-d-854663-1 devstack@g-api.service[116856]: DEBUG glance.api.middleware.version_negotiation [None req-8d48cb79-eaf4-42ed-87ad-d1f0a933e403 admin admin] new path /v2/images/1e1655f9-d451-4b50-8c2b-2a9b83b99c0b {{(pid=116856) process_request /opt/stack/glance/glance/api/middleware/version_negotiation.py:70}}
Aug 26 03:07:50.538842 n-d-854663-1 devstack@g-api.service[116856]: WARNING keystonemiddleware.auth_token [None req-8d48cb79-eaf4-42ed-87ad-d1f0a933e403 admin admin] A valid token was submitted as a service token, but it was not a valid service token. This is incorrect but backwards compatible behaviour. This will be removed in future releases.
Aug 26 03:07:50.564839 n-d-854663-1 devstack@g-api.service[116856]: [pid: 116856|app: 0|req: 4/9] 127.0.0.1 () {42 vars in 1051 bytes} [Fri Aug 26 03:07:49 2022] GET /v2/images/1e1655f9-d451-4b50-8c2b-2a9b83b99c0b => generated 946 bytes in 608 msecs (HTTP/1.1 200) 4 headers in 157 bytes (1 switches on core 0)
Aug 26 03:07:50.572101 n-d-854663-1 devstack@g-api.service[116857]: DEBUG glance.api.middleware.version_negotiation [None req-d1e411dc-3b0e-47aa-94b6-b3e349488e42 admin admin] Determining version of request: GET /v2/schemas/image Accept: */* {{(pid=116857) process_request /opt/stack/glance/glance/api/middleware/version_negotiation.py:44}}
Aug 26 03:07:50.572653 n-d-854663-1 devstack@g-api.service[116857]: DEBUG glance.api.middleware.version_negotiation [None req-d1e411dc-3b0e-47aa-94b6-b3e349488e42 admin admin] Using url versioning {{(pid=116857) process_request /opt/stack/glance/glance/api/middleware/version_negotiation.py:57}}
Aug 26 03:07:50.572757 n-d-854663-1 devstack@g-api.service[116857]: DEBUG glance.api.middleware.version_negotiation [None req-d1e411dc-3b0e-47aa-94b6-b3e349488e42 admin admin] Matched version: v2 {{(pid=116857) process_request /opt/stack/glance/glance/api/middleware/version_negotiation.py:69}}
Aug 26 03:07:50.572992 n-d-854663-1 devstack@g-api.service[116857]: DEBUG glance.api.middleware.version_negotiation [None req-d1e411dc-3b0e-47aa-94b6-b3e349488e42 admin admin] new path /v2/schemas/image {{(pid=116857) process_request /opt/stack/glance/glance/api/middleware/version_negotiation.py:70}}
Aug 26 03:07:50.574822 n-d-854663-1 devstack@g-api.service[116857]: WARNING keystonemiddleware.auth_token [None req-d1e411dc-3b0e-47aa-94b6-b3e349488e42 admin admin] A valid token was submitted as a service token, but it was not a valid service token. This is incorrect but backwards compatible behaviour. This will be removed in future releases.
Aug 26 03:07:50.578798 n-d-854663-1 devstack@g-api.service[116857]: [pid: 116857|app: 0|req: 6/10] 127.0.0.1 () {42 vars in 991 bytes} [Fri Aug 26 03:07:50 2022] GET /v2/schemas/image => generated 6083 bytes in 7 msecs (HTTP/1.1 200) 4 headers in 158 bytes (1 switches on core 0)
Aug 26 03:07:55.385376 n-d-854663-1 devstack@g-api.service[116856]: DEBUG glance.api.middleware.version_negotiation [None req-95013f69-dc41-4d04-b6e6-7a5d95c8f514 tempest-AggregatesAdminTestJSON-1480347975 tempest-AggregatesAdminTestJSON-1480347975-project] Determining version of request: GET /v2/images/1e1655f9-d451-4b50-8c2b-2a9b83b99c0b Accept: */* {{(pid=116856) process_request /opt/stack/glance/glance/api/middleware/version_negotiation.py:44}}
Aug 26 03:07:55.385897 n-d-854663-1 devstack@g-api.service[116856]: DEBUG glance.api.middleware.version_negotiation [None req-95013f69-dc41-4d04-b6e6-7a5d95c8f514 tempest-AggregatesAdminTestJSON-1480347975 tempest-AggregatesAdminTestJSON-1480347975-project] Using url versioning {{(pid=116856) process_request /opt/stack/glance/glance/api/middleware/version_negotiation.py:57}}
Aug 26 03:07:55.386366 n-d-854663-1 devstack@g-api.service[116856]: DEBUG glance.api.middleware.version_negotiation [None req-95013f69-dc41-4d04-b6e6-7a5d95c8f514 tempest-AggregatesAdminTestJSON-1480347975 tempest-AggregatesAdminTestJSON-1480347975-project] Matched version: v2 {{(pid=116856) process_request /opt/stack/glance/glance/api/middleware/version_negotiation.py:69}}
Aug 26 03:07:55.386845 n-d-854663-1 devstack@g-api.service[116856]: DEBUG glance.api.middleware.version_negotiation [None req-95013f69-dc41-4d04-b6e6-7a5d95c8f514 tempest-AggregatesAdminTestJSON-1480347975 tempest-AggregatesAdminTestJSON-1480347975-project] new path /v2/images/1e1655f9-d451-4b50-8c2b-2a9b83b99c0b {{(pid=116856) process_request /opt/stack/glance/glance/api/middleware/version_negotiation.py:70}}
Aug 26 03:07:55.435031 n-d-854663-1 devstack@g-api.service[116856]: [pid: 116856|app: 0|req: 5/11] 127.0.0.1 () {40 vars in 844 bytes} [Fri Aug 26 03:07:55 2022] GET /v2/images/1e1655f9-d451-4b50-8c2b-2a9b83b99c0b => generated 946 bytes in 50 msecs (HTTP/1.1 200) 4 headers in 157 bytes (1 switches on core 0)
Aug 26 03:07:55.440919 n-d-854663-1 devstack@g-api.service[116857]: DEBUG glance.api.middleware.version_negotiation [None req-95013f69-dc41-4d04-b6e6-7a5d95c8f514 tempest-AggregatesAdminTestJSON-1480347975 tempest-AggregatesAdminTestJSON-1480347975-project] Determining version of request: GET /v2/images/1e1655f9-d451-4b50-8c2b-2a9b83b99c0b/file Accept: */* {{(pid=116857) process_request /opt/stack/glance/glance/api/middleware/version_negotiation.py:44}}
Aug 26 03:07:55.441414 n-d-854663-1 devstack@g-api.service[116857]: DEBUG glance.api.middleware.version_negotiation [None req-95013f69-dc41-4d04-b6e6-7a5d95c8f514 tempest-AggregatesAdminTestJSON-1480347975 tempest-AggregatesAdminTestJSON-1480347975-project] Using url versioning {{(pid=116857) process_request /opt/stack/glance/glance/api/middleware/version_negotiation.py:57}}
Aug 26 03:07:55.441600 n-d-854663-1 devstack@g-api.service[116857]: DEBUG glance.api.middleware.version_negotiation [None req-95013f69-dc41-4d04-b6e6-7a5d95c8f514 tempest-AggregatesAdminTestJSON-1480347975 tempest-AggregatesAdminTestJSON-1480347975-project] Matched version: v2 {{(pid=116857) process_request /opt/stack/glance/glance/api/middleware/version_negotiation.py:69}}
Aug 26 03:07:55.441968 n-d-854663-1 devstack@g-api.service[116857]: DEBUG glance.api.middleware.version_negotiation [None req-95013f69-dc41-4d04-b6e6-7a5d95c8f514 tempest-AggregatesAdminTestJSON-1480347975 tempest-AggregatesAdminTestJSON-1480347975-project] new path /v2/images/1e1655f9-d451-4b50-8c2b-2a9b83b99c0b/file {{(pid=116857) process_request /opt/stack/glance/glance/api/middleware/version_negotiation.py:70}}
Aug 26 03:07:55.469898 n-d-854663-1 devstack@g-api.service[116857]: DEBUG glance_store.backend [None req-95013f69-dc41-4d04-b6e6-7a5d95c8f514 tempest-AggregatesAdminTestJSON-1480347975 tempest-AggregatesAdminTestJSON-1480347975-project] Attempting to import store swift {{(pid=116857) _load_store /usr/local/lib/python3.8/dist-packages/glance_store/backend.py:216}}
Aug 26 03:07:55.472983 n-d-854663-1 devstack@g-api.service[116857]: DEBUG glance_store.capabilities [None req-95013f69-dc41-4d04-b6e6-7a5d95c8f514 tempest-AggregatesAdminTestJSON-1480347975 tempest-AggregatesAdminTestJSON-1480347975-project] Store glance_store._drivers.swift.store.SingleTenantStore doesn't support updating dynamic storage capabilities. Please overwrite 'update_capabilities' method of the store to implement updating logics if needed. {{(pid=116857) update_capabilities /usr/local/lib/python3.8/dist-packages/glance_store/capabilities.py:91}}
Aug 26 03:07:55.473236 n-d-854663-1 devstack@g-api.service[116857]: DEBUG glance_store.driver [None req-95013f69-dc41-4d04-b6e6-7a5d95c8f514 tempest-AggregatesAdminTestJSON-1480347975 tempest-AggregatesAdminTestJSON-1480347975-project] Late loading location class glance_store._drivers.swift.store.StoreLocation {{(pid=116857) get_store_location_class /usr/local/lib/python3.8/dist-packages/glance_store/driver.py:116}}
Aug 26 03:07:55.473845 n-d-854663-1 devstack@g-api.service[116857]: DEBUG glance_store.location [None req-95013f69-dc41-4d04-b6e6-7a5d95c8f514 tempest-AggregatesAdminTestJSON-1480347975 tempest-AggregatesAdminTestJSON-1480347975-project] Registering scheme swift+https with {'store': , 'location_class': , 'store_entry': 'swift'} {{(pid=116857) register_scheme_map /usr/local/lib/python3.8/dist-packages/glance_store/location.py:146}}
Aug 26 03:07:55.474165 n-d-854663-1 devstack@g-api.service[116857]: DEBUG glance_store.location [None req-95013f69-dc41-4d04-b6e6-7a5d95c8f514 tempest-AggregatesAdminTestJSON-1480347975 tempest-AggregatesAdminTestJSON-1480347975-project] Registering scheme swift+https with {'store': , 'location_class': , 'store_entry': 'swift'} {{(pid=116857) register_scheme_map /usr/local/lib/python3.8/dist-packages/glance_store/location.py:146}}
Aug 26 03:07:55.474484 n-d-854663-1 devstack@g-api.service[116857]: DEBUG glance_store.location [None req-95013f69-dc41-4d04-b6e6-7a5d95c8f514 tempest-AggregatesAdminTestJSON-1480347975 tempest-AggregatesAdminTestJSON-1480347975-project] Registering scheme swift with {'store': , 'location_class': , 'store_entry': 'swift'} {{(pid=116857) register_scheme_map /usr/local/lib/python3.8/dist-packages/glance_store/location.py:146}}
Aug 26 03:07:55.475215 n-d-854663-1 devstack@g-api.service[116857]: DEBUG glance_store.location [None req-95013f69-dc41-4d04-b6e6-7a5d95c8f514 tempest-AggregatesAdminTestJSON-1480347975 tempest-AggregatesAdminTestJSON-1480347975-project] Registering scheme swift+https with {'store': , 'location_class': , 'store_entry': 'swift'} {{(pid=116857) register_scheme_map /usr/local/lib/python3.8/dist-packages/glance_store/location.py:146}}
Aug 26 03:07:55.475453 n-d-854663-1 devstack@g-api.service[116857]: DEBUG glance_store.location [None req-95013f69-dc41-4d04-b6e6-7a5d95c8f514 tempest-AggregatesAdminTestJSON-1480347975 tempest-AggregatesAdminTestJSON-1480347975-project] Registering scheme swift with {'store': , 'location_class': , 'store_entry': 'swift'} {{(pid=116857) register_scheme_map /usr/local/lib/python3.8/dist-packages/glance_store/location.py:146}}
Aug 26 03:07:55.476077 n-d-854663-1 devstack@g-api.service[116857]: DEBUG glance_store.location [None req-95013f69-dc41-4d04-b6e6-7a5d95c8f514 tempest-AggregatesAdminTestJSON-1480347975 tempest-AggregatesAdminTestJSON-1480347975-project] Registering scheme swift+http with {'store': , 'location_class': , 'store_entry': 'swift'} {{(pid=116857) register_scheme_map /usr/local/lib/python3.8/dist-packages/glance_store/location.py:146}}
Aug 26 03:07:55.476322 n-d-854663-1 devstack@g-api.service[116857]: DEBUG glance_store.location [None req-95013f69-dc41-4d04-b6e6-7a5d95c8f514 tempest-AggregatesAdminTestJSON-1480347975 tempest-AggregatesAdminTestJSON-1480347975-project] Registering scheme swift+https with {'store': , 'location_class': , 'store_entry': 'swift'} {{(pid=116857) register_scheme_map /usr/local/lib/python3.8/dist-packages/glance_store/location.py:146}}
Aug 26 03:07:55.476556 n-d-854663-1 devstack@g-api.service[116857]: DEBUG glance_store.location [None req-95013f69-dc41-4d04-b6e6-7a5d95c8f514 tempest-AggregatesAdminTestJSON-1480347975 tempest-AggregatesAdminTestJSON-1480347975-project] Registering scheme swift with {'store': , 'location_class': , 'store_entry': 'swift'} {{(pid=116857) register_scheme_map /usr/local/lib/python3.8/dist-packages/glance_store/location.py:146}}
Aug 26 03:07:55.476788 n-d-854663-1 devstack@g-api.service[116857]: DEBUG glance_store.location [None req-95013f69-dc41-4d04-b6e6-7a5d95c8f514 tempest-AggregatesAdminTestJSON-1480347975 tempest-AggregatesAdminTestJSON-1480347975-project] Registering scheme swift+http with {'store': , 'location_class': , 'store_entry': 'swift'} {{(pid=116857) register_scheme_map /usr/local/lib/python3.8/dist-packages/glance_store/location.py:146}}
Aug 26 03:07:55.477019 n-d-854663-1 devstack@g-api.service[116857]: DEBUG glance_store.location [None req-95013f69-dc41-4d04-b6e6-7a5d95c8f514 tempest-AggregatesAdminTestJSON-1480347975 tempest-AggregatesAdminTestJSON-1480347975-project] Registering scheme swift+config with {'store': , 'location_class': , 'store_entry': 'swift'} {{(pid=116857) register_scheme_map /usr/local/lib/python3.8/dist-packages/glance_store/location.py:146}}
Aug 26 03:07:56.566614 n-d-854663-1 devstack@g-api.service[116857]: DEBUG swiftclient [None req-95013f69-dc41-4d04-b6e6-7a5d95c8f514 tempest-AggregatesAdminTestJSON-1480347975 tempest-AggregatesAdminTestJSON-1480347975-project] REQ: curl -i http://10.222.0.42:8080/v1/AUTH_ffb5f562a2714773b48e7728bd07f76f/glance/1e1655f9-d451-4b50-8c2b-2a9b83b99c0b -X GET -H "X-Auth-Token: gAAAAABjCDkLy7F2..." {{(pid=116857) http_log /usr/local/lib/python3.8/dist-packages/swiftclient/client.py:157}}
Aug 26 03:07:56.566614 n-d-854663-1 devstack@g-api.service[116857]: DEBUG swiftclient [None req-95013f69-dc41-4d04-b6e6-7a5d95c8f514 tempest-AggregatesAdminTestJSON-1480347975 tempest-AggregatesAdminTestJSON-1480347975-project] RESP STATUS: 200 OK {{(pid=116857) http_log /usr/local/lib/python3.8/dist-packages/swiftclient/client.py:158}}
Aug 26 03:07:56.566614 n-d-854663-1 devstack@g-api.service[116857]: DEBUG swiftclient [None req-95013f69-dc41-4d04-b6e6-7a5d95c8f514 tempest-AggregatesAdminTestJSON-1480347975 tempest-AggregatesAdminTestJSON-1480347975-project] RESP HEADERS: {'Content-Type': 'application/octet-stream', 'Etag': '318f990048c8a194829e52141534610d', 'Last-Modified': 'Fri, 26 Aug 2022 02:58:44 GMT', 'X-Timestamp': '1661482723.53213', 'Accept-Ranges': 'bytes', 'Content-Length': '645922816', 'X-Trans-Id': 'txb05de8ea9af94aa9bf3ba-006308390b', 'X-Openstack-Request-Id': 'txb05de8ea9af94aa9bf3ba-006308390b', 'Date': 'Fri, 26 Aug 2022 03:07:56 GMT'} {{(pid=116857) http_log /usr/local/lib/python3.8/dist-packages/swiftclient/client.py:159}}
Aug 26 03:07:56.577509 n-d-854663-1 devstack@g-api.service[116857]: DEBUG glance.image_cache [None req-95013f69-dc41-4d04-b6e6-7a5d95c8f514 tempest-AggregatesAdminTestJSON-1480347975 tempest-AggregatesAdminTestJSON-1480347975-project] Tee'ing image '1e1655f9-d451-4b50-8c2b-2a9b83b99c0b' into cache {{(pid=116857) get_caching_iter /opt/stack/glance/glance/image_cache/__init__.py:343}}
Aug 26 03:08:05.430108 n-d-854663-1 devstack@g-api.service[116856]: DEBUG dbcounter [-] [116856] Writing DB stats glance:SELECT=8 {{(pid=116856) stat_writer /usr/local/lib/python3.8/dist-packages/dbcounter.py:114}}
Aug 26 03:08:06.572367 n-d-854663-1 devstack@g-api.service[116857]: DEBUG dbcounter [-] [116857] Writing DB stats glance:SELECT=8 {{(pid=116857) stat_writer /usr/local/lib/python3.8/dist-packages/dbcounter.py:114}}
Aug 26 03:08:07.043239 n-d-854663-1 devstack@g-api.service[116857]: DEBUG glance.image_cache.drivers.sqlite [None req-95013f69-dc41-4d04-b6e6-7a5d95c8f514 tempest-AggregatesAdminTestJSON-1480347975 tempest-AggregatesAdminTestJSON-1480347975-project] Fetch finished, moving '/opt/stack/data/glance/cache/incomplete/1e1655f9-d451-4b50-8c2b-2a9b83b99c0b' to '/opt/stack/data/glance/cache/1e1655f9-d451-4b50-8c2b-2a9b83b99c0b' {{(pid=116857) commit /opt/stack/glance/glance/image_cache/drivers/sqlite.py:324}}
Aug 26 03:08:07.307268 n-d-854663-1 devstack@g-api.service[116857]: [pid: 116857|app: 0|req: 7/12] 127.0.0.1 () {40 vars in 854 bytes} [Fri Aug 26 03:07:55 2022] GET /v2/images/1e1655f9-d451-4b50-8c2b-2a9b83b99c0b/file => generated 645922816 bytes in 11866 msecs (HTTP/1.1 200) 4 headers in 191 bytes (9876 switches on core 0)
Aug 26 03:08:19.487927 n-d-854663-1 devstack@g-api.service[116856]: DEBUG glance.api.middleware.version_negotiation [None req-95013f69-dc41-4d04-b6e6-7a5d95c8f514 tempest-AggregatesAdminTestJSON-1480347975 tempest-AggregatesAdminTestJSON-1480347975-project] Determining version of request: GET / Accept: application/json {{(pid=116856) process_request /opt/stack/glance/glance/api/middleware/version_negotiation.py:44}}
Aug 26 03:08:19.488823 n-d-854663-1 devstack@g-api.service[116856]: DEBUG glance.api.middleware.version_negotiation [None req-95013f69-dc41-4d04-b6e6-7a5d95c8f514 tempest-AggregatesAdminTestJSON-1480347975 tempest-AggregatesAdminTestJSON-1480347975-project] Using url versioning {{(pid=116856) process_request /opt/stack/glance/glance/api/middleware/version_negotiation.py:57}}
Aug 26 03:08:19.489395 n-d-854663-1 devstack@g-api.service[116856]: DEBUG glance.api.middleware.version_negotiation [None req-95013f69-dc41-4d04-b6e6-7a5d95c8f514 tempest-AggregatesAdminTestJSON-1480347975 tempest-AggregatesAdminTestJSON-1480347975-project] Unknown version. Returning version choices. {{(pid=116856) process_request /opt/stack/glance/glance/api/middleware/version_negotiation.py:64}}
Aug 26 03:08:19.495958 n-d-854663-1 devstack@g-api.service[116856]: [pid: 116856|app: 0|req: 6/13] 127.0.0.1 () {34 vars in 494 bytes} [Fri Aug 26 03:08:19 2022] GET / => generated 1299 bytes in 4 msecs (HTTP/1.1 300) 3 headers in 106 bytes (1 switches on core 0)
Aug 26 03:08:19.500988 n-d-854663-1 devstack@g-api.service[116857]: DEBUG glance.api.middleware.version_negotiation [None req-95013f69-dc41-4d04-b6e6-7a5d95c8f514 tempest-AggregatesAdminTestJSON-1480347975 tempest-AggregatesAdminTestJSON-1480347975-project] Determining version of request: GET /v2/images/1e1655f9-d451-4b50-8c2b-2a9b83b99c0b Accept: */* {{(pid=116857) process_request /opt/stack/glance/glance/api/middleware/version_negotiation.py:44}}
Aug 26 03:08:19.502031 n-d-854663-1 devstack@g-api.service[116857]: DEBUG glance.api.middleware.version_negotiation [None req-95013f69-dc41-4d04-b6e6-7a5d95c8f514 tempest-AggregatesAdminTestJSON-1480347975 tempest-AggregatesAdminTestJSON-1480347975-project] Using url versioning {{(pid=116857) process_request /opt/stack/glance/glance/api/middleware/version_negotiation.py:57}}
Aug 26 03:08:19.502512 n-d-854663-1 devstack@g-api.service[116857]: DEBUG glance.api.middleware.version_negotiation [None req-95013f69-dc41-4d04-b6e6-7a5d95c8f514 tempest-AggregatesAdminTestJSON-1480347975 tempest-AggregatesAdminTestJSON-1480347975-project] Matched version: v2 {{(pid=116857) process_request /opt/stack/glance/glance/api/middleware/version_negotiation.py:69}}
Aug 26 03:08:19.502929 n-d-854663-1 devstack@g-api.service[116857]: DEBUG glance.api.middleware.version_negotiation [None req-95013f69-dc41-4d04-b6e6-7a5d95c8f514 tempest-AggregatesAdminTestJSON-1480347975 tempest-AggregatesAdminTestJSON-1480347975-project] new path /v2/images/1e1655f9-d451-4b50-8c2b-2a9b83b99c0b {{(pid=116857) process_request /opt/stack/glance/glance/api/middleware/version_negotiation.py:70}}
Aug 26 03:08:19.541283 n-d-854663-1 devstack@g-api.service[116856]: DEBUG glance.api.middleware.version_negotiation [None req-95013f69-dc41-4d04-b6e6-7a5d95c8f514 tempest-AggregatesAdminTestJSON-1480347975 tempest-AggregatesAdminTestJSON-1480347975-project] Determining version of request: GET /v2/schemas/image Accept: */* {{(pid=116856) process_request /opt/stack/glance/glance/api/middleware/version_negotiation.py:44}}
Aug 26 03:08:19.541924 n-d-854663-1 devstack@g-api.service[116856]: DEBUG glance.api.middleware.version_negotiation [None req-95013f69-dc41-4d04-b6e6-7a5d95c8f514 tempest-AggregatesAdminTestJSON-1480347975 tempest-AggregatesAdminTestJSON-1480347975-project] Using url versioning {{(pid=116856) process_request /opt/stack/glance/glance/api/middleware/version_negotiation.py:57}}
Aug 26 03:08:19.542465 n-d-854663-1 devstack@g-api.service[116857]: [pid: 116857|app: 0|req: 8/14] 127.0.0.1 () {42 vars in 1051 bytes} [Fri Aug 26 03:08:19 2022] GET /v2/images/1e1655f9-d451-4b50-8c2b-2a9b83b99c0b => generated 946 bytes in 43 msecs (HTTP/1.1 200) 4 headers in 157 bytes (1 switches on core 0)
Aug 26 03:08:19.547028 n-d-854663-1 devstack@g-api.service[116856]: DEBUG glance.api.middleware.version_negotiation [None req-95013f69-dc41-4d04-b6e6-7a5d95c8f514 tempest-AggregatesAdminTestJSON-1480347975 tempest-AggregatesAdminTestJSON-1480347975-project] Matched version: v2 {{(pid=116856) process_request /opt/stack/glance/glance/api/middleware/version_negotiation.py:69}}
Aug 26 03:08:19.547423 n-d-854663-1 devstack@g-api.service[116856]: DEBUG glance.api.middleware.version_negotiation [None req-95013f69-dc41-4d04-b6e6-7a5d95c8f514 tempest-AggregatesAdminTestJSON-1480347975 tempest-AggregatesAdminTestJSON-1480347975-project] new path /v2/schemas/image {{(pid=116856) process_request /opt/stack/glance/glance/api/middleware/version_negotiation.py:70}}
Aug 26 03:08:19.557789 n-d-854663-1 devstack@g-api.service[116856]: [pid: 116856|app: 0|req: 7/15] 127.0.0.1 () {42 vars in 991 bytes} [Fri Aug 26 03:08:19 2022] GET /v2/schemas/image => generated 6083 bytes in 17 msecs (HTTP/1.1 200) 4 headers in 158 bytes (1 switches on core 0)
Aug 26 03:08:27.127644 n-d-854663-1 devstack@g-api.service[116857]: DEBUG glance.api.middleware.version_negotiation [None req-88844aba-cae9-4c28-b989-e0706025180d tempest-ServerDiagnosticsNegativeTest-538136963 tempest-ServerDiagnosticsNegativeTest-538136963-project] Determining version of request: GET /v2/images/1e1655f9-d451-4b50-8c2b-2a9b83b99c0b Accept: */* {{(pid=116857) process_request /opt/stack/glance/glance/api/middleware/version_negotiation.py:44}}
Aug 26 03:08:27.129997 n-d-854663-1 devstack@g-api.service[116857]: DEBUG glance.api.middleware.version_negotiation [None req-88844aba-cae9-4c28-b989-e0706025180d tempest-ServerDiagnosticsNegativeTest-538136963 tempest-ServerDiagnosticsNegativeTest-538136963-project] Using url versioning {{(pid=116857) process_request /opt/stack/glance/glance/api/middleware/version_negotiation.py:57}}
Aug 26 03:08:27.130434 n-d-854663-1 devstack@g-api.service[116857]: DEBUG glance.api.middleware.version_negotiation [None req-88844aba-cae9-4c28-b989-e0706025180d tempest-ServerDiagnosticsNegativeTest-538136963 tempest-ServerDiagnosticsNegativeTest-538136963-project] Matched version: v2 {{(pid=116857) process_request /opt/stack/glance/glance/api/middleware/version_negotiation.py:69}}
Aug 26 03:08:27.130915 n-d-854663-1 devstack@g-api.service[116857]: DEBUG glance.api.middleware.version_negotiation [None req-88844aba-cae9-4c28-b989-e0706025180d tempest-ServerDiagnosticsNegativeTest-538136963 tempest-ServerDiagnosticsNegativeTest-538136963-project] new path /v2/images/1e1655f9-d451-4b50-8c2b-2a9b83b99c0b {{(pid=116857) process_request /opt/stack/glance/glance/api/middleware/version_negotiation.py:70}}
Aug 26 03:08:27.187674 n-d-854663-1 devstack@g-api.service[116857]: [pid: 116857|app: 0|req: 9/16] 127.0.0.1 () {40 vars in 844 bytes} [Fri Aug 26 03:08:27 2022] GET /v2/images/1e1655f9-d451-4b50-8c2b-2a9b83b99c0b => generated 946 bytes in 62 msecs (HTTP/1.1 200) 4 headers in 157 bytes (1 switches on core 0)
Aug 26 03:08:27.193877 n-d-854663-1 devstack@g-api.service[116856]: DEBUG glance.api.middleware.version_negotiation [None req-88844aba-cae9-4c28-b989-e0706025180d tempest-ServerDiagnosticsNegativeTest-538136963 tempest-ServerDiagnosticsNegativeTest-538136963-project] Determining version of request: GET /v2/images/1e1655f9-d451-4b50-8c2b-2a9b83b99c0b/file Accept: */* {{(pid=116856) process_request /opt/stack/glance/glance/api/middleware/version_negotiation.py:44}}
Aug 26 03:08:27.194872 n-d-854663-1 devstack@g-api.service[116856]: DEBUG glance.api.middleware.version_negotiation [None req-88844aba-cae9-4c28-b989-e0706025180d tempest-ServerDiagnosticsNegativeTest-538136963 tempest-ServerDiagnosticsNegativeTest-538136963-project] Using url versioning {{(pid=116856) process_request /opt/stack/glance/glance/api/middleware/version_negotiation.py:57}}
Aug 26 03:08:27.194872 n-d-854663-1 devstack@g-api.service[116856]: DEBUG glance.api.middleware.version_negotiation [None req-88844aba-cae9-4c28-b989-e0706025180d tempest-ServerDiagnosticsNegativeTest-538136963 tempest-ServerDiagnosticsNegativeTest-538136963-project] Matched version: v2 {{(pid=116856) process_request /opt/stack/glance/glance/api/middleware/version_negotiation.py:69}}
Aug 26 03:08:27.195965 n-d-854663-1 devstack@g-api.service[116856]: DEBUG glance.api.middleware.version_negotiation [None req-88844aba-cae9-4c28-b989-e0706025180d tempest-ServerDiagnosticsNegativeTest-538136963 tempest-ServerDiagnosticsNegativeTest-538136963-project] new path /v2/images/1e1655f9-d451-4b50-8c2b-2a9b83b99c0b/file {{(pid=116856) process_request /opt/stack/glance/glance/api/middleware/version_negotiation.py:70}}
Aug 26 03:08:27.230407 n-d-854663-1 devstack@g-api.service[116856]: DEBUG glance.api.middleware.cache [None req-88844aba-cae9-4c28-b989-e0706025180d tempest-ServerDiagnosticsNegativeTest-538136963 tempest-ServerDiagnosticsNegativeTest-538136963-project] Cache hit for image '1e1655f9-d451-4b50-8c2b-2a9b83b99c0b' {{(pid=116856) process_request /opt/stack/glance/glance/api/middleware/cache.py:160}}
Aug 26 03:08:32.040835 n-d-854663-1 devstack@g-api.service[116856]: [pid: 116856|app: 0|req: 8/17] 127.0.0.1 () {40 vars in 854 bytes} [Fri Aug 26 03:08:27 2022] GET /v2/images/1e1655f9-d451-4b50-8c2b-2a9b83b99c0b/file => generated 645922816 bytes in 4847 msecs (HTTP/1.1 200) 5 headers in 218 bytes (10045 switches on core 0)
Aug 26 03:08:33.486282 n-d-854663-1 devstack@g-api.service[116857]: DEBUG glance.api.middleware.version_negotiation [None req-88844aba-cae9-4c28-b989-e0706025180d tempest-ServerDiagnosticsNegativeTest-538136963 tempest-ServerDiagnosticsNegativeTest-538136963-project] Determining version of request: GET /v2/images/1e1655f9-d451-4b50-8c2b-2a9b83b99c0b Accept: */* {{(pid=116857) process_request /opt/stack/glance/glance/api/middleware/version_negotiation.py:44}}
Aug 26 03:08:33.487508 n-d-854663-1 devstack@g-api.service[116857]: DEBUG glance.api.middleware.version_negotiation [None req-88844aba-cae9-4c28-b989-e0706025180d tempest-ServerDiagnosticsNegativeTest-538136963 tempest-ServerDiagnosticsNegativeTest-538136963-project] Using url versioning {{(pid=116857) process_request /opt/stack/glance/glance/api/middleware/version_negotiation.py:57}}
Aug 26 03:08:33.487869 n-d-854663-1 devstack@g-api.service[116857]: DEBUG glance.api.middleware.version_negotiation [None req-88844aba-cae9-4c28-b989-e0706025180d tempest-ServerDiagnosticsNegativeTest-538136963 tempest-ServerDiagnosticsNegativeTest-538136963-project] Matched version: v2 {{(pid=116857) process_request /opt/stack/glance/glance/api/middleware/version_negotiation.py:69}}
Aug 26 03:08:33.488201 n-d-854663-1 devstack@g-api.service[116857]: DEBUG glance.api.middleware.version_negotiation [None req-88844aba-cae9-4c28-b989-e0706025180d tempest-ServerDiagnosticsNegativeTest-538136963 tempest-ServerDiagnosticsNegativeTest-538136963-project] new path /v2/images/1e1655f9-d451-4b50-8c2b-2a9b83b99c0b {{(pid=116857) process_request /opt/stack/glance/glance/api/middleware/version_negotiation.py:70}}
Aug 26 03:08:33.506504 n-d-854663-1 devstack@g-api.service[116857]: [pid: 116857|app: 0|req: 10/18] 127.0.0.1 () {42 vars in 1051 bytes} [Fri Aug 26 03:08:33 2022] GET /v2/images/1e1655f9-d451-4b50-8c2b-2a9b83b99c0b => generated 946 bytes in 21 msecs (HTTP/1.1 200) 4 headers in 157 bytes (1 switches on core 0)
Aug 26 03:08:33.515804 n-d-854663-1 devstack@g-api.service[116856]: DEBUG glance.api.middleware.version_negotiation [None req-88844aba-cae9-4c28-b989-e0706025180d tempest-ServerDiagnosticsNegativeTest-538136963 tempest-ServerDiagnosticsNegativeTest-538136963-project] Determining version of request: GET /v2/schemas/image Accept: */* {{(pid=116856) process_request /opt/stack/glance/glance/api/middleware/version_negotiation.py:44}}
Aug 26 03:08:33.516250 n-d-854663-1 devstack@g-api.service[116856]: DEBUG glance.api.middleware.version_negotiation [None req-88844aba-cae9-4c28-b989-e0706025180d tempest-ServerDiagnosticsNegativeTest-538136963 tempest-ServerDiagnosticsNegativeTest-538136963-project] Using url versioning {{(pid=116856) process_request /opt/stack/glance/glance/api/middleware/version_negotiation.py:57}}
Aug 26 03:08:33.516645 n-d-854663-1 devstack@g-api.service[116856]: DEBUG glance.api.middleware.version_negotiation [None req-88844aba-cae9-4c28-b989-e0706025180d tempest-ServerDiagnosticsNegativeTest-538136963 tempest-ServerDiagnosticsNegativeTest-538136963-project] Matched version: v2 {{(pid=116856) process_request /opt/stack/glance/glance/api/middleware/version_negotiation.py:69}}
Aug 26 03:08:33.516756 n-d-854663-1 devstack@g-api.service[116856]: DEBUG glance.api.middleware.version_negotiation [None req-88844aba-cae9-4c28-b989-e0706025180d tempest-ServerDiagnosticsNegativeTest-538136963 tempest-ServerDiagnosticsNegativeTest-538136963-project] new path /v2/schemas/image {{(pid=116856) process_request /opt/stack/glance/glance/api/middleware/version_negotiation.py:70}}
Aug 26 03:08:33.529674 n-d-854663-1 devstack@g-api.service[116856]: [pid: 116856|app: 0|req: 9/19] 127.0.0.1 () {42 vars in 991 bytes} [Fri Aug 26 03:08:33 2022] GET /v2/schemas/image => generated 6083 bytes in 15 msecs (HTTP/1.1 200) 4 headers in 158 bytes (1 switches on core 0)
Aug 26 03:08:37.218296 n-d-854663-1 devstack@g-api.service[116856]: DEBUG dbcounter [-] [116856] Writing DB stats glance:SELECT=4 {{(pid=116856) stat_writer /usr/local/lib/python3.8/dist-packages/dbcounter.py:114}}
Aug 26 03:08:42.300247 n-d-854663-1 devstack@g-api.service[116857]: DEBUG glance.api.middleware.version_negotiation [None req-a23acbfc-df77-410c-853d-9980a6d624d9 tempest-TenantUsagesTestJSON-1282504969 tempest-TenantUsagesTestJSON-1282504969-project] Determining version of request: GET /v2/images/1e1655f9-d451-4b50-8c2b-2a9b83b99c0b Accept: */* {{(pid=116857) process_request /opt/stack/glance/glance/api/middleware/version_negotiation.py:44}}
Aug 26 03:08:42.301848 n-d-854663-1 devstack@g-api.service[116857]: DEBUG glance.api.middleware.version_negotiation [None req-a23acbfc-df77-410c-853d-9980a6d624d9 tempest-TenantUsagesTestJSON-1282504969 tempest-TenantUsagesTestJSON-1282504969-project] Using url versioning {{(pid=116857) process_request /opt/stack/glance/glance/api/middleware/version_negotiation.py:57}}
Aug 26 03:08:42.302354 n-d-854663-1 devstack@g-api.service[116857]: DEBUG glance.api.middleware.version_negotiation [None req-a23acbfc-df77-410c-853d-9980a6d624d9 tempest-TenantUsagesTestJSON-1282504969 tempest-TenantUsagesTestJSON-1282504969-project] Matched version: v2 {{(pid=116857) process_request /opt/stack/glance/glance/api/middleware/version_negotiation.py:69}}
Aug 26 03:08:42.303784 n-d-854663-1 devstack@g-api.service[116857]: DEBUG glance.api.middleware.version_negotiation [None req-a23acbfc-df77-410c-853d-9980a6d624d9 tempest-TenantUsagesTestJSON-1282504969 tempest-TenantUsagesTestJSON-1282504969-project] new path /v2/images/1e1655f9-d451-4b50-8c2b-2a9b83b99c0b {{(pid=116857) process_request /opt/stack/glance/glance/api/middleware/version_negotiation.py:70}}
Aug 26 03:08:42.325289 n-d-854663-1 devstack@g-api.service[116857]: [pid: 116857|app: 0|req: 11/20] 127.0.0.1 () {42 vars in 1051 bytes} [Fri Aug 26 03:08:42 2022] GET /v2/images/1e1655f9-d451-4b50-8c2b-2a9b83b99c0b => generated 946 bytes in 26 msecs (HTTP/1.1 200) 4 headers in 157 bytes (1 switches on core 0)
Aug 26 03:08:42.331592 n-d-854663-1 devstack@g-api.service[116856]: DEBUG glance.api.middleware.version_negotiation [None req-a23acbfc-df77-410c-853d-9980a6d624d9 tempest-TenantUsagesTestJSON-1282504969 tempest-TenantUsagesTestJSON-1282504969-project] Determining version of request: GET /v2/schemas/image Accept: */* {{(pid=116856) process_request /opt/stack/glance/glance/api/middleware/version_negotiation.py:44}}
Aug 26 03:08:42.332630 n-d-854663-1 devstack@g-api.service[116856]: DEBUG glance.api.middleware.version_negotiation [None req-a23acbfc-df77-410c-853d-9980a6d624d9 tempest-TenantUsagesTestJSON-1282504969 tempest-TenantUsagesTestJSON-1282504969-project] Using url versioning {{(pid=116856) process_request /opt/stack/glance/glance/api/middleware/version_negotiation.py:57}}
Aug 26 03:08:42.333238 n-d-854663-1 devstack@g-api.service[116856]: DEBUG glance.api.middleware.version_negotiation [None req-a23acbfc-df77-410c-853d-9980a6d624d9 tempest-TenantUsagesTestJSON-1282504969 tempest-TenantUsagesTestJSON-1282504969-project] Matched version: v2 {{(pid=116856) process_request /opt/stack/glance/glance/api/middleware/version_negotiation.py:69}}
Aug 26 03:08:42.337494 n-d-854663-1 devstack@g-api.service[116856]: DEBUG glance.api.middleware.version_negotiation [None req-a23acbfc-df77-410c-853d-9980a6d624d9 tempest-TenantUsagesTestJSON-1282504969 tempest-TenantUsagesTestJSON-1282504969-project] new path /v2/schemas/image {{(pid=116856) process_request /opt/stack/glance/glance/api/middleware/version_negotiation.py:70}}
Aug 26 03:08:42.347425 n-d-854663-1 devstack@g-api.service[116856]: [pid: 116856|app: 0|req: 10/21] 127.0.0.1 () {42 vars in 991 bytes} [Fri Aug 26 03:08:42 2022] GET /v2/schemas/image => generated 6083 bytes in 17 msecs (HTTP/1.1 200) 4 headers in 158 bytes (1 switches on core 0)
Aug 26 03:08:52.320064 n-d-854663-1 devstack@g-api.service[116857]: DEBUG dbcounter [-] [116857] Writing DB stats glance:SELECT=16 {{(pid=116857) stat_writer /usr/local/lib/python3.8/dist-packages/dbcounter.py:114}}
Aug 26 03:08:58.447162 n-d-854663-1 devstack@g-api.service[116857]: DEBUG glance.api.middleware.version_negotiation [None req-3d1342d0-e9a1-4c47-9598-18d2b37d9bfc tempest-ServersWithSpecificFlavorTestJSON-1332912847 tempest-ServersWithSpecificFlavorTestJSON-1332912847-project] Determining version of request: GET /v2/images/1e1655f9-d451-4b50-8c2b-2a9b83b99c0b Accept: */* {{(pid=116857) process_request /opt/stack/glance/glance/api/middleware/version_negotiation.py:44}}
Aug 26 03:08:58.447805 n-d-854663-1 devstack@g-api.service[116857]: DEBUG glance.api.middleware.version_negotiation [None req-3d1342d0-e9a1-4c47-9598-18d2b37d9bfc tempest-ServersWithSpecificFlavorTestJSON-1332912847 tempest-ServersWithSpecificFlavorTestJSON-1332912847-project] Using url versioning {{(pid=116857) process_request /opt/stack/glance/glance/api/middleware/version_negotiation.py:57}}
Aug 26 03:08:58.447893 n-d-854663-1 devstack@g-api.service[116857]: DEBUG glance.api.middleware.version_negotiation [None req-3d1342d0-e9a1-4c47-9598-18d2b37d9bfc tempest-ServersWithSpecificFlavorTestJSON-1332912847 tempest-ServersWithSpecificFlavorTestJSON-1332912847-project] Matched version: v2 {{(pid=116857) process_request /opt/stack/glance/glance/api/middleware/version_negotiation.py:69}}
Aug 26 03:08:58.448254 n-d-854663-1 devstack@g-api.service[116857]: DEBUG glance.api.middleware.version_negotiation [None req-3d1342d0-e9a1-4c47-9598-18d2b37d9bfc tempest-ServersWithSpecificFlavorTestJSON-1332912847 tempest-ServersWithSpecificFlavorTestJSON-1332912847-project] new path /v2/images/1e1655f9-d451-4b50-8c2b-2a9b83b99c0b {{(pid=116857) process_request /opt/stack/glance/glance/api/middleware/version_negotiation.py:70}}
Aug 26 03:08:58.478052 n-d-854663-1 devstack@g-api.service[116856]: DEBUG glance.api.middleware.version_negotiation [None req-3d1342d0-e9a1-4c47-9598-18d2b37d9bfc tempest-ServersWithSpecificFlavorTestJSON-1332912847 tempest-ServersWithSpecificFlavorTestJSON-1332912847-project] Determining version of request: GET /v2/schemas/image Accept: */* {{(pid=116856) process_request /opt/stack/glance/glance/api/middleware/version_negotiation.py:44}}
Aug 26 03:08:58.478982 n-d-854663-1 devstack@g-api.service[116856]: DEBUG glance.api.middleware.version_negotiation [None req-3d1342d0-e9a1-4c47-9598-18d2b37d9bfc tempest-ServersWithSpecificFlavorTestJSON-1332912847 tempest-ServersWithSpecificFlavorTestJSON-1332912847-project] Using url versioning {{(pid=116856) process_request /opt/stack/glance/glance/api/middleware/version_negotiation.py:57}}
Aug 26 03:08:58.479492 n-d-854663-1 devstack@g-api.service[116856]: DEBUG glance.api.middleware.version_negotiation [None req-3d1342d0-e9a1-4c47-9598-18d2b37d9bfc tempest-ServersWithSpecificFlavorTestJSON-1332912847 tempest-ServersWithSpecificFlavorTestJSON-1332912847-project] Matched version: v2 {{(pid=116856) process_request /opt/stack/glance/glance/api/middleware/version_negotiation.py:69}}
Aug 26 03:08:58.479781 n-d-854663-1 devstack@g-api.service[116856]: DEBUG glance.api.middleware.version_negotiation [None req-3d1342d0-e9a1-4c47-9598-18d2b37d9bfc tempest-ServersWithSpecificFlavorTestJSON-1332912847 tempest-ServersWithSpecificFlavorTestJSON-1332912847-project] new path /v2/schemas/image {{(pid=116856) process_request /opt/stack/glance/glance/api/middleware/version_negotiation.py:70}}
Aug 26 03:08:58.485219 n-d-854663-1 devstack@g-api.service[116856]: [pid: 116856|app: 0|req: 11/23] 127.0.0.1 () {42 vars in 991 bytes} [Fri Aug 26 03:08:58 2022] GET /v2/schemas/image => generated 6083 bytes in 8 msecs (HTTP/1.1 200) 4 headers in 158 bytes (1 switches on core 0)
Aug 26 03:08:58.492220 n-d-854663-1 devstack@g-api.service[116857]: [pid: 116857|app: 0|req: 12/23] 127.0.0.1 () {42 vars in 1051 bytes} [Fri Aug 26 03:08:58 2022] GET /v2/images/1e1655f9-d451-4b50-8c2b-2a9b83b99c0b => generated 946 bytes in 38 msecs (HTTP/1.1 200) 4 headers in 157 bytes (1 switches on core 0)
Aug 26 03:09:04.056945 n-d-854663-1 devstack@g-api.service[116856]: DEBUG glance.api.middleware.version_negotiation [None req-9de162f7-12c0-462a-8007-eb9457fbb08a tempest-DeleteServersAdminTestJSON-2110580105 tempest-DeleteServersAdminTestJSON-2110580105-project] Determining version of request: GET /v2/images/1e1655f9-d451-4b50-8c2b-2a9b83b99c0b Accept: */* {{(pid=116856) process_request /opt/stack/glance/glance/api/middleware/version_negotiation.py:44}}
