Oct 15 13:30:04.339426 n-d-854653-6 devstack@placement-api.service[105799]: [pid: 105799|app: 0|req: 298/612] 10.222.0.23 () {60 vars in 1377 bytes} [Sat Oct 15 13:30:04 2022] GET /placement/allocations/eea5d03b-f7d7-4c8e-a27a-85f4c1a901ca => generated 259 bytes in 40 msecs (HTTP/1.1 200) 8 headers in 296 bytes (1 switches on core 0)
Oct 15 13:30:04.346066 n-d-854653-6 devstack@placement-api.service[105798]: DEBUG placement.requestlog [req-3a46e8d4-2dda-4e73-8fe2-306dde4d67e2 req-4ad90431-ab07-44f3-a24d-aef485da3c08 None None] Starting request: 10.222.0.23 "GET /placement/allocations/cc9b8e3a-4845-4a1f-bbe9-6f7e14d8a039" {{(pid=105798) __call__ /opt/stack/placement/placement/requestlog.py:55}}
Oct 15 13:30:04.384191 n-d-854653-6 devstack@placement-api.service[105798]: INFO placement.requestlog [req-3a46e8d4-2dda-4e73-8fe2-306dde4d67e2 req-4ad90431-ab07-44f3-a24d-aef485da3c08 service placement] 10.222.0.23 "GET /placement/allocations/cc9b8e3a-4845-4a1f-bbe9-6f7e14d8a039" status: 200 len: 259 microversion: 1.28
Oct 15 13:30:04.385144 n-d-854653-6 devstack@placement-api.service[105798]: [pid: 105798|app: 0|req: 315/613] 10.222.0.23 () {60 vars in 1377 bytes} [Sat Oct 15 13:30:04 2022] GET /placement/allocations/cc9b8e3a-4845-4a1f-bbe9-6f7e14d8a039 => generated 259 bytes in 39 msecs (HTTP/1.1 200) 8 headers in 296 bytes (1 switches on core 0)
Oct 15 13:30:04.392935 n-d-854653-6 devstack@placement-api.service[105799]: DEBUG placement.requestlog [req-3a46e8d4-2dda-4e73-8fe2-306dde4d67e2 req-3b8aa3d8-5a18-4ecb-a914-e11810f9cd8f None None] Starting request: 10.222.0.23 "GET /placement/allocations/a8442bc7-5910-4358-804c-d13c07cdc7fe" {{(pid=105799) __call__ /opt/stack/placement/placement/requestlog.py:55}}
Oct 15 13:30:04.417656 n-d-854653-6 devstack@placement-api.service[105798]: DEBUG placement.requestlog [None req-7fbce527-3947-40a9-a0b2-d4e19c4858f0 None None] Starting request: 10.222.0.16 "GET /placement/resource_providers/961fe9c0-cf31-4402-9d97-f52e9738085f/aggregates" {{(pid=105798) __call__ /opt/stack/placement/placement/requestlog.py:55}}
Oct 15 13:30:04.441526 n-d-854653-6 devstack@placement-api.service[105799]: INFO placement.requestlog [req-3a46e8d4-2dda-4e73-8fe2-306dde4d67e2 req-3b8aa3d8-5a18-4ecb-a914-e11810f9cd8f service placement] 10.222.0.23 "GET /placement/allocations/a8442bc7-5910-4358-804c-d13c07cdc7fe" status: 200 len: 259 microversion: 1.28
Oct 15 13:30:04.445700 n-d-854653-6 devstack@placement-api.service[105798]: INFO placement.requestlog [None req-7fbce527-3947-40a9-a0b2-d4e19c4858f0 service placement] 10.222.0.16 "GET /placement/resource_providers/961fe9c0-cf31-4402-9d97-f52e9738085f/aggregates" status: 404 len: 235 microversion: 1.1
Oct 15 13:30:04.446166 n-d-854653-6 devstack@placement-api.service[105799]: [pid: 105799|app: 0|req: 299/615] 10.222.0.23 () {60 vars in 1377 bytes} [Sat Oct 15 13:30:04 2022] GET /placement/allocations/a8442bc7-5910-4358-804c-d13c07cdc7fe => generated 259 bytes in 53 msecs (HTTP/1.1 200) 8 headers in 296 bytes (1 switches on core 0)
Oct 15 13:30:04.446302 n-d-854653-6 devstack@placement-api.service[105798]: [pid: 105798|app: 0|req: 316/615] 10.222.0.16 () {58 vars in 1362 bytes} [Sat Oct 15 13:30:04 2022] GET /placement/resource_providers/961fe9c0-cf31-4402-9d97-f52e9738085f/aggregates => generated 235 bytes in 29 msecs (HTTP/1.1 404) 5 headers in 202 bytes (2 switches on core 0)
Oct 15 13:30:04.492060 n-d-854653-6 devstack@placement-api.service[105799]: DEBUG placement.requestlog [None req-b80015e8-5dc3-426f-86e8-d80a8dca5a83 None None] Starting request: 10.222.0.16 "DELETE /placement/resource_providers/961fe9c0-cf31-4402-9d97-f52e9738085f" {{(pid=105799) __call__ /opt/stack/placement/placement/requestlog.py:55}}
Oct 15 13:30:04.506263 n-d-854653-6 devstack@placement-api.service[105799]: DEBUG placement.wsgi_wrapper [None req-b80015e8-5dc3-426f-86e8-d80a8dca5a83 service placement] Placement API returning an error response: No resource provider with uuid 961fe9c0-cf31-4402-9d97-f52e9738085f found for delete {{(pid=105799) call_func /opt/stack/placement/placement/wsgi_wrapper.py:31}}
Oct 15 13:30:04.507355 n-d-854653-6 devstack@placement-api.service[105799]: INFO placement.requestlog [None req-b80015e8-5dc3-426f-86e8-d80a8dca5a83 service placement] 10.222.0.16 "DELETE /placement/resource_providers/961fe9c0-cf31-4402-9d97-f52e9738085f" status: 404 len: 246 microversion: 1.1
Oct 15 13:30:04.511182 n-d-854653-6 devstack@placement-api.service[105799]: [pid: 105799|app: 0|req: 300/616] 10.222.0.16 () {60 vars in 1351 bytes} [Sat Oct 15 13:30:04 2022] DELETE /placement/resource_providers/961fe9c0-cf31-4402-9d97-f52e9738085f => generated 246 bytes in 18 msecs (HTTP/1.1 404) 6 headers in 231 bytes (1 switches on core 0)
Oct 15 13:30:04.732528 n-d-854653-6 devstack@placement-api.service[105798]: DEBUG placement.requestlog [req-3a46e8d4-2dda-4e73-8fe2-306dde4d67e2 req-62478550-5681-4ca8-8b3a-644f46e85f44 None None] Starting request: 10.222.0.23 "DELETE /placement/allocations/cc9b8e3a-4845-4a1f-bbe9-6f7e14d8a039" {{(pid=105798) __call__ /opt/stack/placement/placement/requestlog.py:55}}
Oct 15 13:30:04.808667 n-d-854653-6 devstack@placement-api.service[105798]: DEBUG placement.handlers.allocation [req-3a46e8d4-2dda-4e73-8fe2-306dde4d67e2 req-62478550-5681-4ca8-8b3a-644f46e85f44 service placement] Successfully deleted allocations [, , ] {{(pid=105798) delete_allocations /opt/stack/placement/placement/handlers/allocation.py:627}}
Oct 15 13:30:04.809174 n-d-854653-6 devstack@placement-api.service[105798]: INFO placement.requestlog [req-3a46e8d4-2dda-4e73-8fe2-306dde4d67e2 req-62478550-5681-4ca8-8b3a-644f46e85f44 service placement] 10.222.0.23 "DELETE /placement/allocations/cc9b8e3a-4845-4a1f-bbe9-6f7e14d8a039" status: 204 len: 0 microversion: 1.0
Oct 15 13:30:04.809825 n-d-854653-6 devstack@placement-api.service[105798]: [pid: 105798|app: 0|req: 317/617] 10.222.0.23 () {60 vars in 1355 bytes} [Sat Oct 15 13:30:04 2022] DELETE /placement/allocations/cc9b8e3a-4845-4a1f-bbe9-6f7e14d8a039 => generated 0 bytes in 77 msecs (HTTP/1.1 204) 5 headers in 198 bytes (1 switches on core 0)
Oct 15 13:30:08.445471 n-d-854653-6 devstack@placement-api.service[105799]: DEBUG placement.requestlog [req-7d38fae4-fdf7-41a3-a583-5847f6f57b38 req-60018a0a-e2f7-4990-85a0-2b3596b0f6cc None None] Starting request: 10.222.0.16 "GET /placement/allocations/9a712a08-00fa-43b6-98c1-a40d9c32c45b" {{(pid=105799) __call__ /opt/stack/placement/placement/requestlog.py:55}}
Oct 15 13:30:08.483419 n-d-854653-6 devstack@placement-api.service[105799]: INFO placement.requestlog [req-7d38fae4-fdf7-41a3-a583-5847f6f57b38 req-60018a0a-e2f7-4990-85a0-2b3596b0f6cc service placement] 10.222.0.16 "GET /placement/allocations/9a712a08-00fa-43b6-98c1-a40d9c32c45b" status: 200 len: 259 microversion: 1.28
Oct 15 13:30:08.487819 n-d-854653-6 devstack@placement-api.service[105799]: [pid: 105799|app: 0|req: 301/618] 10.222.0.16 () {60 vars in 1380 bytes} [Sat Oct 15 13:30:08 2022] GET /placement/allocations/9a712a08-00fa-43b6-98c1-a40d9c32c45b => generated 259 bytes in 42 msecs (HTTP/1.1 200) 8 headers in 296 bytes (1 switches on core 0)
Oct 15 13:30:08.493437 n-d-854653-6 devstack@placement-api.service[105798]: DEBUG placement.requestlog [req-7d38fae4-fdf7-41a3-a583-5847f6f57b38 req-2764d2ba-2658-42a7-b7b1-81f90dabe769 None None] Starting request: 10.222.0.16 "GET /placement/allocations/9a712a08-00fa-43b6-98c1-a40d9c32c45b" {{(pid=105798) __call__ /opt/stack/placement/placement/requestlog.py:55}}
Oct 15 13:30:08.515431 n-d-854653-6 devstack@placement-api.service[105798]: INFO placement.requestlog [req-7d38fae4-fdf7-41a3-a583-5847f6f57b38 req-2764d2ba-2658-42a7-b7b1-81f90dabe769 service placement] 10.222.0.16 "GET /placement/allocations/9a712a08-00fa-43b6-98c1-a40d9c32c45b" status: 200 len: 259 microversion: 1.28
Oct 15 13:30:08.516703 n-d-854653-6 devstack@placement-api.service[105798]: [pid: 105798|app: 0|req: 318/619] 10.222.0.16 () {60 vars in 1380 bytes} [Sat Oct 15 13:30:08 2022] GET /placement/allocations/9a712a08-00fa-43b6-98c1-a40d9c32c45b => generated 259 bytes in 23 msecs (HTTP/1.1 200) 8 headers in 296 bytes (1 switches on core 0)
Oct 15 13:30:08.527185 n-d-854653-6 devstack@placement-api.service[105799]: DEBUG placement.requestlog [req-7d38fae4-fdf7-41a3-a583-5847f6f57b38 req-625d7c11-bcc1-409e-a5e8-47173300617f None None] Starting request: 10.222.0.16 "GET /placement/allocations/84282cdf-e703-4a0f-99bf-2b5fa0d94d9f" {{(pid=105799) __call__ /opt/stack/placement/placement/requestlog.py:55}}
Oct 15 13:30:08.555682 n-d-854653-6 devstack@placement-api.service[105799]: INFO placement.requestlog [req-7d38fae4-fdf7-41a3-a583-5847f6f57b38 req-625d7c11-bcc1-409e-a5e8-47173300617f service placement] 10.222.0.16 "GET /placement/allocations/84282cdf-e703-4a0f-99bf-2b5fa0d94d9f" status: 200 len: 19 microversion: 1.28
Oct 15 13:30:08.556372 n-d-854653-6 devstack@placement-api.service[105799]: [pid: 105799|app: 0|req: 302/620] 10.222.0.16 () {60 vars in 1380 bytes} [Sat Oct 15 13:30:08 2022] GET /placement/allocations/84282cdf-e703-4a0f-99bf-2b5fa0d94d9f => generated 19 bytes in 29 msecs (HTTP/1.1 200) 8 headers in 295 bytes (1 switches on core 0)
Oct 15 13:30:08.562425 n-d-854653-6 devstack@placement-api.service[105798]: DEBUG placement.requestlog [req-7d38fae4-fdf7-41a3-a583-5847f6f57b38 req-7e47ab0b-69ff-41da-85c5-a0b73a2284c8 None None] Starting request: 10.222.0.16 "POST /placement/allocations" {{(pid=105798) __call__ /opt/stack/placement/placement/requestlog.py:55}}
Oct 15 13:30:08.606590 n-d-854653-6 devstack@placement-api.service[105798]: DEBUG dbcounter [-] [105798] Writing DB stats placement:SELECT=94,placement:DELETE=6 {{(pid=105798) stat_writer /usr/local/lib/python3.8/dist-packages/dbcounter.py:114}}
Oct 15 13:30:08.728178 n-d-854653-6 devstack@placement-api.service[105798]: DEBUG placement.handlers.allocation [req-7d38fae4-fdf7-41a3-a583-5847f6f57b38 req-7e47ab0b-69ff-41da-85c5-a0b73a2284c8 service placement] Successfully wrote allocations [, , , , , ] {{(pid=105798) _update_consumers_and_create_allocations /opt/stack/placement/placement/handlers/allocation.py:572}}
Oct 15 13:30:08.748161 n-d-854653-6 devstack@placement-api.service[105798]: INFO placement.requestlog [req-7d38fae4-fdf7-41a3-a583-5847f6f57b38 req-7e47ab0b-69ff-41da-85c5-a0b73a2284c8 service placement] 10.222.0.16 "POST /placement/allocations" status: 204 len: 0 microversion: 1.28
Oct 15 13:30:08.795434 n-d-854653-6 devstack@placement-api.service[105798]: [pid: 105798|app: 0|req: 319/621] 10.222.0.16 () {64 vars in 1323 bytes} [Sat Oct 15 13:30:08 2022] POST /placement/allocations => generated 0 bytes in 194 msecs (HTTP/1.1 204) 5 headers in 199 bytes (1 switches on core 0)
Oct 15 13:30:08.853662 n-d-854653-6 devstack@placement-api.service[105799]: DEBUG placement.requestlog [req-7d38fae4-fdf7-41a3-a583-5847f6f57b38 req-325c0e4c-aa80-450a-b09a-fd2c605b7bba None None] Starting request: 10.222.0.16 "GET /placement/allocations/9a712a08-00fa-43b6-98c1-a40d9c32c45b" {{(pid=105799) __call__ /opt/stack/placement/placement/requestlog.py:55}}
Oct 15 13:30:08.895199 n-d-854653-6 devstack@placement-api.service[105799]: INFO placement.requestlog [req-7d38fae4-fdf7-41a3-a583-5847f6f57b38 req-325c0e4c-aa80-450a-b09a-fd2c605b7bba service placement] 10.222.0.16 "GET /placement/allocations/9a712a08-00fa-43b6-98c1-a40d9c32c45b" status: 200 len: 19 microversion: 1.28
Oct 15 13:30:08.902578 n-d-854653-6 devstack@placement-api.service[105799]: [pid: 105799|app: 0|req: 303/622] 10.222.0.16 () {60 vars in 1380 bytes} [Sat Oct 15 13:30:08 2022] GET /placement/allocations/9a712a08-00fa-43b6-98c1-a40d9c32c45b => generated 19 bytes in 49 msecs (HTTP/1.1 200) 8 headers in 295 bytes (1 switches on core 0)
Oct 15 13:30:08.912107 n-d-854653-6 devstack@placement-api.service[105798]: DEBUG placement.requestlog [req-7d38fae4-fdf7-41a3-a583-5847f6f57b38 req-af7d569b-9d8f-48cc-8810-eb8e0b6197ef None None] Starting request: 10.222.0.16 "PUT /placement/allocations/9a712a08-00fa-43b6-98c1-a40d9c32c45b" {{(pid=105798) __call__ /opt/stack/placement/placement/requestlog.py:55}}
Oct 15 13:30:09.032924 n-d-854653-6 devstack@placement-api.service[105799]: DEBUG placement.requestlog [req-a1a95187-fdb3-42b4-8afb-3240cf33a5f7 req-b5192984-3615-4d73-9492-a443f5210a48 None None] Starting request: 10.222.0.23 "DELETE /placement/allocations/9ec3e43c-01a5-4937-93c1-cf33848372a2" {{(pid=105799) __call__ /opt/stack/placement/placement/requestlog.py:55}}
Oct 15 13:30:09.129950 n-d-854653-6 devstack@placement-api.service[105799]: DEBUG placement.handlers.allocation [req-a1a95187-fdb3-42b4-8afb-3240cf33a5f7 req-b5192984-3615-4d73-9492-a443f5210a48 service placement] Successfully deleted allocations [, , ] {{(pid=105799) delete_allocations /opt/stack/placement/placement/handlers/allocation.py:627}}
Oct 15 13:30:09.130803 n-d-854653-6 devstack@placement-api.service[105799]: INFO placement.requestlog [req-a1a95187-fdb3-42b4-8afb-3240cf33a5f7 req-b5192984-3615-4d73-9492-a443f5210a48 service placement] 10.222.0.23 "DELETE /placement/allocations/9ec3e43c-01a5-4937-93c1-cf33848372a2" status: 204 len: 0 microversion: 1.0
Oct 15 13:30:09.131465 n-d-854653-6 devstack@placement-api.service[105799]: [pid: 105799|app: 0|req: 304/623] 10.222.0.23 () {60 vars in 1355 bytes} [Sat Oct 15 13:30:09 2022] DELETE /placement/allocations/9ec3e43c-01a5-4937-93c1-cf33848372a2 => generated 0 bytes in 99 msecs (HTTP/1.1 204) 5 headers in 198 bytes (1 switches on core 0)
Oct 15 13:30:09.181365 n-d-854653-6 devstack@placement-api.service[105798]: DEBUG placement.handlers.allocation [req-7d38fae4-fdf7-41a3-a583-5847f6f57b38 req-af7d569b-9d8f-48cc-8810-eb8e0b6197ef service placement] Successfully wrote allocations [, , ] {{(pid=105798) _update_consumers_and_create_allocations /opt/stack/placement/placement/handlers/allocation.py:462}}
Oct 15 13:30:09.191332 n-d-854653-6 devstack@placement-api.service[105798]: INFO placement.requestlog [req-7d38fae4-fdf7-41a3-a583-5847f6f57b38 req-af7d569b-9d8f-48cc-8810-eb8e0b6197ef service placement] 10.222.0.16 "PUT /placement/allocations/9a712a08-00fa-43b6-98c1-a40d9c32c45b" status: 204 len: 0 microversion: 1.28
Oct 15 13:30:09.192486 n-d-854653-6 devstack@placement-api.service[105798]: [pid: 105798|app: 0|req: 320/624] 10.222.0.16 () {64 vars in 1433 bytes} [Sat Oct 15 13:30:08 2022] PUT /placement/allocations/9a712a08-00fa-43b6-98c1-a40d9c32c45b => generated 0 bytes in 286 msecs (HTTP/1.1 204) 5 headers in 199 bytes (1 switches on core 0)
Oct 15 13:30:09.508216 n-d-854653-6 devstack@placement-api.service[105799]: DEBUG placement.requestlog [req-7d38fae4-fdf7-41a3-a583-5847f6f57b38 req-fae33cbc-1b22-44cb-be19-1e91aec2c84a None None] Starting request: 10.222.0.23 "GET /placement/allocations/9a712a08-00fa-43b6-98c1-a40d9c32c45b" {{(pid=105799) __call__ /opt/stack/placement/placement/requestlog.py:55}}
Oct 15 13:30:09.547664 n-d-854653-6 devstack@placement-api.service[105799]: INFO placement.requestlog [req-7d38fae4-fdf7-41a3-a583-5847f6f57b38 req-fae33cbc-1b22-44cb-be19-1e91aec2c84a service placement] 10.222.0.23 "GET /placement/allocations/9a712a08-00fa-43b6-98c1-a40d9c32c45b" status: 200 len: 259 microversion: 1.28
Oct 15 13:30:09.549023 n-d-854653-6 devstack@placement-api.service[105799]: [pid: 105799|app: 0|req: 305/625] 10.222.0.23 () {60 vars in 1377 bytes} [Sat Oct 15 13:30:09 2022] GET /placement/allocations/9a712a08-00fa-43b6-98c1-a40d9c32c45b => generated 259 bytes in 41 msecs (HTTP/1.1 200) 8 headers in 296 bytes (1 switches on core 0)
Oct 15 13:30:09.644684 n-d-854653-6 devstack@placement-api.service[105798]: DEBUG placement.requestlog [req-a1a95187-fdb3-42b4-8afb-3240cf33a5f7 req-7b07a2db-3801-491f-ac49-96dbb80532d3 None None] Starting request: 10.222.0.23 "GET /placement/resource_providers/1df7e652-b8ca-4d8e-9c01-7d00dc9aee46/allocations" {{(pid=105798) __call__ /opt/stack/placement/placement/requestlog.py:55}}
Oct 15 13:30:09.686470 n-d-854653-6 devstack@placement-api.service[105798]: INFO placement.requestlog [req-a1a95187-fdb3-42b4-8afb-3240cf33a5f7 req-7b07a2db-3801-491f-ac49-96dbb80532d3 service placement] 10.222.0.23 "GET /placement/resource_providers/1df7e652-b8ca-4d8e-9c01-7d00dc9aee46/allocations" status: 200 len: 962 microversion: 1.0
Oct 15 13:30:09.687284 n-d-854653-6 devstack@placement-api.service[105798]: [pid: 105798|app: 0|req: 321/626] 10.222.0.23 () {58 vars in 1390 bytes} [Sat Oct 15 13:30:09 2022] GET /placement/resource_providers/1df7e652-b8ca-4d8e-9c01-7d00dc9aee46/allocations => generated 962 bytes in 43 msecs (HTTP/1.1 200) 6 headers in 224 bytes (1 switches on core 0)
Oct 15 13:30:09.695362 n-d-854653-6 devstack@placement-api.service[105799]: DEBUG placement.requestlog [req-a1a95187-fdb3-42b4-8afb-3240cf33a5f7 req-627508fb-b3af-44d6-8803-74713c5e6a7f None None] Starting request: 10.222.0.23 "GET /placement/allocations/07fb61b9-d17e-412e-8aec-5232e6e6d32e" {{(pid=105799) __call__ /opt/stack/placement/placement/requestlog.py:55}}
Oct 15 13:30:09.740793 n-d-854653-6 devstack@placement-api.service[105799]: INFO placement.requestlog [req-a1a95187-fdb3-42b4-8afb-3240cf33a5f7 req-627508fb-b3af-44d6-8803-74713c5e6a7f service placement] 10.222.0.23 "GET /placement/allocations/07fb61b9-d17e-412e-8aec-5232e6e6d32e" status: 200 len: 259 microversion: 1.28
Oct 15 13:30:09.742478 n-d-854653-6 devstack@placement-api.service[105799]: [pid: 105799|app: 0|req: 306/627] 10.222.0.23 () {60 vars in 1377 bytes} [Sat Oct 15 13:30:09 2022] GET /placement/allocations/07fb61b9-d17e-412e-8aec-5232e6e6d32e => generated 259 bytes in 47 msecs (HTTP/1.1 200) 8 headers in 296 bytes (1 switches on core 0)
Oct 15 13:30:09.749516 n-d-854653-6 devstack@placement-api.service[105798]: DEBUG placement.requestlog [req-a1a95187-fdb3-42b4-8afb-3240cf33a5f7 req-8d95ef81-c463-4520-9849-fd8ac8633d42 None None] Starting request: 10.222.0.23 "GET /placement/allocations/1bfc3349-9a2f-4c7b-8884-6bf6efce7a4c" {{(pid=105798) __call__ /opt/stack/placement/placement/requestlog.py:55}}
Oct 15 13:30:09.791200 n-d-854653-6 devstack@placement-api.service[105798]: INFO placement.requestlog [req-a1a95187-fdb3-42b4-8afb-3240cf33a5f7 req-8d95ef81-c463-4520-9849-fd8ac8633d42 service placement] 10.222.0.23 "GET /placement/allocations/1bfc3349-9a2f-4c7b-8884-6bf6efce7a4c" status: 200 len: 259 microversion: 1.28
Oct 15 13:30:09.791899 n-d-854653-6 devstack@placement-api.service[105798]: [pid: 105798|app: 0|req: 322/628] 10.222.0.23 () {60 vars in 1377 bytes} [Sat Oct 15 13:30:09 2022] GET /placement/allocations/1bfc3349-9a2f-4c7b-8884-6bf6efce7a4c => generated 259 bytes in 43 msecs (HTTP/1.1 200) 8 headers in 296 bytes (1 switches on core 0)
Oct 15 13:30:09.799195 n-d-854653-6 devstack@placement-api.service[105799]: DEBUG placement.requestlog [req-a1a95187-fdb3-42b4-8afb-3240cf33a5f7 req-44099d89-9d37-4732-8955-9d138dafc252 None None] Starting request: 10.222.0.23 "GET /placement/allocations/f4e105bf-058f-41d1-ae21-159cb7bbc20c" {{(pid=105799) __call__ /opt/stack/placement/placement/requestlog.py:55}}
Oct 15 13:30:09.818751 n-d-854653-6 devstack@placement-api.service[105798]: DEBUG placement.requestlog [req-5bea2f94-112d-4bfb-9eac-3d0d50b2caa8 req-1ea893b8-e4cb-4e84-8da8-21dccb0bb55c None None] Starting request: 10.222.0.20 "GET /placement/resource_providers/6c688db4-8120-44a4-9da3-f5557622fcb2/allocations" {{(pid=105798) __call__ /opt/stack/placement/placement/requestlog.py:55}}
Oct 15 13:30:09.838412 n-d-854653-6 devstack@placement-api.service[105799]: INFO placement.requestlog [req-a1a95187-fdb3-42b4-8afb-3240cf33a5f7 req-44099d89-9d37-4732-8955-9d138dafc252 service placement] 10.222.0.23 "GET /placement/allocations/f4e105bf-058f-41d1-ae21-159cb7bbc20c" status: 200 len: 259 microversion: 1.28
Oct 15 13:30:09.840682 n-d-854653-6 devstack@placement-api.service[105799]: [pid: 105799|app: 0|req: 307/629] 10.222.0.23 () {60 vars in 1377 bytes} [Sat Oct 15 13:30:09 2022] GET /placement/allocations/f4e105bf-058f-41d1-ae21-159cb7bbc20c => generated 259 bytes in 42 msecs (HTTP/1.1 200) 8 headers in 296 bytes (1 switches on core 0)
Oct 15 13:30:09.852102 n-d-854653-6 devstack@placement-api.service[105799]: DEBUG placement.requestlog [req-a1a95187-fdb3-42b4-8afb-3240cf33a5f7 req-e415ec2d-5ac2-4154-b7e2-c1ab7ad40a94 None None] Starting request: 10.222.0.23 "GET /placement/allocations/9ae07ac7-e420-4c3d-8682-c5b6a9cb5ce6" {{(pid=105799) __call__ /opt/stack/placement/placement/requestlog.py:55}}
Oct 15 13:30:09.874137 n-d-854653-6 devstack@placement-api.service[105798]: INFO placement.requestlog [req-5bea2f94-112d-4bfb-9eac-3d0d50b2caa8 req-1ea893b8-e4cb-4e84-8da8-21dccb0bb55c service placement] 10.222.0.20 "GET /placement/resource_providers/6c688db4-8120-44a4-9da3-f5557622fcb2/allocations" status: 200 len: 659 microversion: 1.0
Oct 15 13:30:09.876503 n-d-854653-6 devstack@placement-api.service[105798]: [pid: 105798|app: 0|req: 323/630] 10.222.0.20 () {58 vars in 1390 bytes} [Sat Oct 15 13:30:09 2022] GET /placement/resource_providers/6c688db4-8120-44a4-9da3-f5557622fcb2/allocations => generated 659 bytes in 58 msecs (HTTP/1.1 200) 6 headers in 224 bytes (1 switches on core 0)
Oct 15 13:30:09.904719 n-d-854653-6 devstack@placement-api.service[105798]: DEBUG placement.requestlog [req-5bea2f94-112d-4bfb-9eac-3d0d50b2caa8 req-362b0ebb-7b51-487e-9be0-3d859104430e None None] Starting request: 10.222.0.20 "GET /placement/allocations/3d3b1a25-ff52-41fd-b8a3-49f1b5c52435" {{(pid=105798) __call__ /opt/stack/placement/placement/requestlog.py:55}}
Oct 15 13:30:09.944143 n-d-854653-6 devstack@placement-api.service[105799]: INFO placement.requestlog [req-a1a95187-fdb3-42b4-8afb-3240cf33a5f7 req-e415ec2d-5ac2-4154-b7e2-c1ab7ad40a94 service placement] 10.222.0.23 "GET /placement/allocations/9ae07ac7-e420-4c3d-8682-c5b6a9cb5ce6" status: 200 len: 259 microversion: 1.28
Oct 15 13:30:09.948792 n-d-854653-6 devstack@placement-api.service[105799]: [pid: 105799|app: 0|req: 308/631] 10.222.0.23 () {60 vars in 1377 bytes} [Sat Oct 15 13:30:09 2022] GET /placement/allocations/9ae07ac7-e420-4c3d-8682-c5b6a9cb5ce6 => generated 259 bytes in 97 msecs (HTTP/1.1 200) 8 headers in 296 bytes (1 switches on core 0)
Oct 15 13:30:09.953114 n-d-854653-6 devstack@placement-api.service[105799]: DEBUG placement.requestlog [req-a1a95187-fdb3-42b4-8afb-3240cf33a5f7 req-dd64b5dd-6d83-45aa-a1c0-df58e6471b05 None None] Starting request: 10.222.0.23 "GET /placement/allocations/9a712a08-00fa-43b6-98c1-a40d9c32c45b" {{(pid=105799) __call__ /opt/stack/placement/placement/requestlog.py:55}}
Oct 15 13:30:09.962830 n-d-854653-6 devstack@placement-api.service[105798]: INFO placement.requestlog [req-5bea2f94-112d-4bfb-9eac-3d0d50b2caa8 req-362b0ebb-7b51-487e-9be0-3d859104430e service placement] 10.222.0.20 "GET /placement/allocations/3d3b1a25-ff52-41fd-b8a3-49f1b5c52435" status: 200 len: 259 microversion: 1.28
Oct 15 13:30:09.963758 n-d-854653-6 devstack@placement-api.service[105798]: [pid: 105798|app: 0|req: 324/632] 10.222.0.20 () {60 vars in 1377 bytes} [Sat Oct 15 13:30:09 2022] GET /placement/allocations/3d3b1a25-ff52-41fd-b8a3-49f1b5c52435 => generated 259 bytes in 59 msecs (HTTP/1.1 200) 8 headers in 296 bytes (1 switches on core 0)
Oct 15 13:30:09.993609 n-d-854653-6 devstack@placement-api.service[105798]: DEBUG placement.requestlog [req-5bea2f94-112d-4bfb-9eac-3d0d50b2caa8 req-c36bcac7-982d-4cbe-9055-83571713d405 None None] Starting request: 10.222.0.20 "GET /placement/allocations/977e106e-a89b-4aed-bf08-4dd986b9a8fa" {{(pid=105798) __call__ /opt/stack/placement/placement/requestlog.py:55}}
Oct 15 13:30:10.013771 n-d-854653-6 devstack@placement-api.service[105799]: INFO placement.requestlog [req-a1a95187-fdb3-42b4-8afb-3240cf33a5f7 req-dd64b5dd-6d83-45aa-a1c0-df58e6471b05 service placement] 10.222.0.23 "GET /placement/allocations/9a712a08-00fa-43b6-98c1-a40d9c32c45b" status: 200 len: 259 microversion: 1.28
Oct 15 13:30:10.014690 n-d-854653-6 devstack@placement-api.service[105799]: [pid: 105799|app: 0|req: 309/633] 10.222.0.23 () {60 vars in 1377 bytes} [Sat Oct 15 13:30:09 2022] GET /placement/allocations/9a712a08-00fa-43b6-98c1-a40d9c32c45b => generated 259 bytes in 62 msecs (HTTP/1.1 200) 8 headers in 296 bytes (1 switches on core 0)
Oct 15 13:30:10.023310 n-d-854653-6 devstack@placement-api.service[105799]: DEBUG placement.requestlog [req-a1a95187-fdb3-42b4-8afb-3240cf33a5f7 req-a700cc23-5e29-4c4a-bcdd-da4e0ff610aa None None] Starting request: 10.222.0.23 "GET /placement/allocations/ac370acf-ecff-4679-ae0d-c58cfea1e30b" {{(pid=105799) __call__ /opt/stack/placement/placement/requestlog.py:55}}
Oct 15 13:30:10.034459 n-d-854653-6 devstack@placement-api.service[105799]: DEBUG dbcounter [-] [105799] Writing DB stats placement:SELECT=98,placement:DELETE=2 {{(pid=105799) stat_writer /usr/local/lib/python3.8/dist-packages/dbcounter.py:114}}
Oct 15 13:30:10.044924 n-d-854653-6 devstack@placement-api.service[105798]: INFO placement.requestlog [req-5bea2f94-112d-4bfb-9eac-3d0d50b2caa8 req-c36bcac7-982d-4cbe-9055-83571713d405 service placement] 10.222.0.20 "GET /placement/allocations/977e106e-a89b-4aed-bf08-4dd986b9a8fa" status: 200 len: 259 microversion: 1.28
Oct 15 13:30:10.045322 n-d-854653-6 devstack@placement-api.service[105798]: [pid: 105798|app: 0|req: 325/634] 10.222.0.20 () {60 vars in 1377 bytes} [Sat Oct 15 13:30:09 2022] GET /placement/allocations/977e106e-a89b-4aed-bf08-4dd986b9a8fa => generated 259 bytes in 52 msecs (HTTP/1.1 200) 8 headers in 296 bytes (2 switches on core 0)
Oct 15 13:30:10.066502 n-d-854653-6 devstack@placement-api.service[105798]: DEBUG placement.requestlog [req-5bea2f94-112d-4bfb-9eac-3d0d50b2caa8 req-ca832750-0a76-4860-9f15-4c57b7089e8c None None] Starting request: 10.222.0.20 "GET /placement/allocations/afd08cb7-71d5-4176-8371-ef3cdbb5052c" {{(pid=105798) __call__ /opt/stack/placement/placement/requestlog.py:55}}
Oct 15 13:30:10.092196 n-d-854653-6 devstack@placement-api.service[105799]: INFO placement.requestlog [req-a1a95187-fdb3-42b4-8afb-3240cf33a5f7 req-a700cc23-5e29-4c4a-bcdd-da4e0ff610aa service placement] 10.222.0.23 "GET /placement/allocations/ac370acf-ecff-4679-ae0d-c58cfea1e30b" status: 200 len: 259 microversion: 1.28
Oct 15 13:30:10.101773 n-d-854653-6 devstack@placement-api.service[105799]: [pid: 105799|app: 0|req: 310/635] 10.222.0.23 () {60 vars in 1377 bytes} [Sat Oct 15 13:30:10 2022] GET /placement/allocations/ac370acf-ecff-4679-ae0d-c58cfea1e30b => generated 259 bytes in 79 msecs (HTTP/1.1 200) 8 headers in 296 bytes (1 switches on core 0)
Oct 15 13:30:10.120135 n-d-854653-6 devstack@placement-api.service[105799]: DEBUG placement.requestlog [req-a1a95187-fdb3-42b4-8afb-3240cf33a5f7 req-10502a11-29f0-48ea-9880-a9077bd1fa17 None None] Starting request: 10.222.0.23 "GET /placement/allocations/24515e83-6b1a-4349-bb36-9532ed6fdace" {{(pid=105799) __call__ /opt/stack/placement/placement/requestlog.py:55}}
Oct 15 13:30:10.129042 n-d-854653-6 devstack@placement-api.service[105798]: INFO placement.requestlog [req-5bea2f94-112d-4bfb-9eac-3d0d50b2caa8 req-ca832750-0a76-4860-9f15-4c57b7089e8c service placement] 10.222.0.20 "GET /placement/allocations/afd08cb7-71d5-4176-8371-ef3cdbb5052c" status: 200 len: 259 microversion: 1.28
Oct 15 13:30:10.133863 n-d-854653-6 devstack@placement-api.service[105798]: [pid: 105798|app: 0|req: 326/636] 10.222.0.20 () {60 vars in 1377 bytes} [Sat Oct 15 13:30:10 2022] GET /placement/allocations/afd08cb7-71d5-4176-8371-ef3cdbb5052c => generated 259 bytes in 67 msecs (HTTP/1.1 200) 8 headers in 296 bytes (1 switches on core 0)
Oct 15 13:30:10.145349 n-d-854653-6 devstack@placement-api.service[105798]: DEBUG placement.requestlog [req-5bea2f94-112d-4bfb-9eac-3d0d50b2caa8 req-65ba47e8-d1cf-47a7-841f-6aefee529031 None None] Starting request: 10.222.0.20 "GET /placement/allocations/e4792301-128c-4a82-b6fb-dafd1e0cccee" {{(pid=105798) __call__ /opt/stack/placement/placement/requestlog.py:55}}
Oct 15 13:30:10.152651 n-d-854653-6 devstack@placement-api.service[105799]: INFO placement.requestlog [req-a1a95187-fdb3-42b4-8afb-3240cf33a5f7 req-10502a11-29f0-48ea-9880-a9077bd1fa17 service placement] 10.222.0.23 "GET /placement/allocations/24515e83-6b1a-4349-bb36-9532ed6fdace" status: 200 len: 259 microversion: 1.28
Oct 15 13:30:10.153599 n-d-854653-6 devstack@placement-api.service[105799]: [pid: 105799|app: 0|req: 311/637] 10.222.0.23 () {60 vars in 1377 bytes} [Sat Oct 15 13:30:10 2022] GET /placement/allocations/24515e83-6b1a-4349-bb36-9532ed6fdace => generated 259 bytes in 34 msecs (HTTP/1.1 200) 8 headers in 296 bytes (2 switches on core 0)
Oct 15 13:30:10.164955 n-d-854653-6 devstack@placement-api.service[105799]: DEBUG placement.requestlog [req-a1a95187-fdb3-42b4-8afb-3240cf33a5f7 req-5e0da808-00fa-4b7d-9531-7e8ce6780d31 None None] Starting request: 10.222.0.23 "GET /placement/allocations/eea5d03b-f7d7-4c8e-a27a-85f4c1a901ca" {{(pid=105799) __call__ /opt/stack/placement/placement/requestlog.py:55}}
Oct 15 13:30:10.224420 n-d-854653-6 devstack@placement-api.service[105799]: INFO placement.requestlog [req-a1a95187-fdb3-42b4-8afb-3240cf33a5f7 req-5e0da808-00fa-4b7d-9531-7e8ce6780d31 service placement] 10.222.0.23 "GET /placement/allocations/eea5d03b-f7d7-4c8e-a27a-85f4c1a901ca" status: 200 len: 259 microversion: 1.28
Oct 15 13:30:10.230530 n-d-854653-6 devstack@placement-api.service[105799]: [pid: 105799|app: 0|req: 312/638] 10.222.0.23 () {60 vars in 1377 bytes} [Sat Oct 15 13:30:10 2022] GET /placement/allocations/eea5d03b-f7d7-4c8e-a27a-85f4c1a901ca => generated 259 bytes in 66 msecs (HTTP/1.1 200) 8 headers in 296 bytes (1 switches on core 0)
Oct 15 13:30:10.238826 n-d-854653-6 devstack@placement-api.service[105799]: DEBUG placement.requestlog [req-a1a95187-fdb3-42b4-8afb-3240cf33a5f7 req-cb8a6827-bee8-4975-8495-11a0b690f73e None None] Starting request: 10.222.0.23 "GET /placement/allocations/a8442bc7-5910-4358-804c-d13c07cdc7fe" {{(pid=105799) __call__ /opt/stack/placement/placement/requestlog.py:55}}
Oct 15 13:30:10.293191 n-d-854653-6 devstack@placement-api.service[105799]: INFO placement.requestlog [req-a1a95187-fdb3-42b4-8afb-3240cf33a5f7 req-cb8a6827-bee8-4975-8495-11a0b690f73e service placement] 10.222.0.23 "GET /placement/allocations/a8442bc7-5910-4358-804c-d13c07cdc7fe" status: 200 len: 259 microversion: 1.28
Oct 15 13:30:10.294137 n-d-854653-6 devstack@placement-api.service[105799]: [pid: 105799|app: 0|req: 313/639] 10.222.0.23 () {60 vars in 1377 bytes} [Sat Oct 15 13:30:10 2022] GET /placement/allocations/a8442bc7-5910-4358-804c-d13c07cdc7fe => generated 259 bytes in 55 msecs (HTTP/1.1 200) 8 headers in 296 bytes (2 switches on core 0)
Oct 15 13:30:10.294949 n-d-854653-6 devstack@placement-api.service[105798]: INFO placement.requestlog [req-5bea2f94-112d-4bfb-9eac-3d0d50b2caa8 req-65ba47e8-d1cf-47a7-841f-6aefee529031 service placement] 10.222.0.20 "GET /placement/allocations/e4792301-128c-4a82-b6fb-dafd1e0cccee" status: 200 len: 259 microversion: 1.28
Oct 15 13:30:10.296369 n-d-854653-6 devstack@placement-api.service[105798]: [pid: 105798|app: 0|req: 327/640] 10.222.0.20 () {60 vars in 1377 bytes} [Sat Oct 15 13:30:10 2022] GET /placement/allocations/e4792301-128c-4a82-b6fb-dafd1e0cccee => generated 259 bytes in 151 msecs (HTTP/1.1 200) 8 headers in 296 bytes (2 switches on core 0)
Oct 15 13:30:10.317080 n-d-854653-6 devstack@placement-api.service[105799]: DEBUG placement.requestlog [req-5bea2f94-112d-4bfb-9eac-3d0d50b2caa8 req-741fa714-0a02-4c9d-b4dd-0e0da95b265c None None] Starting request: 10.222.0.20 "GET /placement/allocations/84282cdf-e703-4a0f-99bf-2b5fa0d94d9f" {{(pid=105799) __call__ /opt/stack/placement/placement/requestlog.py:55}}
Oct 15 13:30:10.360918 n-d-854653-6 devstack@placement-api.service[105799]: INFO placement.requestlog [req-5bea2f94-112d-4bfb-9eac-3d0d50b2caa8 req-741fa714-0a02-4c9d-b4dd-0e0da95b265c service placement] 10.222.0.20 "GET /placement/allocations/84282cdf-e703-4a0f-99bf-2b5fa0d94d9f" status: 200 len: 259 microversion: 1.28
Oct 15 13:30:10.369291 n-d-854653-6 devstack@placement-api.service[105799]: [pid: 105799|app: 0|req: 314/641] 10.222.0.20 () {60 vars in 1377 bytes} [Sat Oct 15 13:30:10 2022] GET /placement/allocations/84282cdf-e703-4a0f-99bf-2b5fa0d94d9f => generated 259 bytes in 52 msecs (HTTP/1.1 200) 8 headers in 296 bytes (1 switches on core 0)
Oct 15 13:30:10.369888 n-d-854653-6 devstack@placement-api.service[105798]: DEBUG placement.requestlog [req-5bea2f94-112d-4bfb-9eac-3d0d50b2caa8 req-776f18fc-f206-4d53-8b40-683242eb75f3 None None] Starting request: 10.222.0.20 "GET /placement/allocations/78bc336a-c0c5-4974-a161-023d12b2e1cc" {{(pid=105798) __call__ /opt/stack/placement/placement/requestlog.py:55}}
Oct 15 13:30:10.400918 n-d-854653-6 devstack@placement-api.service[105798]: INFO placement.requestlog [req-5bea2f94-112d-4bfb-9eac-3d0d50b2caa8 req-776f18fc-f206-4d53-8b40-683242eb75f3 service placement] 10.222.0.20 "GET /placement/allocations/78bc336a-c0c5-4974-a161-023d12b2e1cc" status: 200 len: 259 microversion: 1.28
Oct 15 13:30:10.401744 n-d-854653-6 devstack@placement-api.service[105798]: [pid: 105798|app: 0|req: 328/642] 10.222.0.20 () {60 vars in 1377 bytes} [Sat Oct 15 13:30:10 2022] GET /placement/allocations/78bc336a-c0c5-4974-a161-023d12b2e1cc => generated 259 bytes in 33 msecs (HTTP/1.1 200) 8 headers in 296 bytes (2 switches on core 0)
Oct 15 13:30:10.658963 n-d-854653-6 devstack@placement-api.service[105799]: DEBUG placement.requestlog [req-5bea2f94-112d-4bfb-9eac-3d0d50b2caa8 req-a7517ab3-24f8-4f10-a170-e2b50ae69ebc None None] Starting request: 10.222.0.20 "DELETE /placement/allocations/3d3b1a25-ff52-41fd-b8a3-49f1b5c52435" {{(pid=105799) __call__ /opt/stack/placement/placement/requestlog.py:55}}
Oct 15 13:30:10.769556 n-d-854653-6 devstack@placement-api.service[105799]: DEBUG placement.handlers.allocation [req-5bea2f94-112d-4bfb-9eac-3d0d50b2caa8 req-a7517ab3-24f8-4f10-a170-e2b50ae69ebc service placement] Successfully deleted allocations [, , ] {{(pid=105799) delete_allocations /opt/stack/placement/placement/handlers/allocation.py:627}}
Oct 15 13:30:10.770580 n-d-854653-6 devstack@placement-api.service[105799]: INFO placement.requestlog [req-5bea2f94-112d-4bfb-9eac-3d0d50b2caa8 req-a7517ab3-24f8-4f10-a170-e2b50ae69ebc service placement] 10.222.0.20 "DELETE /placement/allocations/3d3b1a25-ff52-41fd-b8a3-49f1b5c52435" status: 204 len: 0 microversion: 1.0
Oct 15 13:30:10.773089 n-d-854653-6 devstack@placement-api.service[105799]: [pid: 105799|app: 0|req: 315/643] 10.222.0.20 () {60 vars in 1355 bytes} [Sat Oct 15 13:30:10 2022] DELETE /placement/allocations/3d3b1a25-ff52-41fd-b8a3-49f1b5c52435 => generated 0 bytes in 114 msecs (HTTP/1.1 204) 5 headers in 198 bytes (1 switches on core 0)
Oct 15 13:30:11.173829 n-d-854653-6 devstack@placement-api.service[105798]: DEBUG placement.requestlog [req-59ef319c-9d6b-4733-94de-4efac573f6b4 req-a64a08f3-b3d2-4b0e-879c-3d7766eadd3a None None] Starting request: 10.222.0.23 "GET /placement/resource_providers/1df7e652-b8ca-4d8e-9c01-7d00dc9aee46/allocations" {{(pid=105798) __call__ /opt/stack/placement/placement/requestlog.py:55}}
Oct 15 13:30:11.223096 n-d-854653-6 devstack@placement-api.service[105798]: INFO placement.requestlog [req-59ef319c-9d6b-4733-94de-4efac573f6b4 req-a64a08f3-b3d2-4b0e-879c-3d7766eadd3a service placement] 10.222.0.23 "GET /placement/resource_providers/1df7e652-b8ca-4d8e-9c01-7d00dc9aee46/allocations" status: 200 len: 962 microversion: 1.0
Oct 15 13:30:11.225307 n-d-854653-6 devstack@placement-api.service[105798]: [pid: 105798|app: 0|req: 329/644] 10.222.0.23 () {58 vars in 1390 bytes} [Sat Oct 15 13:30:11 2022] GET /placement/resource_providers/1df7e652-b8ca-4d8e-9c01-7d00dc9aee46/allocations => generated 962 bytes in 52 msecs (HTTP/1.1 200) 6 headers in 224 bytes (1 switches on core 0)
Oct 15 13:30:11.233821 n-d-854653-6 devstack@placement-api.service[105799]: DEBUG placement.requestlog [req-59ef319c-9d6b-4733-94de-4efac573f6b4 req-6c821e76-f7c2-4d41-bfde-3f8c2b886f33 None None] Starting request: 10.222.0.23 "GET /placement/allocations/07fb61b9-d17e-412e-8aec-5232e6e6d32e" {{(pid=105799) __call__ /opt/stack/placement/placement/requestlog.py:55}}
Oct 15 13:30:11.282660 n-d-854653-6 devstack@placement-api.service[105799]: INFO placement.requestlog [req-59ef319c-9d6b-4733-94de-4efac573f6b4 req-6c821e76-f7c2-4d41-bfde-3f8c2b886f33 service placement] 10.222.0.23 "GET /placement/allocations/07fb61b9-d17e-412e-8aec-5232e6e6d32e" status: 200 len: 259 microversion: 1.28
Oct 15 13:30:11.283288 n-d-854653-6 devstack@placement-api.service[105799]: [pid: 105799|app: 0|req: 316/645] 10.222.0.23 () {60 vars in 1377 bytes} [Sat Oct 15 13:30:11 2022] GET /placement/allocations/07fb61b9-d17e-412e-8aec-5232e6e6d32e => generated 259 bytes in 50 msecs (HTTP/1.1 200) 8 headers in 296 bytes (1 switches on core 0)
Oct 15 13:30:11.299050 n-d-854653-6 devstack@placement-api.service[105798]: DEBUG placement.requestlog [req-59ef319c-9d6b-4733-94de-4efac573f6b4 req-44855b87-cfab-44c8-98f8-792824e11c32 None None] Starting request: 10.222.0.23 "GET /placement/allocations/1bfc3349-9a2f-4c7b-8884-6bf6efce7a4c" {{(pid=105798) __call__ /opt/stack/placement/placement/requestlog.py:55}}
Oct 15 13:30:11.346824 n-d-854653-6 devstack@placement-api.service[105798]: INFO placement.requestlog [req-59ef319c-9d6b-4733-94de-4efac573f6b4 req-44855b87-cfab-44c8-98f8-792824e11c32 service placement] 10.222.0.23 "GET /placement/allocations/1bfc3349-9a2f-4c7b-8884-6bf6efce7a4c" status: 200 len: 259 microversion: 1.28
Oct 15 13:30:11.351182 n-d-854653-6 devstack@placement-api.service[105798]: [pid: 105798|app: 0|req: 330/646] 10.222.0.23 () {60 vars in 1377 bytes} [Sat Oct 15 13:30:11 2022] GET /placement/allocations/1bfc3349-9a2f-4c7b-8884-6bf6efce7a4c => generated 259 bytes in 53 msecs (HTTP/1.1 200) 8 headers in 296 bytes (1 switches on core 0)
Oct 15 13:30:11.361275 n-d-854653-6 devstack@placement-api.service[105799]: DEBUG placement.requestlog [req-59ef319c-9d6b-4733-94de-4efac573f6b4 req-360380c2-476c-4408-8a11-3333942e3e76 None None] Starting request: 10.222.0.23 "GET /placement/allocations/f4e105bf-058f-41d1-ae21-159cb7bbc20c" {{(pid=105799) __call__ /opt/stack/placement/placement/requestlog.py:55}}
Oct 15 13:30:11.392159 n-d-854653-6 devstack@placement-api.service[105799]: INFO placement.requestlog [req-59ef319c-9d6b-4733-94de-4efac573f6b4 req-360380c2-476c-4408-8a11-3333942e3e76 service placement] 10.222.0.23 "GET /placement/allocations/f4e105bf-058f-41d1-ae21-159cb7bbc20c" status: 200 len: 259 microversion: 1.28
Oct 15 13:30:11.393168 n-d-854653-6 devstack@placement-api.service[105799]: [pid: 105799|app: 0|req: 317/647] 10.222.0.23 () {60 vars in 1377 bytes} [Sat Oct 15 13:30:11 2022] GET /placement/allocations/f4e105bf-058f-41d1-ae21-159cb7bbc20c => generated 259 bytes in 34 msecs (HTTP/1.1 200) 8 headers in 296 bytes (1 switches on core 0)
Oct 15 13:30:11.402421 n-d-854653-6 devstack@placement-api.service[105798]: DEBUG placement.requestlog [req-59ef319c-9d6b-4733-94de-4efac573f6b4 req-3daf053e-a786-4959-be6b-0a90af3447a0 None None] Starting request: 10.222.0.23 "GET /placement/allocations/9ae07ac7-e420-4c3d-8682-c5b6a9cb5ce6" {{(pid=105798) __call__ /opt/stack/placement/placement/requestlog.py:55}}
Oct 15 13:30:11.476876 n-d-854653-6 devstack@placement-api.service[105798]: INFO placement.requestlog [req-59ef319c-9d6b-4733-94de-4efac573f6b4 req-3daf053e-a786-4959-be6b-0a90af3447a0 service placement] 10.222.0.23 "GET /placement/allocations/9ae07ac7-e420-4c3d-8682-c5b6a9cb5ce6" status: 200 len: 259 microversion: 1.28
Oct 15 13:30:11.477989 n-d-854653-6 devstack@placement-api.service[105798]: [pid: 105798|app: 0|req: 331/648] 10.222.0.23 () {60 vars in 1377 bytes} [Sat Oct 15 13:30:11 2022] GET /placement/allocations/9ae07ac7-e420-4c3d-8682-c5b6a9cb5ce6 => generated 259 bytes in 76 msecs (HTTP/1.1 200) 8 headers in 296 bytes (1 switches on core 0)
Oct 15 13:30:11.491805 n-d-854653-6 devstack@placement-api.service[105799]: DEBUG placement.requestlog [req-59ef319c-9d6b-4733-94de-4efac573f6b4 req-1469aeed-08c0-4453-bba1-fe04b83fbdb7 None None] Starting request: 10.222.0.23 "GET /placement/allocations/9a712a08-00fa-43b6-98c1-a40d9c32c45b" {{(pid=105799) __call__ /opt/stack/placement/placement/requestlog.py:55}}
Oct 15 13:30:11.534305 n-d-854653-6 devstack@placement-api.service[105799]: INFO placement.requestlog [req-59ef319c-9d6b-4733-94de-4efac573f6b4 req-1469aeed-08c0-4453-bba1-fe04b83fbdb7 service placement] 10.222.0.23 "GET /placement/allocations/9a712a08-00fa-43b6-98c1-a40d9c32c45b" status: 200 len: 259 microversion: 1.28
Oct 15 13:30:11.535363 n-d-854653-6 devstack@placement-api.service[105799]: [pid: 105799|app: 0|req: 318/649] 10.222.0.23 () {60 vars in 1377 bytes} [Sat Oct 15 13:30:11 2022] GET /placement/allocations/9a712a08-00fa-43b6-98c1-a40d9c32c45b => generated 259 bytes in 44 msecs (HTTP/1.1 200) 8 headers in 296 bytes (2 switches on core 0)
Oct 15 13:30:11.544565 n-d-854653-6 devstack@placement-api.service[105798]: DEBUG placement.requestlog [req-59ef319c-9d6b-4733-94de-4efac573f6b4 req-ed97ea7c-3a0d-485e-9f73-bad8cc1700e3 None None] Starting request: 10.222.0.23 "GET /placement/allocations/ac370acf-ecff-4679-ae0d-c58cfea1e30b" {{(pid=105798) __call__ /opt/stack/placement/placement/requestlog.py:55}}
Oct 15 13:30:11.575489 n-d-854653-6 devstack@placement-api.service[105798]: DEBUG dbcounter [-] [105798] Writing DB stats placement:SELECT=82,placement:INSERT=8,placement:DELETE=5,placement:UPDATE=5 {{(pid=105798) stat_writer /usr/local/lib/python3.8/dist-packages/dbcounter.py:114}}
Oct 15 13:30:11.588500 n-d-854653-6 devstack@placement-api.service[105798]: INFO placement.requestlog [req-59ef319c-9d6b-4733-94de-4efac573f6b4 req-ed97ea7c-3a0d-485e-9f73-bad8cc1700e3 service placement] 10.222.0.23 "GET /placement/allocations/ac370acf-ecff-4679-ae0d-c58cfea1e30b" status: 200 len: 259 microversion: 1.28
Oct 15 13:30:11.588500 n-d-854653-6 devstack@placement-api.service[105798]: [pid: 105798|app: 0|req: 332/650] 10.222.0.23 () {60 vars in 1377 bytes} [Sat Oct 15 13:30:11 2022] GET /placement/allocations/ac370acf-ecff-4679-ae0d-c58cfea1e30b => generated 259 bytes in 44 msecs (HTTP/1.1 200) 8 headers in 296 bytes (1 switches on core 0)
Oct 15 13:30:11.595849 n-d-854653-6 devstack@placement-api.service[105799]: DEBUG placement.requestlog [req-59ef319c-9d6b-4733-94de-4efac573f6b4 req-3dd49496-adcc-4db6-bbd9-dc921c03c567 None None] Starting request: 10.222.0.23 "GET /placement/allocations/24515e83-6b1a-4349-bb36-9532ed6fdace" {{(pid=105799) __call__ /opt/stack/placement/placement/requestlog.py:55}}
Oct 15 13:30:11.632136 n-d-854653-6 devstack@placement-api.service[105799]: INFO placement.requestlog [req-59ef319c-9d6b-4733-94de-4efac573f6b4 req-3dd49496-adcc-4db6-bbd9-dc921c03c567 service placement] 10.222.0.23 "GET /placement/allocations/24515e83-6b1a-4349-bb36-9532ed6fdace" status: 200 len: 259 microversion: 1.28
Oct 15 13:30:11.632923 n-d-854653-6 devstack@placement-api.service[105799]: [pid: 105799|app: 0|req: 319/651] 10.222.0.23 () {60 vars in 1377 bytes} [Sat Oct 15 13:30:11 2022] GET /placement/allocations/24515e83-6b1a-4349-bb36-9532ed6fdace => generated 259 bytes in 38 msecs (HTTP/1.1 200) 8 headers in 296 bytes (1 switches on core 0)
Oct 15 13:30:11.641749 n-d-854653-6 devstack@placement-api.service[105798]: DEBUG placement.requestlog [req-59ef319c-9d6b-4733-94de-4efac573f6b4 req-629cb0c6-f89f-4902-8031-96bfb7cd1d55 None None] Starting request: 10.222.0.23 "GET /placement/allocations/eea5d03b-f7d7-4c8e-a27a-85f4c1a901ca" {{(pid=105798) __call__ /opt/stack/placement/placement/requestlog.py:55}}
Oct 15 13:30:11.683923 n-d-854653-6 devstack@placement-api.service[105798]: INFO placement.requestlog [req-59ef319c-9d6b-4733-94de-4efac573f6b4 req-629cb0c6-f89f-4902-8031-96bfb7cd1d55 service placement] 10.222.0.23 "GET /placement/allocations/eea5d03b-f7d7-4c8e-a27a-85f4c1a901ca" status: 200 len: 259 microversion: 1.28
Oct 15 13:30:11.684529 n-d-854653-6 devstack@placement-api.service[105798]: [pid: 105798|app: 0|req: 333/652] 10.222.0.23 () {60 vars in 1377 bytes} [Sat Oct 15 13:30:11 2022] GET /placement/allocations/eea5d03b-f7d7-4c8e-a27a-85f4c1a901ca => generated 259 bytes in 44 msecs (HTTP/1.1 200) 8 headers in 296 bytes (1 switches on core 0)
Oct 15 13:30:11.710279 n-d-854653-6 devstack@placement-api.service[105799]: DEBUG placement.requestlog [req-59ef319c-9d6b-4733-94de-4efac573f6b4 req-7dec8872-ee1c-4b16-a9a4-e18feb3f2b50 None None] Starting request: 10.222.0.23 "GET /placement/allocations/a8442bc7-5910-4358-804c-d13c07cdc7fe" {{(pid=105799) __call__ /opt/stack/placement/placement/requestlog.py:55}}
Oct 15 13:30:11.741765 n-d-854653-6 devstack@placement-api.service[105799]: INFO placement.requestlog [req-59ef319c-9d6b-4733-94de-4efac573f6b4 req-7dec8872-ee1c-4b16-a9a4-e18feb3f2b50 service placement] 10.222.0.23 "GET /placement/allocations/a8442bc7-5910-4358-804c-d13c07cdc7fe" status: 200 len: 259 microversion: 1.28
Oct 15 13:30:11.747594 n-d-854653-6 devstack@placement-api.service[105799]: [pid: 105799|app: 0|req: 320/653] 10.222.0.23 () {60 vars in 1377 bytes} [Sat Oct 15 13:30:11 2022] GET /placement/allocations/a8442bc7-5910-4358-804c-d13c07cdc7fe => generated 259 bytes in 37 msecs (HTTP/1.1 200) 8 headers in 296 bytes (1 switches on core 0)
Oct 15 13:30:12.016598 n-d-854653-6 devstack@placement-api.service[105798]: DEBUG placement.requestlog [req-59ef319c-9d6b-4733-94de-4efac573f6b4 req-02b5b9b7-d0a9-4283-8241-57c7d763f25f None None] Starting request: 10.222.0.23 "DELETE /placement/allocations/ac370acf-ecff-4679-ae0d-c58cfea1e30b" {{(pid=105798) __call__ /opt/stack/placement/placement/requestlog.py:55}}
Oct 15 13:30:12.100115 n-d-854653-6 devstack@placement-api.service[105798]: DEBUG placement.handlers.allocation [req-59ef319c-9d6b-4733-94de-4efac573f6b4 req-02b5b9b7-d0a9-4283-8241-57c7d763f25f service placement] Successfully deleted allocations [, , ] {{(pid=105798) delete_allocations /opt/stack/placement/placement/handlers/allocation.py:627}}
Oct 15 13:30:12.100892 n-d-854653-6 devstack@placement-api.service[105798]: INFO placement.requestlog [req-59ef319c-9d6b-4733-94de-4efac573f6b4 req-02b5b9b7-d0a9-4283-8241-57c7d763f25f service placement] 10.222.0.23 "DELETE /placement/allocations/ac370acf-ecff-4679-ae0d-c58cfea1e30b" status: 204 len: 0 microversion: 1.0
Oct 15 13:30:12.101898 n-d-854653-6 devstack@placement-api.service[105798]: [pid: 105798|app: 0|req: 334/654] 10.222.0.23 () {60 vars in 1355 bytes} [Sat Oct 15 13:30:12 2022] DELETE /placement/allocations/ac370acf-ecff-4679-ae0d-c58cfea1e30b => generated 0 bytes in 87 msecs (HTTP/1.1 204) 5 headers in 198 bytes (2 switches on core 0)
Oct 15 13:30:12.103219 n-d-854653-6 devstack@placement-api.service[105799]: DEBUG placement.requestlog [req-4235de16-9869-40bc-8a7d-75af0823d6b6 req-e4d95b86-5cb9-4be4-bcd4-963f3542c574 None None] Starting request: 10.222.0.16 "GET /placement/allocation_candidates?in_tree=1df7e652-b8ca-4d8e-9c01-7d00dc9aee46&limit=1000&resources=DISK_GB%3A1%2CMEMORY_MB%3A1024%2CVCPU%3A1&root_required=%21COMPUTE_STATUS_DISABLED" {{(pid=105799) __call__ /opt/stack/placement/placement/requestlog.py:55}}
Oct 15 13:30:12.231676 n-d-854653-6 devstack@placement-api.service[105799]: DEBUG placement.objects.research_context [req-4235de16-9869-40bc-8a7d-75af0823d6b6 req-e4d95b86-5cb9-4be4-bcd4-963f3542c574 service placement] Group getting allocation candidates in the same tree with the root provider 1df7e652-b8ca-4d8e-9c01-7d00dc9aee46 {{(pid=105799) __init__ /opt/stack/placement/placement/objects/research_context.py:124}}
Oct 15 13:30:12.239752 n-d-854653-6 devstack@placement-api.service[105799]: DEBUG placement.objects.research_context [req-4235de16-9869-40bc-8a7d-75af0823d6b6 req-e4d95b86-5cb9-4be4-bcd4-963f3542c574 service placement] getting providers with 1 DISK_GB {{(pid=105799) __init__ /opt/stack/placement/placement/objects/research_context.py:136}}
Oct 15 13:30:12.265406 n-d-854653-6 devstack@placement-api.service[105799]: DEBUG placement.objects.research_context [req-4235de16-9869-40bc-8a7d-75af0823d6b6 req-e4d95b86-5cb9-4be4-bcd4-963f3542c574 service placement] getting providers with 1024 MEMORY_MB {{(pid=105799) __init__ /opt/stack/placement/placement/objects/research_context.py:136}}
Oct 15 13:30:12.284923 n-d-854653-6 devstack@placement-api.service[105799]: DEBUG placement.objects.research_context [req-4235de16-9869-40bc-8a7d-75af0823d6b6 req-e4d95b86-5cb9-4be4-bcd4-963f3542c574 service placement] getting providers with 1 VCPU {{(pid=105799) __init__ /opt/stack/placement/placement/objects/research_context.py:136}}
Oct 15 13:30:12.299142 n-d-854653-6 devstack@placement-api.service[105799]: DEBUG placement.objects.research_context [req-4235de16-9869-40bc-8a7d-75af0823d6b6 req-e4d95b86-5cb9-4be4-bcd4-963f3542c574 service placement] found 1 providers with available 1 DISK_GB {{(pid=105799) get_provider_ids_matching /opt/stack/placement/placement/objects/research_context.py:563}}
Oct 15 13:30:12.300017 n-d-854653-6 devstack@placement-api.service[105799]: DEBUG placement.objects.research_context [req-4235de16-9869-40bc-8a7d-75af0823d6b6 req-e4d95b86-5cb9-4be4-bcd4-963f3542c574 service placement] found 1 providers with available 1024 MEMORY_MB {{(pid=105799) get_provider_ids_matching /opt/stack/placement/placement/objects/research_context.py:563}}
Oct 15 13:30:12.300780 n-d-854653-6 devstack@placement-api.service[105799]: DEBUG placement.objects.research_context [req-4235de16-9869-40bc-8a7d-75af0823d6b6 req-e4d95b86-5cb9-4be4-bcd4-963f3542c574 service placement] found 1 providers after filtering by previous result {{(pid=105799) get_provider_ids_matching /opt/stack/placement/placement/objects/research_context.py:594}}
