Oct 15 13:29:03.665251 n-d-854653-6 devstack@placement-api.service[105798]: DEBUG placement.objects.research_context [req-d9c0dc52-17e1-4ea4-bc44-639eb69d09ff req-c32c1a9c-a7b2-4484-ba6c-67d7ac41edee service placement] getting providers with 1024 MEMORY_MB {{(pid=105798) __init__ /opt/stack/placement/placement/objects/research_context.py:136}}
Oct 15 13:29:03.672592 n-d-854653-6 devstack@placement-api.service[105798]: DEBUG placement.objects.research_context [req-d9c0dc52-17e1-4ea4-bc44-639eb69d09ff req-c32c1a9c-a7b2-4484-ba6c-67d7ac41edee service placement] getting providers with 1 VCPU {{(pid=105798) __init__ /opt/stack/placement/placement/objects/research_context.py:136}}
Oct 15 13:29:03.680622 n-d-854653-6 devstack@placement-api.service[105799]: DEBUG placement.objects.research_context [req-e7cae21d-48cd-4bb2-a85f-9e966c36bff8 req-939a7018-4d42-4f19-89b3-ef0febb07736 service placement] found 2 providers with available 1 DISK_GB {{(pid=105799) get_provider_ids_matching /opt/stack/placement/placement/objects/research_context.py:563}}
Oct 15 13:29:03.680739 n-d-854653-6 devstack@placement-api.service[105799]: DEBUG placement.objects.research_context [req-e7cae21d-48cd-4bb2-a85f-9e966c36bff8 req-939a7018-4d42-4f19-89b3-ef0febb07736 service placement] found 2 providers with available 1024 MEMORY_MB {{(pid=105799) get_provider_ids_matching /opt/stack/placement/placement/objects/research_context.py:563}}
Oct 15 13:29:03.682395 n-d-854653-6 devstack@placement-api.service[105799]: DEBUG placement.objects.research_context [req-e7cae21d-48cd-4bb2-a85f-9e966c36bff8 req-939a7018-4d42-4f19-89b3-ef0febb07736 service placement] found 2 providers after filtering by previous result {{(pid=105799) get_provider_ids_matching /opt/stack/placement/placement/objects/research_context.py:594}}
Oct 15 13:29:03.682990 n-d-854653-6 devstack@placement-api.service[105799]: DEBUG placement.objects.research_context [req-e7cae21d-48cd-4bb2-a85f-9e966c36bff8 req-939a7018-4d42-4f19-89b3-ef0febb07736 service placement] found 2 providers with available 1 VCPU {{(pid=105799) get_provider_ids_matching /opt/stack/placement/placement/objects/research_context.py:563}}
Oct 15 13:29:03.683464 n-d-854653-6 devstack@placement-api.service[105799]: DEBUG placement.objects.research_context [req-e7cae21d-48cd-4bb2-a85f-9e966c36bff8 req-939a7018-4d42-4f19-89b3-ef0febb07736 service placement] found 2 providers after filtering by previous result {{(pid=105799) get_provider_ids_matching /opt/stack/placement/placement/objects/research_context.py:594}}
Oct 15 13:29:03.697715 n-d-854653-6 devstack@placement-api.service[105798]: DEBUG placement.objects.research_context [req-d9c0dc52-17e1-4ea4-bc44-639eb69d09ff req-c32c1a9c-a7b2-4484-ba6c-67d7ac41edee service placement] found 2 providers with available 1 DISK_GB {{(pid=105798) get_provider_ids_matching /opt/stack/placement/placement/objects/research_context.py:563}}
Oct 15 13:29:03.698426 n-d-854653-6 devstack@placement-api.service[105798]: DEBUG placement.objects.research_context [req-d9c0dc52-17e1-4ea4-bc44-639eb69d09ff req-c32c1a9c-a7b2-4484-ba6c-67d7ac41edee service placement] found 2 providers with available 1024 MEMORY_MB {{(pid=105798) get_provider_ids_matching /opt/stack/placement/placement/objects/research_context.py:563}}
Oct 15 13:29:03.698913 n-d-854653-6 devstack@placement-api.service[105799]: DEBUG placement.objects.allocation_candidate [req-e7cae21d-48cd-4bb2-a85f-9e966c36bff8 req-939a7018-4d42-4f19-89b3-ef0febb07736 service placement] RequestGroup(use_same_provider=False, resources={DISK_GB:1, MEMORY_MB:1024, VCPU:1}, traits=(), aggregates=[]) (suffix '') returned 2 matches {{(pid=105799) _get_by_requests /opt/stack/placement/placement/objects/allocation_candidate.py:156}}
Oct 15 13:29:03.699122 n-d-854653-6 devstack@placement-api.service[105798]: DEBUG placement.objects.research_context [req-d9c0dc52-17e1-4ea4-bc44-639eb69d09ff req-c32c1a9c-a7b2-4484-ba6c-67d7ac41edee service placement] found 2 providers after filtering by previous result {{(pid=105798) get_provider_ids_matching /opt/stack/placement/placement/objects/research_context.py:594}}
Oct 15 13:29:03.699259 n-d-854653-6 devstack@placement-api.service[105799]: DEBUG placement.objects.allocation_candidate [req-e7cae21d-48cd-4bb2-a85f-9e966c36bff8 req-939a7018-4d42-4f19-89b3-ef0febb07736 service placement] Merging candidates yields 2 allocation requests and 2 provider summaries {{(pid=105799) _merge_candidates /opt/stack/placement/placement/objects/allocation_candidate.py:809}}
Oct 15 13:29:03.699812 n-d-854653-6 devstack@placement-api.service[105798]: DEBUG placement.objects.research_context [req-d9c0dc52-17e1-4ea4-bc44-639eb69d09ff req-c32c1a9c-a7b2-4484-ba6c-67d7ac41edee service placement] found 2 providers with available 1 VCPU {{(pid=105798) get_provider_ids_matching /opt/stack/placement/placement/objects/research_context.py:563}}
Oct 15 13:29:03.700230 n-d-854653-6 devstack@placement-api.service[105798]: DEBUG placement.objects.research_context [req-d9c0dc52-17e1-4ea4-bc44-639eb69d09ff req-c32c1a9c-a7b2-4484-ba6c-67d7ac41edee service placement] found 2 providers after filtering by previous result {{(pid=105798) get_provider_ids_matching /opt/stack/placement/placement/objects/research_context.py:594}}
Oct 15 13:29:03.700991 n-d-854653-6 devstack@placement-api.service[105799]: INFO placement.requestlog [req-e7cae21d-48cd-4bb2-a85f-9e966c36bff8 req-939a7018-4d42-4f19-89b3-ef0febb07736 service placement] 10.222.0.16 "GET /placement/allocation_candidates?limit=1000&resources=DISK_GB%3A1%2CMEMORY_MB%3A1024%2CVCPU%3A1&root_required=%21COMPUTE_STATUS_DISABLED" status: 200 len: 1309 microversion: 1.36
Oct 15 13:29:03.702166 n-d-854653-6 devstack@placement-api.service[105799]: [pid: 105799|app: 0|req: 173/358] 10.222.0.16 () {60 vars in 1506 bytes} [Sat Oct 15 13:29:03 2022] GET /placement/allocation_candidates?limit=1000&resources=DISK_GB%3A1%2CMEMORY_MB%3A1024%2CVCPU%3A1&root_required=%21COMPUTE_STATUS_DISABLED => generated 1309 bytes in 176 msecs (HTTP/1.1 200) 8 headers in 297 bytes (2 switches on core 0)
Oct 15 13:29:03.719866 n-d-854653-6 devstack@placement-api.service[105798]: DEBUG placement.objects.allocation_candidate [req-d9c0dc52-17e1-4ea4-bc44-639eb69d09ff req-c32c1a9c-a7b2-4484-ba6c-67d7ac41edee service placement] RequestGroup(use_same_provider=False, resources={DISK_GB:1, MEMORY_MB:1024, VCPU:1}, traits=(), aggregates=[]) (suffix '') returned 2 matches {{(pid=105798) _get_by_requests /opt/stack/placement/placement/objects/allocation_candidate.py:156}}
Oct 15 13:29:03.720398 n-d-854653-6 devstack@placement-api.service[105798]: DEBUG placement.objects.allocation_candidate [req-d9c0dc52-17e1-4ea4-bc44-639eb69d09ff req-c32c1a9c-a7b2-4484-ba6c-67d7ac41edee service placement] Merging candidates yields 2 allocation requests and 2 provider summaries {{(pid=105798) _merge_candidates /opt/stack/placement/placement/objects/allocation_candidate.py:809}}
Oct 15 13:29:03.723254 n-d-854653-6 devstack@placement-api.service[105798]: INFO placement.requestlog [req-d9c0dc52-17e1-4ea4-bc44-639eb69d09ff req-c32c1a9c-a7b2-4484-ba6c-67d7ac41edee service placement] 10.222.0.16 "GET /placement/allocation_candidates?limit=1000&resources=DISK_GB%3A1%2CMEMORY_MB%3A1024%2CVCPU%3A1&root_required=%21COMPUTE_STATUS_DISABLED" status: 200 len: 1309 microversion: 1.36
Oct 15 13:29:03.736344 n-d-854653-6 devstack@placement-api.service[105798]: [pid: 105798|app: 0|req: 186/359] 10.222.0.16 () {60 vars in 1506 bytes} [Sat Oct 15 13:29:03 2022] GET /placement/allocation_candidates?limit=1000&resources=DISK_GB%3A1%2CMEMORY_MB%3A1024%2CVCPU%3A1&root_required=%21COMPUTE_STATUS_DISABLED => generated 1309 bytes in 178 msecs (HTTP/1.1 200) 8 headers in 297 bytes (2 switches on core 0)
Oct 15 13:29:03.799472 n-d-854653-6 devstack@placement-api.service[105799]: DEBUG placement.requestlog [req-e7cae21d-48cd-4bb2-a85f-9e966c36bff8 req-e292fc5a-d193-46a8-9b4f-a9df6864315c None None] Starting request: 10.222.0.16 "GET /placement/allocations/b136fd06-a55a-4120-8d35-279b16c09735" {{(pid=105799) __call__ /opt/stack/placement/placement/requestlog.py:55}}
Oct 15 13:29:03.812141 n-d-854653-6 devstack@placement-api.service[105798]: DEBUG placement.requestlog [req-d9c0dc52-17e1-4ea4-bc44-639eb69d09ff req-784cbd50-7633-4f40-af9e-92a91f6d8223 None None] Starting request: 10.222.0.16 "GET /placement/allocations/9ec3e43c-01a5-4937-93c1-cf33848372a2" {{(pid=105798) __call__ /opt/stack/placement/placement/requestlog.py:55}}
Oct 15 13:29:03.831586 n-d-854653-6 devstack@placement-api.service[105799]: INFO placement.requestlog [req-e7cae21d-48cd-4bb2-a85f-9e966c36bff8 req-e292fc5a-d193-46a8-9b4f-a9df6864315c service placement] 10.222.0.16 "GET /placement/allocations/b136fd06-a55a-4120-8d35-279b16c09735" status: 200 len: 19 microversion: 1.28
Oct 15 13:29:03.832499 n-d-854653-6 devstack@placement-api.service[105799]: [pid: 105799|app: 0|req: 174/360] 10.222.0.16 () {60 vars in 1380 bytes} [Sat Oct 15 13:29:03 2022] GET /placement/allocations/b136fd06-a55a-4120-8d35-279b16c09735 => generated 19 bytes in 34 msecs (HTTP/1.1 200) 8 headers in 295 bytes (1 switches on core 0)
Oct 15 13:29:03.842067 n-d-854653-6 devstack@placement-api.service[105798]: INFO placement.requestlog [req-d9c0dc52-17e1-4ea4-bc44-639eb69d09ff req-784cbd50-7633-4f40-af9e-92a91f6d8223 service placement] 10.222.0.16 "GET /placement/allocations/9ec3e43c-01a5-4937-93c1-cf33848372a2" status: 200 len: 19 microversion: 1.28
Oct 15 13:29:03.844147 n-d-854653-6 devstack@placement-api.service[105799]: DEBUG placement.requestlog [req-e7cae21d-48cd-4bb2-a85f-9e966c36bff8 req-71fdf60e-053b-40a4-a5e1-b0cb6ccae130 None None] Starting request: 10.222.0.16 "PUT /placement/allocations/b136fd06-a55a-4120-8d35-279b16c09735" {{(pid=105799) __call__ /opt/stack/placement/placement/requestlog.py:55}}
Oct 15 13:29:03.851115 n-d-854653-6 devstack@placement-api.service[105798]: [pid: 105798|app: 0|req: 187/361] 10.222.0.16 () {60 vars in 1380 bytes} [Sat Oct 15 13:29:03 2022] GET /placement/allocations/9ec3e43c-01a5-4937-93c1-cf33848372a2 => generated 19 bytes in 39 msecs (HTTP/1.1 200) 8 headers in 295 bytes (1 switches on core 0)
Oct 15 13:29:03.852101 n-d-854653-6 devstack@placement-api.service[105798]: DEBUG placement.requestlog [req-d9c0dc52-17e1-4ea4-bc44-639eb69d09ff req-ac53479f-2b2a-4608-87a5-14c6026e97c3 None None] Starting request: 10.222.0.16 "PUT /placement/allocations/9ec3e43c-01a5-4937-93c1-cf33848372a2" {{(pid=105798) __call__ /opt/stack/placement/placement/requestlog.py:55}}
Oct 15 13:29:03.944903 n-d-854653-6 devstack@placement-api.service[105798]: DEBUG dbcounter [-] [105798] Writing DB stats placement:SELECT=89,placement:INSERT=7,placement:DELETE=2,placement:UPDATE=2 {{(pid=105798) stat_writer /usr/local/lib/python3.8/dist-packages/dbcounter.py:114}}
Oct 15 13:29:03.995324 n-d-854653-6 devstack@placement-api.service[105799]: DEBUG dbcounter [-] [105799] Writing DB stats placement:DELETE=2,placement:SELECT=94,placement:INSERT=4 {{(pid=105799) stat_writer /usr/local/lib/python3.8/dist-packages/dbcounter.py:114}}
Oct 15 13:29:04.004654 n-d-854653-6 devstack@placement-api.service[105799]: DEBUG placement.handlers.allocation [req-e7cae21d-48cd-4bb2-a85f-9e966c36bff8 req-71fdf60e-053b-40a4-a5e1-b0cb6ccae130 service placement] Successfully wrote allocations [, , ] {{(pid=105799) _update_consumers_and_create_allocations /opt/stack/placement/placement/handlers/allocation.py:462}}
Oct 15 13:29:04.014437 n-d-854653-6 devstack@placement-api.service[105799]: INFO placement.requestlog [req-e7cae21d-48cd-4bb2-a85f-9e966c36bff8 req-71fdf60e-053b-40a4-a5e1-b0cb6ccae130 service placement] 10.222.0.16 "PUT /placement/allocations/b136fd06-a55a-4120-8d35-279b16c09735" status: 204 len: 0 microversion: 1.36
Oct 15 13:29:04.026102 n-d-854653-6 devstack@placement-api.service[105799]: [pid: 105799|app: 0|req: 175/362] 10.222.0.16 () {64 vars in 1433 bytes} [Sat Oct 15 13:29:03 2022] PUT /placement/allocations/b136fd06-a55a-4120-8d35-279b16c09735 => generated 0 bytes in 172 msecs (HTTP/1.1 204) 5 headers in 199 bytes (1 switches on core 0)
Oct 15 13:29:04.028250 n-d-854653-6 devstack@placement-api.service[105798]: DEBUG placement.objects.allocation [req-d9c0dc52-17e1-4ea4-bc44-639eb69d09ff req-ac53479f-2b2a-4608-87a5-14c6026e97c3 service placement] Retrying allocations write on resource provider generation conflict {{(pid=105798) replace_all /opt/stack/placement/placement/objects/allocation.py:509}}
Oct 15 13:29:04.070262 n-d-854653-6 devstack@placement-api.service[105798]: DEBUG placement.handlers.allocation [req-d9c0dc52-17e1-4ea4-bc44-639eb69d09ff req-ac53479f-2b2a-4608-87a5-14c6026e97c3 service placement] Successfully wrote allocations [, , ] {{(pid=105798) _update_consumers_and_create_allocations /opt/stack/placement/placement/handlers/allocation.py:462}}
Oct 15 13:29:04.076251 n-d-854653-6 devstack@placement-api.service[105798]: INFO placement.requestlog [req-d9c0dc52-17e1-4ea4-bc44-639eb69d09ff req-ac53479f-2b2a-4608-87a5-14c6026e97c3 service placement] 10.222.0.16 "PUT /placement/allocations/9ec3e43c-01a5-4937-93c1-cf33848372a2" status: 204 len: 0 microversion: 1.36
Oct 15 13:29:04.077366 n-d-854653-6 devstack@placement-api.service[105798]: [pid: 105798|app: 0|req: 188/363] 10.222.0.16 () {64 vars in 1433 bytes} [Sat Oct 15 13:29:03 2022] PUT /placement/allocations/9ec3e43c-01a5-4937-93c1-cf33848372a2 => generated 0 bytes in 225 msecs (HTTP/1.1 204) 5 headers in 199 bytes (1 switches on core 0)
Oct 15 13:29:04.544011 n-d-854653-6 devstack@placement-api.service[105799]: DEBUG placement.requestlog [req-e7cae21d-48cd-4bb2-a85f-9e966c36bff8 req-70d4e1de-99e9-417d-8627-127b06821593 None None] Starting request: 10.222.0.23 "GET /placement/allocations/b136fd06-a55a-4120-8d35-279b16c09735" {{(pid=105799) __call__ /opt/stack/placement/placement/requestlog.py:55}}
Oct 15 13:29:04.552403 n-d-854653-6 devstack@placement-api.service[105798]: DEBUG placement.requestlog [req-d9c0dc52-17e1-4ea4-bc44-639eb69d09ff req-579c4ec4-3c0d-4e19-a564-ce5568af07e8 None None] Starting request: 10.222.0.23 "GET /placement/allocations/9ec3e43c-01a5-4937-93c1-cf33848372a2" {{(pid=105798) __call__ /opt/stack/placement/placement/requestlog.py:55}}
Oct 15 13:29:04.573030 n-d-854653-6 devstack@placement-api.service[105798]: INFO placement.requestlog [req-d9c0dc52-17e1-4ea4-bc44-639eb69d09ff req-579c4ec4-3c0d-4e19-a564-ce5568af07e8 service placement] 10.222.0.23 "GET /placement/allocations/9ec3e43c-01a5-4937-93c1-cf33848372a2" status: 200 len: 259 microversion: 1.28
Oct 15 13:29:04.574934 n-d-854653-6 devstack@placement-api.service[105798]: [pid: 105798|app: 0|req: 189/364] 10.222.0.23 () {60 vars in 1377 bytes} [Sat Oct 15 13:29:04 2022] GET /placement/allocations/9ec3e43c-01a5-4937-93c1-cf33848372a2 => generated 259 bytes in 23 msecs (HTTP/1.1 200) 8 headers in 296 bytes (1 switches on core 0)
Oct 15 13:29:04.576761 n-d-854653-6 devstack@placement-api.service[105799]: INFO placement.requestlog [req-e7cae21d-48cd-4bb2-a85f-9e966c36bff8 req-70d4e1de-99e9-417d-8627-127b06821593 service placement] 10.222.0.23 "GET /placement/allocations/b136fd06-a55a-4120-8d35-279b16c09735" status: 200 len: 259 microversion: 1.28
Oct 15 13:29:04.577590 n-d-854653-6 devstack@placement-api.service[105799]: [pid: 105799|app: 0|req: 176/365] 10.222.0.23 () {60 vars in 1377 bytes} [Sat Oct 15 13:29:04 2022] GET /placement/allocations/b136fd06-a55a-4120-8d35-279b16c09735 => generated 259 bytes in 34 msecs (HTTP/1.1 200) 8 headers in 296 bytes (1 switches on core 0)
Oct 15 13:29:04.707805 n-d-854653-6 devstack@placement-api.service[105798]: DEBUG placement.requestlog [req-d9c0dc52-17e1-4ea4-bc44-639eb69d09ff req-dd33a5a4-d51b-49e9-95c3-5c68fe9f427a None None] Starting request: 10.222.0.23 "GET /placement/resource_providers/1df7e652-b8ca-4d8e-9c01-7d00dc9aee46/allocations" {{(pid=105798) __call__ /opt/stack/placement/placement/requestlog.py:55}}
Oct 15 13:29:04.757524 n-d-854653-6 devstack@placement-api.service[105798]: INFO placement.requestlog [req-d9c0dc52-17e1-4ea4-bc44-639eb69d09ff req-dd33a5a4-d51b-49e9-95c3-5c68fe9f427a service placement] 10.222.0.23 "GET /placement/resource_providers/1df7e652-b8ca-4d8e-9c01-7d00dc9aee46/allocations" status: 200 len: 962 microversion: 1.0
Oct 15 13:29:04.758306 n-d-854653-6 devstack@placement-api.service[105798]: [pid: 105798|app: 0|req: 190/366] 10.222.0.23 () {58 vars in 1390 bytes} [Sat Oct 15 13:29:04 2022] GET /placement/resource_providers/1df7e652-b8ca-4d8e-9c01-7d00dc9aee46/allocations => generated 962 bytes in 51 msecs (HTTP/1.1 200) 6 headers in 224 bytes (1 switches on core 0)
Oct 15 13:29:05.847878 n-d-854653-6 devstack@placement-api.service[105799]: DEBUG placement.requestlog [req-d9c0dc52-17e1-4ea4-bc44-639eb69d09ff req-8c8ca727-6eed-4e99-97fd-e6eed6737ca4 None None] Starting request: 10.222.0.23 "GET /placement/allocations/07fb61b9-d17e-412e-8aec-5232e6e6d32e" {{(pid=105799) __call__ /opt/stack/placement/placement/requestlog.py:55}}
Oct 15 13:29:05.867069 n-d-854653-6 devstack@placement-api.service[105799]: INFO placement.requestlog [req-d9c0dc52-17e1-4ea4-bc44-639eb69d09ff req-8c8ca727-6eed-4e99-97fd-e6eed6737ca4 service placement] 10.222.0.23 "GET /placement/allocations/07fb61b9-d17e-412e-8aec-5232e6e6d32e" status: 200 len: 259 microversion: 1.28
Oct 15 13:29:05.867767 n-d-854653-6 devstack@placement-api.service[105799]: [pid: 105799|app: 0|req: 177/367] 10.222.0.23 () {60 vars in 1377 bytes} [Sat Oct 15 13:29:05 2022] GET /placement/allocations/07fb61b9-d17e-412e-8aec-5232e6e6d32e => generated 259 bytes in 20 msecs (HTTP/1.1 200) 8 headers in 296 bytes (1 switches on core 0)
Oct 15 13:29:05.875301 n-d-854653-6 devstack@placement-api.service[105798]: DEBUG placement.requestlog [req-d9c0dc52-17e1-4ea4-bc44-639eb69d09ff req-c8d4c8ae-15d7-48dd-9386-d994274c61de None None] Starting request: 10.222.0.23 "GET /placement/allocations/1bfc3349-9a2f-4c7b-8884-6bf6efce7a4c" {{(pid=105798) __call__ /opt/stack/placement/placement/requestlog.py:55}}
Oct 15 13:29:05.893457 n-d-854653-6 devstack@placement-api.service[105798]: INFO placement.requestlog [req-d9c0dc52-17e1-4ea4-bc44-639eb69d09ff req-c8d4c8ae-15d7-48dd-9386-d994274c61de service placement] 10.222.0.23 "GET /placement/allocations/1bfc3349-9a2f-4c7b-8884-6bf6efce7a4c" status: 200 len: 259 microversion: 1.28
Oct 15 13:29:05.894324 n-d-854653-6 devstack@placement-api.service[105798]: [pid: 105798|app: 0|req: 191/368] 10.222.0.23 () {60 vars in 1377 bytes} [Sat Oct 15 13:29:05 2022] GET /placement/allocations/1bfc3349-9a2f-4c7b-8884-6bf6efce7a4c => generated 259 bytes in 19 msecs (HTTP/1.1 200) 8 headers in 296 bytes (1 switches on core 0)
Oct 15 13:29:05.918031 n-d-854653-6 devstack@placement-api.service[105799]: DEBUG placement.requestlog [req-d9c0dc52-17e1-4ea4-bc44-639eb69d09ff req-c4cbe3fc-e185-4200-b75a-59b6ba2d1fb9 None None] Starting request: 10.222.0.23 "GET /placement/allocations/ac370acf-ecff-4679-ae0d-c58cfea1e30b" {{(pid=105799) __call__ /opt/stack/placement/placement/requestlog.py:55}}
Oct 15 13:29:05.944121 n-d-854653-6 devstack@placement-api.service[105799]: INFO placement.requestlog [req-d9c0dc52-17e1-4ea4-bc44-639eb69d09ff req-c4cbe3fc-e185-4200-b75a-59b6ba2d1fb9 service placement] 10.222.0.23 "GET /placement/allocations/ac370acf-ecff-4679-ae0d-c58cfea1e30b" status: 200 len: 259 microversion: 1.28
Oct 15 13:29:05.944633 n-d-854653-6 devstack@placement-api.service[105799]: [pid: 105799|app: 0|req: 178/369] 10.222.0.23 () {60 vars in 1377 bytes} [Sat Oct 15 13:29:05 2022] GET /placement/allocations/ac370acf-ecff-4679-ae0d-c58cfea1e30b => generated 259 bytes in 27 msecs (HTTP/1.1 200) 8 headers in 296 bytes (2 switches on core 0)
Oct 15 13:29:05.952576 n-d-854653-6 devstack@placement-api.service[105798]: DEBUG placement.requestlog [req-d9c0dc52-17e1-4ea4-bc44-639eb69d09ff req-4034530a-05af-4b80-9d7e-da406fe71130 None None] Starting request: 10.222.0.23 "GET /placement/allocations/24515e83-6b1a-4349-bb36-9532ed6fdace" {{(pid=105798) __call__ /opt/stack/placement/placement/requestlog.py:55}}
Oct 15 13:29:05.967965 n-d-854653-6 devstack@placement-api.service[105798]: INFO placement.requestlog [req-d9c0dc52-17e1-4ea4-bc44-639eb69d09ff req-4034530a-05af-4b80-9d7e-da406fe71130 service placement] 10.222.0.23 "GET /placement/allocations/24515e83-6b1a-4349-bb36-9532ed6fdace" status: 200 len: 259 microversion: 1.28
Oct 15 13:29:05.968836 n-d-854653-6 devstack@placement-api.service[105798]: [pid: 105798|app: 0|req: 192/370] 10.222.0.23 () {60 vars in 1377 bytes} [Sat Oct 15 13:29:05 2022] GET /placement/allocations/24515e83-6b1a-4349-bb36-9532ed6fdace => generated 259 bytes in 17 msecs (HTTP/1.1 200) 8 headers in 296 bytes (1 switches on core 0)
Oct 15 13:29:05.976935 n-d-854653-6 devstack@placement-api.service[105799]: DEBUG placement.requestlog [req-d9c0dc52-17e1-4ea4-bc44-639eb69d09ff req-ac3ef541-d9ae-4f8d-88f2-172ec90be66d None None] Starting request: 10.222.0.23 "GET /placement/allocations/b136fd06-a55a-4120-8d35-279b16c09735" {{(pid=105799) __call__ /opt/stack/placement/placement/requestlog.py:55}}
Oct 15 13:29:05.994672 n-d-854653-6 devstack@placement-api.service[105799]: INFO placement.requestlog [req-d9c0dc52-17e1-4ea4-bc44-639eb69d09ff req-ac3ef541-d9ae-4f8d-88f2-172ec90be66d service placement] 10.222.0.23 "GET /placement/allocations/b136fd06-a55a-4120-8d35-279b16c09735" status: 200 len: 259 microversion: 1.28
Oct 15 13:29:05.995417 n-d-854653-6 devstack@placement-api.service[105799]: [pid: 105799|app: 0|req: 179/371] 10.222.0.23 () {60 vars in 1377 bytes} [Sat Oct 15 13:29:05 2022] GET /placement/allocations/b136fd06-a55a-4120-8d35-279b16c09735 => generated 259 bytes in 19 msecs (HTTP/1.1 200) 8 headers in 296 bytes (1 switches on core 0)
Oct 15 13:29:06.001893 n-d-854653-6 devstack@placement-api.service[105798]: DEBUG placement.requestlog [req-d9c0dc52-17e1-4ea4-bc44-639eb69d09ff req-47d1d8fe-8919-4c6b-8eb3-7e386f61e6c4 None None] Starting request: 10.222.0.23 "GET /placement/allocations/9ec3e43c-01a5-4937-93c1-cf33848372a2" {{(pid=105798) __call__ /opt/stack/placement/placement/requestlog.py:55}}
Oct 15 13:29:06.024400 n-d-854653-6 devstack@placement-api.service[105798]: INFO placement.requestlog [req-d9c0dc52-17e1-4ea4-bc44-639eb69d09ff req-47d1d8fe-8919-4c6b-8eb3-7e386f61e6c4 service placement] 10.222.0.23 "GET /placement/allocations/9ec3e43c-01a5-4937-93c1-cf33848372a2" status: 200 len: 259 microversion: 1.28
Oct 15 13:29:06.025185 n-d-854653-6 devstack@placement-api.service[105798]: [pid: 105798|app: 0|req: 193/372] 10.222.0.23 () {60 vars in 1377 bytes} [Sat Oct 15 13:29:06 2022] GET /placement/allocations/9ec3e43c-01a5-4937-93c1-cf33848372a2 => generated 259 bytes in 23 msecs (HTTP/1.1 200) 8 headers in 296 bytes (2 switches on core 0)
Oct 15 13:29:06.031777 n-d-854653-6 devstack@placement-api.service[105799]: DEBUG placement.requestlog [req-d9c0dc52-17e1-4ea4-bc44-639eb69d09ff req-8bbff896-8af0-4f5e-b9d0-10d65d2eb93f None None] Starting request: 10.222.0.23 "GET /placement/allocations/977e106e-a89b-4aed-bf08-4dd986b9a8fa" {{(pid=105799) __call__ /opt/stack/placement/placement/requestlog.py:55}}
Oct 15 13:29:06.066529 n-d-854653-6 devstack@placement-api.service[105799]: INFO placement.requestlog [req-d9c0dc52-17e1-4ea4-bc44-639eb69d09ff req-8bbff896-8af0-4f5e-b9d0-10d65d2eb93f service placement] 10.222.0.23 "GET /placement/allocations/977e106e-a89b-4aed-bf08-4dd986b9a8fa" status: 200 len: 259 microversion: 1.28
Oct 15 13:29:06.067645 n-d-854653-6 devstack@placement-api.service[105799]: [pid: 105799|app: 0|req: 180/373] 10.222.0.23 () {60 vars in 1377 bytes} [Sat Oct 15 13:29:06 2022] GET /placement/allocations/977e106e-a89b-4aed-bf08-4dd986b9a8fa => generated 259 bytes in 36 msecs (HTTP/1.1 200) 8 headers in 296 bytes (1 switches on core 0)
Oct 15 13:29:06.074888 n-d-854653-6 devstack@placement-api.service[105798]: DEBUG placement.requestlog [req-d9c0dc52-17e1-4ea4-bc44-639eb69d09ff req-36f4adbe-72e1-40b6-873f-f6a76f10a590 None None] Starting request: 10.222.0.23 "GET /placement/allocations/cc9b8e3a-4845-4a1f-bbe9-6f7e14d8a039" {{(pid=105798) __call__ /opt/stack/placement/placement/requestlog.py:55}}
Oct 15 13:29:06.091921 n-d-854653-6 devstack@placement-api.service[105798]: INFO placement.requestlog [req-d9c0dc52-17e1-4ea4-bc44-639eb69d09ff req-36f4adbe-72e1-40b6-873f-f6a76f10a590 service placement] 10.222.0.23 "GET /placement/allocations/cc9b8e3a-4845-4a1f-bbe9-6f7e14d8a039" status: 200 len: 259 microversion: 1.28
Oct 15 13:29:06.092706 n-d-854653-6 devstack@placement-api.service[105798]: [pid: 105798|app: 0|req: 194/374] 10.222.0.23 () {60 vars in 1377 bytes} [Sat Oct 15 13:29:06 2022] GET /placement/allocations/cc9b8e3a-4845-4a1f-bbe9-6f7e14d8a039 => generated 259 bytes in 18 msecs (HTTP/1.1 200) 8 headers in 296 bytes (1 switches on core 0)
Oct 15 13:29:06.302627 n-d-854653-6 devstack@placement-api.service[105799]: DEBUG placement.requestlog [req-d9c0dc52-17e1-4ea4-bc44-639eb69d09ff req-8baaa081-4309-4108-a8a1-ba4c783940d4 None None] Starting request: 10.222.0.23 "GET /placement/allocations/a8442bc7-5910-4358-804c-d13c07cdc7fe" {{(pid=105799) __call__ /opt/stack/placement/placement/requestlog.py:55}}
Oct 15 13:29:06.319945 n-d-854653-6 devstack@placement-api.service[105799]: INFO placement.requestlog [req-d9c0dc52-17e1-4ea4-bc44-639eb69d09ff req-8baaa081-4309-4108-a8a1-ba4c783940d4 service placement] 10.222.0.23 "GET /placement/allocations/a8442bc7-5910-4358-804c-d13c07cdc7fe" status: 200 len: 259 microversion: 1.28
Oct 15 13:29:06.320963 n-d-854653-6 devstack@placement-api.service[105799]: [pid: 105799|app: 0|req: 181/375] 10.222.0.23 () {60 vars in 1377 bytes} [Sat Oct 15 13:29:06 2022] GET /placement/allocations/a8442bc7-5910-4358-804c-d13c07cdc7fe => generated 259 bytes in 19 msecs (HTTP/1.1 200) 8 headers in 296 bytes (1 switches on core 0)
Oct 15 13:29:07.230095 n-d-854653-6 devstack@placement-api.service[105798]: DEBUG placement.requestlog [req-e7cae21d-48cd-4bb2-a85f-9e966c36bff8 req-f75d6059-17fc-4e8c-8c8e-9ad460132994 None None] Starting request: 10.222.0.23 "GET /placement/resource_providers/1df7e652-b8ca-4d8e-9c01-7d00dc9aee46/allocations" {{(pid=105798) __call__ /opt/stack/placement/placement/requestlog.py:55}}
Oct 15 13:29:07.280429 n-d-854653-6 devstack@placement-api.service[105798]: INFO placement.requestlog [req-e7cae21d-48cd-4bb2-a85f-9e966c36bff8 req-f75d6059-17fc-4e8c-8c8e-9ad460132994 service placement] 10.222.0.23 "GET /placement/resource_providers/1df7e652-b8ca-4d8e-9c01-7d00dc9aee46/allocations" status: 200 len: 962 microversion: 1.0
Oct 15 13:29:07.281233 n-d-854653-6 devstack@placement-api.service[105798]: [pid: 105798|app: 0|req: 195/376] 10.222.0.23 () {58 vars in 1390 bytes} [Sat Oct 15 13:29:07 2022] GET /placement/resource_providers/1df7e652-b8ca-4d8e-9c01-7d00dc9aee46/allocations => generated 962 bytes in 51 msecs (HTTP/1.1 200) 6 headers in 224 bytes (2 switches on core 0)
Oct 15 13:29:07.309683 n-d-854653-6 devstack@placement-api.service[105799]: DEBUG placement.requestlog [req-e7cae21d-48cd-4bb2-a85f-9e966c36bff8 req-667cc4bd-cb91-41d6-a266-0664e0ae7b82 None None] Starting request: 10.222.0.23 "GET /placement/allocations/07fb61b9-d17e-412e-8aec-5232e6e6d32e" {{(pid=105799) __call__ /opt/stack/placement/placement/requestlog.py:55}}
Oct 15 13:29:07.346807 n-d-854653-6 devstack@placement-api.service[105799]: INFO placement.requestlog [req-e7cae21d-48cd-4bb2-a85f-9e966c36bff8 req-667cc4bd-cb91-41d6-a266-0664e0ae7b82 service placement] 10.222.0.23 "GET /placement/allocations/07fb61b9-d17e-412e-8aec-5232e6e6d32e" status: 200 len: 259 microversion: 1.28
Oct 15 13:29:07.347235 n-d-854653-6 devstack@placement-api.service[105799]: [pid: 105799|app: 0|req: 182/377] 10.222.0.23 () {60 vars in 1377 bytes} [Sat Oct 15 13:29:07 2022] GET /placement/allocations/07fb61b9-d17e-412e-8aec-5232e6e6d32e => generated 259 bytes in 38 msecs (HTTP/1.1 200) 8 headers in 296 bytes (1 switches on core 0)
Oct 15 13:29:07.535653 n-d-854653-6 devstack@placement-api.service[105798]: DEBUG placement.requestlog [req-e7cae21d-48cd-4bb2-a85f-9e966c36bff8 req-fa7ac153-76a4-4c62-8c25-53d7fbd6994b None None] Starting request: 10.222.0.23 "GET /placement/allocations/1bfc3349-9a2f-4c7b-8884-6bf6efce7a4c" {{(pid=105798) __call__ /opt/stack/placement/placement/requestlog.py:55}}
Oct 15 13:29:07.551314 n-d-854653-6 devstack@placement-api.service[105798]: INFO placement.requestlog [req-e7cae21d-48cd-4bb2-a85f-9e966c36bff8 req-fa7ac153-76a4-4c62-8c25-53d7fbd6994b service placement] 10.222.0.23 "GET /placement/allocations/1bfc3349-9a2f-4c7b-8884-6bf6efce7a4c" status: 200 len: 259 microversion: 1.28
Oct 15 13:29:07.552050 n-d-854653-6 devstack@placement-api.service[105798]: [pid: 105798|app: 0|req: 196/378] 10.222.0.23 () {60 vars in 1377 bytes} [Sat Oct 15 13:29:07 2022] GET /placement/allocations/1bfc3349-9a2f-4c7b-8884-6bf6efce7a4c => generated 259 bytes in 16 msecs (HTTP/1.1 200) 8 headers in 296 bytes (1 switches on core 0)
Oct 15 13:29:07.563570 n-d-854653-6 devstack@placement-api.service[105799]: DEBUG placement.requestlog [req-e7cae21d-48cd-4bb2-a85f-9e966c36bff8 req-e816b362-3a5d-450f-a93f-038c109b5857 None None] Starting request: 10.222.0.23 "GET /placement/allocations/ac370acf-ecff-4679-ae0d-c58cfea1e30b" {{(pid=105799) __call__ /opt/stack/placement/placement/requestlog.py:55}}
Oct 15 13:29:07.579635 n-d-854653-6 devstack@placement-api.service[105799]: INFO placement.requestlog [req-e7cae21d-48cd-4bb2-a85f-9e966c36bff8 req-e816b362-3a5d-450f-a93f-038c109b5857 service placement] 10.222.0.23 "GET /placement/allocations/ac370acf-ecff-4679-ae0d-c58cfea1e30b" status: 200 len: 259 microversion: 1.28
Oct 15 13:29:07.580012 n-d-854653-6 devstack@placement-api.service[105799]: [pid: 105799|app: 0|req: 183/379] 10.222.0.23 () {60 vars in 1377 bytes} [Sat Oct 15 13:29:07 2022] GET /placement/allocations/ac370acf-ecff-4679-ae0d-c58cfea1e30b => generated 259 bytes in 17 msecs (HTTP/1.1 200) 8 headers in 296 bytes (1 switches on core 0)
Oct 15 13:29:07.597145 n-d-854653-6 devstack@placement-api.service[105798]: DEBUG placement.requestlog [req-e7cae21d-48cd-4bb2-a85f-9e966c36bff8 req-a5429dc5-0420-45d7-826e-386432783c3c None None] Starting request: 10.222.0.23 "GET /placement/allocations/24515e83-6b1a-4349-bb36-9532ed6fdace" {{(pid=105798) __call__ /opt/stack/placement/placement/requestlog.py:55}}
Oct 15 13:29:07.613552 n-d-854653-6 devstack@placement-api.service[105798]: INFO placement.requestlog [req-e7cae21d-48cd-4bb2-a85f-9e966c36bff8 req-a5429dc5-0420-45d7-826e-386432783c3c service placement] 10.222.0.23 "GET /placement/allocations/24515e83-6b1a-4349-bb36-9532ed6fdace" status: 200 len: 259 microversion: 1.28
Oct 15 13:29:07.613904 n-d-854653-6 devstack@placement-api.service[105798]: [pid: 105798|app: 0|req: 197/380] 10.222.0.23 () {60 vars in 1377 bytes} [Sat Oct 15 13:29:07 2022] GET /placement/allocations/24515e83-6b1a-4349-bb36-9532ed6fdace => generated 259 bytes in 17 msecs (HTTP/1.1 200) 8 headers in 296 bytes (2 switches on core 0)
Oct 15 13:29:07.624258 n-d-854653-6 devstack@placement-api.service[105799]: DEBUG placement.requestlog [req-e7cae21d-48cd-4bb2-a85f-9e966c36bff8 req-c8f12e4a-1c86-4ca2-b1ce-9c3dd05ff8f9 None None] Starting request: 10.222.0.23 "GET /placement/allocations/b136fd06-a55a-4120-8d35-279b16c09735" {{(pid=105799) __call__ /opt/stack/placement/placement/requestlog.py:55}}
Oct 15 13:29:07.640159 n-d-854653-6 devstack@placement-api.service[105799]: INFO placement.requestlog [req-e7cae21d-48cd-4bb2-a85f-9e966c36bff8 req-c8f12e4a-1c86-4ca2-b1ce-9c3dd05ff8f9 service placement] 10.222.0.23 "GET /placement/allocations/b136fd06-a55a-4120-8d35-279b16c09735" status: 200 len: 259 microversion: 1.28
Oct 15 13:29:07.640521 n-d-854653-6 devstack@placement-api.service[105799]: [pid: 105799|app: 0|req: 184/381] 10.222.0.23 () {60 vars in 1377 bytes} [Sat Oct 15 13:29:07 2022] GET /placement/allocations/b136fd06-a55a-4120-8d35-279b16c09735 => generated 259 bytes in 17 msecs (HTTP/1.1 200) 8 headers in 296 bytes (1 switches on core 0)
Oct 15 13:29:08.676128 n-d-854653-6 devstack@placement-api.service[105798]: DEBUG placement.requestlog [req-e7cae21d-48cd-4bb2-a85f-9e966c36bff8 req-b1d64c82-a225-4693-aa1a-45ad06a96eff None None] Starting request: 10.222.0.23 "GET /placement/allocations/9ec3e43c-01a5-4937-93c1-cf33848372a2" {{(pid=105798) __call__ /opt/stack/placement/placement/requestlog.py:55}}
Oct 15 13:29:08.698600 n-d-854653-6 devstack@placement-api.service[105798]: INFO placement.requestlog [req-e7cae21d-48cd-4bb2-a85f-9e966c36bff8 req-b1d64c82-a225-4693-aa1a-45ad06a96eff service placement] 10.222.0.23 "GET /placement/allocations/9ec3e43c-01a5-4937-93c1-cf33848372a2" status: 200 len: 259 microversion: 1.28
Oct 15 13:29:08.699290 n-d-854653-6 devstack@placement-api.service[105798]: [pid: 105798|app: 0|req: 198/382] 10.222.0.23 () {60 vars in 1377 bytes} [Sat Oct 15 13:29:08 2022] GET /placement/allocations/9ec3e43c-01a5-4937-93c1-cf33848372a2 => generated 259 bytes in 23 msecs (HTTP/1.1 200) 8 headers in 296 bytes (1 switches on core 0)
Oct 15 13:29:08.706420 n-d-854653-6 devstack@placement-api.service[105799]: DEBUG placement.requestlog [req-e7cae21d-48cd-4bb2-a85f-9e966c36bff8 req-ca387907-0846-4198-b99e-ee53893d633f None None] Starting request: 10.222.0.23 "GET /placement/allocations/977e106e-a89b-4aed-bf08-4dd986b9a8fa" {{(pid=105799) __call__ /opt/stack/placement/placement/requestlog.py:55}}
Oct 15 13:29:08.729183 n-d-854653-6 devstack@placement-api.service[105799]: INFO placement.requestlog [req-e7cae21d-48cd-4bb2-a85f-9e966c36bff8 req-ca387907-0846-4198-b99e-ee53893d633f service placement] 10.222.0.23 "GET /placement/allocations/977e106e-a89b-4aed-bf08-4dd986b9a8fa" status: 200 len: 259 microversion: 1.28
Oct 15 13:29:08.729960 n-d-854653-6 devstack@placement-api.service[105799]: [pid: 105799|app: 0|req: 185/383] 10.222.0.23 () {60 vars in 1377 bytes} [Sat Oct 15 13:29:08 2022] GET /placement/allocations/977e106e-a89b-4aed-bf08-4dd986b9a8fa => generated 259 bytes in 24 msecs (HTTP/1.1 200) 8 headers in 296 bytes (1 switches on core 0)
Oct 15 13:29:08.738232 n-d-854653-6 devstack@placement-api.service[105798]: DEBUG placement.requestlog [req-e7cae21d-48cd-4bb2-a85f-9e966c36bff8 req-5c2e545a-755b-408e-ba08-a9a529a73cbd None None] Starting request: 10.222.0.23 "GET /placement/allocations/cc9b8e3a-4845-4a1f-bbe9-6f7e14d8a039" {{(pid=105798) __call__ /opt/stack/placement/placement/requestlog.py:55}}
Oct 15 13:29:08.761983 n-d-854653-6 devstack@placement-api.service[105798]: INFO placement.requestlog [req-e7cae21d-48cd-4bb2-a85f-9e966c36bff8 req-5c2e545a-755b-408e-ba08-a9a529a73cbd service placement] 10.222.0.23 "GET /placement/allocations/cc9b8e3a-4845-4a1f-bbe9-6f7e14d8a039" status: 200 len: 259 microversion: 1.28
Oct 15 13:29:08.762960 n-d-854653-6 devstack@placement-api.service[105798]: [pid: 105798|app: 0|req: 199/384] 10.222.0.23 () {60 vars in 1377 bytes} [Sat Oct 15 13:29:08 2022] GET /placement/allocations/cc9b8e3a-4845-4a1f-bbe9-6f7e14d8a039 => generated 259 bytes in 25 msecs (HTTP/1.1 200) 8 headers in 296 bytes (1 switches on core 0)
Oct 15 13:29:08.769412 n-d-854653-6 devstack@placement-api.service[105799]: DEBUG placement.requestlog [req-e7cae21d-48cd-4bb2-a85f-9e966c36bff8 req-ee35521c-8a0b-411c-88e4-3804a52a5927 None None] Starting request: 10.222.0.23 "GET /placement/allocations/a8442bc7-5910-4358-804c-d13c07cdc7fe" {{(pid=105799) __call__ /opt/stack/placement/placement/requestlog.py:55}}
Oct 15 13:29:08.787939 n-d-854653-6 devstack@placement-api.service[105799]: INFO placement.requestlog [req-e7cae21d-48cd-4bb2-a85f-9e966c36bff8 req-ee35521c-8a0b-411c-88e4-3804a52a5927 service placement] 10.222.0.23 "GET /placement/allocations/a8442bc7-5910-4358-804c-d13c07cdc7fe" status: 200 len: 259 microversion: 1.28
Oct 15 13:29:08.788846 n-d-854653-6 devstack@placement-api.service[105799]: [pid: 105799|app: 0|req: 186/385] 10.222.0.23 () {60 vars in 1377 bytes} [Sat Oct 15 13:29:08 2022] GET /placement/allocations/a8442bc7-5910-4358-804c-d13c07cdc7fe => generated 259 bytes in 20 msecs (HTTP/1.1 200) 8 headers in 296 bytes (1 switches on core 0)
Oct 15 13:29:09.521199 n-d-854653-6 devstack@placement-api.service[105798]: DEBUG placement.requestlog [req-df99cf5e-d966-4f39-8c50-ff741c782b95 req-6aaa738d-4dd9-4177-b7cb-97976c70c04c None None] Starting request: 10.222.0.16 "GET /placement/allocation_candidates?resources=DISK_GB%3A1%2CMEMORY_MB%3A1024%2CVCPU%3A1&root_required=%21COMPUTE_STATUS_DISABLED" {{(pid=105798) __call__ /opt/stack/placement/placement/requestlog.py:55}}
Oct 15 13:29:09.578387 n-d-854653-6 devstack@placement-api.service[105798]: DEBUG placement.objects.research_context [req-df99cf5e-d966-4f39-8c50-ff741c782b95 req-6aaa738d-4dd9-4177-b7cb-97976c70c04c service placement] getting providers with 1 DISK_GB {{(pid=105798) __init__ /opt/stack/placement/placement/objects/research_context.py:136}}
Oct 15 13:29:09.584233 n-d-854653-6 devstack@placement-api.service[105798]: DEBUG placement.objects.research_context [req-df99cf5e-d966-4f39-8c50-ff741c782b95 req-6aaa738d-4dd9-4177-b7cb-97976c70c04c service placement] getting providers with 1024 MEMORY_MB {{(pid=105798) __init__ /opt/stack/placement/placement/objects/research_context.py:136}}
Oct 15 13:29:09.589726 n-d-854653-6 devstack@placement-api.service[105798]: DEBUG placement.objects.research_context [req-df99cf5e-d966-4f39-8c50-ff741c782b95 req-6aaa738d-4dd9-4177-b7cb-97976c70c04c service placement] getting providers with 1 VCPU {{(pid=105798) __init__ /opt/stack/placement/placement/objects/research_context.py:136}}
Oct 15 13:29:09.594960 n-d-854653-6 devstack@placement-api.service[105798]: DEBUG placement.objects.research_context [req-df99cf5e-d966-4f39-8c50-ff741c782b95 req-6aaa738d-4dd9-4177-b7cb-97976c70c04c service placement] found 2 providers with available 1 DISK_GB {{(pid=105798) get_provider_ids_matching /opt/stack/placement/placement/objects/research_context.py:563}}
Oct 15 13:29:09.595242 n-d-854653-6 devstack@placement-api.service[105798]: DEBUG placement.objects.research_context [req-df99cf5e-d966-4f39-8c50-ff741c782b95 req-6aaa738d-4dd9-4177-b7cb-97976c70c04c service placement] found 2 providers with available 1024 MEMORY_MB {{(pid=105798) get_provider_ids_matching /opt/stack/placement/placement/objects/research_context.py:563}}
Oct 15 13:29:09.595515 n-d-854653-6 devstack@placement-api.service[105798]: DEBUG placement.objects.research_context [req-df99cf5e-d966-4f39-8c50-ff741c782b95 req-6aaa738d-4dd9-4177-b7cb-97976c70c04c service placement] found 2 providers after filtering by previous result {{(pid=105798) get_provider_ids_matching /opt/stack/placement/placement/objects/research_context.py:594}}
Oct 15 13:29:09.595835 n-d-854653-6 devstack@placement-api.service[105798]: DEBUG placement.objects.research_context [req-df99cf5e-d966-4f39-8c50-ff741c782b95 req-6aaa738d-4dd9-4177-b7cb-97976c70c04c service placement] found 2 providers with available 1 VCPU {{(pid=105798) get_provider_ids_matching /opt/stack/placement/placement/objects/research_context.py:563}}
Oct 15 13:29:09.596101 n-d-854653-6 devstack@placement-api.service[105798]: DEBUG placement.objects.research_context [req-df99cf5e-d966-4f39-8c50-ff741c782b95 req-6aaa738d-4dd9-4177-b7cb-97976c70c04c service placement] found 2 providers after filtering by previous result {{(pid=105798) get_provider_ids_matching /opt/stack/placement/placement/objects/research_context.py:594}}
Oct 15 13:29:09.607269 n-d-854653-6 devstack@placement-api.service[105798]: DEBUG placement.objects.allocation_candidate [req-df99cf5e-d966-4f39-8c50-ff741c782b95 req-6aaa738d-4dd9-4177-b7cb-97976c70c04c service placement] RequestGroup(use_same_provider=False, resources={DISK_GB:1, MEMORY_MB:1024, VCPU:1}, traits=(), aggregates=[]) (suffix '') returned 2 matches {{(pid=105798) _get_by_requests /opt/stack/placement/placement/objects/allocation_candidate.py:156}}
Oct 15 13:29:09.607640 n-d-854653-6 devstack@placement-api.service[105798]: DEBUG placement.objects.allocation_candidate [req-df99cf5e-d966-4f39-8c50-ff741c782b95 req-6aaa738d-4dd9-4177-b7cb-97976c70c04c service placement] Merging candidates yields 2 allocation requests and 2 provider summaries {{(pid=105798) _merge_candidates /opt/stack/placement/placement/objects/allocation_candidate.py:809}}
Oct 15 13:29:09.609396 n-d-854653-6 devstack@placement-api.service[105798]: INFO placement.requestlog [req-df99cf5e-d966-4f39-8c50-ff741c782b95 req-6aaa738d-4dd9-4177-b7cb-97976c70c04c service placement] 10.222.0.16 "GET /placement/allocation_candidates?resources=DISK_GB%3A1%2CMEMORY_MB%3A1024%2CVCPU%3A1&root_required=%21COMPUTE_STATUS_DISABLED" status: 200 len: 1309 microversion: 1.36
Oct 15 13:29:09.609791 n-d-854653-6 devstack@placement-api.service[105798]: [pid: 105798|app: 0|req: 200/386] 10.222.0.16 () {60 vars in 1484 bytes} [Sat Oct 15 13:29:09 2022] GET /placement/allocation_candidates?resources=DISK_GB%3A1%2CMEMORY_MB%3A1024%2CVCPU%3A1&root_required=%21COMPUTE_STATUS_DISABLED => generated 1309 bytes in 89 msecs (HTTP/1.1 200) 8 headers in 297 bytes (1 switches on core 0)
Oct 15 13:29:09.656881 n-d-854653-6 devstack@placement-api.service[105799]: DEBUG placement.requestlog [req-df99cf5e-d966-4f39-8c50-ff741c782b95 req-1dc7b458-4d5e-4bdd-887a-3517909da28e None None] Starting request: 10.222.0.16 "GET /placement/allocations/3f03f324-6f21-4112-ab46-756cf7ffe69b" {{(pid=105799) __call__ /opt/stack/placement/placement/requestlog.py:55}}
Oct 15 13:29:09.668153 n-d-854653-6 devstack@placement-api.service[105799]: INFO placement.requestlog [req-df99cf5e-d966-4f39-8c50-ff741c782b95 req-1dc7b458-4d5e-4bdd-887a-3517909da28e service placement] 10.222.0.16 "GET /placement/allocations/3f03f324-6f21-4112-ab46-756cf7ffe69b" status: 200 len: 19 microversion: 1.28
Oct 15 13:29:09.668520 n-d-854653-6 devstack@placement-api.service[105799]: [pid: 105799|app: 0|req: 187/387] 10.222.0.16 () {60 vars in 1380 bytes} [Sat Oct 15 13:29:09 2022] GET /placement/allocations/3f03f324-6f21-4112-ab46-756cf7ffe69b => generated 19 bytes in 12 msecs (HTTP/1.1 200) 8 headers in 295 bytes (1 switches on core 0)
Oct 15 13:29:09.675474 n-d-854653-6 devstack@placement-api.service[105798]: DEBUG placement.requestlog [req-df99cf5e-d966-4f39-8c50-ff741c782b95 req-5d70076a-cbe7-42ed-b9ef-1b883a388b15 None None] Starting request: 10.222.0.16 "PUT /placement/allocations/3f03f324-6f21-4112-ab46-756cf7ffe69b" {{(pid=105798) __call__ /opt/stack/placement/placement/requestlog.py:55}}
Oct 15 13:29:09.734134 n-d-854653-6 devstack@placement-api.service[105798]: DEBUG dbcounter [-] [105798] Writing DB stats placement:INSERT=9,placement:SELECT=84,placement:DELETE=4,placement:UPDATE=3 {{(pid=105798) stat_writer /usr/local/lib/python3.8/dist-packages/dbcounter.py:114}}
Oct 15 13:29:09.745666 n-d-854653-6 devstack@placement-api.service[105798]: DEBUG placement.handlers.allocation [req-df99cf5e-d966-4f39-8c50-ff741c782b95 req-5d70076a-cbe7-42ed-b9ef-1b883a388b15 service placement] Successfully wrote allocations [, , ] {{(pid=105798) _update_consumers_and_create_allocations /opt/stack/placement/placement/handlers/allocation.py:462}}
Oct 15 13:29:09.751063 n-d-854653-6 devstack@placement-api.service[105798]: INFO placement.requestlog [req-df99cf5e-d966-4f39-8c50-ff741c782b95 req-5d70076a-cbe7-42ed-b9ef-1b883a388b15 service placement] 10.222.0.16 "PUT /placement/allocations/3f03f324-6f21-4112-ab46-756cf7ffe69b" status: 204 len: 0 microversion: 1.36
Oct 15 13:29:09.751510 n-d-854653-6 devstack@placement-api.service[105798]: [pid: 105798|app: 0|req: 201/388] 10.222.0.16 () {64 vars in 1433 bytes} [Sat Oct 15 13:29:09 2022] PUT /placement/allocations/3f03f324-6f21-4112-ab46-756cf7ffe69b => generated 0 bytes in 77 msecs (HTTP/1.1 204) 5 headers in 199 bytes (1 switches on core 0)
Oct 15 13:29:10.193516 n-d-854653-6 devstack@placement-api.service[105799]: DEBUG placement.requestlog [req-df99cf5e-d966-4f39-8c50-ff741c782b95 req-f3d569a3-e580-495f-9a15-e01b63e5d188 None None] Starting request: 10.222.0.23 "GET /placement/allocations/3f03f324-6f21-4112-ab46-756cf7ffe69b" {{(pid=105799) __call__ /opt/stack/placement/placement/requestlog.py:55}}
Oct 15 13:29:10.216538 n-d-854653-6 devstack@placement-api.service[105799]: INFO placement.requestlog [req-df99cf5e-d966-4f39-8c50-ff741c782b95 req-f3d569a3-e580-495f-9a15-e01b63e5d188 service placement] 10.222.0.23 "GET /placement/allocations/3f03f324-6f21-4112-ab46-756cf7ffe69b" status: 200 len: 259 microversion: 1.28
Oct 15 13:29:10.218927 n-d-854653-6 devstack@placement-api.service[105799]: [pid: 105799|app: 0|req: 188/389] 10.222.0.23 () {60 vars in 1377 bytes} [Sat Oct 15 13:29:10 2022] GET /placement/allocations/3f03f324-6f21-4112-ab46-756cf7ffe69b => generated 259 bytes in 26 msecs (HTTP/1.1 200) 8 headers in 296 bytes (1 switches on core 0)
Oct 15 13:29:10.500362 n-d-854653-6 devstack@placement-api.service[105798]: DEBUG placement.requestlog [req-df99cf5e-d966-4f39-8c50-ff741c782b95 req-32aa8080-19b9-4f3c-afba-d88c23ab5d4d None None] Starting request: 10.222.0.23 "GET /placement/resource_providers/1df7e652-b8ca-4d8e-9c01-7d00dc9aee46/allocations" {{(pid=105798) __call__ /opt/stack/placement/placement/requestlog.py:55}}
Oct 15 13:29:10.535982 n-d-854653-6 devstack@placement-api.service[105798]: INFO placement.requestlog [req-df99cf5e-d966-4f39-8c50-ff741c782b95 req-32aa8080-19b9-4f3c-afba-d88c23ab5d4d service placement] 10.222.0.23 "GET /placement/resource_providers/1df7e652-b8ca-4d8e-9c01-7d00dc9aee46/allocations" status: 200 len: 1063 microversion: 1.0
Oct 15 13:29:10.537178 n-d-854653-6 devstack@placement-api.service[105798]: [pid: 105798|app: 0|req: 202/390] 10.222.0.23 () {58 vars in 1390 bytes} [Sat Oct 15 13:29:10 2022] GET /placement/resource_providers/1df7e652-b8ca-4d8e-9c01-7d00dc9aee46/allocations => generated 1063 bytes in 37 msecs (HTTP/1.1 200) 6 headers in 225 bytes (1 switches on core 0)
Oct 15 13:29:10.551801 n-d-854653-6 devstack@placement-api.service[105799]: DEBUG placement.requestlog [req-df99cf5e-d966-4f39-8c50-ff741c782b95 req-32a8c310-171e-485a-bbb6-6a3c22f66deb None None] Starting request: 10.222.0.23 "GET /placement/allocations/07fb61b9-d17e-412e-8aec-5232e6e6d32e" {{(pid=105799) __call__ /opt/stack/placement/placement/requestlog.py:55}}
Oct 15 13:29:10.573292 n-d-854653-6 devstack@placement-api.service[105799]: INFO placement.requestlog [req-df99cf5e-d966-4f39-8c50-ff741c782b95 req-32a8c310-171e-485a-bbb6-6a3c22f66deb service placement] 10.222.0.23 "GET /placement/allocations/07fb61b9-d17e-412e-8aec-5232e6e6d32e" status: 200 len: 259 microversion: 1.28
Oct 15 13:29:10.574008 n-d-854653-6 devstack@placement-api.service[105799]: [pid: 105799|app: 0|req: 189/391] 10.222.0.23 () {60 vars in 1377 bytes} [Sat Oct 15 13:29:10 2022] GET /placement/allocations/07fb61b9-d17e-412e-8aec-5232e6e6d32e => generated 259 bytes in 23 msecs (HTTP/1.1 200) 8 headers in 296 bytes (1 switches on core 0)
Oct 15 13:29:10.581578 n-d-854653-6 devstack@placement-api.service[105798]: DEBUG placement.requestlog [req-df99cf5e-d966-4f39-8c50-ff741c782b95 req-28f91469-5a5b-4a28-9528-131b9ac8932f None None] Starting request: 10.222.0.23 "GET /placement/allocations/1bfc3349-9a2f-4c7b-8884-6bf6efce7a4c" {{(pid=105798) __call__ /opt/stack/placement/placement/requestlog.py:55}}
Oct 15 13:29:10.591709 n-d-854653-6 devstack@placement-api.service[105799]: DEBUG placement.requestlog [req-ea1e7242-e0a7-4b32-92a4-79826862239c req-b0585711-d6d9-4ebe-ab63-773e1f9fb7e6 None None] Starting request: 10.222.0.16 "GET /placement/allocations/9ae07ac7-e420-4c3d-8682-c5b6a9cb5ce6" {{(pid=105799) __call__ /opt/stack/placement/placement/requestlog.py:55}}
Oct 15 13:29:10.607942 n-d-854653-6 devstack@placement-api.service[105798]: INFO placement.requestlog [req-df99cf5e-d966-4f39-8c50-ff741c782b95 req-28f91469-5a5b-4a28-9528-131b9ac8932f service placement] 10.222.0.23 "GET /placement/allocations/1bfc3349-9a2f-4c7b-8884-6bf6efce7a4c" status: 200 len: 259 microversion: 1.28
Oct 15 13:29:10.609912 n-d-854653-6 devstack@placement-api.service[105798]: [pid: 105798|app: 0|req: 203/392] 10.222.0.23 () {60 vars in 1377 bytes} [Sat Oct 15 13:29:10 2022] GET /placement/allocations/1bfc3349-9a2f-4c7b-8884-6bf6efce7a4c => generated 259 bytes in 28 msecs (HTTP/1.1 200) 8 headers in 296 bytes (2 switches on core 0)
Oct 15 13:29:10.613430 n-d-854653-6 devstack@placement-api.service[105799]: INFO placement.requestlog [req-ea1e7242-e0a7-4b32-92a4-79826862239c req-b0585711-d6d9-4ebe-ab63-773e1f9fb7e6 service placement] 10.222.0.16 "GET /placement/allocations/9ae07ac7-e420-4c3d-8682-c5b6a9cb5ce6" status: 200 len: 259 microversion: 1.28
Oct 15 13:29:10.613892 n-d-854653-6 devstack@placement-api.service[105799]: [pid: 105799|app: 0|req: 190/393] 10.222.0.16 () {60 vars in 1380 bytes} [Sat Oct 15 13:29:10 2022] GET /placement/allocations/9ae07ac7-e420-4c3d-8682-c5b6a9cb5ce6 => generated 259 bytes in 22 msecs (HTTP/1.1 200) 8 headers in 296 bytes (1 switches on core 0)
Oct 15 13:29:10.622144 n-d-854653-6 devstack@placement-api.service[105798]: DEBUG placement.requestlog [req-ea1e7242-e0a7-4b32-92a4-79826862239c req-71b52392-a7e0-4e1c-bf07-9e7e299a9846 None None] Starting request: 10.222.0.16 "GET /placement/allocations/9ae07ac7-e420-4c3d-8682-c5b6a9cb5ce6" {{(pid=105798) __call__ /opt/stack/placement/placement/requestlog.py:55}}
Oct 15 13:29:10.650142 n-d-854653-6 devstack@placement-api.service[105798]: INFO placement.requestlog [req-ea1e7242-e0a7-4b32-92a4-79826862239c req-71b52392-a7e0-4e1c-bf07-9e7e299a9846 service placement] 10.222.0.16 "GET /placement/allocations/9ae07ac7-e420-4c3d-8682-c5b6a9cb5ce6" status: 200 len: 259 microversion: 1.28
