Aug 26 01:09:10.519809 n-d-854653-1 devstack@placement-api.service[108312]: INFO placement.requestlog [req-13a875d5-89c9-49eb-88b8-b60638890f21 req-50248b8f-fbeb-44b5-a144-dfa171c36f37 service placement] 10.222.0.100 "GET /placement/allocations/d951f428-132f-490c-b0de-76e1e2e85359" status: 200 len: 259 microversion: 1.28
Aug 26 01:09:10.522745 n-d-854653-1 devstack@placement-api.service[108312]: [pid: 108312|app: 0|req: 203/400] 10.222.0.100 () {60 vars in 1378 bytes} [Fri Aug 26 01:09:10 2022] GET /placement/allocations/d951f428-132f-490c-b0de-76e1e2e85359 => generated 259 bytes in 34 msecs (HTTP/1.1 200) 8 headers in 296 bytes (1 switches on core 0)
Aug 26 01:09:10.837479 n-d-854653-1 devstack@placement-api.service[108313]: DEBUG placement.requestlog [req-13a875d5-89c9-49eb-88b8-b60638890f21 req-9fa55976-8664-456f-9ee6-c2efd4ad8861 None None] Starting request: 10.222.0.100 "GET /placement/allocations/f532b028-3643-4dc3-a66c-ff73c81bdb53" {{(pid=108313) __call__ /opt/stack/placement/placement/requestlog.py:55}}
Aug 26 01:09:10.861385 n-d-854653-1 devstack@placement-api.service[108313]: INFO placement.requestlog [req-13a875d5-89c9-49eb-88b8-b60638890f21 req-9fa55976-8664-456f-9ee6-c2efd4ad8861 service placement] 10.222.0.100 "GET /placement/allocations/f532b028-3643-4dc3-a66c-ff73c81bdb53" status: 200 len: 259 microversion: 1.28
Aug 26 01:09:10.862704 n-d-854653-1 devstack@placement-api.service[108313]: [pid: 108313|app: 0|req: 198/401] 10.222.0.100 () {60 vars in 1378 bytes} [Fri Aug 26 01:09:10 2022] GET /placement/allocations/f532b028-3643-4dc3-a66c-ff73c81bdb53 => generated 259 bytes in 26 msecs (HTTP/1.1 200) 8 headers in 296 bytes (1 switches on core 0)
Aug 26 01:09:10.875821 n-d-854653-1 devstack@placement-api.service[108312]: DEBUG placement.requestlog [req-13a875d5-89c9-49eb-88b8-b60638890f21 req-5ee70606-1c23-4ffd-84de-79eff31c42fb None None] Starting request: 10.222.0.100 "GET /placement/allocations/a34b24a2-764a-4bc2-b9a6-586ab903e165" {{(pid=108312) __call__ /opt/stack/placement/placement/requestlog.py:55}}
Aug 26 01:09:10.897874 n-d-854653-1 devstack@placement-api.service[108312]: INFO placement.requestlog [req-13a875d5-89c9-49eb-88b8-b60638890f21 req-5ee70606-1c23-4ffd-84de-79eff31c42fb service placement] 10.222.0.100 "GET /placement/allocations/a34b24a2-764a-4bc2-b9a6-586ab903e165" status: 200 len: 259 microversion: 1.28
Aug 26 01:09:10.898539 n-d-854653-1 devstack@placement-api.service[108312]: [pid: 108312|app: 0|req: 204/402] 10.222.0.100 () {60 vars in 1378 bytes} [Fri Aug 26 01:09:10 2022] GET /placement/allocations/a34b24a2-764a-4bc2-b9a6-586ab903e165 => generated 259 bytes in 23 msecs (HTTP/1.1 200) 8 headers in 296 bytes (1 switches on core 0)
Aug 26 01:09:10.906257 n-d-854653-1 devstack@placement-api.service[108313]: DEBUG placement.requestlog [req-13a875d5-89c9-49eb-88b8-b60638890f21 req-b1bf3d03-26e9-4dd2-a977-2f1124d4f095 None None] Starting request: 10.222.0.100 "GET /placement/allocations/2b07b994-fac1-43c1-9a74-0b07725d0ea2" {{(pid=108313) __call__ /opt/stack/placement/placement/requestlog.py:55}}
Aug 26 01:09:10.926873 n-d-854653-1 devstack@placement-api.service[108313]: INFO placement.requestlog [req-13a875d5-89c9-49eb-88b8-b60638890f21 req-b1bf3d03-26e9-4dd2-a977-2f1124d4f095 service placement] 10.222.0.100 "GET /placement/allocations/2b07b994-fac1-43c1-9a74-0b07725d0ea2" status: 200 len: 259 microversion: 1.28
Aug 26 01:09:10.927890 n-d-854653-1 devstack@placement-api.service[108313]: [pid: 108313|app: 0|req: 199/403] 10.222.0.100 () {60 vars in 1378 bytes} [Fri Aug 26 01:09:10 2022] GET /placement/allocations/2b07b994-fac1-43c1-9a74-0b07725d0ea2 => generated 259 bytes in 22 msecs (HTTP/1.1 200) 8 headers in 296 bytes (1 switches on core 0)
Aug 26 01:09:10.936710 n-d-854653-1 devstack@placement-api.service[108312]: DEBUG placement.requestlog [req-13a875d5-89c9-49eb-88b8-b60638890f21 req-b8cefd0b-abbd-4792-a521-5da6edda262e None None] Starting request: 10.222.0.100 "GET /placement/allocations/8a7004c1-cfdb-4bc0-9aab-65397955d6fe" {{(pid=108312) __call__ /opt/stack/placement/placement/requestlog.py:55}}
Aug 26 01:09:10.977895 n-d-854653-1 devstack@placement-api.service[108312]: INFO placement.requestlog [req-13a875d5-89c9-49eb-88b8-b60638890f21 req-b8cefd0b-abbd-4792-a521-5da6edda262e service placement] 10.222.0.100 "GET /placement/allocations/8a7004c1-cfdb-4bc0-9aab-65397955d6fe" status: 200 len: 259 microversion: 1.28
Aug 26 01:09:10.978748 n-d-854653-1 devstack@placement-api.service[108312]: [pid: 108312|app: 0|req: 205/404] 10.222.0.100 () {60 vars in 1378 bytes} [Fri Aug 26 01:09:10 2022] GET /placement/allocations/8a7004c1-cfdb-4bc0-9aab-65397955d6fe => generated 259 bytes in 43 msecs (HTTP/1.1 200) 8 headers in 296 bytes (1 switches on core 0)
Aug 26 01:09:12.813315 n-d-854653-1 devstack@placement-api.service[108313]: DEBUG placement.requestlog [req-13a875d5-89c9-49eb-88b8-b60638890f21 req-2f0a67b7-5dff-46d8-8a82-531525c6a695 None None] Starting request: 10.222.0.100 "DELETE /placement/allocations/a34b24a2-764a-4bc2-b9a6-586ab903e165" {{(pid=108313) __call__ /opt/stack/placement/placement/requestlog.py:55}}
Aug 26 01:09:12.840433 n-d-854653-1 devstack@placement-api.service[108313]: DEBUG dbcounter [-] [108313] Writing DB stats placement:SELECT=94,placement:DELETE=4,placement:UPDATE=2 {{(pid=108313) stat_writer /usr/local/lib/python3.8/dist-packages/dbcounter.py:114}}
Aug 26 01:09:13.048274 n-d-854653-1 devstack@placement-api.service[108313]: DEBUG placement.handlers.allocation [req-13a875d5-89c9-49eb-88b8-b60638890f21 req-2f0a67b7-5dff-46d8-8a82-531525c6a695 service placement] Successfully deleted allocations [, , ] {{(pid=108313) delete_allocations /opt/stack/placement/placement/handlers/allocation.py:627}}
Aug 26 01:09:13.054310 n-d-854653-1 devstack@placement-api.service[108313]: INFO placement.requestlog [req-13a875d5-89c9-49eb-88b8-b60638890f21 req-2f0a67b7-5dff-46d8-8a82-531525c6a695 service placement] 10.222.0.100 "DELETE /placement/allocations/a34b24a2-764a-4bc2-b9a6-586ab903e165" status: 204 len: 0 microversion: 1.0
Aug 26 01:09:13.054310 n-d-854653-1 devstack@placement-api.service[108313]: [pid: 108313|app: 0|req: 200/405] 10.222.0.100 () {60 vars in 1356 bytes} [Fri Aug 26 01:09:12 2022] DELETE /placement/allocations/a34b24a2-764a-4bc2-b9a6-586ab903e165 => generated 0 bytes in 236 msecs (HTTP/1.1 204) 5 headers in 198 bytes (1 switches on core 0)
Aug 26 01:09:13.351004 n-d-854653-1 devstack@placement-api.service[108312]: DEBUG placement.requestlog [None req-c5b41d08-0170-452d-ae67-b1f313db0e49 None None] Starting request: 10.222.0.93 "GET /placement/resource_providers/e9d7af09-d187-4e5e-b0e3-2536fb695807/aggregates" {{(pid=108312) __call__ /opt/stack/placement/placement/requestlog.py:55}}
Aug 26 01:09:13.386320 n-d-854653-1 devstack@placement-api.service[108312]: INFO placement.requestlog [None req-c5b41d08-0170-452d-ae67-b1f313db0e49 service placement] 10.222.0.93 "GET /placement/resource_providers/e9d7af09-d187-4e5e-b0e3-2536fb695807/aggregates" status: 404 len: 235 microversion: 1.1
Aug 26 01:09:13.386320 n-d-854653-1 devstack@placement-api.service[108312]: [pid: 108312|app: 0|req: 206/406] 10.222.0.93 () {58 vars in 1362 bytes} [Fri Aug 26 01:09:13 2022] GET /placement/resource_providers/e9d7af09-d187-4e5e-b0e3-2536fb695807/aggregates => generated 235 bytes in 31 msecs (HTTP/1.1 404) 5 headers in 202 bytes (1 switches on core 0)
Aug 26 01:09:13.413931 n-d-854653-1 devstack@placement-api.service[108313]: DEBUG placement.requestlog [None req-ecad19c0-9b9a-4684-ac44-c449b3b60a01 None None] Starting request: 10.222.0.93 "DELETE /placement/resource_providers/e9d7af09-d187-4e5e-b0e3-2536fb695807" {{(pid=108313) __call__ /opt/stack/placement/placement/requestlog.py:55}}
Aug 26 01:09:13.428938 n-d-854653-1 devstack@placement-api.service[108313]: DEBUG placement.wsgi_wrapper [None req-ecad19c0-9b9a-4684-ac44-c449b3b60a01 service placement] Placement API returning an error response: No resource provider with uuid e9d7af09-d187-4e5e-b0e3-2536fb695807 found for delete {{(pid=108313) call_func /opt/stack/placement/placement/wsgi_wrapper.py:31}}
Aug 26 01:09:13.429812 n-d-854653-1 devstack@placement-api.service[108313]: INFO placement.requestlog [None req-ecad19c0-9b9a-4684-ac44-c449b3b60a01 service placement] 10.222.0.93 "DELETE /placement/resource_providers/e9d7af09-d187-4e5e-b0e3-2536fb695807" status: 404 len: 246 microversion: 1.1
Aug 26 01:09:13.435142 n-d-854653-1 devstack@placement-api.service[108313]: [pid: 108313|app: 0|req: 201/407] 10.222.0.93 () {60 vars in 1351 bytes} [Fri Aug 26 01:09:13 2022] DELETE /placement/resource_providers/e9d7af09-d187-4e5e-b0e3-2536fb695807 => generated 246 bytes in 20 msecs (HTTP/1.1 404) 6 headers in 231 bytes (1 switches on core 0)
Aug 26 01:09:14.686322 n-d-854653-1 devstack@placement-api.service[108312]: DEBUG placement.requestlog [req-36c0c5a0-2571-4905-9a7b-5c616c71a261 req-3e45ba16-8409-4433-bb1f-95f8e4290b51 None None] Starting request: 10.222.0.100 "GET /placement/resource_providers/756df228-5f46-47b5-9c02-20c6be630811/allocations" {{(pid=108312) __call__ /opt/stack/placement/placement/requestlog.py:55}}
Aug 26 01:09:14.722599 n-d-854653-1 devstack@placement-api.service[108312]: INFO placement.requestlog [req-36c0c5a0-2571-4905-9a7b-5c616c71a261 req-3e45ba16-8409-4433-bb1f-95f8e4290b51 service placement] 10.222.0.100 "GET /placement/resource_providers/756df228-5f46-47b5-9c02-20c6be630811/allocations" status: 200 len: 457 microversion: 1.0
Aug 26 01:09:14.724277 n-d-854653-1 devstack@placement-api.service[108312]: [pid: 108312|app: 0|req: 207/408] 10.222.0.100 () {58 vars in 1391 bytes} [Fri Aug 26 01:09:14 2022] GET /placement/resource_providers/756df228-5f46-47b5-9c02-20c6be630811/allocations => generated 457 bytes in 39 msecs (HTTP/1.1 200) 6 headers in 224 bytes (1 switches on core 0)
Aug 26 01:09:14.731067 n-d-854653-1 devstack@placement-api.service[108313]: DEBUG placement.requestlog [req-36c0c5a0-2571-4905-9a7b-5c616c71a261 req-0ad69b97-92d3-4737-b394-9b12f160bee4 None None] Starting request: 10.222.0.100 "GET /placement/allocations/d951f428-132f-490c-b0de-76e1e2e85359" {{(pid=108313) __call__ /opt/stack/placement/placement/requestlog.py:55}}
Aug 26 01:09:14.746430 n-d-854653-1 devstack@placement-api.service[108313]: INFO placement.requestlog [req-36c0c5a0-2571-4905-9a7b-5c616c71a261 req-0ad69b97-92d3-4737-b394-9b12f160bee4 service placement] 10.222.0.100 "GET /placement/allocations/d951f428-132f-490c-b0de-76e1e2e85359" status: 200 len: 259 microversion: 1.28
Aug 26 01:09:14.751545 n-d-854653-1 devstack@placement-api.service[108313]: [pid: 108313|app: 0|req: 202/409] 10.222.0.100 () {60 vars in 1378 bytes} [Fri Aug 26 01:09:14 2022] GET /placement/allocations/d951f428-132f-490c-b0de-76e1e2e85359 => generated 259 bytes in 21 msecs (HTTP/1.1 200) 8 headers in 296 bytes (2 switches on core 0)
Aug 26 01:09:14.759302 n-d-854653-1 devstack@placement-api.service[108312]: DEBUG placement.requestlog [req-36c0c5a0-2571-4905-9a7b-5c616c71a261 req-6ef30f92-1949-4004-ab2a-a57371807893 None None] Starting request: 10.222.0.100 "GET /placement/allocations/2b07b994-fac1-43c1-9a74-0b07725d0ea2" {{(pid=108312) __call__ /opt/stack/placement/placement/requestlog.py:55}}
Aug 26 01:09:14.788983 n-d-854653-1 devstack@placement-api.service[108312]: INFO placement.requestlog [req-36c0c5a0-2571-4905-9a7b-5c616c71a261 req-6ef30f92-1949-4004-ab2a-a57371807893 service placement] 10.222.0.100 "GET /placement/allocations/2b07b994-fac1-43c1-9a74-0b07725d0ea2" status: 200 len: 259 microversion: 1.28
Aug 26 01:09:14.789609 n-d-854653-1 devstack@placement-api.service[108312]: [pid: 108312|app: 0|req: 208/410] 10.222.0.100 () {60 vars in 1378 bytes} [Fri Aug 26 01:09:14 2022] GET /placement/allocations/2b07b994-fac1-43c1-9a74-0b07725d0ea2 => generated 259 bytes in 31 msecs (HTTP/1.1 200) 8 headers in 296 bytes (1 switches on core 0)
Aug 26 01:09:14.796451 n-d-854653-1 devstack@placement-api.service[108313]: DEBUG placement.requestlog [req-36c0c5a0-2571-4905-9a7b-5c616c71a261 req-327fe015-d1a2-4819-8745-444cc6c37219 None None] Starting request: 10.222.0.100 "GET /placement/allocations/f532b028-3643-4dc3-a66c-ff73c81bdb53" {{(pid=108313) __call__ /opt/stack/placement/placement/requestlog.py:55}}
Aug 26 01:09:14.844134 n-d-854653-1 devstack@placement-api.service[108313]: INFO placement.requestlog [req-36c0c5a0-2571-4905-9a7b-5c616c71a261 req-327fe015-d1a2-4819-8745-444cc6c37219 service placement] 10.222.0.100 "GET /placement/allocations/f532b028-3643-4dc3-a66c-ff73c81bdb53" status: 200 len: 259 microversion: 1.28
Aug 26 01:09:14.844896 n-d-854653-1 devstack@placement-api.service[108313]: [pid: 108313|app: 0|req: 203/411] 10.222.0.100 () {60 vars in 1378 bytes} [Fri Aug 26 01:09:14 2022] GET /placement/allocations/f532b028-3643-4dc3-a66c-ff73c81bdb53 => generated 259 bytes in 49 msecs (HTTP/1.1 200) 8 headers in 296 bytes (1 switches on core 0)
Aug 26 01:09:14.851693 n-d-854653-1 devstack@placement-api.service[108312]: DEBUG placement.requestlog [req-36c0c5a0-2571-4905-9a7b-5c616c71a261 req-e593d12b-4d55-4371-919d-771219001eca None None] Starting request: 10.222.0.100 "GET /placement/allocations/8a7004c1-cfdb-4bc0-9aab-65397955d6fe" {{(pid=108312) __call__ /opt/stack/placement/placement/requestlog.py:55}}
Aug 26 01:09:14.871067 n-d-854653-1 devstack@placement-api.service[108312]: INFO placement.requestlog [req-36c0c5a0-2571-4905-9a7b-5c616c71a261 req-e593d12b-4d55-4371-919d-771219001eca service placement] 10.222.0.100 "GET /placement/allocations/8a7004c1-cfdb-4bc0-9aab-65397955d6fe" status: 200 len: 259 microversion: 1.28
Aug 26 01:09:14.871703 n-d-854653-1 devstack@placement-api.service[108312]: [pid: 108312|app: 0|req: 209/412] 10.222.0.100 () {60 vars in 1378 bytes} [Fri Aug 26 01:09:14 2022] GET /placement/allocations/8a7004c1-cfdb-4bc0-9aab-65397955d6fe => generated 259 bytes in 20 msecs (HTTP/1.1 200) 8 headers in 296 bytes (2 switches on core 0)
Aug 26 01:09:15.121165 n-d-854653-1 devstack@placement-api.service[108313]: DEBUG placement.requestlog [req-36c0c5a0-2571-4905-9a7b-5c616c71a261 req-117d70e9-8862-462f-a4a9-ebdb4b6516b1 None None] Starting request: 10.222.0.100 "DELETE /placement/allocations/2b07b994-fac1-43c1-9a74-0b07725d0ea2" {{(pid=108313) __call__ /opt/stack/placement/placement/requestlog.py:55}}
Aug 26 01:09:15.340301 n-d-854653-1 devstack@placement-api.service[108313]: DEBUG placement.handlers.allocation [req-36c0c5a0-2571-4905-9a7b-5c616c71a261 req-117d70e9-8862-462f-a4a9-ebdb4b6516b1 service placement] Successfully deleted allocations [, , ] {{(pid=108313) delete_allocations /opt/stack/placement/placement/handlers/allocation.py:627}}
Aug 26 01:09:15.341134 n-d-854653-1 devstack@placement-api.service[108313]: INFO placement.requestlog [req-36c0c5a0-2571-4905-9a7b-5c616c71a261 req-117d70e9-8862-462f-a4a9-ebdb4b6516b1 service placement] 10.222.0.100 "DELETE /placement/allocations/2b07b994-fac1-43c1-9a74-0b07725d0ea2" status: 204 len: 0 microversion: 1.0
Aug 26 01:09:15.350512 n-d-854653-1 devstack@placement-api.service[108313]: [pid: 108313|app: 0|req: 204/413] 10.222.0.100 () {60 vars in 1356 bytes} [Fri Aug 26 01:09:15 2022] DELETE /placement/allocations/2b07b994-fac1-43c1-9a74-0b07725d0ea2 => generated 0 bytes in 226 msecs (HTTP/1.1 204) 5 headers in 198 bytes (1 switches on core 0)
Aug 26 01:09:16.399698 n-d-854653-1 devstack@placement-api.service[108312]: DEBUG placement.requestlog [req-9f97e304-1e67-4b12-bcd8-dd9c3923c1a2 req-51db9330-aa2a-42cc-a66c-ff4c43ca2716 None None] Starting request: 10.222.0.93 "GET /placement/allocation_candidates?resources=DISK_GB%3A1%2CMEMORY_MB%3A1024%2CVCPU%3A1&root_required=%21COMPUTE_STATUS_DISABLED" {{(pid=108312) __call__ /opt/stack/placement/placement/requestlog.py:55}}
Aug 26 01:09:16.450760 n-d-854653-1 devstack@placement-api.service[108312]: DEBUG placement.objects.research_context [req-9f97e304-1e67-4b12-bcd8-dd9c3923c1a2 req-51db9330-aa2a-42cc-a66c-ff4c43ca2716 service placement] getting providers with 1 DISK_GB {{(pid=108312) __init__ /opt/stack/placement/placement/objects/research_context.py:136}}
Aug 26 01:09:16.462028 n-d-854653-1 devstack@placement-api.service[108312]: DEBUG placement.objects.research_context [req-9f97e304-1e67-4b12-bcd8-dd9c3923c1a2 req-51db9330-aa2a-42cc-a66c-ff4c43ca2716 service placement] getting providers with 1024 MEMORY_MB {{(pid=108312) __init__ /opt/stack/placement/placement/objects/research_context.py:136}}
Aug 26 01:09:16.469656 n-d-854653-1 devstack@placement-api.service[108312]: DEBUG placement.objects.research_context [req-9f97e304-1e67-4b12-bcd8-dd9c3923c1a2 req-51db9330-aa2a-42cc-a66c-ff4c43ca2716 service placement] getting providers with 1 VCPU {{(pid=108312) __init__ /opt/stack/placement/placement/objects/research_context.py:136}}
Aug 26 01:09:16.475887 n-d-854653-1 devstack@placement-api.service[108312]: DEBUG placement.objects.research_context [req-9f97e304-1e67-4b12-bcd8-dd9c3923c1a2 req-51db9330-aa2a-42cc-a66c-ff4c43ca2716 service placement] found 2 providers with available 1 DISK_GB {{(pid=108312) get_provider_ids_matching /opt/stack/placement/placement/objects/research_context.py:563}}
Aug 26 01:09:16.477281 n-d-854653-1 devstack@placement-api.service[108312]: DEBUG placement.objects.research_context [req-9f97e304-1e67-4b12-bcd8-dd9c3923c1a2 req-51db9330-aa2a-42cc-a66c-ff4c43ca2716 service placement] found 2 providers with available 1024 MEMORY_MB {{(pid=108312) get_provider_ids_matching /opt/stack/placement/placement/objects/research_context.py:563}}
Aug 26 01:09:16.477281 n-d-854653-1 devstack@placement-api.service[108312]: DEBUG placement.objects.research_context [req-9f97e304-1e67-4b12-bcd8-dd9c3923c1a2 req-51db9330-aa2a-42cc-a66c-ff4c43ca2716 service placement] found 2 providers after filtering by previous result {{(pid=108312) get_provider_ids_matching /opt/stack/placement/placement/objects/research_context.py:594}}
Aug 26 01:09:16.477281 n-d-854653-1 devstack@placement-api.service[108312]: DEBUG placement.objects.research_context [req-9f97e304-1e67-4b12-bcd8-dd9c3923c1a2 req-51db9330-aa2a-42cc-a66c-ff4c43ca2716 service placement] found 2 providers with available 1 VCPU {{(pid=108312) get_provider_ids_matching /opt/stack/placement/placement/objects/research_context.py:563}}
Aug 26 01:09:16.477281 n-d-854653-1 devstack@placement-api.service[108312]: DEBUG placement.objects.research_context [req-9f97e304-1e67-4b12-bcd8-dd9c3923c1a2 req-51db9330-aa2a-42cc-a66c-ff4c43ca2716 service placement] found 2 providers after filtering by previous result {{(pid=108312) get_provider_ids_matching /opt/stack/placement/placement/objects/research_context.py:594}}
Aug 26 01:09:16.498198 n-d-854653-1 devstack@placement-api.service[108312]: DEBUG placement.objects.allocation_candidate [req-9f97e304-1e67-4b12-bcd8-dd9c3923c1a2 req-51db9330-aa2a-42cc-a66c-ff4c43ca2716 service placement] RequestGroup(use_same_provider=False, resources={DISK_GB:1, MEMORY_MB:1024, VCPU:1}, traits=(), aggregates=[]) (suffix '') returned 2 matches {{(pid=108312) _get_by_requests /opt/stack/placement/placement/objects/allocation_candidate.py:156}}
Aug 26 01:09:16.498632 n-d-854653-1 devstack@placement-api.service[108312]: DEBUG placement.objects.allocation_candidate [req-9f97e304-1e67-4b12-bcd8-dd9c3923c1a2 req-51db9330-aa2a-42cc-a66c-ff4c43ca2716 service placement] Merging candidates yields 2 allocation requests and 2 provider summaries {{(pid=108312) _merge_candidates /opt/stack/placement/placement/objects/allocation_candidate.py:809}}
Aug 26 01:09:16.502564 n-d-854653-1 devstack@placement-api.service[108312]: INFO placement.requestlog [req-9f97e304-1e67-4b12-bcd8-dd9c3923c1a2 req-51db9330-aa2a-42cc-a66c-ff4c43ca2716 service placement] 10.222.0.93 "GET /placement/allocation_candidates?resources=DISK_GB%3A1%2CMEMORY_MB%3A1024%2CVCPU%3A1&root_required=%21COMPUTE_STATUS_DISABLED" status: 200 len: 1309 microversion: 1.36
Aug 26 01:09:16.503356 n-d-854653-1 devstack@placement-api.service[108312]: [pid: 108312|app: 0|req: 210/414] 10.222.0.93 () {60 vars in 1484 bytes} [Fri Aug 26 01:09:16 2022] GET /placement/allocation_candidates?resources=DISK_GB%3A1%2CMEMORY_MB%3A1024%2CVCPU%3A1&root_required=%21COMPUTE_STATUS_DISABLED => generated 1309 bytes in 104 msecs (HTTP/1.1 200) 8 headers in 297 bytes (1 switches on core 0)
Aug 26 01:09:16.628903 n-d-854653-1 devstack@placement-api.service[108313]: DEBUG placement.requestlog [req-9f97e304-1e67-4b12-bcd8-dd9c3923c1a2 req-85453aeb-bca1-4565-ad26-90d1ba8fb781 None None] Starting request: 10.222.0.93 "GET /placement/allocations/466b4c09-28d8-4374-884c-d7f254345f79" {{(pid=108313) __call__ /opt/stack/placement/placement/requestlog.py:55}}
Aug 26 01:09:16.642343 n-d-854653-1 devstack@placement-api.service[108313]: INFO placement.requestlog [req-9f97e304-1e67-4b12-bcd8-dd9c3923c1a2 req-85453aeb-bca1-4565-ad26-90d1ba8fb781 service placement] 10.222.0.93 "GET /placement/allocations/466b4c09-28d8-4374-884c-d7f254345f79" status: 200 len: 19 microversion: 1.28
Aug 26 01:09:16.642925 n-d-854653-1 devstack@placement-api.service[108313]: [pid: 108313|app: 0|req: 205/415] 10.222.0.93 () {60 vars in 1380 bytes} [Fri Aug 26 01:09:16 2022] GET /placement/allocations/466b4c09-28d8-4374-884c-d7f254345f79 => generated 19 bytes in 14 msecs (HTTP/1.1 200) 8 headers in 295 bytes (2 switches on core 0)
Aug 26 01:09:16.650275 n-d-854653-1 devstack@placement-api.service[108312]: DEBUG placement.requestlog [req-9f97e304-1e67-4b12-bcd8-dd9c3923c1a2 req-bf37f1f6-17be-4d9f-afe0-be6c7a28bbb4 None None] Starting request: 10.222.0.93 "PUT /placement/allocations/466b4c09-28d8-4374-884c-d7f254345f79" {{(pid=108312) __call__ /opt/stack/placement/placement/requestlog.py:55}}
Aug 26 01:09:16.714958 n-d-854653-1 devstack@placement-api.service[108312]: DEBUG dbcounter [-] [108312] Writing DB stats placement:SELECT=92,placement:INSERT=4,placement:DELETE=2,placement:UPDATE=2 {{(pid=108312) stat_writer /usr/local/lib/python3.8/dist-packages/dbcounter.py:114}}
Aug 26 01:09:16.859466 n-d-854653-1 devstack@placement-api.service[108312]: DEBUG placement.handlers.allocation [req-9f97e304-1e67-4b12-bcd8-dd9c3923c1a2 req-bf37f1f6-17be-4d9f-afe0-be6c7a28bbb4 service placement] Successfully wrote allocations [, , ] {{(pid=108312) _update_consumers_and_create_allocations /opt/stack/placement/placement/handlers/allocation.py:462}}
Aug 26 01:09:16.966496 n-d-854653-1 devstack@placement-api.service[108312]: INFO placement.requestlog [req-9f97e304-1e67-4b12-bcd8-dd9c3923c1a2 req-bf37f1f6-17be-4d9f-afe0-be6c7a28bbb4 service placement] 10.222.0.93 "PUT /placement/allocations/466b4c09-28d8-4374-884c-d7f254345f79" status: 204 len: 0 microversion: 1.36
Aug 26 01:09:16.966630 n-d-854653-1 devstack@placement-api.service[108312]: [pid: 108312|app: 0|req: 211/416] 10.222.0.93 () {64 vars in 1433 bytes} [Fri Aug 26 01:09:16 2022] PUT /placement/allocations/466b4c09-28d8-4374-884c-d7f254345f79 => generated 0 bytes in 317 msecs (HTTP/1.1 204) 5 headers in 199 bytes (1 switches on core 0)
Aug 26 01:09:16.979601 n-d-854653-1 devstack@placement-api.service[108313]: DEBUG placement.requestlog [req-9f97e304-1e67-4b12-bcd8-dd9c3923c1a2 req-4a129795-57e2-414e-8b4e-e6b1f3f4c10d None None] Starting request: 10.222.0.93 "GET /placement/allocations/b1428ffa-fa76-44ac-b823-c4c042737664" {{(pid=108313) __call__ /opt/stack/placement/placement/requestlog.py:55}}
Aug 26 01:09:16.993110 n-d-854653-1 devstack@placement-api.service[108313]: INFO placement.requestlog [req-9f97e304-1e67-4b12-bcd8-dd9c3923c1a2 req-4a129795-57e2-414e-8b4e-e6b1f3f4c10d service placement] 10.222.0.93 "GET /placement/allocations/b1428ffa-fa76-44ac-b823-c4c042737664" status: 200 len: 19 microversion: 1.28
Aug 26 01:09:16.993747 n-d-854653-1 devstack@placement-api.service[108313]: [pid: 108313|app: 0|req: 206/417] 10.222.0.93 () {60 vars in 1380 bytes} [Fri Aug 26 01:09:16 2022] GET /placement/allocations/b1428ffa-fa76-44ac-b823-c4c042737664 => generated 19 bytes in 15 msecs (HTTP/1.1 200) 8 headers in 295 bytes (2 switches on core 0)
Aug 26 01:09:17.000812 n-d-854653-1 devstack@placement-api.service[108312]: DEBUG placement.requestlog [req-9f97e304-1e67-4b12-bcd8-dd9c3923c1a2 req-7fff69e7-5f3a-468e-9df9-13a4da0af3c4 None None] Starting request: 10.222.0.93 "PUT /placement/allocations/b1428ffa-fa76-44ac-b823-c4c042737664" {{(pid=108312) __call__ /opt/stack/placement/placement/requestlog.py:55}}
Aug 26 01:09:17.217921 n-d-854653-1 devstack@placement-api.service[108312]: DEBUG placement.handlers.allocation [req-9f97e304-1e67-4b12-bcd8-dd9c3923c1a2 req-7fff69e7-5f3a-468e-9df9-13a4da0af3c4 service placement] Successfully wrote allocations [, , ] {{(pid=108312) _update_consumers_and_create_allocations /opt/stack/placement/placement/handlers/allocation.py:462}}
Aug 26 01:09:17.340439 n-d-854653-1 devstack@placement-api.service[108312]: INFO placement.requestlog [req-9f97e304-1e67-4b12-bcd8-dd9c3923c1a2 req-7fff69e7-5f3a-468e-9df9-13a4da0af3c4 service placement] 10.222.0.93 "PUT /placement/allocations/b1428ffa-fa76-44ac-b823-c4c042737664" status: 204 len: 0 microversion: 1.36
Aug 26 01:09:17.341007 n-d-854653-1 devstack@placement-api.service[108312]: [pid: 108312|app: 0|req: 212/418] 10.222.0.93 () {64 vars in 1433 bytes} [Fri Aug 26 01:09:16 2022] PUT /placement/allocations/b1428ffa-fa76-44ac-b823-c4c042737664 => generated 0 bytes in 341 msecs (HTTP/1.1 204) 5 headers in 199 bytes (1 switches on core 0)
Aug 26 01:09:18.872559 n-d-854653-1 devstack@placement-api.service[108313]: DEBUG placement.requestlog [req-9f97e304-1e67-4b12-bcd8-dd9c3923c1a2 req-7529d70a-58e6-4356-8964-23bc76184805 None None] Starting request: 10.222.0.100 "GET /placement/allocations/466b4c09-28d8-4374-884c-d7f254345f79" {{(pid=108313) __call__ /opt/stack/placement/placement/requestlog.py:55}}
Aug 26 01:09:18.899731 n-d-854653-1 devstack@placement-api.service[108313]: INFO placement.requestlog [req-9f97e304-1e67-4b12-bcd8-dd9c3923c1a2 req-7529d70a-58e6-4356-8964-23bc76184805 service placement] 10.222.0.100 "GET /placement/allocations/466b4c09-28d8-4374-884c-d7f254345f79" status: 200 len: 259 microversion: 1.28
Aug 26 01:09:18.901065 n-d-854653-1 devstack@placement-api.service[108313]: [pid: 108313|app: 0|req: 207/419] 10.222.0.100 () {60 vars in 1378 bytes} [Fri Aug 26 01:09:18 2022] GET /placement/allocations/466b4c09-28d8-4374-884c-d7f254345f79 => generated 259 bytes in 29 msecs (HTTP/1.1 200) 8 headers in 296 bytes (1 switches on core 0)
Aug 26 01:09:19.319233 n-d-854653-1 devstack@placement-api.service[108312]: DEBUG placement.requestlog [req-9f97e304-1e67-4b12-bcd8-dd9c3923c1a2 req-b1657256-5c30-474c-bcbf-e701b8768638 None None] Starting request: 10.222.0.100 "GET /placement/resource_providers/756df228-5f46-47b5-9c02-20c6be630811/allocations" {{(pid=108312) __call__ /opt/stack/placement/placement/requestlog.py:55}}
Aug 26 01:09:19.332070 n-d-854653-1 devstack@placement-api.service[108313]: DEBUG placement.requestlog [req-9f97e304-1e67-4b12-bcd8-dd9c3923c1a2 req-0da4cbb0-9550-4ecc-8c12-e04e5b95eb79 None None] Starting request: 10.222.0.100 "GET /placement/allocations/b1428ffa-fa76-44ac-b823-c4c042737664" {{(pid=108313) __call__ /opt/stack/placement/placement/requestlog.py:55}}
Aug 26 01:09:19.372996 n-d-854653-1 devstack@placement-api.service[108313]: INFO placement.requestlog [req-9f97e304-1e67-4b12-bcd8-dd9c3923c1a2 req-0da4cbb0-9550-4ecc-8c12-e04e5b95eb79 service placement] 10.222.0.100 "GET /placement/allocations/b1428ffa-fa76-44ac-b823-c4c042737664" status: 200 len: 259 microversion: 1.28
Aug 26 01:09:19.373733 n-d-854653-1 devstack@placement-api.service[108313]: [pid: 108313|app: 0|req: 208/420] 10.222.0.100 () {60 vars in 1378 bytes} [Fri Aug 26 01:09:19 2022] GET /placement/allocations/b1428ffa-fa76-44ac-b823-c4c042737664 => generated 259 bytes in 42 msecs (HTTP/1.1 200) 8 headers in 296 bytes (1 switches on core 0)
Aug 26 01:09:19.377687 n-d-854653-1 devstack@placement-api.service[108312]: INFO placement.requestlog [req-9f97e304-1e67-4b12-bcd8-dd9c3923c1a2 req-b1657256-5c30-474c-bcbf-e701b8768638 service placement] 10.222.0.100 "GET /placement/resource_providers/756df228-5f46-47b5-9c02-20c6be630811/allocations" status: 200 len: 558 microversion: 1.0
Aug 26 01:09:19.380138 n-d-854653-1 devstack@placement-api.service[108312]: [pid: 108312|app: 0|req: 213/421] 10.222.0.100 () {58 vars in 1391 bytes} [Fri Aug 26 01:09:19 2022] GET /placement/resource_providers/756df228-5f46-47b5-9c02-20c6be630811/allocations => generated 558 bytes in 61 msecs (HTTP/1.1 200) 6 headers in 224 bytes (1 switches on core 0)
Aug 26 01:09:19.415559 n-d-854653-1 devstack@placement-api.service[108313]: DEBUG placement.requestlog [req-9f97e304-1e67-4b12-bcd8-dd9c3923c1a2 req-18c6dd1e-3d67-4a2a-aca7-9d18cd5be9f9 None None] Starting request: 10.222.0.100 "GET /placement/allocations/d951f428-132f-490c-b0de-76e1e2e85359" {{(pid=108313) __call__ /opt/stack/placement/placement/requestlog.py:55}}
Aug 26 01:09:19.418252 n-d-854653-1 devstack@placement-api.service[108312]: DEBUG placement.requestlog [req-e525cdc3-76ab-4d88-ae3b-34b922173932 req-bcae0843-4f13-4253-9b42-e4bce377dd53 None None] Starting request: 10.222.0.93 "GET /placement/allocations/28c1303b-28b3-45de-9589-f319cbaf7c1f" {{(pid=108312) __call__ /opt/stack/placement/placement/requestlog.py:55}}
Aug 26 01:09:19.447557 n-d-854653-1 devstack@placement-api.service[108312]: INFO placement.requestlog [req-e525cdc3-76ab-4d88-ae3b-34b922173932 req-bcae0843-4f13-4253-9b42-e4bce377dd53 service placement] 10.222.0.93 "GET /placement/allocations/28c1303b-28b3-45de-9589-f319cbaf7c1f" status: 200 len: 259 microversion: 1.28
Aug 26 01:09:19.447656 n-d-854653-1 devstack@placement-api.service[108313]: INFO placement.requestlog [req-9f97e304-1e67-4b12-bcd8-dd9c3923c1a2 req-18c6dd1e-3d67-4a2a-aca7-9d18cd5be9f9 service placement] 10.222.0.100 "GET /placement/allocations/d951f428-132f-490c-b0de-76e1e2e85359" status: 200 len: 259 microversion: 1.28
Aug 26 01:09:19.447984 n-d-854653-1 devstack@placement-api.service[108312]: [pid: 108312|app: 0|req: 214/423] 10.222.0.93 () {60 vars in 1380 bytes} [Fri Aug 26 01:09:19 2022] GET /placement/allocations/28c1303b-28b3-45de-9589-f319cbaf7c1f => generated 259 bytes in 30 msecs (HTTP/1.1 200) 8 headers in 296 bytes (1 switches on core 0)
Aug 26 01:09:19.448230 n-d-854653-1 devstack@placement-api.service[108313]: [pid: 108313|app: 0|req: 209/423] 10.222.0.100 () {60 vars in 1378 bytes} [Fri Aug 26 01:09:19 2022] GET /placement/allocations/d951f428-132f-490c-b0de-76e1e2e85359 => generated 259 bytes in 33 msecs (HTTP/1.1 200) 8 headers in 296 bytes (1 switches on core 0)
Aug 26 01:09:19.455140 n-d-854653-1 devstack@placement-api.service[108312]: DEBUG placement.requestlog [req-9f97e304-1e67-4b12-bcd8-dd9c3923c1a2 req-4a80fb15-f5ed-483a-9072-7bdc3d05dc35 None None] Starting request: 10.222.0.100 "GET /placement/allocations/466b4c09-28d8-4374-884c-d7f254345f79" {{(pid=108312) __call__ /opt/stack/placement/placement/requestlog.py:55}}
Aug 26 01:09:19.466576 n-d-854653-1 devstack@placement-api.service[108313]: DEBUG placement.requestlog [req-e525cdc3-76ab-4d88-ae3b-34b922173932 req-a980ebad-5f48-4964-8259-15c470bebac5 None None] Starting request: 10.222.0.93 "GET /placement/allocations/28c1303b-28b3-45de-9589-f319cbaf7c1f" {{(pid=108313) __call__ /opt/stack/placement/placement/requestlog.py:55}}
Aug 26 01:09:19.491223 n-d-854653-1 devstack@placement-api.service[108313]: INFO placement.requestlog [req-e525cdc3-76ab-4d88-ae3b-34b922173932 req-a980ebad-5f48-4964-8259-15c470bebac5 service placement] 10.222.0.93 "GET /placement/allocations/28c1303b-28b3-45de-9589-f319cbaf7c1f" status: 200 len: 259 microversion: 1.28
Aug 26 01:09:19.491867 n-d-854653-1 devstack@placement-api.service[108313]: [pid: 108313|app: 0|req: 210/424] 10.222.0.93 () {60 vars in 1380 bytes} [Fri Aug 26 01:09:19 2022] GET /placement/allocations/28c1303b-28b3-45de-9589-f319cbaf7c1f => generated 259 bytes in 26 msecs (HTTP/1.1 200) 8 headers in 296 bytes (2 switches on core 0)
Aug 26 01:09:19.500640 n-d-854653-1 devstack@placement-api.service[108312]: INFO placement.requestlog [req-9f97e304-1e67-4b12-bcd8-dd9c3923c1a2 req-4a80fb15-f5ed-483a-9072-7bdc3d05dc35 service placement] 10.222.0.100 "GET /placement/allocations/466b4c09-28d8-4374-884c-d7f254345f79" status: 200 len: 259 microversion: 1.28
Aug 26 01:09:19.502051 n-d-854653-1 devstack@placement-api.service[108313]: DEBUG placement.requestlog [req-e525cdc3-76ab-4d88-ae3b-34b922173932 req-034c3ac5-972f-4045-8da7-a74ae0e7aadc None None] Starting request: 10.222.0.93 "GET /placement/allocations/626b54a2-4cec-4be7-a3b2-8fe814de9c3e" {{(pid=108313) __call__ /opt/stack/placement/placement/requestlog.py:55}}
Aug 26 01:09:19.504988 n-d-854653-1 devstack@placement-api.service[108312]: [pid: 108312|app: 0|req: 215/425] 10.222.0.100 () {60 vars in 1378 bytes} [Fri Aug 26 01:09:19 2022] GET /placement/allocations/466b4c09-28d8-4374-884c-d7f254345f79 => generated 259 bytes in 47 msecs (HTTP/1.1 200) 8 headers in 296 bytes (1 switches on core 0)
Aug 26 01:09:19.510597 n-d-854653-1 devstack@placement-api.service[108312]: DEBUG placement.requestlog [req-9f97e304-1e67-4b12-bcd8-dd9c3923c1a2 req-3eace092-c6df-4573-9989-9aec90db867c None None] Starting request: 10.222.0.100 "GET /placement/allocations/f532b028-3643-4dc3-a66c-ff73c81bdb53" {{(pid=108312) __call__ /opt/stack/placement/placement/requestlog.py:55}}
Aug 26 01:09:19.527811 n-d-854653-1 devstack@placement-api.service[108313]: INFO placement.requestlog [req-e525cdc3-76ab-4d88-ae3b-34b922173932 req-034c3ac5-972f-4045-8da7-a74ae0e7aadc service placement] 10.222.0.93 "GET /placement/allocations/626b54a2-4cec-4be7-a3b2-8fe814de9c3e" status: 200 len: 19 microversion: 1.28
Aug 26 01:09:19.533470 n-d-854653-1 devstack@placement-api.service[108313]: [pid: 108313|app: 0|req: 211/426] 10.222.0.93 () {60 vars in 1380 bytes} [Fri Aug 26 01:09:19 2022] GET /placement/allocations/626b54a2-4cec-4be7-a3b2-8fe814de9c3e => generated 19 bytes in 31 msecs (HTTP/1.1 200) 8 headers in 295 bytes (1 switches on core 0)
Aug 26 01:09:19.534460 n-d-854653-1 devstack@placement-api.service[108313]: DEBUG placement.requestlog [req-e525cdc3-76ab-4d88-ae3b-34b922173932 req-cbc211d7-54c8-4286-875e-c33c7656e66f None None] Starting request: 10.222.0.93 "POST /placement/allocations" {{(pid=108313) __call__ /opt/stack/placement/placement/requestlog.py:55}}
Aug 26 01:09:19.543854 n-d-854653-1 devstack@placement-api.service[108312]: INFO placement.requestlog [req-9f97e304-1e67-4b12-bcd8-dd9c3923c1a2 req-3eace092-c6df-4573-9989-9aec90db867c service placement] 10.222.0.100 "GET /placement/allocations/f532b028-3643-4dc3-a66c-ff73c81bdb53" status: 200 len: 259 microversion: 1.28
Aug 26 01:09:19.545915 n-d-854653-1 devstack@placement-api.service[108312]: [pid: 108312|app: 0|req: 216/427] 10.222.0.100 () {60 vars in 1378 bytes} [Fri Aug 26 01:09:19 2022] GET /placement/allocations/f532b028-3643-4dc3-a66c-ff73c81bdb53 => generated 259 bytes in 35 msecs (HTTP/1.1 200) 8 headers in 296 bytes (1 switches on core 0)
Aug 26 01:09:19.552597 n-d-854653-1 devstack@placement-api.service[108312]: DEBUG placement.requestlog [req-9f97e304-1e67-4b12-bcd8-dd9c3923c1a2 req-3387d520-f96f-4b66-acf4-2e78ab2eacf8 None None] Starting request: 10.222.0.100 "GET /placement/allocations/8a7004c1-cfdb-4bc0-9aab-65397955d6fe" {{(pid=108312) __call__ /opt/stack/placement/placement/requestlog.py:55}}
Aug 26 01:09:19.578636 n-d-854653-1 devstack@placement-api.service[108312]: INFO placement.requestlog [req-9f97e304-1e67-4b12-bcd8-dd9c3923c1a2 req-3387d520-f96f-4b66-acf4-2e78ab2eacf8 service placement] 10.222.0.100 "GET /placement/allocations/8a7004c1-cfdb-4bc0-9aab-65397955d6fe" status: 200 len: 259 microversion: 1.28
Aug 26 01:09:19.579689 n-d-854653-1 devstack@placement-api.service[108312]: [pid: 108312|app: 0|req: 217/428] 10.222.0.100 () {60 vars in 1378 bytes} [Fri Aug 26 01:09:19 2022] GET /placement/allocations/8a7004c1-cfdb-4bc0-9aab-65397955d6fe => generated 259 bytes in 28 msecs (HTTP/1.1 200) 8 headers in 296 bytes (1 switches on core 0)
Aug 26 01:09:19.593385 n-d-854653-1 devstack@placement-api.service[108312]: DEBUG placement.requestlog [req-9f97e304-1e67-4b12-bcd8-dd9c3923c1a2 req-2e52c550-31c9-42b4-a3dc-5f6617397d34 None None] Starting request: 10.222.0.100 "GET /placement/allocations/b1428ffa-fa76-44ac-b823-c4c042737664" {{(pid=108312) __call__ /opt/stack/placement/placement/requestlog.py:55}}
Aug 26 01:09:19.684469 n-d-854653-1 devstack@placement-api.service[108312]: INFO placement.requestlog [req-9f97e304-1e67-4b12-bcd8-dd9c3923c1a2 req-2e52c550-31c9-42b4-a3dc-5f6617397d34 service placement] 10.222.0.100 "GET /placement/allocations/b1428ffa-fa76-44ac-b823-c4c042737664" status: 200 len: 259 microversion: 1.28
Aug 26 01:09:19.686787 n-d-854653-1 devstack@placement-api.service[108312]: [pid: 108312|app: 0|req: 218/429] 10.222.0.100 () {60 vars in 1378 bytes} [Fri Aug 26 01:09:19 2022] GET /placement/allocations/b1428ffa-fa76-44ac-b823-c4c042737664 => generated 259 bytes in 96 msecs (HTTP/1.1 200) 8 headers in 296 bytes (1 switches on core 0)
Aug 26 01:09:19.903725 n-d-854653-1 devstack@placement-api.service[108313]: DEBUG placement.handlers.allocation [req-e525cdc3-76ab-4d88-ae3b-34b922173932 req-cbc211d7-54c8-4286-875e-c33c7656e66f service placement] Successfully wrote allocations [, , , , , ] {{(pid=108313) _update_consumers_and_create_allocations /opt/stack/placement/placement/handlers/allocation.py:572}}
Aug 26 01:09:19.908916 n-d-854653-1 devstack@placement-api.service[108312]: DEBUG placement.requestlog [req-9f97e304-1e67-4b12-bcd8-dd9c3923c1a2 req-9d72ad58-58e4-407e-8342-ea7efd9d428f None None] Starting request: 10.222.0.100 "GET /placement/resource_providers/756df228-5f46-47b5-9c02-20c6be630811/allocations" {{(pid=108312) __call__ /opt/stack/placement/placement/requestlog.py:55}}
Aug 26 01:09:19.985730 n-d-854653-1 devstack@placement-api.service[108312]: INFO placement.requestlog [req-9f97e304-1e67-4b12-bcd8-dd9c3923c1a2 req-9d72ad58-58e4-407e-8342-ea7efd9d428f service placement] 10.222.0.100 "GET /placement/resource_providers/756df228-5f46-47b5-9c02-20c6be630811/allocations" status: 200 len: 558 microversion: 1.0
Aug 26 01:09:19.987827 n-d-854653-1 devstack@placement-api.service[108312]: [pid: 108312|app: 0|req: 219/430] 10.222.0.100 () {58 vars in 1391 bytes} [Fri Aug 26 01:09:19 2022] GET /placement/resource_providers/756df228-5f46-47b5-9c02-20c6be630811/allocations => generated 558 bytes in 79 msecs (HTTP/1.1 200) 6 headers in 224 bytes (1 switches on core 0)
Aug 26 01:09:20.011460 n-d-854653-1 devstack@placement-api.service[108312]: DEBUG placement.requestlog [req-9f97e304-1e67-4b12-bcd8-dd9c3923c1a2 req-2331608d-2a71-4280-a472-1b91968774e4 None None] Starting request: 10.222.0.100 "GET /placement/allocations/d951f428-132f-490c-b0de-76e1e2e85359" {{(pid=108312) __call__ /opt/stack/placement/placement/requestlog.py:55}}
Aug 26 01:09:20.031499 n-d-854653-1 devstack@placement-api.service[108313]: INFO placement.requestlog [req-e525cdc3-76ab-4d88-ae3b-34b922173932 req-cbc211d7-54c8-4286-875e-c33c7656e66f service placement] 10.222.0.93 "POST /placement/allocations" status: 204 len: 0 microversion: 1.28
Aug 26 01:09:20.034617 n-d-854653-1 devstack@placement-api.service[108313]: [pid: 108313|app: 0|req: 212/431] 10.222.0.93 () {64 vars in 1323 bytes} [Fri Aug 26 01:09:19 2022] POST /placement/allocations => generated 0 bytes in 498 msecs (HTTP/1.1 204) 5 headers in 199 bytes (1 switches on core 0)
Aug 26 01:09:20.039495 n-d-854653-1 devstack@placement-api.service[108312]: INFO placement.requestlog [req-9f97e304-1e67-4b12-bcd8-dd9c3923c1a2 req-2331608d-2a71-4280-a472-1b91968774e4 service placement] 10.222.0.100 "GET /placement/allocations/d951f428-132f-490c-b0de-76e1e2e85359" status: 200 len: 259 microversion: 1.28
Aug 26 01:09:20.040131 n-d-854653-1 devstack@placement-api.service[108312]: [pid: 108312|app: 0|req: 220/432] 10.222.0.100 () {60 vars in 1378 bytes} [Fri Aug 26 01:09:20 2022] GET /placement/allocations/d951f428-132f-490c-b0de-76e1e2e85359 => generated 259 bytes in 29 msecs (HTTP/1.1 200) 8 headers in 296 bytes (2 switches on core 0)
Aug 26 01:09:20.058680 n-d-854653-1 devstack@placement-api.service[108313]: DEBUG placement.requestlog [req-9f97e304-1e67-4b12-bcd8-dd9c3923c1a2 req-30180dba-fdab-4dc5-ab92-dcb0ca59bd6b None None] Starting request: 10.222.0.100 "GET /placement/allocations/466b4c09-28d8-4374-884c-d7f254345f79" {{(pid=108313) __call__ /opt/stack/placement/placement/requestlog.py:55}}
Aug 26 01:09:20.131716 n-d-854653-1 devstack@placement-api.service[108313]: INFO placement.requestlog [req-9f97e304-1e67-4b12-bcd8-dd9c3923c1a2 req-30180dba-fdab-4dc5-ab92-dcb0ca59bd6b service placement] 10.222.0.100 "GET /placement/allocations/466b4c09-28d8-4374-884c-d7f254345f79" status: 200 len: 259 microversion: 1.28
Aug 26 01:09:20.133748 n-d-854653-1 devstack@placement-api.service[108313]: [pid: 108313|app: 0|req: 213/433] 10.222.0.100 () {60 vars in 1378 bytes} [Fri Aug 26 01:09:20 2022] GET /placement/allocations/466b4c09-28d8-4374-884c-d7f254345f79 => generated 259 bytes in 76 msecs (HTTP/1.1 200) 8 headers in 296 bytes (1 switches on core 0)
Aug 26 01:09:20.141934 n-d-854653-1 devstack@placement-api.service[108312]: DEBUG placement.requestlog [req-9f97e304-1e67-4b12-bcd8-dd9c3923c1a2 req-639a779e-1103-433d-90be-60cd3139365e None None] Starting request: 10.222.0.100 "GET /placement/allocations/f532b028-3643-4dc3-a66c-ff73c81bdb53" {{(pid=108312) __call__ /opt/stack/placement/placement/requestlog.py:55}}
Aug 26 01:09:20.182410 n-d-854653-1 devstack@placement-api.service[108312]: INFO placement.requestlog [req-9f97e304-1e67-4b12-bcd8-dd9c3923c1a2 req-639a779e-1103-433d-90be-60cd3139365e service placement] 10.222.0.100 "GET /placement/allocations/f532b028-3643-4dc3-a66c-ff73c81bdb53" status: 200 len: 259 microversion: 1.28
Aug 26 01:09:20.183374 n-d-854653-1 devstack@placement-api.service[108312]: [pid: 108312|app: 0|req: 221/434] 10.222.0.100 () {60 vars in 1378 bytes} [Fri Aug 26 01:09:20 2022] GET /placement/allocations/f532b028-3643-4dc3-a66c-ff73c81bdb53 => generated 259 bytes in 42 msecs (HTTP/1.1 200) 8 headers in 296 bytes (1 switches on core 0)
Aug 26 01:09:20.190426 n-d-854653-1 devstack@placement-api.service[108313]: DEBUG placement.requestlog [req-9f97e304-1e67-4b12-bcd8-dd9c3923c1a2 req-ef67b728-e0b3-4e2b-93cc-125c405d730a None None] Starting request: 10.222.0.100 "GET /placement/allocations/8a7004c1-cfdb-4bc0-9aab-65397955d6fe" {{(pid=108313) __call__ /opt/stack/placement/placement/requestlog.py:55}}
Aug 26 01:09:20.202124 n-d-854653-1 devstack@placement-api.service[108312]: DEBUG placement.requestlog [req-e525cdc3-76ab-4d88-ae3b-34b922173932 req-1570f5d7-40b1-420a-8914-bd24ea8c0ac5 None None] Starting request: 10.222.0.93 "GET /placement/allocations/28c1303b-28b3-45de-9589-f319cbaf7c1f" {{(pid=108312) __call__ /opt/stack/placement/placement/requestlog.py:55}}
Aug 26 01:09:20.250763 n-d-854653-1 devstack@placement-api.service[108312]: INFO placement.requestlog [req-e525cdc3-76ab-4d88-ae3b-34b922173932 req-1570f5d7-40b1-420a-8914-bd24ea8c0ac5 service placement] 10.222.0.93 "GET /placement/allocations/28c1303b-28b3-45de-9589-f319cbaf7c1f" status: 200 len: 19 microversion: 1.28
Aug 26 01:09:20.254962 n-d-854653-1 devstack@placement-api.service[108312]: [pid: 108312|app: 0|req: 222/435] 10.222.0.93 () {60 vars in 1380 bytes} [Fri Aug 26 01:09:20 2022] GET /placement/allocations/28c1303b-28b3-45de-9589-f319cbaf7c1f => generated 19 bytes in 53 msecs (HTTP/1.1 200) 8 headers in 295 bytes (2 switches on core 0)
Aug 26 01:09:20.258772 n-d-854653-1 devstack@placement-api.service[108312]: DEBUG placement.requestlog [req-e525cdc3-76ab-4d88-ae3b-34b922173932 req-2ed4ae60-0884-4aac-9166-ac5e995b7e17 None None] Starting request: 10.222.0.93 "PUT /placement/allocations/28c1303b-28b3-45de-9589-f319cbaf7c1f" {{(pid=108312) __call__ /opt/stack/placement/placement/requestlog.py:55}}
Aug 26 01:09:20.268531 n-d-854653-1 devstack@placement-api.service[108313]: INFO placement.requestlog [req-9f97e304-1e67-4b12-bcd8-dd9c3923c1a2 req-ef67b728-e0b3-4e2b-93cc-125c405d730a service placement] 10.222.0.100 "GET /placement/allocations/8a7004c1-cfdb-4bc0-9aab-65397955d6fe" status: 200 len: 259 microversion: 1.28
Aug 26 01:09:20.269860 n-d-854653-1 devstack@placement-api.service[108313]: [pid: 108313|app: 0|req: 214/436] 10.222.0.100 () {60 vars in 1378 bytes} [Fri Aug 26 01:09:20 2022] GET /placement/allocations/8a7004c1-cfdb-4bc0-9aab-65397955d6fe => generated 259 bytes in 80 msecs (HTTP/1.1 200) 8 headers in 296 bytes (1 switches on core 0)
Aug 26 01:09:20.278169 n-d-854653-1 devstack@placement-api.service[108313]: DEBUG placement.requestlog [req-9f97e304-1e67-4b12-bcd8-dd9c3923c1a2 req-3e811480-70f9-4197-816e-48168a139c6c None None] Starting request: 10.222.0.100 "GET /placement/allocations/b1428ffa-fa76-44ac-b823-c4c042737664" {{(pid=108313) __call__ /opt/stack/placement/placement/requestlog.py:55}}
Aug 26 01:09:20.314655 n-d-854653-1 devstack@placement-api.service[108313]: INFO placement.requestlog [req-9f97e304-1e67-4b12-bcd8-dd9c3923c1a2 req-3e811480-70f9-4197-816e-48168a139c6c service placement] 10.222.0.100 "GET /placement/allocations/b1428ffa-fa76-44ac-b823-c4c042737664" status: 200 len: 259 microversion: 1.28
Aug 26 01:09:20.326271 n-d-854653-1 devstack@placement-api.service[108313]: [pid: 108313|app: 0|req: 215/437] 10.222.0.100 () {60 vars in 1378 bytes} [Fri Aug 26 01:09:20 2022] GET /placement/allocations/b1428ffa-fa76-44ac-b823-c4c042737664 => generated 259 bytes in 48 msecs (HTTP/1.1 200) 8 headers in 296 bytes (1 switches on core 0)
Aug 26 01:09:20.513220 n-d-854653-1 devstack@placement-api.service[108312]: DEBUG placement.handlers.allocation [req-e525cdc3-76ab-4d88-ae3b-34b922173932 req-2ed4ae60-0884-4aac-9166-ac5e995b7e17 service placement] Successfully wrote allocations [, , ] {{(pid=108312) _update_consumers_and_create_allocations /opt/stack/placement/placement/handlers/allocation.py:462}}
Aug 26 01:09:20.597482 n-d-854653-1 devstack@placement-api.service[108312]: INFO placement.requestlog [req-e525cdc3-76ab-4d88-ae3b-34b922173932 req-2ed4ae60-0884-4aac-9166-ac5e995b7e17 service placement] 10.222.0.93 "PUT /placement/allocations/28c1303b-28b3-45de-9589-f319cbaf7c1f" status: 204 len: 0 microversion: 1.28
Aug 26 01:09:20.598140 n-d-854653-1 devstack@placement-api.service[108312]: [pid: 108312|app: 0|req: 223/438] 10.222.0.93 () {64 vars in 1433 bytes} [Fri Aug 26 01:09:20 2022] PUT /placement/allocations/28c1303b-28b3-45de-9589-f319cbaf7c1f => generated 0 bytes in 340 msecs (HTTP/1.1 204) 5 headers in 199 bytes (1 switches on core 0)
Aug 26 01:09:21.065006 n-d-854653-1 devstack@placement-api.service[108313]: DEBUG placement.requestlog [req-e525cdc3-76ab-4d88-ae3b-34b922173932 req-7ab40e62-a4f5-4dfd-ba0d-1b57635468ef None None] Starting request: 10.222.0.100 "GET /placement/allocations/28c1303b-28b3-45de-9589-f319cbaf7c1f" {{(pid=108313) __call__ /opt/stack/placement/placement/requestlog.py:55}}
Aug 26 01:09:21.112563 n-d-854653-1 devstack@placement-api.service[108313]: INFO placement.requestlog [req-e525cdc3-76ab-4d88-ae3b-34b922173932 req-7ab40e62-a4f5-4dfd-ba0d-1b57635468ef service placement] 10.222.0.100 "GET /placement/allocations/28c1303b-28b3-45de-9589-f319cbaf7c1f" status: 200 len: 259 microversion: 1.28
Aug 26 01:09:21.112972 n-d-854653-1 devstack@placement-api.service[108313]: [pid: 108313|app: 0|req: 216/439] 10.222.0.100 () {60 vars in 1378 bytes} [Fri Aug 26 01:09:21 2022] GET /placement/allocations/28c1303b-28b3-45de-9589-f319cbaf7c1f => generated 259 bytes in 49 msecs (HTTP/1.1 200) 8 headers in 296 bytes (1 switches on core 0)
Aug 26 01:09:25.061394 n-d-854653-1 devstack@placement-api.service[108312]: DEBUG placement.requestlog [req-02f0267e-9589-44e3-a770-facb7a9cd1f2 req-e22abdcf-81ba-431f-a445-8a45288616e0 None None] Starting request: 10.222.0.93 "GET /placement/allocations/4a61a6d4-34c5-4884-a2a1-d4879876ca4e" {{(pid=108312) __call__ /opt/stack/placement/placement/requestlog.py:55}}
Aug 26 01:09:25.069781 n-d-854653-1 devstack@placement-api.service[108312]: DEBUG dbcounter [-] [108312] Writing DB stats placement:SELECT=76,placement:INSERT=12,placement:DELETE=6,placement:UPDATE=6 {{(pid=108312) stat_writer /usr/local/lib/python3.8/dist-packages/dbcounter.py:114}}
Aug 26 01:09:25.083495 n-d-854653-1 devstack@placement-api.service[108312]: INFO placement.requestlog [req-02f0267e-9589-44e3-a770-facb7a9cd1f2 req-e22abdcf-81ba-431f-a445-8a45288616e0 service placement] 10.222.0.93 "GET /placement/allocations/4a61a6d4-34c5-4884-a2a1-d4879876ca4e" status: 200 len: 259 microversion: 1.28
Aug 26 01:09:25.090035 n-d-854653-1 devstack@placement-api.service[108312]: [pid: 108312|app: 0|req: 224/440] 10.222.0.93 () {60 vars in 1380 bytes} [Fri Aug 26 01:09:25 2022] GET /placement/allocations/4a61a6d4-34c5-4884-a2a1-d4879876ca4e => generated 259 bytes in 29 msecs (HTTP/1.1 200) 8 headers in 296 bytes (1 switches on core 0)
Aug 26 01:09:25.095047 n-d-854653-1 devstack@placement-api.service[108313]: DEBUG placement.requestlog [req-02f0267e-9589-44e3-a770-facb7a9cd1f2 req-b020d891-e8d5-4002-aef6-bbd67a440160 None None] Starting request: 10.222.0.93 "GET /placement/allocations/4a61a6d4-34c5-4884-a2a1-d4879876ca4e" {{(pid=108313) __call__ /opt/stack/placement/placement/requestlog.py:55}}
Aug 26 01:09:25.110066 n-d-854653-1 devstack@placement-api.service[108313]: INFO placement.requestlog [req-02f0267e-9589-44e3-a770-facb7a9cd1f2 req-b020d891-e8d5-4002-aef6-bbd67a440160 service placement] 10.222.0.93 "GET /placement/allocations/4a61a6d4-34c5-4884-a2a1-d4879876ca4e" status: 200 len: 259 microversion: 1.28
