Aug 26 01:06:26.176337 n-d-854653-1 devstack@placement-api.service[108313]: DEBUG placement.requestlog [req-a67e71c6-36a4-4438-9058-a4fe35a920b5 req-0818c511-8e88-42bd-a254-5d9d7336e2e0 None None] Starting request: 10.222.0.93 "PUT /placement/allocations/4241ea2f-2dcb-4b50-bb86-4f1e2adc4eb5" {{(pid=108313) __call__ /opt/stack/placement/placement/requestlog.py:55}}
Aug 26 01:06:26.588861 n-d-854653-1 devstack@placement-api.service[108313]: DEBUG placement.handlers.allocation [req-a67e71c6-36a4-4438-9058-a4fe35a920b5 req-0818c511-8e88-42bd-a254-5d9d7336e2e0 service placement] Successfully wrote allocations [, , ] {{(pid=108313) _update_consumers_and_create_allocations /opt/stack/placement/placement/handlers/allocation.py:462}}
Aug 26 01:06:26.657325 n-d-854653-1 devstack@placement-api.service[108313]: INFO placement.requestlog [req-a67e71c6-36a4-4438-9058-a4fe35a920b5 req-0818c511-8e88-42bd-a254-5d9d7336e2e0 service placement] 10.222.0.93 "PUT /placement/allocations/4241ea2f-2dcb-4b50-bb86-4f1e2adc4eb5" status: 204 len: 0 microversion: 1.36
Aug 26 01:06:26.657954 n-d-854653-1 devstack@placement-api.service[108313]: [pid: 108313|app: 0|req: 31/61] 10.222.0.93 () {64 vars in 1433 bytes} [Fri Aug 26 01:06:26 2022] PUT /placement/allocations/4241ea2f-2dcb-4b50-bb86-4f1e2adc4eb5 => generated 0 bytes in 483 msecs (HTTP/1.1 204) 5 headers in 199 bytes (1 switches on core 0)
Aug 26 01:06:27.904442 n-d-854653-1 devstack@placement-api.service[108312]: DEBUG placement.requestlog [req-a67e71c6-36a4-4438-9058-a4fe35a920b5 req-7e4b3dfa-d04d-493b-841a-571f244ea103 None None] Starting request: 10.222.0.109 "GET /placement/allocations/4241ea2f-2dcb-4b50-bb86-4f1e2adc4eb5" {{(pid=108312) __call__ /opt/stack/placement/placement/requestlog.py:55}}
Aug 26 01:06:27.928402 n-d-854653-1 devstack@placement-api.service[108312]: INFO placement.requestlog [req-a67e71c6-36a4-4438-9058-a4fe35a920b5 req-7e4b3dfa-d04d-493b-841a-571f244ea103 service placement] 10.222.0.109 "GET /placement/allocations/4241ea2f-2dcb-4b50-bb86-4f1e2adc4eb5" status: 200 len: 258 microversion: 1.28
Aug 26 01:06:27.934375 n-d-854653-1 devstack@placement-api.service[108312]: [pid: 108312|app: 0|req: 31/62] 10.222.0.109 () {60 vars in 1378 bytes} [Fri Aug 26 01:06:27 2022] GET /placement/allocations/4241ea2f-2dcb-4b50-bb86-4f1e2adc4eb5 => generated 258 bytes in 30 msecs (HTTP/1.1 200) 8 headers in 296 bytes (1 switches on core 0)
Aug 26 01:06:28.418985 n-d-854653-1 devstack@placement-api.service[108313]: DEBUG placement.requestlog [req-a67e71c6-36a4-4438-9058-a4fe35a920b5 req-2918052e-a238-4093-9242-0e1da6cd669c None None] Starting request: 10.222.0.109 "GET /placement/resource_providers/c6314be5-47a0-4825-9d8c-eb19a9657921/allocations" {{(pid=108313) __call__ /opt/stack/placement/placement/requestlog.py:55}}
Aug 26 01:06:28.452458 n-d-854653-1 devstack@placement-api.service[108313]: INFO placement.requestlog [req-a67e71c6-36a4-4438-9058-a4fe35a920b5 req-2918052e-a238-4093-9242-0e1da6cd669c service placement] 10.222.0.109 "GET /placement/resource_providers/c6314be5-47a0-4825-9d8c-eb19a9657921/allocations" status: 200 len: 153 microversion: 1.0
Aug 26 01:06:28.452912 n-d-854653-1 devstack@placement-api.service[108313]: [pid: 108313|app: 0|req: 32/63] 10.222.0.109 () {58 vars in 1391 bytes} [Fri Aug 26 01:06:28 2022] GET /placement/resource_providers/c6314be5-47a0-4825-9d8c-eb19a9657921/allocations => generated 153 bytes in 34 msecs (HTTP/1.1 200) 6 headers in 224 bytes (1 switches on core 0)
Aug 26 01:06:28.465777 n-d-854653-1 devstack@placement-api.service[108312]: DEBUG placement.requestlog [req-a67e71c6-36a4-4438-9058-a4fe35a920b5 req-52401055-8d1c-46e0-b4e1-e241e993299f None None] Starting request: 10.222.0.109 "GET /placement/allocations/4241ea2f-2dcb-4b50-bb86-4f1e2adc4eb5" {{(pid=108312) __call__ /opt/stack/placement/placement/requestlog.py:55}}
Aug 26 01:06:28.481666 n-d-854653-1 devstack@placement-api.service[108312]: INFO placement.requestlog [req-a67e71c6-36a4-4438-9058-a4fe35a920b5 req-52401055-8d1c-46e0-b4e1-e241e993299f service placement] 10.222.0.109 "GET /placement/allocations/4241ea2f-2dcb-4b50-bb86-4f1e2adc4eb5" status: 200 len: 258 microversion: 1.28
Aug 26 01:06:28.482152 n-d-854653-1 devstack@placement-api.service[108312]: [pid: 108312|app: 0|req: 32/64] 10.222.0.109 () {60 vars in 1378 bytes} [Fri Aug 26 01:06:28 2022] GET /placement/allocations/4241ea2f-2dcb-4b50-bb86-4f1e2adc4eb5 => generated 258 bytes in 21 msecs (HTTP/1.1 200) 8 headers in 296 bytes (2 switches on core 0)
Aug 26 01:06:35.087811 n-d-854653-1 devstack@placement-api.service[108313]: DEBUG placement.requestlog [req-d4cbd17d-dbdf-4be6-80bc-9a36b40031b3 req-2f706ba9-b992-4d4b-beec-6da1d0f7c6fa None None] Starting request: 10.222.0.93 "GET /placement/allocation_candidates?limit=1000&resources=DISK_GB%3A1%2CMEMORY_MB%3A1024%2CVCPU%3A1&root_required=%21COMPUTE_STATUS_DISABLED" {{(pid=108313) __call__ /opt/stack/placement/placement/requestlog.py:55}}
Aug 26 01:06:35.192164 n-d-854653-1 devstack@placement-api.service[108313]: DEBUG placement.objects.research_context [req-d4cbd17d-dbdf-4be6-80bc-9a36b40031b3 req-2f706ba9-b992-4d4b-beec-6da1d0f7c6fa service placement] getting providers with 1 DISK_GB {{(pid=108313) __init__ /opt/stack/placement/placement/objects/research_context.py:136}}
Aug 26 01:06:35.201676 n-d-854653-1 devstack@placement-api.service[108313]: DEBUG placement.objects.research_context [req-d4cbd17d-dbdf-4be6-80bc-9a36b40031b3 req-2f706ba9-b992-4d4b-beec-6da1d0f7c6fa service placement] getting providers with 1024 MEMORY_MB {{(pid=108313) __init__ /opt/stack/placement/placement/objects/research_context.py:136}}
Aug 26 01:06:35.213795 n-d-854653-1 devstack@placement-api.service[108313]: DEBUG placement.objects.research_context [req-d4cbd17d-dbdf-4be6-80bc-9a36b40031b3 req-2f706ba9-b992-4d4b-beec-6da1d0f7c6fa service placement] getting providers with 1 VCPU {{(pid=108313) __init__ /opt/stack/placement/placement/objects/research_context.py:136}}
Aug 26 01:06:35.222365 n-d-854653-1 devstack@placement-api.service[108313]: DEBUG placement.objects.research_context [req-d4cbd17d-dbdf-4be6-80bc-9a36b40031b3 req-2f706ba9-b992-4d4b-beec-6da1d0f7c6fa service placement] found 2 providers with available 1 DISK_GB {{(pid=108313) get_provider_ids_matching /opt/stack/placement/placement/objects/research_context.py:563}}
Aug 26 01:06:35.222871 n-d-854653-1 devstack@placement-api.service[108313]: DEBUG placement.objects.research_context [req-d4cbd17d-dbdf-4be6-80bc-9a36b40031b3 req-2f706ba9-b992-4d4b-beec-6da1d0f7c6fa service placement] found 2 providers with available 1024 MEMORY_MB {{(pid=108313) get_provider_ids_matching /opt/stack/placement/placement/objects/research_context.py:563}}
Aug 26 01:06:35.223601 n-d-854653-1 devstack@placement-api.service[108313]: DEBUG placement.objects.research_context [req-d4cbd17d-dbdf-4be6-80bc-9a36b40031b3 req-2f706ba9-b992-4d4b-beec-6da1d0f7c6fa service placement] found 2 providers after filtering by previous result {{(pid=108313) get_provider_ids_matching /opt/stack/placement/placement/objects/research_context.py:594}}
Aug 26 01:06:35.224093 n-d-854653-1 devstack@placement-api.service[108313]: DEBUG placement.objects.research_context [req-d4cbd17d-dbdf-4be6-80bc-9a36b40031b3 req-2f706ba9-b992-4d4b-beec-6da1d0f7c6fa service placement] found 2 providers with available 1 VCPU {{(pid=108313) get_provider_ids_matching /opt/stack/placement/placement/objects/research_context.py:563}}
Aug 26 01:06:35.224504 n-d-854653-1 devstack@placement-api.service[108313]: DEBUG placement.objects.research_context [req-d4cbd17d-dbdf-4be6-80bc-9a36b40031b3 req-2f706ba9-b992-4d4b-beec-6da1d0f7c6fa service placement] found 2 providers after filtering by previous result {{(pid=108313) get_provider_ids_matching /opt/stack/placement/placement/objects/research_context.py:594}}
Aug 26 01:06:35.239972 n-d-854653-1 devstack@placement-api.service[108313]: DEBUG placement.objects.allocation_candidate [req-d4cbd17d-dbdf-4be6-80bc-9a36b40031b3 req-2f706ba9-b992-4d4b-beec-6da1d0f7c6fa service placement] RequestGroup(use_same_provider=False, resources={DISK_GB:1, MEMORY_MB:1024, VCPU:1}, traits=(), aggregates=[]) (suffix '') returned 2 matches {{(pid=108313) _get_by_requests /opt/stack/placement/placement/objects/allocation_candidate.py:156}}
Aug 26 01:06:35.240521 n-d-854653-1 devstack@placement-api.service[108313]: DEBUG placement.objects.allocation_candidate [req-d4cbd17d-dbdf-4be6-80bc-9a36b40031b3 req-2f706ba9-b992-4d4b-beec-6da1d0f7c6fa service placement] Merging candidates yields 2 allocation requests and 2 provider summaries {{(pid=108313) _merge_candidates /opt/stack/placement/placement/objects/allocation_candidate.py:809}}
Aug 26 01:06:35.243084 n-d-854653-1 devstack@placement-api.service[108313]: INFO placement.requestlog [req-d4cbd17d-dbdf-4be6-80bc-9a36b40031b3 req-2f706ba9-b992-4d4b-beec-6da1d0f7c6fa service placement] 10.222.0.93 "GET /placement/allocation_candidates?limit=1000&resources=DISK_GB%3A1%2CMEMORY_MB%3A1024%2CVCPU%3A1&root_required=%21COMPUTE_STATUS_DISABLED" status: 200 len: 1309 microversion: 1.36
Aug 26 01:06:35.243641 n-d-854653-1 devstack@placement-api.service[108313]: [pid: 108313|app: 0|req: 33/65] 10.222.0.93 () {60 vars in 1506 bytes} [Fri Aug 26 01:06:35 2022] GET /placement/allocation_candidates?limit=1000&resources=DISK_GB%3A1%2CMEMORY_MB%3A1024%2CVCPU%3A1&root_required=%21COMPUTE_STATUS_DISABLED => generated 1309 bytes in 157 msecs (HTTP/1.1 200) 8 headers in 297 bytes (1 switches on core 0)
Aug 26 01:06:35.310902 n-d-854653-1 devstack@placement-api.service[108312]: DEBUG placement.requestlog [req-d4cbd17d-dbdf-4be6-80bc-9a36b40031b3 req-aee0f01b-4851-4ff2-a7cb-2c7313b46dc4 None None] Starting request: 10.222.0.93 "GET /placement/allocations/d951f428-132f-490c-b0de-76e1e2e85359" {{(pid=108312) __call__ /opt/stack/placement/placement/requestlog.py:55}}
Aug 26 01:06:35.324241 n-d-854653-1 devstack@placement-api.service[108312]: INFO placement.requestlog [req-d4cbd17d-dbdf-4be6-80bc-9a36b40031b3 req-aee0f01b-4851-4ff2-a7cb-2c7313b46dc4 service placement] 10.222.0.93 "GET /placement/allocations/d951f428-132f-490c-b0de-76e1e2e85359" status: 200 len: 19 microversion: 1.28
Aug 26 01:06:35.324961 n-d-854653-1 devstack@placement-api.service[108312]: [pid: 108312|app: 0|req: 33/66] 10.222.0.93 () {60 vars in 1380 bytes} [Fri Aug 26 01:06:35 2022] GET /placement/allocations/d951f428-132f-490c-b0de-76e1e2e85359 => generated 19 bytes in 15 msecs (HTTP/1.1 200) 8 headers in 295 bytes (1 switches on core 0)
Aug 26 01:06:35.335275 n-d-854653-1 devstack@placement-api.service[108313]: DEBUG placement.requestlog [req-d4cbd17d-dbdf-4be6-80bc-9a36b40031b3 req-94704f3a-9fa4-4886-a72d-b90c75a0bd86 None None] Starting request: 10.222.0.93 "PUT /placement/allocations/d951f428-132f-490c-b0de-76e1e2e85359" {{(pid=108313) __call__ /opt/stack/placement/placement/requestlog.py:55}}
Aug 26 01:06:35.729285 n-d-854653-1 devstack@placement-api.service[108313]: DEBUG placement.handlers.allocation [req-d4cbd17d-dbdf-4be6-80bc-9a36b40031b3 req-94704f3a-9fa4-4886-a72d-b90c75a0bd86 service placement] Successfully wrote allocations [, , ] {{(pid=108313) _update_consumers_and_create_allocations /opt/stack/placement/placement/handlers/allocation.py:462}}
Aug 26 01:06:35.834112 n-d-854653-1 devstack@placement-api.service[108313]: INFO placement.requestlog [req-d4cbd17d-dbdf-4be6-80bc-9a36b40031b3 req-94704f3a-9fa4-4886-a72d-b90c75a0bd86 service placement] 10.222.0.93 "PUT /placement/allocations/d951f428-132f-490c-b0de-76e1e2e85359" status: 204 len: 0 microversion: 1.36
Aug 26 01:06:35.834665 n-d-854653-1 devstack@placement-api.service[108313]: [pid: 108313|app: 0|req: 34/67] 10.222.0.93 () {64 vars in 1433 bytes} [Fri Aug 26 01:06:35 2022] PUT /placement/allocations/d951f428-132f-490c-b0de-76e1e2e85359 => generated 0 bytes in 500 msecs (HTTP/1.1 204) 5 headers in 199 bytes (2 switches on core 0)
Aug 26 01:06:37.219009 n-d-854653-1 devstack@placement-api.service[108312]: DEBUG placement.requestlog [req-d4cbd17d-dbdf-4be6-80bc-9a36b40031b3 req-025c409b-6d0b-4ae7-a64d-6e13bc029cf7 None None] Starting request: 10.222.0.109 "GET /placement/allocations/d951f428-132f-490c-b0de-76e1e2e85359" {{(pid=108312) __call__ /opt/stack/placement/placement/requestlog.py:55}}
Aug 26 01:06:37.235857 n-d-854653-1 devstack@placement-api.service[108312]: INFO placement.requestlog [req-d4cbd17d-dbdf-4be6-80bc-9a36b40031b3 req-025c409b-6d0b-4ae7-a64d-6e13bc029cf7 service placement] 10.222.0.109 "GET /placement/allocations/d951f428-132f-490c-b0de-76e1e2e85359" status: 200 len: 258 microversion: 1.28
Aug 26 01:06:37.236291 n-d-854653-1 devstack@placement-api.service[108312]: [pid: 108312|app: 0|req: 34/68] 10.222.0.109 () {60 vars in 1378 bytes} [Fri Aug 26 01:06:37 2022] GET /placement/allocations/d951f428-132f-490c-b0de-76e1e2e85359 => generated 258 bytes in 18 msecs (HTTP/1.1 200) 8 headers in 296 bytes (1 switches on core 0)
Aug 26 01:06:37.627400 n-d-854653-1 devstack@placement-api.service[108313]: DEBUG placement.requestlog [req-d4cbd17d-dbdf-4be6-80bc-9a36b40031b3 req-e1358563-dec8-473a-9e28-b59433d55010 None None] Starting request: 10.222.0.109 "GET /placement/resource_providers/c6314be5-47a0-4825-9d8c-eb19a9657921/allocations" {{(pid=108313) __call__ /opt/stack/placement/placement/requestlog.py:55}}
Aug 26 01:06:37.654785 n-d-854653-1 devstack@placement-api.service[108313]: INFO placement.requestlog [req-d4cbd17d-dbdf-4be6-80bc-9a36b40031b3 req-e1358563-dec8-473a-9e28-b59433d55010 service placement] 10.222.0.109 "GET /placement/resource_providers/c6314be5-47a0-4825-9d8c-eb19a9657921/allocations" status: 200 len: 254 microversion: 1.0
Aug 26 01:06:37.655699 n-d-854653-1 devstack@placement-api.service[108313]: [pid: 108313|app: 0|req: 35/69] 10.222.0.109 () {58 vars in 1391 bytes} [Fri Aug 26 01:06:37 2022] GET /placement/resource_providers/c6314be5-47a0-4825-9d8c-eb19a9657921/allocations => generated 254 bytes in 29 msecs (HTTP/1.1 200) 6 headers in 224 bytes (1 switches on core 0)
Aug 26 01:06:37.663953 n-d-854653-1 devstack@placement-api.service[108312]: DEBUG placement.requestlog [req-d4cbd17d-dbdf-4be6-80bc-9a36b40031b3 req-8bfe2ad2-3d0c-4736-9684-8ebaa5a27d7a None None] Starting request: 10.222.0.109 "GET /placement/allocations/d951f428-132f-490c-b0de-76e1e2e85359" {{(pid=108312) __call__ /opt/stack/placement/placement/requestlog.py:55}}
Aug 26 01:06:37.695233 n-d-854653-1 devstack@placement-api.service[108312]: INFO placement.requestlog [req-d4cbd17d-dbdf-4be6-80bc-9a36b40031b3 req-8bfe2ad2-3d0c-4736-9684-8ebaa5a27d7a service placement] 10.222.0.109 "GET /placement/allocations/d951f428-132f-490c-b0de-76e1e2e85359" status: 200 len: 258 microversion: 1.28
Aug 26 01:06:37.696287 n-d-854653-1 devstack@placement-api.service[108312]: [pid: 108312|app: 0|req: 35/70] 10.222.0.109 () {60 vars in 1378 bytes} [Fri Aug 26 01:06:37 2022] GET /placement/allocations/d951f428-132f-490c-b0de-76e1e2e85359 => generated 258 bytes in 33 msecs (HTTP/1.1 200) 8 headers in 296 bytes (1 switches on core 0)
Aug 26 01:06:37.703003 n-d-854653-1 devstack@placement-api.service[108313]: DEBUG placement.requestlog [req-d4cbd17d-dbdf-4be6-80bc-9a36b40031b3 req-414c5bc4-7486-4c71-a321-a8b55af1c401 None None] Starting request: 10.222.0.109 "GET /placement/allocations/4241ea2f-2dcb-4b50-bb86-4f1e2adc4eb5" {{(pid=108313) __call__ /opt/stack/placement/placement/requestlog.py:55}}
Aug 26 01:06:37.727541 n-d-854653-1 devstack@placement-api.service[108313]: INFO placement.requestlog [req-d4cbd17d-dbdf-4be6-80bc-9a36b40031b3 req-414c5bc4-7486-4c71-a321-a8b55af1c401 service placement] 10.222.0.109 "GET /placement/allocations/4241ea2f-2dcb-4b50-bb86-4f1e2adc4eb5" status: 200 len: 258 microversion: 1.28
Aug 26 01:06:37.728655 n-d-854653-1 devstack@placement-api.service[108313]: [pid: 108313|app: 0|req: 36/71] 10.222.0.109 () {60 vars in 1378 bytes} [Fri Aug 26 01:06:37 2022] GET /placement/allocations/4241ea2f-2dcb-4b50-bb86-4f1e2adc4eb5 => generated 258 bytes in 25 msecs (HTTP/1.1 200) 8 headers in 296 bytes (1 switches on core 0)
Aug 26 01:06:42.546022 n-d-854653-1 devstack@placement-api.service[108312]: DEBUG placement.requestlog [req-ea39d492-6261-42b4-a9d1-4965c30c87b1 req-7ace1170-7859-4fcc-8233-8aadd15e0ede None None] Starting request: 10.222.0.100 "GET /placement/resource_providers/756df228-5f46-47b5-9c02-20c6be630811/allocations" {{(pid=108312) __call__ /opt/stack/placement/placement/requestlog.py:55}}
Aug 26 01:06:42.589684 n-d-854653-1 devstack@placement-api.service[108312]: INFO placement.requestlog [req-ea39d492-6261-42b4-a9d1-4965c30c87b1 req-7ace1170-7859-4fcc-8233-8aadd15e0ede service placement] 10.222.0.100 "GET /placement/resource_providers/756df228-5f46-47b5-9c02-20c6be630811/allocations" status: 200 len: 254 microversion: 1.0
Aug 26 01:06:42.590831 n-d-854653-1 devstack@placement-api.service[108312]: [pid: 108312|app: 0|req: 36/72] 10.222.0.100 () {58 vars in 1391 bytes} [Fri Aug 26 01:06:42 2022] GET /placement/resource_providers/756df228-5f46-47b5-9c02-20c6be630811/allocations => generated 254 bytes in 45 msecs (HTTP/1.1 200) 6 headers in 224 bytes (2 switches on core 0)
Aug 26 01:06:43.965644 n-d-854653-1 devstack@placement-api.service[108313]: DEBUG placement.requestlog [req-ea39d492-6261-42b4-a9d1-4965c30c87b1 req-8a7dacc6-7f4c-4343-8cd0-52580854bcb2 None None] Starting request: 10.222.0.100 "GET /placement/resource_providers/756df228-5f46-47b5-9c02-20c6be630811/allocations" {{(pid=108313) __call__ /opt/stack/placement/placement/requestlog.py:55}}
Aug 26 01:06:43.990358 n-d-854653-1 devstack@placement-api.service[108313]: INFO placement.requestlog [req-ea39d492-6261-42b4-a9d1-4965c30c87b1 req-8a7dacc6-7f4c-4343-8cd0-52580854bcb2 service placement] 10.222.0.100 "GET /placement/resource_providers/756df228-5f46-47b5-9c02-20c6be630811/allocations" status: 200 len: 254 microversion: 1.0
Aug 26 01:06:43.990842 n-d-854653-1 devstack@placement-api.service[108313]: [pid: 108313|app: 0|req: 37/73] 10.222.0.100 () {58 vars in 1391 bytes} [Fri Aug 26 01:06:43 2022] GET /placement/resource_providers/756df228-5f46-47b5-9c02-20c6be630811/allocations => generated 254 bytes in 25 msecs (HTTP/1.1 200) 6 headers in 224 bytes (1 switches on core 0)
Aug 26 01:06:44.040344 n-d-854653-1 devstack@placement-api.service[108312]: DEBUG placement.requestlog [req-ea39d492-6261-42b4-a9d1-4965c30c87b1 req-10cb0515-9492-45cb-a217-5404a2ce2471 None None] Starting request: 10.222.0.100 "GET /placement/allocations/89713f66-e073-4269-ac95-a134415d6733" {{(pid=108312) __call__ /opt/stack/placement/placement/requestlog.py:55}}
Aug 26 01:06:44.068583 n-d-854653-1 devstack@placement-api.service[108312]: INFO placement.requestlog [req-ea39d492-6261-42b4-a9d1-4965c30c87b1 req-10cb0515-9492-45cb-a217-5404a2ce2471 service placement] 10.222.0.100 "GET /placement/allocations/89713f66-e073-4269-ac95-a134415d6733" status: 200 len: 258 microversion: 1.28
Aug 26 01:06:44.079848 n-d-854653-1 devstack@placement-api.service[108312]: [pid: 108312|app: 0|req: 37/74] 10.222.0.100 () {60 vars in 1378 bytes} [Fri Aug 26 01:06:44 2022] GET /placement/allocations/89713f66-e073-4269-ac95-a134415d6733 => generated 258 bytes in 40 msecs (HTTP/1.1 200) 8 headers in 296 bytes (1 switches on core 0)
Aug 26 01:06:44.165267 n-d-854653-1 devstack@placement-api.service[108313]: DEBUG placement.requestlog [req-ea39d492-6261-42b4-a9d1-4965c30c87b1 req-cd96ad42-202a-4f4a-927c-258463ea6f0d None None] Starting request: 10.222.0.100 "GET /placement/allocations/a05a920b-b3be-4fc1-8e4d-722a1b90e878" {{(pid=108313) __call__ /opt/stack/placement/placement/requestlog.py:55}}
Aug 26 01:06:44.199275 n-d-854653-1 devstack@placement-api.service[108313]: DEBUG dbcounter [-] [108313] Writing DB stats placement:SELECT=80,placement:INSERT=12,placement:DELETE=4,placement:UPDATE=4 {{(pid=108313) stat_writer /usr/local/lib/python3.8/dist-packages/dbcounter.py:114}}
Aug 26 01:06:44.205273 n-d-854653-1 devstack@placement-api.service[108313]: INFO placement.requestlog [req-ea39d492-6261-42b4-a9d1-4965c30c87b1 req-cd96ad42-202a-4f4a-927c-258463ea6f0d service placement] 10.222.0.100 "GET /placement/allocations/a05a920b-b3be-4fc1-8e4d-722a1b90e878" status: 200 len: 258 microversion: 1.28
Aug 26 01:06:44.206605 n-d-854653-1 devstack@placement-api.service[108313]: [pid: 108313|app: 0|req: 38/75] 10.222.0.100 () {60 vars in 1378 bytes} [Fri Aug 26 01:06:44 2022] GET /placement/allocations/a05a920b-b3be-4fc1-8e4d-722a1b90e878 => generated 258 bytes in 42 msecs (HTTP/1.1 200) 8 headers in 296 bytes (2 switches on core 0)
Aug 26 01:06:44.747615 n-d-854653-1 devstack@placement-api.service[108312]: DEBUG placement.requestlog [req-b69b773f-5f4e-489e-85fb-a031996cca84 req-665c1ef6-8461-4ea2-a4f4-caa958e969d9 None None] Starting request: 10.222.0.100 "GET /placement/resource_providers/756df228-5f46-47b5-9c02-20c6be630811/allocations" {{(pid=108312) __call__ /opt/stack/placement/placement/requestlog.py:55}}
Aug 26 01:06:44.771918 n-d-854653-1 devstack@placement-api.service[108312]: INFO placement.requestlog [req-b69b773f-5f4e-489e-85fb-a031996cca84 req-665c1ef6-8461-4ea2-a4f4-caa958e969d9 service placement] 10.222.0.100 "GET /placement/resource_providers/756df228-5f46-47b5-9c02-20c6be630811/allocations" status: 200 len: 254 microversion: 1.0
Aug 26 01:06:44.772644 n-d-854653-1 devstack@placement-api.service[108312]: [pid: 108312|app: 0|req: 38/76] 10.222.0.100 () {58 vars in 1391 bytes} [Fri Aug 26 01:06:44 2022] GET /placement/resource_providers/756df228-5f46-47b5-9c02-20c6be630811/allocations => generated 254 bytes in 25 msecs (HTTP/1.1 200) 6 headers in 224 bytes (1 switches on core 0)
Aug 26 01:06:44.781047 n-d-854653-1 devstack@placement-api.service[108313]: DEBUG placement.requestlog [req-b69b773f-5f4e-489e-85fb-a031996cca84 req-f8fa3e92-73f8-416f-b850-77c534cbeef3 None None] Starting request: 10.222.0.100 "GET /placement/allocations/89713f66-e073-4269-ac95-a134415d6733" {{(pid=108313) __call__ /opt/stack/placement/placement/requestlog.py:55}}
Aug 26 01:06:44.819621 n-d-854653-1 devstack@placement-api.service[108313]: INFO placement.requestlog [req-b69b773f-5f4e-489e-85fb-a031996cca84 req-f8fa3e92-73f8-416f-b850-77c534cbeef3 service placement] 10.222.0.100 "GET /placement/allocations/89713f66-e073-4269-ac95-a134415d6733" status: 200 len: 258 microversion: 1.28
Aug 26 01:06:44.820686 n-d-854653-1 devstack@placement-api.service[108313]: [pid: 108313|app: 0|req: 39/77] 10.222.0.100 () {60 vars in 1378 bytes} [Fri Aug 26 01:06:44 2022] GET /placement/allocations/89713f66-e073-4269-ac95-a134415d6733 => generated 258 bytes in 41 msecs (HTTP/1.1 200) 8 headers in 296 bytes (1 switches on core 0)
Aug 26 01:06:44.827574 n-d-854653-1 devstack@placement-api.service[108312]: DEBUG placement.requestlog [req-b69b773f-5f4e-489e-85fb-a031996cca84 req-228c87c8-fdb6-497b-892f-26aa3958224b None None] Starting request: 10.222.0.100 "GET /placement/allocations/a05a920b-b3be-4fc1-8e4d-722a1b90e878" {{(pid=108312) __call__ /opt/stack/placement/placement/requestlog.py:55}}
Aug 26 01:06:44.869090 n-d-854653-1 devstack@placement-api.service[108312]: INFO placement.requestlog [req-b69b773f-5f4e-489e-85fb-a031996cca84 req-228c87c8-fdb6-497b-892f-26aa3958224b service placement] 10.222.0.100 "GET /placement/allocations/a05a920b-b3be-4fc1-8e4d-722a1b90e878" status: 200 len: 258 microversion: 1.28
Aug 26 01:06:44.869870 n-d-854653-1 devstack@placement-api.service[108312]: [pid: 108312|app: 0|req: 39/78] 10.222.0.100 () {60 vars in 1378 bytes} [Fri Aug 26 01:06:44 2022] GET /placement/allocations/a05a920b-b3be-4fc1-8e4d-722a1b90e878 => generated 258 bytes in 43 msecs (HTTP/1.1 200) 8 headers in 296 bytes (1 switches on core 0)
Aug 26 01:06:45.116614 n-d-854653-1 devstack@placement-api.service[108313]: DEBUG placement.requestlog [req-b69b773f-5f4e-489e-85fb-a031996cca84 req-38a68811-60bf-454a-b1a5-4ef2a6703575 None None] Starting request: 10.222.0.100 "DELETE /placement/allocations/89713f66-e073-4269-ac95-a134415d6733" {{(pid=108313) __call__ /opt/stack/placement/placement/requestlog.py:55}}
Aug 26 01:06:45.430191 n-d-854653-1 devstack@placement-api.service[108313]: DEBUG placement.handlers.allocation [req-b69b773f-5f4e-489e-85fb-a031996cca84 req-38a68811-60bf-454a-b1a5-4ef2a6703575 service placement] Successfully deleted allocations [, , ] {{(pid=108313) delete_allocations /opt/stack/placement/placement/handlers/allocation.py:627}}
Aug 26 01:06:45.430878 n-d-854653-1 devstack@placement-api.service[108313]: INFO placement.requestlog [req-b69b773f-5f4e-489e-85fb-a031996cca84 req-38a68811-60bf-454a-b1a5-4ef2a6703575 service placement] 10.222.0.100 "DELETE /placement/allocations/89713f66-e073-4269-ac95-a134415d6733" status: 204 len: 0 microversion: 1.0
Aug 26 01:06:45.431825 n-d-854653-1 devstack@placement-api.service[108313]: [pid: 108313|app: 0|req: 40/79] 10.222.0.100 () {60 vars in 1356 bytes} [Fri Aug 26 01:06:45 2022] DELETE /placement/allocations/89713f66-e073-4269-ac95-a134415d6733 => generated 0 bytes in 316 msecs (HTTP/1.1 204) 5 headers in 198 bytes (1 switches on core 0)
Aug 26 01:06:46.041910 n-d-854653-1 devstack@placement-api.service[108312]: DEBUG placement.requestlog [req-4ab99026-5d5a-490f-84e8-021616255ca5 req-845cd03d-7adb-4a40-8fca-6d49422df5b3 None None] Starting request: 10.222.0.109 "GET /placement/resource_providers/c6314be5-47a0-4825-9d8c-eb19a9657921/allocations" {{(pid=108312) __call__ /opt/stack/placement/placement/requestlog.py:55}}
Aug 26 01:06:46.115076 n-d-854653-1 devstack@placement-api.service[108312]: INFO placement.requestlog [req-4ab99026-5d5a-490f-84e8-021616255ca5 req-845cd03d-7adb-4a40-8fca-6d49422df5b3 service placement] 10.222.0.109 "GET /placement/resource_providers/c6314be5-47a0-4825-9d8c-eb19a9657921/allocations" status: 200 len: 254 microversion: 1.0
Aug 26 01:06:46.116043 n-d-854653-1 devstack@placement-api.service[108312]: [pid: 108312|app: 0|req: 40/80] 10.222.0.109 () {58 vars in 1391 bytes} [Fri Aug 26 01:06:46 2022] GET /placement/resource_providers/c6314be5-47a0-4825-9d8c-eb19a9657921/allocations => generated 254 bytes in 74 msecs (HTTP/1.1 200) 6 headers in 224 bytes (1 switches on core 0)
Aug 26 01:06:46.343644 n-d-854653-1 devstack@placement-api.service[108313]: DEBUG placement.requestlog [req-4ab99026-5d5a-490f-84e8-021616255ca5 req-23a6248c-a74a-4df8-87bc-bf8637fa9bba None None] Starting request: 10.222.0.109 "GET /placement/resource_providers/c6314be5-47a0-4825-9d8c-eb19a9657921/allocations" {{(pid=108313) __call__ /opt/stack/placement/placement/requestlog.py:55}}
Aug 26 01:06:46.368285 n-d-854653-1 devstack@placement-api.service[108313]: INFO placement.requestlog [req-4ab99026-5d5a-490f-84e8-021616255ca5 req-23a6248c-a74a-4df8-87bc-bf8637fa9bba service placement] 10.222.0.109 "GET /placement/resource_providers/c6314be5-47a0-4825-9d8c-eb19a9657921/allocations" status: 200 len: 254 microversion: 1.0
Aug 26 01:06:46.368994 n-d-854653-1 devstack@placement-api.service[108313]: [pid: 108313|app: 0|req: 41/81] 10.222.0.109 () {58 vars in 1391 bytes} [Fri Aug 26 01:06:46 2022] GET /placement/resource_providers/c6314be5-47a0-4825-9d8c-eb19a9657921/allocations => generated 254 bytes in 25 msecs (HTTP/1.1 200) 6 headers in 224 bytes (1 switches on core 0)
Aug 26 01:06:46.551270 n-d-854653-1 devstack@placement-api.service[108312]: DEBUG placement.requestlog [req-4ab99026-5d5a-490f-84e8-021616255ca5 req-8336c6c9-2da0-4070-899b-e473d0e4aa85 None None] Starting request: 10.222.0.109 "GET /placement/allocations/d951f428-132f-490c-b0de-76e1e2e85359" {{(pid=108312) __call__ /opt/stack/placement/placement/requestlog.py:55}}
Aug 26 01:06:46.571067 n-d-854653-1 devstack@placement-api.service[108312]: INFO placement.requestlog [req-4ab99026-5d5a-490f-84e8-021616255ca5 req-8336c6c9-2da0-4070-899b-e473d0e4aa85 service placement] 10.222.0.109 "GET /placement/allocations/d951f428-132f-490c-b0de-76e1e2e85359" status: 200 len: 258 microversion: 1.28
Aug 26 01:06:46.571761 n-d-854653-1 devstack@placement-api.service[108312]: [pid: 108312|app: 0|req: 41/82] 10.222.0.109 () {60 vars in 1378 bytes} [Fri Aug 26 01:06:46 2022] GET /placement/allocations/d951f428-132f-490c-b0de-76e1e2e85359 => generated 258 bytes in 21 msecs (HTTP/1.1 200) 8 headers in 296 bytes (1 switches on core 0)
Aug 26 01:06:46.627914 n-d-854653-1 devstack@placement-api.service[108313]: DEBUG placement.requestlog [req-c68d9411-3409-4204-a523-6416daa67c05 req-34326869-3915-443e-b271-c543a5262c35 None None] Starting request: 10.222.0.100 "GET /placement/resource_providers/756df228-5f46-47b5-9c02-20c6be630811/allocations" {{(pid=108313) __call__ /opt/stack/placement/placement/requestlog.py:55}}
Aug 26 01:06:46.637558 n-d-854653-1 devstack@placement-api.service[108312]: DEBUG placement.requestlog [req-4ab99026-5d5a-490f-84e8-021616255ca5 req-93d67374-6bda-4a76-8d76-0b17b9d4084d None None] Starting request: 10.222.0.109 "GET /placement/allocations/4241ea2f-2dcb-4b50-bb86-4f1e2adc4eb5" {{(pid=108312) __call__ /opt/stack/placement/placement/requestlog.py:55}}
Aug 26 01:06:46.667536 n-d-854653-1 devstack@placement-api.service[108312]: INFO placement.requestlog [req-4ab99026-5d5a-490f-84e8-021616255ca5 req-93d67374-6bda-4a76-8d76-0b17b9d4084d service placement] 10.222.0.109 "GET /placement/allocations/4241ea2f-2dcb-4b50-bb86-4f1e2adc4eb5" status: 200 len: 258 microversion: 1.28
Aug 26 01:06:46.668330 n-d-854653-1 devstack@placement-api.service[108312]: [pid: 108312|app: 0|req: 42/83] 10.222.0.109 () {60 vars in 1378 bytes} [Fri Aug 26 01:06:46 2022] GET /placement/allocations/4241ea2f-2dcb-4b50-bb86-4f1e2adc4eb5 => generated 258 bytes in 31 msecs (HTTP/1.1 200) 8 headers in 296 bytes (2 switches on core 0)
Aug 26 01:06:46.702266 n-d-854653-1 devstack@placement-api.service[108313]: INFO placement.requestlog [req-c68d9411-3409-4204-a523-6416daa67c05 req-34326869-3915-443e-b271-c543a5262c35 service placement] 10.222.0.100 "GET /placement/resource_providers/756df228-5f46-47b5-9c02-20c6be630811/allocations" status: 200 len: 153 microversion: 1.0
Aug 26 01:06:46.703981 n-d-854653-1 devstack@placement-api.service[108313]: [pid: 108313|app: 0|req: 42/84] 10.222.0.100 () {58 vars in 1391 bytes} [Fri Aug 26 01:06:46 2022] GET /placement/resource_providers/756df228-5f46-47b5-9c02-20c6be630811/allocations => generated 153 bytes in 76 msecs (HTTP/1.1 200) 6 headers in 224 bytes (1 switches on core 0)
Aug 26 01:06:46.711595 n-d-854653-1 devstack@placement-api.service[108312]: DEBUG placement.requestlog [req-c68d9411-3409-4204-a523-6416daa67c05 req-14639220-d334-40c9-bc32-023e2063a870 None None] Starting request: 10.222.0.100 "GET /placement/allocations/a05a920b-b3be-4fc1-8e4d-722a1b90e878" {{(pid=108312) __call__ /opt/stack/placement/placement/requestlog.py:55}}
Aug 26 01:06:46.735818 n-d-854653-1 devstack@placement-api.service[108312]: INFO placement.requestlog [req-c68d9411-3409-4204-a523-6416daa67c05 req-14639220-d334-40c9-bc32-023e2063a870 service placement] 10.222.0.100 "GET /placement/allocations/a05a920b-b3be-4fc1-8e4d-722a1b90e878" status: 200 len: 258 microversion: 1.28
Aug 26 01:06:46.736522 n-d-854653-1 devstack@placement-api.service[108312]: [pid: 108312|app: 0|req: 43/85] 10.222.0.100 () {60 vars in 1378 bytes} [Fri Aug 26 01:06:46 2022] GET /placement/allocations/a05a920b-b3be-4fc1-8e4d-722a1b90e878 => generated 258 bytes in 25 msecs (HTTP/1.1 200) 8 headers in 296 bytes (2 switches on core 0)
Aug 26 01:06:46.993160 n-d-854653-1 devstack@placement-api.service[108313]: DEBUG placement.requestlog [req-c68d9411-3409-4204-a523-6416daa67c05 req-eb341425-7764-4666-9368-f0d460055c9d None None] Starting request: 10.222.0.100 "DELETE /placement/allocations/a05a920b-b3be-4fc1-8e4d-722a1b90e878" {{(pid=108313) __call__ /opt/stack/placement/placement/requestlog.py:55}}
Aug 26 01:06:47.057313 n-d-854653-1 devstack@placement-api.service[108312]: DEBUG placement.requestlog [req-5d24c04b-f03a-40b7-98d4-1e74f3c14e88 req-93c74db1-2465-40c5-8ddc-abde94aa9f86 None None] Starting request: 10.222.0.93 "GET /placement/allocation_candidates?limit=1000&resources=DISK_GB%3A1%2CMEMORY_MB%3A1024%2CVCPU%3A1&root_required=%21COMPUTE_STATUS_DISABLED" {{(pid=108312) __call__ /opt/stack/placement/placement/requestlog.py:55}}
Aug 26 01:06:47.217451 n-d-854653-1 devstack@placement-api.service[108312]: DEBUG placement.objects.research_context [req-5d24c04b-f03a-40b7-98d4-1e74f3c14e88 req-93c74db1-2465-40c5-8ddc-abde94aa9f86 service placement] getting providers with 1 DISK_GB {{(pid=108312) __init__ /opt/stack/placement/placement/objects/research_context.py:136}}
Aug 26 01:06:47.227517 n-d-854653-1 devstack@placement-api.service[108312]: DEBUG placement.objects.research_context [req-5d24c04b-f03a-40b7-98d4-1e74f3c14e88 req-93c74db1-2465-40c5-8ddc-abde94aa9f86 service placement] getting providers with 1024 MEMORY_MB {{(pid=108312) __init__ /opt/stack/placement/placement/objects/research_context.py:136}}
Aug 26 01:06:47.237867 n-d-854653-1 devstack@placement-api.service[108312]: DEBUG placement.objects.research_context [req-5d24c04b-f03a-40b7-98d4-1e74f3c14e88 req-93c74db1-2465-40c5-8ddc-abde94aa9f86 service placement] getting providers with 1 VCPU {{(pid=108312) __init__ /opt/stack/placement/placement/objects/research_context.py:136}}
Aug 26 01:06:47.244981 n-d-854653-1 devstack@placement-api.service[108312]: DEBUG placement.objects.research_context [req-5d24c04b-f03a-40b7-98d4-1e74f3c14e88 req-93c74db1-2465-40c5-8ddc-abde94aa9f86 service placement] found 2 providers with available 1 DISK_GB {{(pid=108312) get_provider_ids_matching /opt/stack/placement/placement/objects/research_context.py:563}}
Aug 26 01:06:47.245540 n-d-854653-1 devstack@placement-api.service[108312]: DEBUG placement.objects.research_context [req-5d24c04b-f03a-40b7-98d4-1e74f3c14e88 req-93c74db1-2465-40c5-8ddc-abde94aa9f86 service placement] found 2 providers with available 1024 MEMORY_MB {{(pid=108312) get_provider_ids_matching /opt/stack/placement/placement/objects/research_context.py:563}}
Aug 26 01:06:47.245829 n-d-854653-1 devstack@placement-api.service[108312]: DEBUG placement.objects.research_context [req-5d24c04b-f03a-40b7-98d4-1e74f3c14e88 req-93c74db1-2465-40c5-8ddc-abde94aa9f86 service placement] found 2 providers after filtering by previous result {{(pid=108312) get_provider_ids_matching /opt/stack/placement/placement/objects/research_context.py:594}}
Aug 26 01:06:47.247306 n-d-854653-1 devstack@placement-api.service[108312]: DEBUG placement.objects.research_context [req-5d24c04b-f03a-40b7-98d4-1e74f3c14e88 req-93c74db1-2465-40c5-8ddc-abde94aa9f86 service placement] found 2 providers with available 1 VCPU {{(pid=108312) get_provider_ids_matching /opt/stack/placement/placement/objects/research_context.py:563}}
Aug 26 01:06:47.248112 n-d-854653-1 devstack@placement-api.service[108312]: DEBUG placement.objects.research_context [req-5d24c04b-f03a-40b7-98d4-1e74f3c14e88 req-93c74db1-2465-40c5-8ddc-abde94aa9f86 service placement] found 2 providers after filtering by previous result {{(pid=108312) get_provider_ids_matching /opt/stack/placement/placement/objects/research_context.py:594}}
Aug 26 01:06:47.261845 n-d-854653-1 devstack@placement-api.service[108312]: DEBUG placement.objects.allocation_candidate [req-5d24c04b-f03a-40b7-98d4-1e74f3c14e88 req-93c74db1-2465-40c5-8ddc-abde94aa9f86 service placement] RequestGroup(use_same_provider=False, resources={DISK_GB:1, MEMORY_MB:1024, VCPU:1}, traits=(), aggregates=[]) (suffix '') returned 2 matches {{(pid=108312) _get_by_requests /opt/stack/placement/placement/objects/allocation_candidate.py:156}}
Aug 26 01:06:47.261845 n-d-854653-1 devstack@placement-api.service[108312]: DEBUG placement.objects.allocation_candidate [req-5d24c04b-f03a-40b7-98d4-1e74f3c14e88 req-93c74db1-2465-40c5-8ddc-abde94aa9f86 service placement] Merging candidates yields 2 allocation requests and 2 provider summaries {{(pid=108312) _merge_candidates /opt/stack/placement/placement/objects/allocation_candidate.py:809}}
Aug 26 01:06:47.264658 n-d-854653-1 devstack@placement-api.service[108312]: INFO placement.requestlog [req-5d24c04b-f03a-40b7-98d4-1e74f3c14e88 req-93c74db1-2465-40c5-8ddc-abde94aa9f86 service placement] 10.222.0.93 "GET /placement/allocation_candidates?limit=1000&resources=DISK_GB%3A1%2CMEMORY_MB%3A1024%2CVCPU%3A1&root_required=%21COMPUTE_STATUS_DISABLED" status: 200 len: 1306 microversion: 1.36
Aug 26 01:06:47.265079 n-d-854653-1 devstack@placement-api.service[108312]: [pid: 108312|app: 0|req: 44/86] 10.222.0.93 () {60 vars in 1506 bytes} [Fri Aug 26 01:06:47 2022] GET /placement/allocation_candidates?limit=1000&resources=DISK_GB%3A1%2CMEMORY_MB%3A1024%2CVCPU%3A1&root_required=%21COMPUTE_STATUS_DISABLED => generated 1306 bytes in 208 msecs (HTTP/1.1 200) 8 headers in 297 bytes (1 switches on core 0)
Aug 26 01:06:47.270878 n-d-854653-1 devstack@placement-api.service[108313]: DEBUG placement.handlers.allocation [req-c68d9411-3409-4204-a523-6416daa67c05 req-eb341425-7764-4666-9368-f0d460055c9d service placement] Successfully deleted allocations [, , ] {{(pid=108313) delete_allocations /opt/stack/placement/placement/handlers/allocation.py:627}}
Aug 26 01:06:47.271382 n-d-854653-1 devstack@placement-api.service[108313]: INFO placement.requestlog [req-c68d9411-3409-4204-a523-6416daa67c05 req-eb341425-7764-4666-9368-f0d460055c9d service placement] 10.222.0.100 "DELETE /placement/allocations/a05a920b-b3be-4fc1-8e4d-722a1b90e878" status: 204 len: 0 microversion: 1.0
Aug 26 01:06:47.271764 n-d-854653-1 devstack@placement-api.service[108313]: [pid: 108313|app: 0|req: 43/87] 10.222.0.100 () {60 vars in 1356 bytes} [Fri Aug 26 01:06:46 2022] DELETE /placement/allocations/a05a920b-b3be-4fc1-8e4d-722a1b90e878 => generated 0 bytes in 279 msecs (HTTP/1.1 204) 5 headers in 198 bytes (1 switches on core 0)
Aug 26 01:06:47.407547 n-d-854653-1 devstack@placement-api.service[108312]: DEBUG placement.requestlog [req-5d24c04b-f03a-40b7-98d4-1e74f3c14e88 req-15313a13-c0cf-4191-b458-537dafe96375 None None] Starting request: 10.222.0.93 "GET /placement/allocations/d2993920-e28c-4a4f-b4ef-626f94bf91fb" {{(pid=108312) __call__ /opt/stack/placement/placement/requestlog.py:55}}
Aug 26 01:06:47.439511 n-d-854653-1 devstack@placement-api.service[108312]: INFO placement.requestlog [req-5d24c04b-f03a-40b7-98d4-1e74f3c14e88 req-15313a13-c0cf-4191-b458-537dafe96375 service placement] 10.222.0.93 "GET /placement/allocations/d2993920-e28c-4a4f-b4ef-626f94bf91fb" status: 200 len: 19 microversion: 1.28
Aug 26 01:06:47.441071 n-d-854653-1 devstack@placement-api.service[108312]: [pid: 108312|app: 0|req: 45/88] 10.222.0.93 () {60 vars in 1380 bytes} [Fri Aug 26 01:06:47 2022] GET /placement/allocations/d2993920-e28c-4a4f-b4ef-626f94bf91fb => generated 19 bytes in 36 msecs (HTTP/1.1 200) 8 headers in 295 bytes (1 switches on core 0)
Aug 26 01:06:47.448634 n-d-854653-1 devstack@placement-api.service[108313]: DEBUG placement.requestlog [req-5d24c04b-f03a-40b7-98d4-1e74f3c14e88 req-31b75b5f-13be-4943-9287-8eda1a688c16 None None] Starting request: 10.222.0.93 "PUT /placement/allocations/d2993920-e28c-4a4f-b4ef-626f94bf91fb" {{(pid=108313) __call__ /opt/stack/placement/placement/requestlog.py:55}}
Aug 26 01:06:47.686113 n-d-854653-1 devstack@placement-api.service[108313]: DEBUG placement.handlers.allocation [req-5d24c04b-f03a-40b7-98d4-1e74f3c14e88 req-31b75b5f-13be-4943-9287-8eda1a688c16 service placement] Successfully wrote allocations [, , ] {{(pid=108313) _update_consumers_and_create_allocations /opt/stack/placement/placement/handlers/allocation.py:462}}
Aug 26 01:06:47.857848 n-d-854653-1 devstack@placement-api.service[108313]: INFO placement.requestlog [req-5d24c04b-f03a-40b7-98d4-1e74f3c14e88 req-31b75b5f-13be-4943-9287-8eda1a688c16 service placement] 10.222.0.93 "PUT /placement/allocations/d2993920-e28c-4a4f-b4ef-626f94bf91fb" status: 204 len: 0 microversion: 1.36
Aug 26 01:06:47.858264 n-d-854653-1 devstack@placement-api.service[108313]: [pid: 108313|app: 0|req: 44/89] 10.222.0.93 () {64 vars in 1433 bytes} [Fri Aug 26 01:06:47 2022] PUT /placement/allocations/d2993920-e28c-4a4f-b4ef-626f94bf91fb => generated 0 bytes in 410 msecs (HTTP/1.1 204) 5 headers in 199 bytes (1 switches on core 0)
Aug 26 01:06:48.329874 n-d-854653-1 devstack@placement-api.service[108312]: DEBUG placement.requestlog [req-c44be462-418f-4fe3-89a2-3280f84dc169 req-d74f6b83-d4c0-482e-ab75-cd9de90075fd None None] Starting request: 10.222.0.93 "GET /placement/resource_providers?name=n-h1-854653-1" {{(pid=108312) __call__ /opt/stack/placement/placement/requestlog.py:55}}
Aug 26 01:06:48.352876 n-d-854653-1 devstack@placement-api.service[108312]: INFO placement.requestlog [req-c44be462-418f-4fe3-89a2-3280f84dc169 req-d74f6b83-d4c0-482e-ab75-cd9de90075fd service placement] 10.222.0.93 "GET /placement/resource_providers?name=n-h1-854653-1" status: 200 len: 441 microversion: 1.0
Aug 26 01:06:48.361253 n-d-854653-1 devstack@placement-api.service[108312]: [pid: 108312|app: 0|req: 46/90] 10.222.0.93 () {58 vars in 1274 bytes} [Fri Aug 26 01:06:48 2022] GET /placement/resource_providers?name=n-h1-854653-1 => generated 441 bytes in 31 msecs (HTTP/1.1 200) 6 headers in 224 bytes (1 switches on core 0)
Aug 26 01:06:48.362834 n-d-854653-1 devstack@placement-api.service[108313]: DEBUG placement.requestlog [req-c44be462-418f-4fe3-89a2-3280f84dc169 req-d01eb083-b6f3-4d51-94d8-f191efdbc05c None None] Starting request: 10.222.0.93 "GET /placement/resource_providers/756df228-5f46-47b5-9c02-20c6be630811/aggregates" {{(pid=108313) __call__ /opt/stack/placement/placement/requestlog.py:55}}
Aug 26 01:06:48.384626 n-d-854653-1 devstack@placement-api.service[108313]: INFO placement.requestlog [req-c44be462-418f-4fe3-89a2-3280f84dc169 req-d01eb083-b6f3-4d51-94d8-f191efdbc05c service placement] 10.222.0.93 "GET /placement/resource_providers/756df228-5f46-47b5-9c02-20c6be630811/aggregates" status: 200 len: 92 microversion: 1.19
Aug 26 01:06:48.385334 n-d-854653-1 devstack@placement-api.service[108313]: [pid: 108313|app: 0|req: 45/91] 10.222.0.93 () {60 vars in 1425 bytes} [Fri Aug 26 01:06:48 2022] GET /placement/resource_providers/756df228-5f46-47b5-9c02-20c6be630811/aggregates => generated 92 bytes in 23 msecs (HTTP/1.1 200) 8 headers in 295 bytes (1 switches on core 0)
Aug 26 01:06:48.394910 n-d-854653-1 devstack@placement-api.service[108312]: DEBUG placement.requestlog [req-c44be462-418f-4fe3-89a2-3280f84dc169 req-e74db387-85a0-40ec-969a-9ad3a6c70ddc None None] Starting request: 10.222.0.93 "PUT /placement/resource_providers/756df228-5f46-47b5-9c02-20c6be630811/aggregates" {{(pid=108312) __call__ /opt/stack/placement/placement/requestlog.py:55}}
Aug 26 01:06:48.418939 n-d-854653-1 devstack@placement-api.service[108312]: DEBUG placement.objects.resource_provider [req-c44be462-418f-4fe3-89a2-3280f84dc169 req-e74db387-85a0-40ec-969a-9ad3a6c70ddc service placement] Setting aggregates for provider 756df228-5f46-47b5-9c02-20c6be630811. Successfully disassociated aggregate 97c537e1-6992-4601-a0c5-26982c9f8f1e. {{(pid=108312) _set_aggregates /opt/stack/placement/placement/objects/resource_provider.py:404}}
Aug 26 01:06:48.571542 n-d-854653-1 devstack@placement-api.service[108312]: INFO placement.requestlog [req-c44be462-418f-4fe3-89a2-3280f84dc169 req-e74db387-85a0-40ec-969a-9ad3a6c70ddc service placement] 10.222.0.93 "PUT /placement/resource_providers/756df228-5f46-47b5-9c02-20c6be630811/aggregates" status: 200 len: 54 microversion: 1.19
Aug 26 01:06:48.572489 n-d-854653-1 devstack@placement-api.service[108312]: [pid: 108312|app: 0|req: 47/92] 10.222.0.93 () {64 vars in 1477 bytes} [Fri Aug 26 01:06:48 2022] PUT /placement/resource_providers/756df228-5f46-47b5-9c02-20c6be630811/aggregates => generated 54 bytes in 178 msecs (HTTP/1.1 200) 8 headers in 295 bytes (1 switches on core 0)
Aug 26 01:06:49.178081 n-d-854653-1 devstack@placement-api.service[108313]: DEBUG placement.requestlog [req-5d24c04b-f03a-40b7-98d4-1e74f3c14e88 req-10069874-b766-401e-b6f3-b25fa53f604e None None] Starting request: 10.222.0.100 "GET /placement/allocations/d2993920-e28c-4a4f-b4ef-626f94bf91fb" {{(pid=108313) __call__ /opt/stack/placement/placement/requestlog.py:55}}
Aug 26 01:06:49.207613 n-d-854653-1 devstack@placement-api.service[108313]: INFO placement.requestlog [req-5d24c04b-f03a-40b7-98d4-1e74f3c14e88 req-10069874-b766-401e-b6f3-b25fa53f604e service placement] 10.222.0.100 "GET /placement/allocations/d2993920-e28c-4a4f-b4ef-626f94bf91fb" status: 200 len: 259 microversion: 1.28
Aug 26 01:06:49.208128 n-d-854653-1 devstack@placement-api.service[108313]: [pid: 108313|app: 0|req: 46/93] 10.222.0.100 () {60 vars in 1378 bytes} [Fri Aug 26 01:06:49 2022] GET /placement/allocations/d2993920-e28c-4a4f-b4ef-626f94bf91fb => generated 259 bytes in 31 msecs (HTTP/1.1 200) 8 headers in 296 bytes (1 switches on core 0)
Aug 26 01:06:49.757906 n-d-854653-1 devstack@placement-api.service[108312]: DEBUG placement.requestlog [req-5d24c04b-f03a-40b7-98d4-1e74f3c14e88 req-6d3b9325-8043-4efd-9a11-66097434e2e1 None None] Starting request: 10.222.0.100 "GET /placement/resource_providers/756df228-5f46-47b5-9c02-20c6be630811/allocations" {{(pid=108312) __call__ /opt/stack/placement/placement/requestlog.py:55}}
Aug 26 01:06:49.799202 n-d-854653-1 devstack@placement-api.service[108312]: INFO placement.requestlog [req-5d24c04b-f03a-40b7-98d4-1e74f3c14e88 req-6d3b9325-8043-4efd-9a11-66097434e2e1 service placement] 10.222.0.100 "GET /placement/resource_providers/756df228-5f46-47b5-9c02-20c6be630811/allocations" status: 200 len: 154 microversion: 1.0
Aug 26 01:06:49.799696 n-d-854653-1 devstack@placement-api.service[108312]: [pid: 108312|app: 0|req: 48/94] 10.222.0.100 () {58 vars in 1391 bytes} [Fri Aug 26 01:06:49 2022] GET /placement/resource_providers/756df228-5f46-47b5-9c02-20c6be630811/allocations => generated 154 bytes in 45 msecs (HTTP/1.1 200) 6 headers in 224 bytes (1 switches on core 0)
Aug 26 01:06:49.806821 n-d-854653-1 devstack@placement-api.service[108313]: DEBUG placement.requestlog [req-5d24c04b-f03a-40b7-98d4-1e74f3c14e88 req-b6aeed79-5d7e-46d2-b275-e763f0fca8f6 None None] Starting request: 10.222.0.100 "GET /placement/allocations/d2993920-e28c-4a4f-b4ef-626f94bf91fb" {{(pid=108313) __call__ /opt/stack/placement/placement/requestlog.py:55}}
Aug 26 01:06:49.870870 n-d-854653-1 devstack@placement-api.service[108312]: DEBUG placement.requestlog [req-ff351f83-15ea-453b-a548-83a64937b39a req-a86dda7f-efac-4c5c-ac4c-c4fb3e22dba4 None None] Starting request: 10.222.0.93 "GET /placement/resource_providers?name=n-h1-854653-1" {{(pid=108312) __call__ /opt/stack/placement/placement/requestlog.py:55}}
Aug 26 01:06:49.886982 n-d-854653-1 devstack@placement-api.service[108313]: INFO placement.requestlog [req-5d24c04b-f03a-40b7-98d4-1e74f3c14e88 req-b6aeed79-5d7e-46d2-b275-e763f0fca8f6 service placement] 10.222.0.100 "GET /placement/allocations/d2993920-e28c-4a4f-b4ef-626f94bf91fb" status: 200 len: 259 microversion: 1.28
Aug 26 01:06:49.889225 n-d-854653-1 devstack@placement-api.service[108313]: [pid: 108313|app: 0|req: 47/95] 10.222.0.100 () {60 vars in 1378 bytes} [Fri Aug 26 01:06:49 2022] GET /placement/allocations/d2993920-e28c-4a4f-b4ef-626f94bf91fb => generated 259 bytes in 83 msecs (HTTP/1.1 200) 8 headers in 296 bytes (1 switches on core 0)
Aug 26 01:06:49.909321 n-d-854653-1 devstack@placement-api.service[108312]: INFO placement.requestlog [req-ff351f83-15ea-453b-a548-83a64937b39a req-a86dda7f-efac-4c5c-ac4c-c4fb3e22dba4 service placement] 10.222.0.93 "GET /placement/resource_providers?name=n-h1-854653-1" status: 200 len: 441 microversion: 1.0
Aug 26 01:06:49.912323 n-d-854653-1 devstack@placement-api.service[108312]: [pid: 108312|app: 0|req: 49/96] 10.222.0.93 () {58 vars in 1274 bytes} [Fri Aug 26 01:06:49 2022] GET /placement/resource_providers?name=n-h1-854653-1 => generated 441 bytes in 42 msecs (HTTP/1.1 200) 6 headers in 224 bytes (1 switches on core 0)
Aug 26 01:06:49.924933 n-d-854653-1 devstack@placement-api.service[108313]: DEBUG placement.requestlog [req-ff351f83-15ea-453b-a548-83a64937b39a req-ecc013da-96ea-4e63-ae10-83356ecff3c6 None None] Starting request: 10.222.0.93 "GET /placement/resource_providers/756df228-5f46-47b5-9c02-20c6be630811/aggregates" {{(pid=108313) __call__ /opt/stack/placement/placement/requestlog.py:55}}
Aug 26 01:06:49.950250 n-d-854653-1 devstack@placement-api.service[108313]: INFO placement.requestlog [req-ff351f83-15ea-453b-a548-83a64937b39a req-ecc013da-96ea-4e63-ae10-83356ecff3c6 service placement] 10.222.0.93 "GET /placement/resource_providers/756df228-5f46-47b5-9c02-20c6be630811/aggregates" status: 200 len: 54 microversion: 1.19
Aug 26 01:06:49.951042 n-d-854653-1 devstack@placement-api.service[108313]: [pid: 108313|app: 0|req: 48/97] 10.222.0.93 () {60 vars in 1425 bytes} [Fri Aug 26 01:06:49 2022] GET /placement/resource_providers/756df228-5f46-47b5-9c02-20c6be630811/aggregates => generated 54 bytes in 26 msecs (HTTP/1.1 200) 8 headers in 295 bytes (1 switches on core 0)
Aug 26 01:06:49.959368 n-d-854653-1 devstack@placement-api.service[108312]: DEBUG placement.requestlog [req-ff351f83-15ea-453b-a548-83a64937b39a req-c8d260b9-f83b-4ab5-9f77-946997613c77 None None] Starting request: 10.222.0.93 "PUT /placement/resource_providers/756df228-5f46-47b5-9c02-20c6be630811/aggregates" {{(pid=108312) __call__ /opt/stack/placement/placement/requestlog.py:55}}
Aug 26 01:06:50.003983 n-d-854653-1 devstack@placement-api.service[108312]: DEBUG placement.objects.resource_provider [req-ff351f83-15ea-453b-a548-83a64937b39a req-c8d260b9-f83b-4ab5-9f77-946997613c77 service placement] _ensure_aggregate() did not find aggregate fd1f313d-22d6-4a08-83be-f3f6234e553f. Attempting to create it. {{(pid=108312) _ensure_aggregate /opt/stack/placement/placement/objects/resource_provider.py:321}}
