Aug 30 01:52:46.020578 n-d-854626-8 devstack@keystone.service[81846]: ERROR keystone.server.flask.application resp = resource(*args, **kwargs)
Aug 30 01:52:46.020578 n-d-854626-8 devstack@keystone.service[81846]: ERROR keystone.server.flask.application
File "/usr/local/lib/python3.8/dist-packages/flask/views.py", line 107, in view
Aug 30 01:52:46.020578 n-d-854626-8 devstack@keystone.service[81846]: ERROR keystone.server.flask.application return current_app.ensure_sync(self.dispatch_request)(**kwargs)
Aug 30 01:52:46.020578 n-d-854626-8 devstack@keystone.service[81846]: ERROR keystone.server.flask.application
File "/usr/local/lib/python3.8/dist-packages/flask_restful/__init__.py", line 582, in dispatch_request
Aug 30 01:52:46.020578 n-d-854626-8 devstack@keystone.service[81846]: ERROR keystone.server.flask.application resp = meth(*args, **kwargs)
Aug 30 01:52:46.020578 n-d-854626-8 devstack@keystone.service[81846]: ERROR keystone.server.flask.application
File "/opt/stack/keystone/keystone/api/roles.py", line 50, in get
Aug 30 01:52:46.020578 n-d-854626-8 devstack@keystone.service[81846]: ERROR keystone.server.flask.application return self._get_role(role_id)
Aug 30 01:52:46.020578 n-d-854626-8 devstack@keystone.service[81846]: ERROR keystone.server.flask.application
File "/opt/stack/keystone/keystone/api/roles.py", line 70, in _get_role
Aug 30 01:52:46.020578 n-d-854626-8 devstack@keystone.service[81846]: ERROR keystone.server.flask.application ENFORCER.enforce_call(action='identity:get_role')
Aug 30 01:52:46.021462 n-d-854626-8 devstack@keystone.service[81846]: ERROR keystone.server.flask.application
File "/opt/stack/keystone/keystone/common/rbac_enforcer/enforcer.py", line 402, in enforce_call
Aug 30 01:52:46.021462 n-d-854626-8 devstack@keystone.service[81846]: ERROR keystone.server.flask.application policy_dict.update(cls._extract_member_target_data(
Aug 30 01:52:46.021462 n-d-854626-8 devstack@keystone.service[81846]: ERROR keystone.server.flask.application
File "/opt/stack/keystone/keystone/common/rbac_enforcer/enforcer.py", line 234, in _extract_member_target_data
Aug 30 01:52:46.021462 n-d-854626-8 devstack@keystone.service[81846]: ERROR keystone.server.flask.application member_name: func(flask.request.view_args[key])
Aug 30 01:52:46.021462 n-d-854626-8 devstack@keystone.service[81846]: ERROR keystone.server.flask.application
File "/opt/stack/keystone/keystone/common/manager.py", line 115, in wrapped
Aug 30 01:52:46.021462 n-d-854626-8 devstack@keystone.service[81846]: ERROR keystone.server.flask.application __ret_val = __f(*args, **kwargs)
Aug 30 01:52:46.021462 n-d-854626-8 devstack@keystone.service[81846]: ERROR keystone.server.flask.application
File "/usr/local/lib/python3.8/dist-packages/decorator.py", line 232, in fun
Aug 30 01:52:46.021462 n-d-854626-8 devstack@keystone.service[81846]: ERROR keystone.server.flask.application return caller(func, *(extras + args), **kw)
Aug 30 01:52:46.021462 n-d-854626-8 devstack@keystone.service[81846]: ERROR keystone.server.flask.application
File "/usr/local/lib/python3.8/dist-packages/dogpile/cache/region.py", line 1577, in get_or_create_for_user_func
Aug 30 01:52:46.021462 n-d-854626-8 devstack@keystone.service[81846]: ERROR keystone.server.flask.application return self.get_or_create(
Aug 30 01:52:46.021462 n-d-854626-8 devstack@keystone.service[81846]: ERROR keystone.server.flask.application
File "/usr/local/lib/python3.8/dist-packages/dogpile/cache/region.py", line 1042, in get_or_create
Aug 30 01:52:46.021462 n-d-854626-8 devstack@keystone.service[81846]: ERROR keystone.server.flask.application with Lock(
Aug 30 01:52:46.021462 n-d-854626-8 devstack@keystone.service[81846]: ERROR keystone.server.flask.application
File "/usr/local/lib/python3.8/dist-packages/dogpile/lock.py", line 185, in __enter__
Aug 30 01:52:46.021462 n-d-854626-8 devstack@keystone.service[81846]: ERROR keystone.server.flask.application return self._enter()
Aug 30 01:52:46.021462 n-d-854626-8 devstack@keystone.service[81846]: ERROR keystone.server.flask.application
File "/usr/local/lib/python3.8/dist-packages/dogpile/lock.py", line 94, in _enter
Aug 30 01:52:46.021462 n-d-854626-8 devstack@keystone.service[81846]: ERROR keystone.server.flask.application generated = self._enter_create(value, createdtime)
Aug 30 01:52:46.022300 n-d-854626-8 devstack@keystone.service[81846]: ERROR keystone.server.flask.application
File "/usr/local/lib/python3.8/dist-packages/dogpile/lock.py", line 178, in _enter_create
Aug 30 01:52:46.022300 n-d-854626-8 devstack@keystone.service[81846]: ERROR keystone.server.flask.application return self.creator()
Aug 30 01:52:46.022300 n-d-854626-8 devstack@keystone.service[81846]: ERROR keystone.server.flask.application
File "/usr/local/lib/python3.8/dist-packages/dogpile/cache/region.py", line 995, in gen_value
Aug 30 01:52:46.022300 n-d-854626-8 devstack@keystone.service[81846]: ERROR keystone.server.flask.application created_value = creator(
Aug 30 01:52:46.022300 n-d-854626-8 devstack@keystone.service[81846]: ERROR keystone.server.flask.application
File "/opt/stack/keystone/keystone/assignment/core.py", line 1276, in get_role
Aug 30 01:52:46.022300 n-d-854626-8 devstack@keystone.service[81846]: ERROR keystone.server.flask.application return self.driver.get_role(role_id)
Aug 30 01:52:46.022300 n-d-854626-8 devstack@keystone.service[81846]: ERROR keystone.server.flask.application
File "/opt/stack/keystone/keystone/assignment/role_backends/sql.py", line 70, in get_role
Aug 30 01:52:46.022300 n-d-854626-8 devstack@keystone.service[81846]: ERROR keystone.server.flask.application return self._get_role(session, role_id).to_dict()
Aug 30 01:52:46.022300 n-d-854626-8 devstack@keystone.service[81846]: ERROR keystone.server.flask.application
File "/opt/stack/keystone/keystone/assignment/role_backends/sql.py", line 65, in _get_role
Aug 30 01:52:46.022300 n-d-854626-8 devstack@keystone.service[81846]: ERROR keystone.server.flask.application raise exception.RoleNotFound(role_id=role_id)
Aug 30 01:52:46.022300 n-d-854626-8 devstack@keystone.service[81846]: ERROR keystone.server.flask.application keystone.exception.RoleNotFound: Could not find role: admin.
Aug 30 01:52:46.022300 n-d-854626-8 devstack@keystone.service[81846]: ERROR keystone.server.flask.application
Aug 30 01:52:46.025880 n-d-854626-8 devstack@keystone.service[81846]: [pid: 81846|app: 0|req: 188/370] 10.222.0.17 () {56 vars in 1096 bytes} [Tue Aug 30 01:52:45 2022] GET /identity/v3/roles/admin => generated 83 bytes in 224 msecs (HTTP/1.1 404) 5 headers in 183 bytes (1 switches on core 0)
Aug 30 01:52:46.027037 n-d-854626-8 devstack@keystone.service[81846]: DEBUG keystone.server.flask.request_processing.middleware.auth_context [None req-1c35cfd7-bb1e-4207-b0bc-ffd2ff74e599 None admin] Authenticating user token {{(pid=81846) process_request /usr/local/lib/python3.8/dist-packages/keystonemiddleware/auth_token/__init__.py:407}}
Aug 30 01:52:46.060072 n-d-854626-8 devstack@keystone.service[81846]: DEBUG dbcounter [-] [81846] Writing DB stats keystone:SELECT=100 {{(pid=81846) stat_writer /usr/local/lib/python3.8/dist-packages/dbcounter.py:114}}
Aug 30 01:52:46.087897 n-d-854626-8 devstack@keystone.service[81847]: DEBUG dbcounter [-] [81847] Writing DB stats keystone:SELECT=100 {{(pid=81847) stat_writer /usr/local/lib/python3.8/dist-packages/dbcounter.py:114}}
Aug 30 01:52:46.137556 n-d-854626-8 devstack@keystone.service[81847]: [pid: 81847|app: 0|req: 183/371] 10.222.0.17 () {58 vars in 1282 bytes} [Tue Aug 30 01:52:45 2022] GET /identity/v3/auth/tokens => generated 799 bytes in 409 msecs (HTTP/1.1 200) 6 headers in 358 bytes (1 switches on core 0)
Aug 30 01:52:46.138646 n-d-854626-8 devstack@keystone.service[81847]: DEBUG keystone.server.flask.request_processing.middleware.auth_context [None req-b1a7c068-35b5-405e-8ac2-fcb5d053cab0 None admin] Authenticating user token {{(pid=81847) process_request /usr/local/lib/python3.8/dist-packages/keystonemiddleware/auth_token/__init__.py:407}}
Aug 30 01:52:46.177530 n-d-854626-8 devstack@keystone.service[81846]: DEBUG keystone.server.flask.request_processing.middleware.auth_context [None req-1c35cfd7-bb1e-4207-b0bc-ffd2ff74e599 None admin] Validating token access rules against request {{(pid=81846) validate_allowed_request /usr/local/lib/python3.8/dist-packages/keystonemiddleware/auth_token/__init__.py:545}}
Aug 30 01:52:46.216158 n-d-854626-8 devstack@keystone.service[81846]: DEBUG keystone.server.flask.request_processing.middleware.auth_context [None req-42a71f1b-961f-45e8-a18a-23ca1a0874cb None admin] RBAC: auth_context: {'token': , 'domain_id': None, 'trust_id': None, 'trustor_id': None, 'trustee_id': None, 'domain_name': None, 'group_ids': [], 'user_id': 'a61cf7984b9540119660ed8a9b5df47d', 'user_domain_id': 'default', 'system_scope': 'all', 'project_id': None, 'project_domain_id': None, 'roles': ['admin', 'member', 'reader'], 'is_admin_project': True, 'service_user_id': None, 'service_user_domain_id': None, 'service_project_id': None, 'service_project_domain_id': None, 'service_roles': []} {{(pid=81846) fill_context /opt/stack/keystone/keystone/server/flask/request_processing/middleware/auth_context.py:478}}
Aug 30 01:52:46.216847 n-d-854626-8 devstack@keystone.service[81846]: DEBUG keystone.server.flask.request_processing.req_logging [None req-42a71f1b-961f-45e8-a18a-23ca1a0874cb None admin] REQUEST_METHOD: `GET` {{(pid=81846) log_request_info /opt/stack/keystone/keystone/server/flask/request_processing/req_logging.py:27}}
Aug 30 01:52:46.217134 n-d-854626-8 devstack@keystone.service[81846]: DEBUG keystone.server.flask.request_processing.req_logging [None req-42a71f1b-961f-45e8-a18a-23ca1a0874cb None admin] SCRIPT_NAME: `/identity` {{(pid=81846) log_request_info /opt/stack/keystone/keystone/server/flask/request_processing/req_logging.py:28}}
Aug 30 01:52:46.217404 n-d-854626-8 devstack@keystone.service[81846]: DEBUG keystone.server.flask.request_processing.req_logging [None req-42a71f1b-961f-45e8-a18a-23ca1a0874cb None admin] PATH_INFO: `/v3/role_assignments` {{(pid=81846) log_request_info /opt/stack/keystone/keystone/server/flask/request_processing/req_logging.py:29}}
Aug 30 01:52:46.218172 n-d-854626-8 devstack@keystone.service[81846]: DEBUG keystone.common.rbac_enforcer.enforcer [None req-42a71f1b-961f-45e8-a18a-23ca1a0874cb None admin] RBAC: Adding query filter params (group.id=6bdb15024c6a48e2a8dcfa9fbdb6ac2f, role.id=6c48d867fab24f82909e50cf837ae1c8, scope.project.id=c564880972d74d51a13098f620927fe0) {{(pid=81846) _extract_filter_values /opt/stack/keystone/keystone/common/rbac_enforcer/enforcer.py:167}}
Aug 30 01:52:46.218480 n-d-854626-8 devstack@keystone.service[81846]: DEBUG keystone.common.rbac_enforcer.enforcer [None req-42a71f1b-961f-45e8-a18a-23ca1a0874cb None admin] RBAC: Authorizing `identity:list_role_assignments()` {{(pid=81846) enforce_call /opt/stack/keystone/keystone/common/rbac_enforcer/enforcer.py:449}}
Aug 30 01:52:46.220594 n-d-854626-8 devstack@keystone.service[81846]: DEBUG keystone.common.rbac_enforcer.enforcer [None req-42a71f1b-961f-45e8-a18a-23ca1a0874cb None admin] RBAC: Authorization granted {{(pid=81846) enforce_call /opt/stack/keystone/keystone/common/rbac_enforcer/enforcer.py:457}}
Aug 30 01:52:46.226975 n-d-854626-8 devstack@keystone.service[81846]: [pid: 81846|app: 0|req: 189/372] 10.222.0.17 () {56 vars in 1376 bytes} [Tue Aug 30 01:52:46 2022] GET /identity/v3/role_assignments?group.id=6bdb15024c6a48e2a8dcfa9fbdb6ac2f&scope.project.id=c564880972d74d51a13098f620927fe0&role.id=6c48d867fab24f82909e50cf837ae1c8 => generated 260 bytes in 200 msecs (HTTP/1.1 200) 5 headers in 177 bytes (1 switches on core 0)
Aug 30 01:52:46.227830 n-d-854626-8 devstack@keystone.service[81846]: DEBUG keystone.server.flask.request_processing.middleware.auth_context [None req-42a71f1b-961f-45e8-a18a-23ca1a0874cb None admin] Authenticating user token {{(pid=81846) process_request /usr/local/lib/python3.8/dist-packages/keystonemiddleware/auth_token/__init__.py:407}}
Aug 30 01:52:46.269619 n-d-854626-8 devstack@keystone.service[81847]: DEBUG keystone.server.flask.request_processing.middleware.auth_context [None req-b1a7c068-35b5-405e-8ac2-fcb5d053cab0 None admin] Validating token access rules against request {{(pid=81847) validate_allowed_request /usr/local/lib/python3.8/dist-packages/keystonemiddleware/auth_token/__init__.py:545}}
Aug 30 01:52:46.321489 n-d-854626-8 devstack@keystone.service[81846]: DEBUG dbcounter [-] [81846] Writing DB stats keystone:SELECT=100 {{(pid=81846) stat_writer /usr/local/lib/python3.8/dist-packages/dbcounter.py:114}}
Aug 30 01:52:46.331093 n-d-854626-8 devstack@keystone.service[81847]: DEBUG keystone.server.flask.request_processing.middleware.auth_context [None req-b5679d36-afdf-4e30-8ff2-ad941f4e8ee0 None admin] RBAC: auth_context: {'token': , 'domain_id': None, 'trust_id': None, 'trustor_id': None, 'trustee_id': None, 'domain_name': None, 'group_ids': [], 'user_id': 'a61cf7984b9540119660ed8a9b5df47d', 'user_domain_id': 'default', 'system_scope': 'all', 'project_id': None, 'project_domain_id': None, 'roles': ['admin', 'member', 'reader'], 'is_admin_project': True, 'service_user_id': None, 'service_user_domain_id': None, 'service_project_id': None, 'service_project_domain_id': None, 'service_roles': []} {{(pid=81847) fill_context /opt/stack/keystone/keystone/server/flask/request_processing/middleware/auth_context.py:478}}
Aug 30 01:52:46.331817 n-d-854626-8 devstack@keystone.service[81847]: DEBUG keystone.server.flask.request_processing.req_logging [None req-b5679d36-afdf-4e30-8ff2-ad941f4e8ee0 None admin] REQUEST_METHOD: `GET` {{(pid=81847) log_request_info /opt/stack/keystone/keystone/server/flask/request_processing/req_logging.py:27}}
Aug 30 01:52:46.332105 n-d-854626-8 devstack@keystone.service[81847]: DEBUG keystone.server.flask.request_processing.req_logging [None req-b5679d36-afdf-4e30-8ff2-ad941f4e8ee0 None admin] SCRIPT_NAME: `/identity` {{(pid=81847) log_request_info /opt/stack/keystone/keystone/server/flask/request_processing/req_logging.py:28}}
Aug 30 01:52:46.332375 n-d-854626-8 devstack@keystone.service[81847]: DEBUG keystone.server.flask.request_processing.req_logging [None req-b5679d36-afdf-4e30-8ff2-ad941f4e8ee0 None admin] PATH_INFO: `/v3/roles` {{(pid=81847) log_request_info /opt/stack/keystone/keystone/server/flask/request_processing/req_logging.py:29}}
Aug 30 01:52:46.333070 n-d-854626-8 devstack@keystone.service[81847]: DEBUG keystone.common.rbac_enforcer.enforcer [None req-b5679d36-afdf-4e30-8ff2-ad941f4e8ee0 None admin] RBAC: Adding query filter params (name=admin) {{(pid=81847) _extract_filter_values /opt/stack/keystone/keystone/common/rbac_enforcer/enforcer.py:167}}
Aug 30 01:52:46.333374 n-d-854626-8 devstack@keystone.service[81847]: DEBUG keystone.common.rbac_enforcer.enforcer [None req-b5679d36-afdf-4e30-8ff2-ad941f4e8ee0 None admin] RBAC: Authorizing `identity:list_roles()` {{(pid=81847) enforce_call /opt/stack/keystone/keystone/common/rbac_enforcer/enforcer.py:449}}
Aug 30 01:52:46.334988 n-d-854626-8 devstack@keystone.service[81847]: DEBUG keystone.common.rbac_enforcer.enforcer [None req-b5679d36-afdf-4e30-8ff2-ad941f4e8ee0 None admin] RBAC: Authorization granted {{(pid=81847) enforce_call /opt/stack/keystone/keystone/common/rbac_enforcer/enforcer.py:457}}
Aug 30 01:52:46.340515 n-d-854626-8 devstack@keystone.service[81846]: DEBUG keystone.server.flask.request_processing.middleware.auth_context [None req-42a71f1b-961f-45e8-a18a-23ca1a0874cb None admin] Validating token access rules against request {{(pid=81846) validate_allowed_request /usr/local/lib/python3.8/dist-packages/keystonemiddleware/auth_token/__init__.py:545}}
Aug 30 01:52:46.350544 n-d-854626-8 devstack@keystone.service[81847]: [pid: 81847|app: 0|req: 184/373] 10.222.0.17 () {56 vars in 1099 bytes} [Tue Aug 30 01:52:46 2022] GET /identity/v3/roles?name=admin => generated 339 bytes in 212 msecs (HTTP/1.1 200) 5 headers in 177 bytes (1 switches on core 0)
Aug 30 01:52:46.375908 n-d-854626-8 devstack@keystone.service[81847]: DEBUG keystone.server.flask.request_processing.middleware.auth_context [None req-b5679d36-afdf-4e30-8ff2-ad941f4e8ee0 None admin] Authenticating user token {{(pid=81847) process_request /usr/local/lib/python3.8/dist-packages/keystonemiddleware/auth_token/__init__.py:407}}
Aug 30 01:52:46.384224 n-d-854626-8 devstack@keystone.service[81846]: DEBUG keystone.server.flask.request_processing.middleware.auth_context [None req-d8253ad4-adff-4194-92dc-a79b3131c861 None admin] RBAC: auth_context: {'token': , 'domain_id': None, 'trust_id': None, 'trustor_id': None, 'trustee_id': None, 'domain_name': None, 'group_ids': [], 'user_id': 'a61cf7984b9540119660ed8a9b5df47d', 'user_domain_id': 'default', 'system_scope': 'all', 'project_id': None, 'project_domain_id': None, 'roles': ['admin', 'member', 'reader'], 'is_admin_project': True, 'service_user_id': None, 'service_user_domain_id': None, 'service_project_id': None, 'service_project_domain_id': None, 'service_roles': []} {{(pid=81846) fill_context /opt/stack/keystone/keystone/server/flask/request_processing/middleware/auth_context.py:478}}
Aug 30 01:52:46.384875 n-d-854626-8 devstack@keystone.service[81846]: DEBUG keystone.server.flask.request_processing.req_logging [None req-d8253ad4-adff-4194-92dc-a79b3131c861 None admin] REQUEST_METHOD: `GET` {{(pid=81846) log_request_info /opt/stack/keystone/keystone/server/flask/request_processing/req_logging.py:27}}
Aug 30 01:52:46.385215 n-d-854626-8 devstack@keystone.service[81846]: DEBUG keystone.server.flask.request_processing.req_logging [None req-d8253ad4-adff-4194-92dc-a79b3131c861 None admin] SCRIPT_NAME: `/identity` {{(pid=81846) log_request_info /opt/stack/keystone/keystone/server/flask/request_processing/req_logging.py:28}}
Aug 30 01:52:46.385491 n-d-854626-8 devstack@keystone.service[81846]: DEBUG keystone.server.flask.request_processing.req_logging [None req-d8253ad4-adff-4194-92dc-a79b3131c861 None admin] PATH_INFO: `/v3/projects/c564880972d74d51a13098f620927fe0` {{(pid=81846) log_request_info /opt/stack/keystone/keystone/server/flask/request_processing/req_logging.py:29}}
Aug 30 01:52:46.386701 n-d-854626-8 devstack@keystone.service[81846]: DEBUG keystone.common.rbac_enforcer.enforcer [None req-d8253ad4-adff-4194-92dc-a79b3131c861 None admin] RBAC: Authorizing `identity:get_project(project_id=c564880972d74d51a13098f620927fe0)` {{(pid=81846) enforce_call /opt/stack/keystone/keystone/common/rbac_enforcer/enforcer.py:449}}
Aug 30 01:52:46.388143 n-d-854626-8 devstack@keystone.service[81846]: DEBUG keystone.common.rbac_enforcer.enforcer [None req-d8253ad4-adff-4194-92dc-a79b3131c861 None admin] RBAC: Authorization granted {{(pid=81846) enforce_call /opt/stack/keystone/keystone/common/rbac_enforcer/enforcer.py:457}}
Aug 30 01:52:46.390747 n-d-854626-8 devstack@keystone.service[81846]: [pid: 81846|app: 0|req: 190/374] 10.222.0.17 () {56 vars in 1186 bytes} [Tue Aug 30 01:52:46 2022] GET /identity/v3/projects/c564880972d74d51a13098f620927fe0 => generated 302 bytes in 163 msecs (HTTP/1.1 200) 5 headers in 177 bytes (1 switches on core 0)
Aug 30 01:52:46.397156 n-d-854626-8 devstack@keystone.service[81846]: DEBUG keystone.server.flask.request_processing.middleware.auth_context [None req-d8253ad4-adff-4194-92dc-a79b3131c861 None admin] Authenticating user token {{(pid=81846) process_request /usr/local/lib/python3.8/dist-packages/keystonemiddleware/auth_token/__init__.py:407}}
Aug 30 01:52:46.440798 n-d-854626-8 devstack@keystone.service[81847]: DEBUG dbcounter [-] [81847] Writing DB stats keystone:SELECT=100 {{(pid=81847) stat_writer /usr/local/lib/python3.8/dist-packages/dbcounter.py:114}}
Aug 30 01:52:46.559362 n-d-854626-8 devstack@keystone.service[81847]: DEBUG keystone.server.flask.request_processing.middleware.auth_context [None req-b5679d36-afdf-4e30-8ff2-ad941f4e8ee0 None admin] Validating token access rules against request {{(pid=81847) validate_allowed_request /usr/local/lib/python3.8/dist-packages/keystonemiddleware/auth_token/__init__.py:545}}
Aug 30 01:52:46.616072 n-d-854626-8 devstack@keystone.service[81846]: DEBUG keystone.server.flask.request_processing.middleware.auth_context [None req-d8253ad4-adff-4194-92dc-a79b3131c861 None admin] Validating token access rules against request {{(pid=81846) validate_allowed_request /usr/local/lib/python3.8/dist-packages/keystonemiddleware/auth_token/__init__.py:545}}
Aug 30 01:52:46.629272 n-d-854626-8 devstack@keystone.service[81847]: DEBUG keystone.server.flask.request_processing.middleware.auth_context [None req-89686426-570c-4cc9-91b3-ae1a00d8eaf1 None admin] RBAC: auth_context: {'token': , 'domain_id': None, 'trust_id': None, 'trustor_id': None, 'trustee_id': None, 'domain_name': None, 'group_ids': [], 'user_id': 'a61cf7984b9540119660ed8a9b5df47d', 'user_domain_id': 'default', 'system_scope': 'all', 'project_id': None, 'project_domain_id': None, 'roles': ['admin', 'member', 'reader'], 'is_admin_project': True, 'service_user_id': None, 'service_user_domain_id': None, 'service_project_id': None, 'service_project_domain_id': None, 'service_roles': []} {{(pid=81847) fill_context /opt/stack/keystone/keystone/server/flask/request_processing/middleware/auth_context.py:478}}
Aug 30 01:52:46.629915 n-d-854626-8 devstack@keystone.service[81847]: DEBUG keystone.server.flask.request_processing.req_logging [None req-89686426-570c-4cc9-91b3-ae1a00d8eaf1 None admin] REQUEST_METHOD: `GET` {{(pid=81847) log_request_info /opt/stack/keystone/keystone/server/flask/request_processing/req_logging.py:27}}
Aug 30 01:52:46.630198 n-d-854626-8 devstack@keystone.service[81847]: DEBUG keystone.server.flask.request_processing.req_logging [None req-89686426-570c-4cc9-91b3-ae1a00d8eaf1 None admin] SCRIPT_NAME: `/identity` {{(pid=81847) log_request_info /opt/stack/keystone/keystone/server/flask/request_processing/req_logging.py:28}}
Aug 30 01:52:46.630474 n-d-854626-8 devstack@keystone.service[81847]: DEBUG keystone.server.flask.request_processing.req_logging [None req-89686426-570c-4cc9-91b3-ae1a00d8eaf1 None admin] PATH_INFO: `/v3/auth/tokens` {{(pid=81847) log_request_info /opt/stack/keystone/keystone/server/flask/request_processing/req_logging.py:29}}
Aug 30 01:52:46.683767 n-d-854626-8 devstack@keystone.service[81846]: DEBUG keystone.server.flask.request_processing.middleware.auth_context [None req-e0b3a508-e6de-4556-afac-0004519600e0 None admin] RBAC: auth_context: {'token': , 'domain_id': None, 'trust_id': None, 'trustor_id': None, 'trustee_id': None, 'domain_name': None, 'group_ids': [], 'user_id': 'a61cf7984b9540119660ed8a9b5df47d', 'user_domain_id': 'default', 'system_scope': 'all', 'project_id': None, 'project_domain_id': None, 'roles': ['admin', 'member', 'reader'], 'is_admin_project': True, 'service_user_id': None, 'service_user_domain_id': None, 'service_project_id': None, 'service_project_domain_id': None, 'service_roles': []} {{(pid=81846) fill_context /opt/stack/keystone/keystone/server/flask/request_processing/middleware/auth_context.py:478}}
Aug 30 01:52:46.684422 n-d-854626-8 devstack@keystone.service[81846]: DEBUG keystone.server.flask.request_processing.req_logging [None req-e0b3a508-e6de-4556-afac-0004519600e0 None admin] REQUEST_METHOD: `GET` {{(pid=81846) log_request_info /opt/stack/keystone/keystone/server/flask/request_processing/req_logging.py:27}}
Aug 30 01:52:46.684699 n-d-854626-8 devstack@keystone.service[81846]: DEBUG keystone.server.flask.request_processing.req_logging [None req-e0b3a508-e6de-4556-afac-0004519600e0 None admin] SCRIPT_NAME: `/identity` {{(pid=81846) log_request_info /opt/stack/keystone/keystone/server/flask/request_processing/req_logging.py:28}}
Aug 30 01:52:46.684970 n-d-854626-8 devstack@keystone.service[81846]: DEBUG keystone.server.flask.request_processing.req_logging [None req-e0b3a508-e6de-4556-afac-0004519600e0 None admin] PATH_INFO: `/v3/groups/6bdb15024c6a48e2a8dcfa9fbdb6ac2f` {{(pid=81846) log_request_info /opt/stack/keystone/keystone/server/flask/request_processing/req_logging.py:29}}
Aug 30 01:52:46.688125 n-d-854626-8 devstack@keystone.service[81846]: DEBUG keystone.common.rbac_enforcer.enforcer [None req-e0b3a508-e6de-4556-afac-0004519600e0 None admin] RBAC: Authorizing `identity:get_group(group_id=6bdb15024c6a48e2a8dcfa9fbdb6ac2f)` {{(pid=81846) enforce_call /opt/stack/keystone/keystone/common/rbac_enforcer/enforcer.py:449}}
Aug 30 01:52:46.689503 n-d-854626-8 devstack@keystone.service[81846]: DEBUG keystone.common.rbac_enforcer.enforcer [None req-e0b3a508-e6de-4556-afac-0004519600e0 None admin] RBAC: Authorization granted {{(pid=81846) enforce_call /opt/stack/keystone/keystone/common/rbac_enforcer/enforcer.py:457}}
Aug 30 01:52:46.691334 n-d-854626-8 devstack@keystone.service[81846]: [pid: 81846|app: 0|req: 191/375] 10.222.0.17 () {56 vars in 1180 bytes} [Tue Aug 30 01:52:46 2022] GET /identity/v3/groups/6bdb15024c6a48e2a8dcfa9fbdb6ac2f => generated 226 bytes in 294 msecs (HTTP/1.1 200) 5 headers in 177 bytes (1 switches on core 0)
Aug 30 01:52:46.701155 n-d-854626-8 devstack@keystone.service[81846]: DEBUG keystone.server.flask.request_processing.middleware.auth_context [None req-e0b3a508-e6de-4556-afac-0004519600e0 None admin] Authenticating user token {{(pid=81846) process_request /usr/local/lib/python3.8/dist-packages/keystonemiddleware/auth_token/__init__.py:407}}
Aug 30 01:52:46.745193 n-d-854626-8 devstack@keystone.service[81846]: DEBUG dbcounter [-] [81846] Writing DB stats keystone:SELECT=100 {{(pid=81846) stat_writer /usr/local/lib/python3.8/dist-packages/dbcounter.py:114}}
Aug 30 01:52:46.774745 n-d-854626-8 devstack@keystone.service[81847]: DEBUG keystone.common.rbac_enforcer.enforcer [None req-89686426-570c-4cc9-91b3-ae1a00d8eaf1 None admin] RBAC: Authorizing `identity:validate_token()` {{(pid=81847) enforce_call /opt/stack/keystone/keystone/common/rbac_enforcer/enforcer.py:449}}
Aug 30 01:52:46.776245 n-d-854626-8 devstack@keystone.service[81847]: DEBUG keystone.common.rbac_enforcer.enforcer [None req-89686426-570c-4cc9-91b3-ae1a00d8eaf1 None admin] RBAC: Authorization granted {{(pid=81847) enforce_call /opt/stack/keystone/keystone/common/rbac_enforcer/enforcer.py:457}}
Aug 30 01:52:46.863535 n-d-854626-8 devstack@keystone.service[81846]: DEBUG keystone.server.flask.request_processing.middleware.auth_context [None req-e0b3a508-e6de-4556-afac-0004519600e0 None admin] Validating token access rules against request {{(pid=81846) validate_allowed_request /usr/local/lib/python3.8/dist-packages/keystonemiddleware/auth_token/__init__.py:545}}
Aug 30 01:52:46.865375 n-d-854626-8 devstack@keystone.service[81847]: DEBUG dbcounter [-] [81847] Writing DB stats keystone:SELECT=100 {{(pid=81847) stat_writer /usr/local/lib/python3.8/dist-packages/dbcounter.py:114}}
Aug 30 01:52:46.933157 n-d-854626-8 devstack@keystone.service[81846]: DEBUG keystone.server.flask.request_processing.middleware.auth_context [None req-9559c8bc-a8e9-47d5-9726-52cf4a17df6a None admin] RBAC: auth_context: {'token': , 'domain_id': None, 'trust_id': None, 'trustor_id': None, 'trustee_id': None, 'domain_name': None, 'group_ids': [], 'user_id': 'a61cf7984b9540119660ed8a9b5df47d', 'user_domain_id': 'default', 'system_scope': 'all', 'project_id': None, 'project_domain_id': None, 'roles': ['admin', 'member', 'reader'], 'is_admin_project': True, 'service_user_id': None, 'service_user_domain_id': None, 'service_project_id': None, 'service_project_domain_id': None, 'service_roles': []} {{(pid=81846) fill_context /opt/stack/keystone/keystone/server/flask/request_processing/middleware/auth_context.py:478}}
Aug 30 01:52:46.933781 n-d-854626-8 devstack@keystone.service[81846]: DEBUG keystone.server.flask.request_processing.req_logging [None req-9559c8bc-a8e9-47d5-9726-52cf4a17df6a None admin] REQUEST_METHOD: `GET` {{(pid=81846) log_request_info /opt/stack/keystone/keystone/server/flask/request_processing/req_logging.py:27}}
Aug 30 01:52:46.934149 n-d-854626-8 devstack@keystone.service[81846]: DEBUG keystone.server.flask.request_processing.req_logging [None req-9559c8bc-a8e9-47d5-9726-52cf4a17df6a None admin] SCRIPT_NAME: `/identity` {{(pid=81846) log_request_info /opt/stack/keystone/keystone/server/flask/request_processing/req_logging.py:28}}
Aug 30 01:52:46.934421 n-d-854626-8 devstack@keystone.service[81846]: DEBUG keystone.server.flask.request_processing.req_logging [None req-9559c8bc-a8e9-47d5-9726-52cf4a17df6a None admin] PATH_INFO: `/v3/role_assignments` {{(pid=81846) log_request_info /opt/stack/keystone/keystone/server/flask/request_processing/req_logging.py:29}}
Aug 30 01:52:46.935169 n-d-854626-8 devstack@keystone.service[81846]: DEBUG keystone.common.rbac_enforcer.enforcer [None req-9559c8bc-a8e9-47d5-9726-52cf4a17df6a None admin] RBAC: Adding query filter params (group.id=6bdb15024c6a48e2a8dcfa9fbdb6ac2f, role.id=d7a2ddb2d8d4493abe4dd754ecb39d72, scope.project.id=c564880972d74d51a13098f620927fe0) {{(pid=81846) _extract_filter_values /opt/stack/keystone/keystone/common/rbac_enforcer/enforcer.py:167}}
Aug 30 01:52:46.935486 n-d-854626-8 devstack@keystone.service[81846]: DEBUG keystone.common.rbac_enforcer.enforcer [None req-9559c8bc-a8e9-47d5-9726-52cf4a17df6a None admin] RBAC: Authorizing `identity:list_role_assignments()` {{(pid=81846) enforce_call /opt/stack/keystone/keystone/common/rbac_enforcer/enforcer.py:449}}
Aug 30 01:52:46.936921 n-d-854626-8 devstack@keystone.service[81846]: DEBUG keystone.common.rbac_enforcer.enforcer [None req-9559c8bc-a8e9-47d5-9726-52cf4a17df6a None admin] RBAC: Authorization granted {{(pid=81846) enforce_call /opt/stack/keystone/keystone/common/rbac_enforcer/enforcer.py:457}}
Aug 30 01:52:46.946354 n-d-854626-8 devstack@keystone.service[81846]: [pid: 81846|app: 0|req: 192/376] 10.222.0.17 () {56 vars in 1376 bytes} [Tue Aug 30 01:52:46 2022] GET /identity/v3/role_assignments?group.id=6bdb15024c6a48e2a8dcfa9fbdb6ac2f&scope.project.id=c564880972d74d51a13098f620927fe0&role.id=d7a2ddb2d8d4493abe4dd754ecb39d72 => generated 260 bytes in 246 msecs (HTTP/1.1 200) 5 headers in 177 bytes (1 switches on core 0)
Aug 30 01:52:46.969778 n-d-854626-8 devstack@keystone.service[81847]: [pid: 81847|app: 0|req: 185/377] 10.222.0.17 () {58 vars in 1282 bytes} [Tue Aug 30 01:52:46 2022] GET /identity/v3/auth/tokens => generated 799 bytes in 594 msecs (HTTP/1.1 200) 6 headers in 358 bytes (2 switches on core 0)
Aug 30 01:52:46.977563 n-d-854626-8 devstack@keystone.service[81846]: DEBUG keystone.server.flask.request_processing.middleware.auth_context [None req-9559c8bc-a8e9-47d5-9726-52cf4a17df6a None admin] Authenticating user token {{(pid=81846) process_request /usr/local/lib/python3.8/dist-packages/keystonemiddleware/auth_token/__init__.py:407}}
Aug 30 01:52:47.077225 n-d-854626-8 devstack@keystone.service[81846]: DEBUG dbcounter [-] [81846] Writing DB stats keystone:SELECT=100 {{(pid=81846) stat_writer /usr/local/lib/python3.8/dist-packages/dbcounter.py:114}}
Aug 30 01:52:47.093476 n-d-854626-8 devstack@keystone.service[81846]: DEBUG keystone.server.flask.request_processing.middleware.auth_context [None req-9559c8bc-a8e9-47d5-9726-52cf4a17df6a None admin] Validating token access rules against request {{(pid=81846) validate_allowed_request /usr/local/lib/python3.8/dist-packages/keystonemiddleware/auth_token/__init__.py:545}}
Aug 30 01:52:47.129841 n-d-854626-8 devstack@keystone.service[81846]: DEBUG keystone.server.flask.request_processing.middleware.auth_context [None req-f26667ee-1614-42e2-8182-681f7110301b None admin] RBAC: auth_context: {'token': , 'domain_id': None, 'trust_id': None, 'trustor_id': None, 'trustee_id': None, 'domain_name': None, 'group_ids': [], 'user_id': 'a61cf7984b9540119660ed8a9b5df47d', 'user_domain_id': 'default', 'system_scope': 'all', 'project_id': None, 'project_domain_id': None, 'roles': ['admin', 'member', 'reader'], 'is_admin_project': True, 'service_user_id': None, 'service_user_domain_id': None, 'service_project_id': None, 'service_project_domain_id': None, 'service_roles': []} {{(pid=81846) fill_context /opt/stack/keystone/keystone/server/flask/request_processing/middleware/auth_context.py:478}}
Aug 30 01:52:47.130440 n-d-854626-8 devstack@keystone.service[81846]: DEBUG keystone.server.flask.request_processing.req_logging [None req-f26667ee-1614-42e2-8182-681f7110301b None admin] REQUEST_METHOD: `GET` {{(pid=81846) log_request_info /opt/stack/keystone/keystone/server/flask/request_processing/req_logging.py:27}}
Aug 30 01:52:47.130715 n-d-854626-8 devstack@keystone.service[81846]: DEBUG keystone.server.flask.request_processing.req_logging [None req-f26667ee-1614-42e2-8182-681f7110301b None admin] SCRIPT_NAME: `/identity` {{(pid=81846) log_request_info /opt/stack/keystone/keystone/server/flask/request_processing/req_logging.py:28}}
Aug 30 01:52:47.131354 n-d-854626-8 devstack@keystone.service[81846]: DEBUG keystone.server.flask.request_processing.req_logging [None req-f26667ee-1614-42e2-8182-681f7110301b None admin] PATH_INFO: `/v3/projects/aed34d856c74462490c74641ee2bea32` {{(pid=81846) log_request_info /opt/stack/keystone/keystone/server/flask/request_processing/req_logging.py:29}}
Aug 30 01:52:47.132494 n-d-854626-8 devstack@keystone.service[81846]: DEBUG keystone.common.rbac_enforcer.enforcer [None req-f26667ee-1614-42e2-8182-681f7110301b None admin] RBAC: Authorizing `identity:get_project(project_id=aed34d856c74462490c74641ee2bea32)` {{(pid=81846) enforce_call /opt/stack/keystone/keystone/common/rbac_enforcer/enforcer.py:449}}
Aug 30 01:52:47.133976 n-d-854626-8 devstack@keystone.service[81846]: DEBUG keystone.common.rbac_enforcer.enforcer [None req-f26667ee-1614-42e2-8182-681f7110301b None admin] RBAC: Authorization granted {{(pid=81846) enforce_call /opt/stack/keystone/keystone/common/rbac_enforcer/enforcer.py:457}}
Aug 30 01:52:47.135620 n-d-854626-8 devstack@keystone.service[81846]: [pid: 81846|app: 0|req: 193/378] 10.222.0.17 () {56 vars in 1186 bytes} [Tue Aug 30 01:52:46 2022] GET /identity/v3/projects/aed34d856c74462490c74641ee2bea32 => generated 344 bytes in 159 msecs (HTTP/1.1 200) 5 headers in 177 bytes (1 switches on core 0)
Aug 30 01:52:47.141601 n-d-854626-8 devstack@keystone.service[81847]: DEBUG keystone.server.flask.request_processing.middleware.auth_context [None req-89686426-570c-4cc9-91b3-ae1a00d8eaf1 None admin] Authenticating user token {{(pid=81847) process_request /usr/local/lib/python3.8/dist-packages/keystonemiddleware/auth_token/__init__.py:407}}
Aug 30 01:52:47.258473 n-d-854626-8 devstack@keystone.service[81847]: DEBUG keystone.server.flask.request_processing.middleware.auth_context [None req-89686426-570c-4cc9-91b3-ae1a00d8eaf1 None admin] Validating token access rules against request {{(pid=81847) validate_allowed_request /usr/local/lib/python3.8/dist-packages/keystonemiddleware/auth_token/__init__.py:545}}
Aug 30 01:52:47.291576 n-d-854626-8 devstack@keystone.service[81847]: DEBUG dbcounter [-] [81847] Writing DB stats keystone:SELECT=100 {{(pid=81847) stat_writer /usr/local/lib/python3.8/dist-packages/dbcounter.py:114}}
Aug 30 01:52:47.298163 n-d-854626-8 devstack@keystone.service[81847]: DEBUG keystone.server.flask.request_processing.middleware.auth_context [None req-ebd66d29-a0fa-4561-92f6-cf25e3a267f6 None admin] RBAC: auth_context: {'token': , 'domain_id': None, 'trust_id': None, 'trustor_id': None, 'trustee_id': None, 'domain_name': None, 'group_ids': [], 'user_id': 'a61cf7984b9540119660ed8a9b5df47d', 'user_domain_id': 'default', 'system_scope': 'all', 'project_id': None, 'project_domain_id': None, 'roles': ['admin', 'member', 'reader'], 'is_admin_project': True, 'service_user_id': None, 'service_user_domain_id': None, 'service_project_id': None, 'service_project_domain_id': None, 'service_roles': []} {{(pid=81847) fill_context /opt/stack/keystone/keystone/server/flask/request_processing/middleware/auth_context.py:478}}
Aug 30 01:52:47.299022 n-d-854626-8 devstack@keystone.service[81847]: DEBUG keystone.server.flask.request_processing.req_logging [None req-ebd66d29-a0fa-4561-92f6-cf25e3a267f6 None admin] REQUEST_METHOD: `GET` {{(pid=81847) log_request_info /opt/stack/keystone/keystone/server/flask/request_processing/req_logging.py:27}}
Aug 30 01:52:47.299302 n-d-854626-8 devstack@keystone.service[81847]: DEBUG keystone.server.flask.request_processing.req_logging [None req-ebd66d29-a0fa-4561-92f6-cf25e3a267f6 None admin] SCRIPT_NAME: `/identity` {{(pid=81847) log_request_info /opt/stack/keystone/keystone/server/flask/request_processing/req_logging.py:28}}
Aug 30 01:52:47.299581 n-d-854626-8 devstack@keystone.service[81847]: DEBUG keystone.server.flask.request_processing.req_logging [None req-ebd66d29-a0fa-4561-92f6-cf25e3a267f6 None admin] PATH_INFO: `/v3/groups/d63a25f0a27e41b797758bb6f571e3ca` {{(pid=81847) log_request_info /opt/stack/keystone/keystone/server/flask/request_processing/req_logging.py:29}}
Aug 30 01:52:47.304495 n-d-854626-8 devstack@keystone.service[81847]: DEBUG keystone.common.rbac_enforcer.enforcer [None req-ebd66d29-a0fa-4561-92f6-cf25e3a267f6 None admin] RBAC: Authorizing `identity:get_group(group_id=d63a25f0a27e41b797758bb6f571e3ca)` {{(pid=81847) enforce_call /opt/stack/keystone/keystone/common/rbac_enforcer/enforcer.py:449}}
Aug 30 01:52:47.305975 n-d-854626-8 devstack@keystone.service[81847]: DEBUG keystone.common.rbac_enforcer.enforcer [None req-ebd66d29-a0fa-4561-92f6-cf25e3a267f6 None admin] RBAC: Authorization granted {{(pid=81847) enforce_call /opt/stack/keystone/keystone/common/rbac_enforcer/enforcer.py:457}}
Aug 30 01:52:47.308217 n-d-854626-8 devstack@keystone.service[81847]: [pid: 81847|app: 0|req: 186/379] 10.222.0.17 () {56 vars in 1180 bytes} [Tue Aug 30 01:52:47 2022] GET /identity/v3/groups/d63a25f0a27e41b797758bb6f571e3ca => generated 229 bytes in 167 msecs (HTTP/1.1 200) 5 headers in 177 bytes (1 switches on core 0)
Aug 30 01:52:47.313512 n-d-854626-8 devstack@keystone.service[81846]: DEBUG keystone.server.flask.request_processing.middleware.auth_context [None req-f26667ee-1614-42e2-8182-681f7110301b None admin] Authenticating user token {{(pid=81846) process_request /usr/local/lib/python3.8/dist-packages/keystonemiddleware/auth_token/__init__.py:407}}
Aug 30 01:52:47.416064 n-d-854626-8 devstack@keystone.service[81846]: DEBUG keystone.server.flask.request_processing.middleware.auth_context [None req-f26667ee-1614-42e2-8182-681f7110301b None admin] Validating token access rules against request {{(pid=81846) validate_allowed_request /usr/local/lib/python3.8/dist-packages/keystonemiddleware/auth_token/__init__.py:545}}
Aug 30 01:52:47.454590 n-d-854626-8 devstack@keystone.service[81846]: DEBUG keystone.server.flask.request_processing.middleware.auth_context [None req-e3a59d38-a082-444c-84d2-2b2be22c67fe None admin] RBAC: auth_context: {'token': , 'domain_id': None, 'trust_id': None, 'trustor_id': None, 'trustee_id': None, 'domain_name': None, 'group_ids': [], 'user_id': 'a61cf7984b9540119660ed8a9b5df47d', 'user_domain_id': 'default', 'system_scope': 'all', 'project_id': None, 'project_domain_id': None, 'roles': ['admin', 'member', 'reader'], 'is_admin_project': True, 'service_user_id': None, 'service_user_domain_id': None, 'service_project_id': None, 'service_project_domain_id': None, 'service_roles': []} {{(pid=81846) fill_context /opt/stack/keystone/keystone/server/flask/request_processing/middleware/auth_context.py:478}}
Aug 30 01:52:47.455232 n-d-854626-8 devstack@keystone.service[81846]: DEBUG keystone.server.flask.request_processing.req_logging [None req-e3a59d38-a082-444c-84d2-2b2be22c67fe None admin] REQUEST_METHOD: `GET` {{(pid=81846) log_request_info /opt/stack/keystone/keystone/server/flask/request_processing/req_logging.py:27}}
Aug 30 01:52:47.455506 n-d-854626-8 devstack@keystone.service[81846]: DEBUG keystone.server.flask.request_processing.req_logging [None req-e3a59d38-a082-444c-84d2-2b2be22c67fe None admin] SCRIPT_NAME: `/identity` {{(pid=81846) log_request_info /opt/stack/keystone/keystone/server/flask/request_processing/req_logging.py:28}}
Aug 30 01:52:47.455783 n-d-854626-8 devstack@keystone.service[81846]: DEBUG keystone.server.flask.request_processing.req_logging [None req-e3a59d38-a082-444c-84d2-2b2be22c67fe None admin] PATH_INFO: `/v3/role_assignments` {{(pid=81846) log_request_info /opt/stack/keystone/keystone/server/flask/request_processing/req_logging.py:29}}
Aug 30 01:52:47.456517 n-d-854626-8 devstack@keystone.service[81846]: DEBUG keystone.common.rbac_enforcer.enforcer [None req-e3a59d38-a082-444c-84d2-2b2be22c67fe None admin] RBAC: Adding query filter params (group.id=d63a25f0a27e41b797758bb6f571e3ca, role.id=ddb2548896ff406da0c8dd7c31f11b76, scope.project.id=aed34d856c74462490c74641ee2bea32) {{(pid=81846) _extract_filter_values /opt/stack/keystone/keystone/common/rbac_enforcer/enforcer.py:167}}
Aug 30 01:52:47.456826 n-d-854626-8 devstack@keystone.service[81846]: DEBUG keystone.common.rbac_enforcer.enforcer [None req-e3a59d38-a082-444c-84d2-2b2be22c67fe None admin] RBAC: Authorizing `identity:list_role_assignments()` {{(pid=81846) enforce_call /opt/stack/keystone/keystone/common/rbac_enforcer/enforcer.py:449}}
Aug 30 01:52:47.458313 n-d-854626-8 devstack@keystone.service[81846]: DEBUG keystone.common.rbac_enforcer.enforcer [None req-e3a59d38-a082-444c-84d2-2b2be22c67fe None admin] RBAC: Authorization granted {{(pid=81846) enforce_call /opt/stack/keystone/keystone/common/rbac_enforcer/enforcer.py:457}}
Aug 30 01:52:47.464100 n-d-854626-8 devstack@keystone.service[81846]: [pid: 81846|app: 0|req: 194/380] 10.222.0.17 () {56 vars in 1376 bytes} [Tue Aug 30 01:52:47 2022] GET /identity/v3/role_assignments?group.id=d63a25f0a27e41b797758bb6f571e3ca&scope.project.id=aed34d856c74462490c74641ee2bea32&role.id=ddb2548896ff406da0c8dd7c31f11b76 => generated 260 bytes in 151 msecs (HTTP/1.1 200) 5 headers in 177 bytes (2 switches on core 0)
Aug 30 01:52:47.711715 n-d-854626-8 devstack@keystone.service[81847]: DEBUG keystone.server.flask.request_processing.req_logging [None req-6e1cbaac-6976-48a3-b8f0-ff585763b462 None None] REQUEST_METHOD: `GET` {{(pid=81847) log_request_info /opt/stack/keystone/keystone/server/flask/request_processing/req_logging.py:27}}
Aug 30 01:52:47.712204 n-d-854626-8 devstack@keystone.service[81847]: DEBUG keystone.server.flask.request_processing.req_logging [None req-6e1cbaac-6976-48a3-b8f0-ff585763b462 None None] SCRIPT_NAME: `/identity` {{(pid=81847) log_request_info /opt/stack/keystone/keystone/server/flask/request_processing/req_logging.py:28}}
Aug 30 01:52:47.712204 n-d-854626-8 devstack@keystone.service[81847]: DEBUG keystone.server.flask.request_processing.req_logging [None req-6e1cbaac-6976-48a3-b8f0-ff585763b462 None None] PATH_INFO: `/` {{(pid=81847) log_request_info /opt/stack/keystone/keystone/server/flask/request_processing/req_logging.py:29}}
Aug 30 01:52:47.713790 n-d-854626-8 devstack@keystone.service[81847]: [pid: 81847|app: 0|req: 187/381] 10.222.0.17 () {54 vars in 927 bytes} [Tue Aug 30 01:52:47 2022] GET /identity => generated 270 bytes in 3 msecs (HTTP/1.1 300) 6 headers in 234 bytes (1 switches on core 0)
Aug 30 01:52:47.719169 n-d-854626-8 devstack@keystone.service[81846]: DEBUG keystone.server.flask.request_processing.req_logging [None req-062d2db3-ff82-488b-b120-d62f000c8e8d None None] REQUEST_METHOD: `POST` {{(pid=81846) log_request_info /opt/stack/keystone/keystone/server/flask/request_processing/req_logging.py:27}}
Aug 30 01:52:47.720057 n-d-854626-8 devstack@keystone.service[81846]: DEBUG keystone.server.flask.request_processing.req_logging [None req-062d2db3-ff82-488b-b120-d62f000c8e8d None None] SCRIPT_NAME: `/identity` {{(pid=81846) log_request_info /opt/stack/keystone/keystone/server/flask/request_processing/req_logging.py:28}}
Aug 30 01:52:47.720525 n-d-854626-8 devstack@keystone.service[81846]: DEBUG keystone.server.flask.request_processing.req_logging [None req-062d2db3-ff82-488b-b120-d62f000c8e8d None None] PATH_INFO: `/v3/auth/tokens` {{(pid=81846) log_request_info /opt/stack/keystone/keystone/server/flask/request_processing/req_logging.py:29}}
Aug 30 01:52:47.749332 n-d-854626-8 devstack@keystone.service[81846]: DEBUG keystone.auth.core [None req-062d2db3-ff82-488b-b120-d62f000c8e8d None None] MFA Rules not processed for user `a61cf7984b9540119660ed8a9b5df47d`. Rule list: `[]` (Enabled: `True`). {{(pid=81846) check_auth_methods_against_rules /opt/stack/keystone/keystone/auth/core.py:438}}
Aug 30 01:52:47.750949 n-d-854626-8 devstack@keystone.service[81846]: DEBUG keystone.common.fernet_utils [None req-062d2db3-ff82-488b-b120-d62f000c8e8d None None] Loaded 2 Fernet keys from /etc/keystone/fernet-keys/, but `[fernet_tokens] max_active_keys = 3`; perhaps there have not been enough key rotations to reach `max_active_keys` yet? {{(pid=81846) load_keys /opt/stack/keystone/keystone/common/fernet_utils.py:286}}
Aug 30 01:52:47.763809 n-d-854626-8 devstack@keystone.service[81846]: DEBUG dbcounter [-] [81846] Writing DB stats keystone:SELECT=100 {{(pid=81846) stat_writer /usr/local/lib/python3.8/dist-packages/dbcounter.py:114}}
Aug 30 01:52:47.834033 n-d-854626-8 devstack@keystone.service[81846]: [pid: 81846|app: 0|req: 195/382] 10.222.0.17 () {58 vars in 1024 bytes} [Tue Aug 30 01:52:47 2022] POST /identity/v3/auth/tokens => generated 799 bytes in 116 msecs (HTTP/1.1 201) 6 headers in 363 bytes (1 switches on core 0)
Aug 30 01:52:47.943754 n-d-854626-8 devstack@keystone.service[81847]: DEBUG keystone.server.flask.request_processing.req_logging [None req-6c3467a7-4173-4c3a-9662-e9570dc75f24 None None] REQUEST_METHOD: `GET` {{(pid=81847) log_request_info /opt/stack/keystone/keystone/server/flask/request_processing/req_logging.py:27}}
Aug 30 01:52:47.944391 n-d-854626-8 devstack@keystone.service[81847]: DEBUG keystone.server.flask.request_processing.req_logging [None req-6c3467a7-4173-4c3a-9662-e9570dc75f24 None None] SCRIPT_NAME: `/identity` {{(pid=81847) log_request_info /opt/stack/keystone/keystone/server/flask/request_processing/req_logging.py:28}}
Aug 30 01:52:47.944857 n-d-854626-8 devstack@keystone.service[81847]: DEBUG keystone.server.flask.request_processing.req_logging [None req-6c3467a7-4173-4c3a-9662-e9570dc75f24 None None] PATH_INFO: `/` {{(pid=81847) log_request_info /opt/stack/keystone/keystone/server/flask/request_processing/req_logging.py:29}}
Aug 30 01:52:47.946852 n-d-854626-8 devstack@keystone.service[81847]: [pid: 81847|app: 0|req: 188/383] 10.222.0.17 () {54 vars in 927 bytes} [Tue Aug 30 01:52:47 2022] GET /identity => generated 270 bytes in 4 msecs (HTTP/1.1 300) 6 headers in 234 bytes (1 switches on core 0)
Aug 30 01:52:47.952280 n-d-854626-8 devstack@keystone.service[81846]: DEBUG keystone.server.flask.request_processing.req_logging [None req-d14f160a-b7a8-460f-b471-32585323d2e9 None None] REQUEST_METHOD: `POST` {{(pid=81846) log_request_info /opt/stack/keystone/keystone/server/flask/request_processing/req_logging.py:27}}
Aug 30 01:52:47.952571 n-d-854626-8 devstack@keystone.service[81846]: DEBUG keystone.server.flask.request_processing.req_logging [None req-d14f160a-b7a8-460f-b471-32585323d2e9 None None] SCRIPT_NAME: `/identity` {{(pid=81846) log_request_info /opt/stack/keystone/keystone/server/flask/request_processing/req_logging.py:28}}
Aug 30 01:52:47.952848 n-d-854626-8 devstack@keystone.service[81846]: DEBUG keystone.server.flask.request_processing.req_logging [None req-d14f160a-b7a8-460f-b471-32585323d2e9 None None] PATH_INFO: `/v3/auth/tokens` {{(pid=81846) log_request_info /opt/stack/keystone/keystone/server/flask/request_processing/req_logging.py:29}}
Aug 30 01:52:47.982989 n-d-854626-8 devstack@keystone.service[81846]: DEBUG keystone.auth.core [None req-d14f160a-b7a8-460f-b471-32585323d2e9 None None] MFA Rules not processed for user `a61cf7984b9540119660ed8a9b5df47d`. Rule list: `[]` (Enabled: `True`). {{(pid=81846) check_auth_methods_against_rules /opt/stack/keystone/keystone/auth/core.py:438}}
Aug 30 01:52:47.984103 n-d-854626-8 devstack@keystone.service[81846]: DEBUG keystone.common.fernet_utils [None req-d14f160a-b7a8-460f-b471-32585323d2e9 None None] Loaded 2 Fernet keys from /etc/keystone/fernet-keys/, but `[fernet_tokens] max_active_keys = 3`; perhaps there have not been enough key rotations to reach `max_active_keys` yet? {{(pid=81846) load_keys /opt/stack/keystone/keystone/common/fernet_utils.py:286}}
Aug 30 01:52:48.068389 n-d-854626-8 devstack@keystone.service[81846]: [pid: 81846|app: 0|req: 196/384] 10.222.0.17 () {58 vars in 1024 bytes} [Tue Aug 30 01:52:47 2022] POST /identity/v3/auth/tokens => generated 799 bytes in 117 msecs (HTTP/1.1 201) 6 headers in 363 bytes (1 switches on core 0)
Aug 30 01:52:48.197927 n-d-854626-8 devstack@keystone.service[81847]: DEBUG keystone.server.flask.request_processing.middleware.auth_context [None req-6c3467a7-4173-4c3a-9662-e9570dc75f24 None None] Authenticating user token {{(pid=81847) process_request /usr/local/lib/python3.8/dist-packages/keystonemiddleware/auth_token/__init__.py:407}}
Aug 30 01:52:48.302690 n-d-854626-8 devstack@keystone.service[81847]: DEBUG keystone.server.flask.request_processing.middleware.auth_context [None req-6c3467a7-4173-4c3a-9662-e9570dc75f24 None None] Validating token access rules against request {{(pid=81847) validate_allowed_request /usr/local/lib/python3.8/dist-packages/keystonemiddleware/auth_token/__init__.py:545}}
