Aug 29 13:18:06.912477 n-d-854626-7 devstack@placement-api.service[107914]: DEBUG placement.requestlog [req-239bae98-678c-4652-8dd3-7deb86398e77 req-924182e6-e9d0-4b3d-b7f8-49a66a66cd82 None None] Starting request: 10.222.0.20 "GET /placement/allocations/47f02593-dd70-4eba-9f30-84dd4e3cd0bc" {{(pid=107914) __call__ /opt/stack/placement/placement/requestlog.py:55}}
Aug 29 13:18:06.928315 n-d-854626-7 devstack@placement-api.service[107914]: INFO placement.requestlog [req-239bae98-678c-4652-8dd3-7deb86398e77 req-924182e6-e9d0-4b3d-b7f8-49a66a66cd82 service placement] 10.222.0.20 "GET /placement/allocations/47f02593-dd70-4eba-9f30-84dd4e3cd0bc" status: 200 len: 19 microversion: 1.28
Aug 29 13:18:06.930441 n-d-854626-7 devstack@placement-api.service[107914]: [pid: 107914|app: 0|req: 103/205] 10.222.0.20 () {60 vars in 1380 bytes} [Mon Aug 29 13:18:06 2022] GET /placement/allocations/47f02593-dd70-4eba-9f30-84dd4e3cd0bc => generated 19 bytes in 18 msecs (HTTP/1.1 200) 8 headers in 295 bytes (1 switches on core 0)
Aug 29 13:18:06.942759 n-d-854626-7 devstack@placement-api.service[107913]: DEBUG placement.requestlog [req-239bae98-678c-4652-8dd3-7deb86398e77 req-894bb2b4-d8a3-49cd-9086-0cfb50427c17 None None] Starting request: 10.222.0.20 "PUT /placement/allocations/47f02593-dd70-4eba-9f30-84dd4e3cd0bc" {{(pid=107913) __call__ /opt/stack/placement/placement/requestlog.py:55}}
Aug 29 13:18:07.035601 n-d-854626-7 devstack@placement-api.service[107913]: DEBUG placement.handlers.allocation [req-239bae98-678c-4652-8dd3-7deb86398e77 req-894bb2b4-d8a3-49cd-9086-0cfb50427c17 service placement] Successfully wrote allocations [, , ] {{(pid=107913) _update_consumers_and_create_allocations /opt/stack/placement/placement/handlers/allocation.py:462}}
Aug 29 13:18:07.045758 n-d-854626-7 devstack@placement-api.service[107913]: INFO placement.requestlog [req-239bae98-678c-4652-8dd3-7deb86398e77 req-894bb2b4-d8a3-49cd-9086-0cfb50427c17 service placement] 10.222.0.20 "PUT /placement/allocations/47f02593-dd70-4eba-9f30-84dd4e3cd0bc" status: 204 len: 0 microversion: 1.36
Aug 29 13:18:07.046154 n-d-854626-7 devstack@placement-api.service[107913]: [pid: 107913|app: 0|req: 103/206] 10.222.0.20 () {64 vars in 1433 bytes} [Mon Aug 29 13:18:06 2022] PUT /placement/allocations/47f02593-dd70-4eba-9f30-84dd4e3cd0bc => generated 0 bytes in 104 msecs (HTTP/1.1 204) 5 headers in 199 bytes (1 switches on core 0)
Aug 29 13:18:07.590939 n-d-854626-7 devstack@placement-api.service[107914]: DEBUG placement.requestlog [req-239bae98-678c-4652-8dd3-7deb86398e77 req-d02db77d-1c76-4407-b860-8064114d47f2 None None] Starting request: 10.222.0.18 "GET /placement/allocations/47f02593-dd70-4eba-9f30-84dd4e3cd0bc" {{(pid=107914) __call__ /opt/stack/placement/placement/requestlog.py:55}}
Aug 29 13:18:07.623918 n-d-854626-7 devstack@placement-api.service[107914]: INFO placement.requestlog [req-239bae98-678c-4652-8dd3-7deb86398e77 req-d02db77d-1c76-4407-b860-8064114d47f2 service placement] 10.222.0.18 "GET /placement/allocations/47f02593-dd70-4eba-9f30-84dd4e3cd0bc" status: 200 len: 259 microversion: 1.28
Aug 29 13:18:07.629526 n-d-854626-7 devstack@placement-api.service[107914]: [pid: 107914|app: 0|req: 104/207] 10.222.0.18 () {60 vars in 1377 bytes} [Mon Aug 29 13:18:07 2022] GET /placement/allocations/47f02593-dd70-4eba-9f30-84dd4e3cd0bc => generated 259 bytes in 39 msecs (HTTP/1.1 200) 8 headers in 296 bytes (1 switches on core 0)
Aug 29 13:18:07.849920 n-d-854626-7 devstack@placement-api.service[107913]: DEBUG placement.requestlog [req-239bae98-678c-4652-8dd3-7deb86398e77 req-eb689a89-4ad0-4458-9b99-e9b75468c8fb None None] Starting request: 10.222.0.18 "GET /placement/resource_providers/e6fc74d8-3975-4ff5-8539-7b7034cf3102/allocations" {{(pid=107913) __call__ /opt/stack/placement/placement/requestlog.py:55}}
Aug 29 13:18:07.895748 n-d-854626-7 devstack@placement-api.service[107913]: INFO placement.requestlog [req-239bae98-678c-4652-8dd3-7deb86398e77 req-eb689a89-4ad0-4458-9b99-e9b75468c8fb service placement] 10.222.0.18 "GET /placement/resource_providers/e6fc74d8-3975-4ff5-8539-7b7034cf3102/allocations" status: 200 len: 659 microversion: 1.0
Aug 29 13:18:07.896545 n-d-854626-7 devstack@placement-api.service[107913]: [pid: 107913|app: 0|req: 104/208] 10.222.0.18 () {58 vars in 1390 bytes} [Mon Aug 29 13:18:07 2022] GET /placement/resource_providers/e6fc74d8-3975-4ff5-8539-7b7034cf3102/allocations => generated 659 bytes in 47 msecs (HTTP/1.1 200) 6 headers in 224 bytes (1 switches on core 0)
Aug 29 13:18:07.907203 n-d-854626-7 devstack@placement-api.service[107914]: DEBUG placement.requestlog [req-239bae98-678c-4652-8dd3-7deb86398e77 req-ee2bcfbf-1197-402a-84cb-23ff947fa5d2 None None] Starting request: 10.222.0.18 "GET /placement/allocations/652e9be3-d420-4bfc-b2bc-11365bb962b6" {{(pid=107914) __call__ /opt/stack/placement/placement/requestlog.py:55}}
Aug 29 13:18:07.935580 n-d-854626-7 devstack@placement-api.service[107914]: INFO placement.requestlog [req-239bae98-678c-4652-8dd3-7deb86398e77 req-ee2bcfbf-1197-402a-84cb-23ff947fa5d2 service placement] 10.222.0.18 "GET /placement/allocations/652e9be3-d420-4bfc-b2bc-11365bb962b6" status: 200 len: 259 microversion: 1.28
Aug 29 13:18:07.939456 n-d-854626-7 devstack@placement-api.service[107914]: [pid: 107914|app: 0|req: 105/209] 10.222.0.18 () {60 vars in 1377 bytes} [Mon Aug 29 13:18:07 2022] GET /placement/allocations/652e9be3-d420-4bfc-b2bc-11365bb962b6 => generated 259 bytes in 33 msecs (HTTP/1.1 200) 8 headers in 296 bytes (1 switches on core 0)
Aug 29 13:18:07.954799 n-d-854626-7 devstack@placement-api.service[107913]: DEBUG placement.requestlog [req-239bae98-678c-4652-8dd3-7deb86398e77 req-12ce25dd-ada3-439c-b99d-4274254296e7 None None] Starting request: 10.222.0.18 "GET /placement/allocations/f1a46803-297e-4886-8ff9-f7c9448b8d11" {{(pid=107913) __call__ /opt/stack/placement/placement/requestlog.py:55}}
Aug 29 13:18:07.981576 n-d-854626-7 devstack@placement-api.service[107913]: INFO placement.requestlog [req-239bae98-678c-4652-8dd3-7deb86398e77 req-12ce25dd-ada3-439c-b99d-4274254296e7 service placement] 10.222.0.18 "GET /placement/allocations/f1a46803-297e-4886-8ff9-f7c9448b8d11" status: 200 len: 259 microversion: 1.28
Aug 29 13:18:07.982941 n-d-854626-7 devstack@placement-api.service[107913]: [pid: 107913|app: 0|req: 105/210] 10.222.0.18 () {60 vars in 1377 bytes} [Mon Aug 29 13:18:07 2022] GET /placement/allocations/f1a46803-297e-4886-8ff9-f7c9448b8d11 => generated 259 bytes in 28 msecs (HTTP/1.1 200) 8 headers in 296 bytes (1 switches on core 0)
Aug 29 13:18:07.990677 n-d-854626-7 devstack@placement-api.service[107914]: DEBUG placement.requestlog [req-239bae98-678c-4652-8dd3-7deb86398e77 req-2c1acd8c-c71c-4d68-af16-381e291cddbc None None] Starting request: 10.222.0.18 "GET /placement/allocations/61f36131-d0ec-4895-80f4-ff2d4c388b9f" {{(pid=107914) __call__ /opt/stack/placement/placement/requestlog.py:55}}
Aug 29 13:18:08.021759 n-d-854626-7 devstack@placement-api.service[107914]: INFO placement.requestlog [req-239bae98-678c-4652-8dd3-7deb86398e77 req-2c1acd8c-c71c-4d68-af16-381e291cddbc service placement] 10.222.0.18 "GET /placement/allocations/61f36131-d0ec-4895-80f4-ff2d4c388b9f" status: 200 len: 259 microversion: 1.28
Aug 29 13:18:08.024122 n-d-854626-7 devstack@placement-api.service[107914]: [pid: 107914|app: 0|req: 106/211] 10.222.0.18 () {60 vars in 1377 bytes} [Mon Aug 29 13:18:07 2022] GET /placement/allocations/61f36131-d0ec-4895-80f4-ff2d4c388b9f => generated 259 bytes in 34 msecs (HTTP/1.1 200) 8 headers in 296 bytes (1 switches on core 0)
Aug 29 13:18:08.035256 n-d-854626-7 devstack@placement-api.service[107913]: DEBUG placement.requestlog [req-239bae98-678c-4652-8dd3-7deb86398e77 req-6fc1dca9-84c3-468e-af92-3716b26bc136 None None] Starting request: 10.222.0.18 "GET /placement/allocations/549a9fac-bc19-4399-89e7-fb64f74cac56" {{(pid=107913) __call__ /opt/stack/placement/placement/requestlog.py:55}}
Aug 29 13:18:08.094037 n-d-854626-7 devstack@placement-api.service[107913]: INFO placement.requestlog [req-239bae98-678c-4652-8dd3-7deb86398e77 req-6fc1dca9-84c3-468e-af92-3716b26bc136 service placement] 10.222.0.18 "GET /placement/allocations/549a9fac-bc19-4399-89e7-fb64f74cac56" status: 200 len: 259 microversion: 1.28
Aug 29 13:18:08.095800 n-d-854626-7 devstack@placement-api.service[107913]: [pid: 107913|app: 0|req: 106/212] 10.222.0.18 () {60 vars in 1377 bytes} [Mon Aug 29 13:18:08 2022] GET /placement/allocations/549a9fac-bc19-4399-89e7-fb64f74cac56 => generated 259 bytes in 61 msecs (HTTP/1.1 200) 8 headers in 296 bytes (1 switches on core 0)
Aug 29 13:18:08.106275 n-d-854626-7 devstack@placement-api.service[107914]: DEBUG placement.requestlog [req-239bae98-678c-4652-8dd3-7deb86398e77 req-d80fca56-0c25-4512-afeb-884c2b5c530c None None] Starting request: 10.222.0.18 "GET /placement/allocations/47f02593-dd70-4eba-9f30-84dd4e3cd0bc" {{(pid=107914) __call__ /opt/stack/placement/placement/requestlog.py:55}}
Aug 29 13:18:08.167720 n-d-854626-7 devstack@placement-api.service[107914]: INFO placement.requestlog [req-239bae98-678c-4652-8dd3-7deb86398e77 req-d80fca56-0c25-4512-afeb-884c2b5c530c service placement] 10.222.0.18 "GET /placement/allocations/47f02593-dd70-4eba-9f30-84dd4e3cd0bc" status: 200 len: 259 microversion: 1.28
Aug 29 13:18:08.169894 n-d-854626-7 devstack@placement-api.service[107914]: [pid: 107914|app: 0|req: 107/213] 10.222.0.18 () {60 vars in 1377 bytes} [Mon Aug 29 13:18:08 2022] GET /placement/allocations/47f02593-dd70-4eba-9f30-84dd4e3cd0bc => generated 259 bytes in 64 msecs (HTTP/1.1 200) 8 headers in 296 bytes (1 switches on core 0)
Aug 29 13:18:08.184413 n-d-854626-7 devstack@placement-api.service[107913]: DEBUG placement.requestlog [req-239bae98-678c-4652-8dd3-7deb86398e77 req-85d968f3-5ec5-4cdf-b2ec-8d43bcce26a8 None None] Starting request: 10.222.0.18 "GET /placement/allocations/5dbcad5f-f6c4-413f-8f7c-8f02d52e929f" {{(pid=107913) __call__ /opt/stack/placement/placement/requestlog.py:55}}
Aug 29 13:18:08.223336 n-d-854626-7 devstack@placement-api.service[107913]: INFO placement.requestlog [req-239bae98-678c-4652-8dd3-7deb86398e77 req-85d968f3-5ec5-4cdf-b2ec-8d43bcce26a8 service placement] 10.222.0.18 "GET /placement/allocations/5dbcad5f-f6c4-413f-8f7c-8f02d52e929f" status: 200 len: 259 microversion: 1.28
Aug 29 13:18:08.223744 n-d-854626-7 devstack@placement-api.service[107913]: [pid: 107913|app: 0|req: 107/214] 10.222.0.18 () {60 vars in 1377 bytes} [Mon Aug 29 13:18:08 2022] GET /placement/allocations/5dbcad5f-f6c4-413f-8f7c-8f02d52e929f => generated 259 bytes in 41 msecs (HTTP/1.1 200) 8 headers in 296 bytes (1 switches on core 0)
Aug 29 13:18:18.160395 n-d-854626-7 devstack@placement-api.service[107914]: DEBUG dbcounter [-] [107914] Writing DB stats placement:SELECT=69,placement:DELETE=6 {{(pid=107914) stat_writer /usr/local/lib/python3.8/dist-packages/dbcounter.py:114}}
Aug 29 13:18:18.204012 n-d-854626-7 devstack@placement-api.service[107914]: DEBUG placement.requestlog [req-fbd4ae6f-2d92-4ff7-8c1a-eb5c3867f12b req-664ea81f-e249-46fd-813a-7c39c9f83b88 None None] Starting request: 10.222.0.20 "GET /placement/allocation_candidates?limit=1000&resources=DISK_GB%3A1%2CMEMORY_MB%3A1024%2CVCPU%3A1&root_required=%21COMPUTE_STATUS_DISABLED" {{(pid=107914) __call__ /opt/stack/placement/placement/requestlog.py:55}}
Aug 29 13:18:18.216484 n-d-854626-7 devstack@placement-api.service[107913]: DEBUG dbcounter [-] [107913] Writing DB stats placement:SELECT=45,placement:INSERT=4,placement:DELETE=2,placement:UPDATE=2 {{(pid=107913) stat_writer /usr/local/lib/python3.8/dist-packages/dbcounter.py:114}}
Aug 29 13:18:18.284160 n-d-854626-7 devstack@placement-api.service[107914]: DEBUG placement.objects.research_context [req-fbd4ae6f-2d92-4ff7-8c1a-eb5c3867f12b req-664ea81f-e249-46fd-813a-7c39c9f83b88 service placement] getting providers with 1 DISK_GB {{(pid=107914) __init__ /opt/stack/placement/placement/objects/research_context.py:136}}
Aug 29 13:18:18.296918 n-d-854626-7 devstack@placement-api.service[107914]: DEBUG placement.objects.research_context [req-fbd4ae6f-2d92-4ff7-8c1a-eb5c3867f12b req-664ea81f-e249-46fd-813a-7c39c9f83b88 service placement] getting providers with 1024 MEMORY_MB {{(pid=107914) __init__ /opt/stack/placement/placement/objects/research_context.py:136}}
Aug 29 13:18:18.313283 n-d-854626-7 devstack@placement-api.service[107914]: DEBUG placement.objects.research_context [req-fbd4ae6f-2d92-4ff7-8c1a-eb5c3867f12b req-664ea81f-e249-46fd-813a-7c39c9f83b88 service placement] getting providers with 1 VCPU {{(pid=107914) __init__ /opt/stack/placement/placement/objects/research_context.py:136}}
Aug 29 13:18:18.326340 n-d-854626-7 devstack@placement-api.service[107914]: DEBUG placement.objects.research_context [req-fbd4ae6f-2d92-4ff7-8c1a-eb5c3867f12b req-664ea81f-e249-46fd-813a-7c39c9f83b88 service placement] found 2 providers with available 1 DISK_GB {{(pid=107914) get_provider_ids_matching /opt/stack/placement/placement/objects/research_context.py:563}}
Aug 29 13:18:18.328124 n-d-854626-7 devstack@placement-api.service[107914]: DEBUG placement.objects.research_context [req-fbd4ae6f-2d92-4ff7-8c1a-eb5c3867f12b req-664ea81f-e249-46fd-813a-7c39c9f83b88 service placement] found 2 providers with available 1024 MEMORY_MB {{(pid=107914) get_provider_ids_matching /opt/stack/placement/placement/objects/research_context.py:563}}
Aug 29 13:18:18.329303 n-d-854626-7 devstack@placement-api.service[107914]: DEBUG placement.objects.research_context [req-fbd4ae6f-2d92-4ff7-8c1a-eb5c3867f12b req-664ea81f-e249-46fd-813a-7c39c9f83b88 service placement] found 2 providers after filtering by previous result {{(pid=107914) get_provider_ids_matching /opt/stack/placement/placement/objects/research_context.py:594}}
Aug 29 13:18:18.329742 n-d-854626-7 devstack@placement-api.service[107914]: DEBUG placement.objects.research_context [req-fbd4ae6f-2d92-4ff7-8c1a-eb5c3867f12b req-664ea81f-e249-46fd-813a-7c39c9f83b88 service placement] found 2 providers with available 1 VCPU {{(pid=107914) get_provider_ids_matching /opt/stack/placement/placement/objects/research_context.py:563}}
Aug 29 13:18:18.330314 n-d-854626-7 devstack@placement-api.service[107914]: DEBUG placement.objects.research_context [req-fbd4ae6f-2d92-4ff7-8c1a-eb5c3867f12b req-664ea81f-e249-46fd-813a-7c39c9f83b88 service placement] found 2 providers after filtering by previous result {{(pid=107914) get_provider_ids_matching /opt/stack/placement/placement/objects/research_context.py:594}}
Aug 29 13:18:18.351096 n-d-854626-7 devstack@placement-api.service[107914]: DEBUG placement.objects.allocation_candidate [req-fbd4ae6f-2d92-4ff7-8c1a-eb5c3867f12b req-664ea81f-e249-46fd-813a-7c39c9f83b88 service placement] RequestGroup(use_same_provider=False, resources={DISK_GB:1, MEMORY_MB:1024, VCPU:1}, traits=(), aggregates=[]) (suffix '') returned 2 matches {{(pid=107914) _get_by_requests /opt/stack/placement/placement/objects/allocation_candidate.py:156}}
Aug 29 13:18:18.352488 n-d-854626-7 devstack@placement-api.service[107914]: DEBUG placement.objects.allocation_candidate [req-fbd4ae6f-2d92-4ff7-8c1a-eb5c3867f12b req-664ea81f-e249-46fd-813a-7c39c9f83b88 service placement] Merging candidates yields 2 allocation requests and 2 provider summaries {{(pid=107914) _merge_candidates /opt/stack/placement/placement/objects/allocation_candidate.py:809}}
Aug 29 13:18:18.356833 n-d-854626-7 devstack@placement-api.service[107914]: INFO placement.requestlog [req-fbd4ae6f-2d92-4ff7-8c1a-eb5c3867f12b req-664ea81f-e249-46fd-813a-7c39c9f83b88 service placement] 10.222.0.20 "GET /placement/allocation_candidates?limit=1000&resources=DISK_GB%3A1%2CMEMORY_MB%3A1024%2CVCPU%3A1&root_required=%21COMPUTE_STATUS_DISABLED" status: 200 len: 1309 microversion: 1.36
Aug 29 13:18:18.357163 n-d-854626-7 devstack@placement-api.service[107914]: [pid: 107914|app: 0|req: 108/215] 10.222.0.20 () {60 vars in 1506 bytes} [Mon Aug 29 13:18:18 2022] GET /placement/allocation_candidates?limit=1000&resources=DISK_GB%3A1%2CMEMORY_MB%3A1024%2CVCPU%3A1&root_required=%21COMPUTE_STATUS_DISABLED => generated 1309 bytes in 154 msecs (HTTP/1.1 200) 8 headers in 297 bytes (1 switches on core 0)
Aug 29 13:18:18.511147 n-d-854626-7 devstack@placement-api.service[107913]: DEBUG placement.requestlog [req-fbd4ae6f-2d92-4ff7-8c1a-eb5c3867f12b req-94aa569f-2e63-454a-b8c2-1b016689e9b6 None None] Starting request: 10.222.0.20 "GET /placement/allocations/7c41ba49-794b-4223-8052-e7b6c96bc53f" {{(pid=107913) __call__ /opt/stack/placement/placement/requestlog.py:55}}
Aug 29 13:18:18.532282 n-d-854626-7 devstack@placement-api.service[107913]: INFO placement.requestlog [req-fbd4ae6f-2d92-4ff7-8c1a-eb5c3867f12b req-94aa569f-2e63-454a-b8c2-1b016689e9b6 service placement] 10.222.0.20 "GET /placement/allocations/7c41ba49-794b-4223-8052-e7b6c96bc53f" status: 200 len: 19 microversion: 1.28
Aug 29 13:18:18.535543 n-d-854626-7 devstack@placement-api.service[107913]: [pid: 107913|app: 0|req: 108/216] 10.222.0.20 () {60 vars in 1380 bytes} [Mon Aug 29 13:18:18 2022] GET /placement/allocations/7c41ba49-794b-4223-8052-e7b6c96bc53f => generated 19 bytes in 25 msecs (HTTP/1.1 200) 8 headers in 295 bytes (1 switches on core 0)
Aug 29 13:18:18.543512 n-d-854626-7 devstack@placement-api.service[107914]: DEBUG placement.requestlog [req-fbd4ae6f-2d92-4ff7-8c1a-eb5c3867f12b req-8a3b6f41-1276-4570-a236-7fa6852c7ee2 None None] Starting request: 10.222.0.20 "PUT /placement/allocations/7c41ba49-794b-4223-8052-e7b6c96bc53f" {{(pid=107914) __call__ /opt/stack/placement/placement/requestlog.py:55}}
Aug 29 13:18:18.695691 n-d-854626-7 devstack@placement-api.service[107914]: DEBUG placement.handlers.allocation [req-fbd4ae6f-2d92-4ff7-8c1a-eb5c3867f12b req-8a3b6f41-1276-4570-a236-7fa6852c7ee2 service placement] Successfully wrote allocations [, , ] {{(pid=107914) _update_consumers_and_create_allocations /opt/stack/placement/placement/handlers/allocation.py:462}}
Aug 29 13:18:18.704335 n-d-854626-7 devstack@placement-api.service[107914]: INFO placement.requestlog [req-fbd4ae6f-2d92-4ff7-8c1a-eb5c3867f12b req-8a3b6f41-1276-4570-a236-7fa6852c7ee2 service placement] 10.222.0.20 "PUT /placement/allocations/7c41ba49-794b-4223-8052-e7b6c96bc53f" status: 204 len: 0 microversion: 1.36
Aug 29 13:18:18.705773 n-d-854626-7 devstack@placement-api.service[107914]: [pid: 107914|app: 0|req: 109/217] 10.222.0.20 () {64 vars in 1433 bytes} [Mon Aug 29 13:18:18 2022] PUT /placement/allocations/7c41ba49-794b-4223-8052-e7b6c96bc53f => generated 0 bytes in 162 msecs (HTTP/1.1 204) 5 headers in 199 bytes (1 switches on core 0)
Aug 29 13:18:19.438382 n-d-854626-7 devstack@placement-api.service[107913]: DEBUG placement.requestlog [req-fbd4ae6f-2d92-4ff7-8c1a-eb5c3867f12b req-1233145b-c629-4e6d-bbde-a526177ffb96 None None] Starting request: 10.222.0.44 "GET /placement/allocations/7c41ba49-794b-4223-8052-e7b6c96bc53f" {{(pid=107913) __call__ /opt/stack/placement/placement/requestlog.py:55}}
Aug 29 13:18:19.477639 n-d-854626-7 devstack@placement-api.service[107913]: INFO placement.requestlog [req-fbd4ae6f-2d92-4ff7-8c1a-eb5c3867f12b req-1233145b-c629-4e6d-bbde-a526177ffb96 service placement] 10.222.0.44 "GET /placement/allocations/7c41ba49-794b-4223-8052-e7b6c96bc53f" status: 200 len: 258 microversion: 1.28
Aug 29 13:18:19.478495 n-d-854626-7 devstack@placement-api.service[107913]: [pid: 107913|app: 0|req: 109/218] 10.222.0.44 () {60 vars in 1377 bytes} [Mon Aug 29 13:18:19 2022] GET /placement/allocations/7c41ba49-794b-4223-8052-e7b6c96bc53f => generated 258 bytes in 40 msecs (HTTP/1.1 200) 8 headers in 296 bytes (1 switches on core 0)
Aug 29 13:18:19.498498 n-d-854626-7 devstack@placement-api.service[107914]: DEBUG placement.requestlog [req-c2c429ad-bc48-4558-b17a-caeab9ca914c req-e8527c08-63e6-4644-bc76-516f41ba32bb None None] Starting request: 10.222.0.18 "GET /placement/allocations/61f36131-d0ec-4895-80f4-ff2d4c388b9f" {{(pid=107914) __call__ /opt/stack/placement/placement/requestlog.py:55}}
Aug 29 13:18:19.536329 n-d-854626-7 devstack@placement-api.service[107914]: INFO placement.requestlog [req-c2c429ad-bc48-4558-b17a-caeab9ca914c req-e8527c08-63e6-4644-bc76-516f41ba32bb service placement] 10.222.0.18 "GET /placement/allocations/61f36131-d0ec-4895-80f4-ff2d4c388b9f" status: 200 len: 259 microversion: 1.28
Aug 29 13:18:19.538127 n-d-854626-7 devstack@placement-api.service[107914]: [pid: 107914|app: 0|req: 110/219] 10.222.0.18 () {60 vars in 1377 bytes} [Mon Aug 29 13:18:19 2022] GET /placement/allocations/61f36131-d0ec-4895-80f4-ff2d4c388b9f => generated 259 bytes in 40 msecs (HTTP/1.1 200) 8 headers in 296 bytes (1 switches on core 0)
Aug 29 13:18:19.702765 n-d-854626-7 devstack@placement-api.service[107913]: DEBUG placement.requestlog [req-fbd4ae6f-2d92-4ff7-8c1a-eb5c3867f12b req-c82292e7-9c63-449d-92b6-bc1dce9523b8 None None] Starting request: 10.222.0.44 "GET /placement/resource_providers/4a0363b7-b664-4126-ac35-a47ea0b1fef4/allocations" {{(pid=107913) __call__ /opt/stack/placement/placement/requestlog.py:55}}
Aug 29 13:18:19.749231 n-d-854626-7 devstack@placement-api.service[107913]: INFO placement.requestlog [req-fbd4ae6f-2d92-4ff7-8c1a-eb5c3867f12b req-c82292e7-9c63-449d-92b6-bc1dce9523b8 service placement] 10.222.0.44 "GET /placement/resource_providers/4a0363b7-b664-4126-ac35-a47ea0b1fef4/allocations" status: 200 len: 254 microversion: 1.0
Aug 29 13:18:19.749974 n-d-854626-7 devstack@placement-api.service[107913]: [pid: 107913|app: 0|req: 110/220] 10.222.0.44 () {58 vars in 1390 bytes} [Mon Aug 29 13:18:19 2022] GET /placement/resource_providers/4a0363b7-b664-4126-ac35-a47ea0b1fef4/allocations => generated 254 bytes in 48 msecs (HTTP/1.1 200) 6 headers in 224 bytes (1 switches on core 0)
Aug 29 13:18:19.756246 n-d-854626-7 devstack@placement-api.service[107914]: DEBUG placement.requestlog [req-fbd4ae6f-2d92-4ff7-8c1a-eb5c3867f12b req-111077c6-3d4a-4866-8777-1a679668a881 None None] Starting request: 10.222.0.44 "GET /placement/allocations/7c41ba49-794b-4223-8052-e7b6c96bc53f" {{(pid=107914) __call__ /opt/stack/placement/placement/requestlog.py:55}}
Aug 29 13:18:19.777365 n-d-854626-7 devstack@placement-api.service[107914]: INFO placement.requestlog [req-fbd4ae6f-2d92-4ff7-8c1a-eb5c3867f12b req-111077c6-3d4a-4866-8777-1a679668a881 service placement] 10.222.0.44 "GET /placement/allocations/7c41ba49-794b-4223-8052-e7b6c96bc53f" status: 200 len: 258 microversion: 1.28
Aug 29 13:18:19.780560 n-d-854626-7 devstack@placement-api.service[107914]: [pid: 107914|app: 0|req: 111/221] 10.222.0.44 () {60 vars in 1377 bytes} [Mon Aug 29 13:18:19 2022] GET /placement/allocations/7c41ba49-794b-4223-8052-e7b6c96bc53f => generated 258 bytes in 24 msecs (HTTP/1.1 200) 8 headers in 296 bytes (1 switches on core 0)
Aug 29 13:18:19.786830 n-d-854626-7 devstack@placement-api.service[107913]: DEBUG placement.requestlog [req-fbd4ae6f-2d92-4ff7-8c1a-eb5c3867f12b req-5b3e6959-e4d0-4336-ae2f-ae57614686e4 None None] Starting request: 10.222.0.44 "GET /placement/allocations/e9b816f3-3316-4b7d-b79e-1fbfff6823b1" {{(pid=107913) __call__ /opt/stack/placement/placement/requestlog.py:55}}
Aug 29 13:18:19.825361 n-d-854626-7 devstack@placement-api.service[107913]: INFO placement.requestlog [req-fbd4ae6f-2d92-4ff7-8c1a-eb5c3867f12b req-5b3e6959-e4d0-4336-ae2f-ae57614686e4 service placement] 10.222.0.44 "GET /placement/allocations/e9b816f3-3316-4b7d-b79e-1fbfff6823b1" status: 200 len: 258 microversion: 1.28
Aug 29 13:18:19.826473 n-d-854626-7 devstack@placement-api.service[107913]: [pid: 107913|app: 0|req: 111/222] 10.222.0.44 () {60 vars in 1377 bytes} [Mon Aug 29 13:18:19 2022] GET /placement/allocations/e9b816f3-3316-4b7d-b79e-1fbfff6823b1 => generated 258 bytes in 41 msecs (HTTP/1.1 200) 8 headers in 296 bytes (1 switches on core 0)
Aug 29 13:18:29.036792 n-d-854626-7 devstack@placement-api.service[107914]: DEBUG placement.requestlog [req-3d0ab012-26e0-45f6-8c27-cc47b7ab237f req-99e72596-7729-459a-bfa7-18aa9e2a1ea3 None None] Starting request: 10.222.0.20 "GET /placement/allocation_candidates?limit=1000&resources=DISK_GB%3A2%2CMEMORY_MB%3A1024%2CVCPU%3A1&root_required=%21COMPUTE_STATUS_DISABLED" {{(pid=107914) __call__ /opt/stack/placement/placement/requestlog.py:55}}
Aug 29 13:18:29.175029 n-d-854626-7 devstack@placement-api.service[107914]: DEBUG placement.objects.research_context [req-3d0ab012-26e0-45f6-8c27-cc47b7ab237f req-99e72596-7729-459a-bfa7-18aa9e2a1ea3 service placement] getting providers with 2 DISK_GB {{(pid=107914) __init__ /opt/stack/placement/placement/objects/research_context.py:136}}
Aug 29 13:18:29.194147 n-d-854626-7 devstack@placement-api.service[107914]: DEBUG placement.objects.research_context [req-3d0ab012-26e0-45f6-8c27-cc47b7ab237f req-99e72596-7729-459a-bfa7-18aa9e2a1ea3 service placement] getting providers with 1024 MEMORY_MB {{(pid=107914) __init__ /opt/stack/placement/placement/objects/research_context.py:136}}
Aug 29 13:18:29.203653 n-d-854626-7 devstack@placement-api.service[107914]: DEBUG placement.objects.research_context [req-3d0ab012-26e0-45f6-8c27-cc47b7ab237f req-99e72596-7729-459a-bfa7-18aa9e2a1ea3 service placement] getting providers with 1 VCPU {{(pid=107914) __init__ /opt/stack/placement/placement/objects/research_context.py:136}}
Aug 29 13:18:29.215639 n-d-854626-7 devstack@placement-api.service[107914]: DEBUG placement.objects.research_context [req-3d0ab012-26e0-45f6-8c27-cc47b7ab237f req-99e72596-7729-459a-bfa7-18aa9e2a1ea3 service placement] found 2 providers with available 2 DISK_GB {{(pid=107914) get_provider_ids_matching /opt/stack/placement/placement/objects/research_context.py:563}}
Aug 29 13:18:29.216784 n-d-854626-7 devstack@placement-api.service[107914]: DEBUG placement.objects.research_context [req-3d0ab012-26e0-45f6-8c27-cc47b7ab237f req-99e72596-7729-459a-bfa7-18aa9e2a1ea3 service placement] found 2 providers with available 1024 MEMORY_MB {{(pid=107914) get_provider_ids_matching /opt/stack/placement/placement/objects/research_context.py:563}}
Aug 29 13:18:29.217315 n-d-854626-7 devstack@placement-api.service[107914]: DEBUG placement.objects.research_context [req-3d0ab012-26e0-45f6-8c27-cc47b7ab237f req-99e72596-7729-459a-bfa7-18aa9e2a1ea3 service placement] found 2 providers after filtering by previous result {{(pid=107914) get_provider_ids_matching /opt/stack/placement/placement/objects/research_context.py:594}}
Aug 29 13:18:29.217926 n-d-854626-7 devstack@placement-api.service[107914]: DEBUG placement.objects.research_context [req-3d0ab012-26e0-45f6-8c27-cc47b7ab237f req-99e72596-7729-459a-bfa7-18aa9e2a1ea3 service placement] found 2 providers with available 1 VCPU {{(pid=107914) get_provider_ids_matching /opt/stack/placement/placement/objects/research_context.py:563}}
Aug 29 13:18:29.218417 n-d-854626-7 devstack@placement-api.service[107914]: DEBUG placement.objects.research_context [req-3d0ab012-26e0-45f6-8c27-cc47b7ab237f req-99e72596-7729-459a-bfa7-18aa9e2a1ea3 service placement] found 2 providers after filtering by previous result {{(pid=107914) get_provider_ids_matching /opt/stack/placement/placement/objects/research_context.py:594}}
Aug 29 13:18:29.236443 n-d-854626-7 devstack@placement-api.service[107914]: DEBUG placement.objects.allocation_candidate [req-3d0ab012-26e0-45f6-8c27-cc47b7ab237f req-99e72596-7729-459a-bfa7-18aa9e2a1ea3 service placement] RequestGroup(use_same_provider=False, resources={DISK_GB:2, MEMORY_MB:1024, VCPU:1}, traits=(), aggregates=[]) (suffix '') returned 2 matches {{(pid=107914) _get_by_requests /opt/stack/placement/placement/objects/allocation_candidate.py:156}}
Aug 29 13:18:29.237563 n-d-854626-7 devstack@placement-api.service[107914]: DEBUG placement.objects.allocation_candidate [req-3d0ab012-26e0-45f6-8c27-cc47b7ab237f req-99e72596-7729-459a-bfa7-18aa9e2a1ea3 service placement] Merging candidates yields 2 allocation requests and 2 provider summaries {{(pid=107914) _merge_candidates /opt/stack/placement/placement/objects/allocation_candidate.py:809}}
Aug 29 13:18:29.239944 n-d-854626-7 devstack@placement-api.service[107914]: INFO placement.requestlog [req-3d0ab012-26e0-45f6-8c27-cc47b7ab237f req-99e72596-7729-459a-bfa7-18aa9e2a1ea3 service placement] 10.222.0.20 "GET /placement/allocation_candidates?limit=1000&resources=DISK_GB%3A2%2CMEMORY_MB%3A1024%2CVCPU%3A1&root_required=%21COMPUTE_STATUS_DISABLED" status: 200 len: 1309 microversion: 1.36
Aug 29 13:18:29.240629 n-d-854626-7 devstack@placement-api.service[107914]: [pid: 107914|app: 0|req: 112/223] 10.222.0.20 () {60 vars in 1506 bytes} [Mon Aug 29 13:18:29 2022] GET /placement/allocation_candidates?limit=1000&resources=DISK_GB%3A2%2CMEMORY_MB%3A1024%2CVCPU%3A1&root_required=%21COMPUTE_STATUS_DISABLED => generated 1309 bytes in 204 msecs (HTTP/1.1 200) 8 headers in 297 bytes (1 switches on core 0)
Aug 29 13:18:29.384520 n-d-854626-7 devstack@placement-api.service[107913]: DEBUG placement.requestlog [req-3d0ab012-26e0-45f6-8c27-cc47b7ab237f req-48dcd191-3780-40e1-9fc8-9dd2c78f9b19 None None] Starting request: 10.222.0.20 "GET /placement/allocations/355c4416-884e-48b7-ad7b-87ce61c0ebdf" {{(pid=107913) __call__ /opt/stack/placement/placement/requestlog.py:55}}
Aug 29 13:18:29.408335 n-d-854626-7 devstack@placement-api.service[107913]: INFO placement.requestlog [req-3d0ab012-26e0-45f6-8c27-cc47b7ab237f req-48dcd191-3780-40e1-9fc8-9dd2c78f9b19 service placement] 10.222.0.20 "GET /placement/allocations/355c4416-884e-48b7-ad7b-87ce61c0ebdf" status: 200 len: 19 microversion: 1.28
Aug 29 13:18:29.411095 n-d-854626-7 devstack@placement-api.service[107913]: [pid: 107913|app: 0|req: 112/224] 10.222.0.20 () {60 vars in 1380 bytes} [Mon Aug 29 13:18:29 2022] GET /placement/allocations/355c4416-884e-48b7-ad7b-87ce61c0ebdf => generated 19 bytes in 27 msecs (HTTP/1.1 200) 8 headers in 295 bytes (1 switches on core 0)
Aug 29 13:18:29.416961 n-d-854626-7 devstack@placement-api.service[107914]: DEBUG placement.requestlog [req-3d0ab012-26e0-45f6-8c27-cc47b7ab237f req-f5cf8901-3277-43b9-92ff-22af952ee23c None None] Starting request: 10.222.0.20 "PUT /placement/allocations/355c4416-884e-48b7-ad7b-87ce61c0ebdf" {{(pid=107914) __call__ /opt/stack/placement/placement/requestlog.py:55}}
Aug 29 13:18:29.574705 n-d-854626-7 devstack@placement-api.service[107914]: DEBUG placement.handlers.allocation [req-3d0ab012-26e0-45f6-8c27-cc47b7ab237f req-f5cf8901-3277-43b9-92ff-22af952ee23c service placement] Successfully wrote allocations [, , ] {{(pid=107914) _update_consumers_and_create_allocations /opt/stack/placement/placement/handlers/allocation.py:462}}
Aug 29 13:18:29.581916 n-d-854626-7 devstack@placement-api.service[107914]: INFO placement.requestlog [req-3d0ab012-26e0-45f6-8c27-cc47b7ab237f req-f5cf8901-3277-43b9-92ff-22af952ee23c service placement] 10.222.0.20 "PUT /placement/allocations/355c4416-884e-48b7-ad7b-87ce61c0ebdf" status: 204 len: 0 microversion: 1.36
Aug 29 13:18:29.584895 n-d-854626-7 devstack@placement-api.service[107914]: [pid: 107914|app: 0|req: 113/225] 10.222.0.20 () {64 vars in 1433 bytes} [Mon Aug 29 13:18:29 2022] PUT /placement/allocations/355c4416-884e-48b7-ad7b-87ce61c0ebdf => generated 0 bytes in 168 msecs (HTTP/1.1 204) 5 headers in 199 bytes (2 switches on core 0)
Aug 29 13:18:30.890833 n-d-854626-7 devstack@placement-api.service[107913]: DEBUG placement.requestlog [req-3d0ab012-26e0-45f6-8c27-cc47b7ab237f req-e97b40ad-795a-4f69-9dac-a82e3715686d None None] Starting request: 10.222.0.44 "GET /placement/allocations/355c4416-884e-48b7-ad7b-87ce61c0ebdf" {{(pid=107913) __call__ /opt/stack/placement/placement/requestlog.py:55}}
Aug 29 13:18:30.923019 n-d-854626-7 devstack@placement-api.service[107913]: INFO placement.requestlog [req-3d0ab012-26e0-45f6-8c27-cc47b7ab237f req-e97b40ad-795a-4f69-9dac-a82e3715686d service placement] 10.222.0.44 "GET /placement/allocations/355c4416-884e-48b7-ad7b-87ce61c0ebdf" status: 200 len: 258 microversion: 1.28
Aug 29 13:18:30.923414 n-d-854626-7 devstack@placement-api.service[107913]: [pid: 107913|app: 0|req: 113/226] 10.222.0.44 () {60 vars in 1377 bytes} [Mon Aug 29 13:18:30 2022] GET /placement/allocations/355c4416-884e-48b7-ad7b-87ce61c0ebdf => generated 258 bytes in 33 msecs (HTTP/1.1 200) 8 headers in 296 bytes (1 switches on core 0)
Aug 29 13:18:31.165678 n-d-854626-7 devstack@placement-api.service[107914]: DEBUG placement.requestlog [req-3d0ab012-26e0-45f6-8c27-cc47b7ab237f req-bd0e7a2e-2c9e-4b8e-9b02-702d1e69008c None None] Starting request: 10.222.0.44 "GET /placement/resource_providers/4a0363b7-b664-4126-ac35-a47ea0b1fef4/allocations" {{(pid=107914) __call__ /opt/stack/placement/placement/requestlog.py:55}}
Aug 29 13:18:31.209293 n-d-854626-7 devstack@placement-api.service[107914]: INFO placement.requestlog [req-3d0ab012-26e0-45f6-8c27-cc47b7ab237f req-bd0e7a2e-2c9e-4b8e-9b02-702d1e69008c service placement] 10.222.0.44 "GET /placement/resource_providers/4a0363b7-b664-4126-ac35-a47ea0b1fef4/allocations" status: 200 len: 355 microversion: 1.0
Aug 29 13:18:31.210894 n-d-854626-7 devstack@placement-api.service[107914]: [pid: 107914|app: 0|req: 114/227] 10.222.0.44 () {58 vars in 1390 bytes} [Mon Aug 29 13:18:31 2022] GET /placement/resource_providers/4a0363b7-b664-4126-ac35-a47ea0b1fef4/allocations => generated 355 bytes in 46 msecs (HTTP/1.1 200) 6 headers in 224 bytes (1 switches on core 0)
Aug 29 13:18:31.220038 n-d-854626-7 devstack@placement-api.service[107913]: DEBUG placement.requestlog [req-3d0ab012-26e0-45f6-8c27-cc47b7ab237f req-fb1e1125-4665-4527-ae21-8c2b64074b51 None None] Starting request: 10.222.0.44 "GET /placement/allocations/7c41ba49-794b-4223-8052-e7b6c96bc53f" {{(pid=107913) __call__ /opt/stack/placement/placement/requestlog.py:55}}
Aug 29 13:18:31.268143 n-d-854626-7 devstack@placement-api.service[107913]: INFO placement.requestlog [req-3d0ab012-26e0-45f6-8c27-cc47b7ab237f req-fb1e1125-4665-4527-ae21-8c2b64074b51 service placement] 10.222.0.44 "GET /placement/allocations/7c41ba49-794b-4223-8052-e7b6c96bc53f" status: 200 len: 258 microversion: 1.28
Aug 29 13:18:31.268681 n-d-854626-7 devstack@placement-api.service[107913]: [pid: 107913|app: 0|req: 114/228] 10.222.0.44 () {60 vars in 1377 bytes} [Mon Aug 29 13:18:31 2022] GET /placement/allocations/7c41ba49-794b-4223-8052-e7b6c96bc53f => generated 258 bytes in 49 msecs (HTTP/1.1 200) 8 headers in 296 bytes (1 switches on core 0)
Aug 29 13:18:31.282480 n-d-854626-7 devstack@placement-api.service[107914]: DEBUG placement.requestlog [req-3d0ab012-26e0-45f6-8c27-cc47b7ab237f req-2bc2f956-aef7-4546-b22d-88661a761431 None None] Starting request: 10.222.0.44 "GET /placement/allocations/e9b816f3-3316-4b7d-b79e-1fbfff6823b1" {{(pid=107914) __call__ /opt/stack/placement/placement/requestlog.py:55}}
Aug 29 13:18:31.317413 n-d-854626-7 devstack@placement-api.service[107914]: INFO placement.requestlog [req-3d0ab012-26e0-45f6-8c27-cc47b7ab237f req-2bc2f956-aef7-4546-b22d-88661a761431 service placement] 10.222.0.44 "GET /placement/allocations/e9b816f3-3316-4b7d-b79e-1fbfff6823b1" status: 200 len: 258 microversion: 1.28
Aug 29 13:18:31.319081 n-d-854626-7 devstack@placement-api.service[107914]: [pid: 107914|app: 0|req: 115/229] 10.222.0.44 () {60 vars in 1377 bytes} [Mon Aug 29 13:18:31 2022] GET /placement/allocations/e9b816f3-3316-4b7d-b79e-1fbfff6823b1 => generated 258 bytes in 37 msecs (HTTP/1.1 200) 8 headers in 296 bytes (1 switches on core 0)
Aug 29 13:18:31.340537 n-d-854626-7 devstack@placement-api.service[107913]: DEBUG placement.requestlog [req-3d0ab012-26e0-45f6-8c27-cc47b7ab237f req-699ab228-1b97-4573-abf9-a5afbba16db6 None None] Starting request: 10.222.0.44 "GET /placement/allocations/355c4416-884e-48b7-ad7b-87ce61c0ebdf" {{(pid=107913) __call__ /opt/stack/placement/placement/requestlog.py:55}}
Aug 29 13:18:31.367654 n-d-854626-7 devstack@placement-api.service[107913]: INFO placement.requestlog [req-3d0ab012-26e0-45f6-8c27-cc47b7ab237f req-699ab228-1b97-4573-abf9-a5afbba16db6 service placement] 10.222.0.44 "GET /placement/allocations/355c4416-884e-48b7-ad7b-87ce61c0ebdf" status: 200 len: 258 microversion: 1.28
Aug 29 13:18:31.368333 n-d-854626-7 devstack@placement-api.service[107913]: [pid: 107913|app: 0|req: 115/230] 10.222.0.44 () {60 vars in 1377 bytes} [Mon Aug 29 13:18:31 2022] GET /placement/allocations/355c4416-884e-48b7-ad7b-87ce61c0ebdf => generated 258 bytes in 28 msecs (HTTP/1.1 200) 8 headers in 296 bytes (1 switches on core 0)
Aug 29 13:18:33.459629 n-d-854626-7 devstack@placement-api.service[107914]: DEBUG placement.requestlog [req-fa88ab1f-40d4-4e32-a9af-1445e34c7155 req-128e71a4-0640-48be-b3e1-f0e5d22d1977 None None] Starting request: 10.222.0.18 "GET /placement/resource_providers/e6fc74d8-3975-4ff5-8539-7b7034cf3102/allocations" {{(pid=107914) __call__ /opt/stack/placement/placement/requestlog.py:55}}
Aug 29 13:18:33.507372 n-d-854626-7 devstack@placement-api.service[107914]: INFO placement.requestlog [req-fa88ab1f-40d4-4e32-a9af-1445e34c7155 req-128e71a4-0640-48be-b3e1-f0e5d22d1977 service placement] 10.222.0.18 "GET /placement/resource_providers/e6fc74d8-3975-4ff5-8539-7b7034cf3102/allocations" status: 200 len: 659 microversion: 1.0
Aug 29 13:18:33.510602 n-d-854626-7 devstack@placement-api.service[107914]: [pid: 107914|app: 0|req: 116/231] 10.222.0.18 () {58 vars in 1390 bytes} [Mon Aug 29 13:18:33 2022] GET /placement/resource_providers/e6fc74d8-3975-4ff5-8539-7b7034cf3102/allocations => generated 659 bytes in 51 msecs (HTTP/1.1 200) 6 headers in 224 bytes (1 switches on core 0)
Aug 29 13:18:33.519216 n-d-854626-7 devstack@placement-api.service[107913]: DEBUG placement.requestlog [req-fa88ab1f-40d4-4e32-a9af-1445e34c7155 req-6ca1e0db-d0ad-4f91-a9fa-fd0a48d8f29e None None] Starting request: 10.222.0.18 "GET /placement/allocations/f1a46803-297e-4886-8ff9-f7c9448b8d11" {{(pid=107913) __call__ /opt/stack/placement/placement/requestlog.py:55}}
Aug 29 13:18:33.551621 n-d-854626-7 devstack@placement-api.service[107913]: INFO placement.requestlog [req-fa88ab1f-40d4-4e32-a9af-1445e34c7155 req-6ca1e0db-d0ad-4f91-a9fa-fd0a48d8f29e service placement] 10.222.0.18 "GET /placement/allocations/f1a46803-297e-4886-8ff9-f7c9448b8d11" status: 200 len: 259 microversion: 1.28
Aug 29 13:18:33.552717 n-d-854626-7 devstack@placement-api.service[107913]: [pid: 107913|app: 0|req: 116/232] 10.222.0.18 () {60 vars in 1377 bytes} [Mon Aug 29 13:18:33 2022] GET /placement/allocations/f1a46803-297e-4886-8ff9-f7c9448b8d11 => generated 259 bytes in 34 msecs (HTTP/1.1 200) 8 headers in 296 bytes (1 switches on core 0)
Aug 29 13:18:33.562275 n-d-854626-7 devstack@placement-api.service[107914]: DEBUG placement.requestlog [req-fa88ab1f-40d4-4e32-a9af-1445e34c7155 req-60afc3c3-70aa-4c0f-8c50-94861d079f76 None None] Starting request: 10.222.0.18 "GET /placement/allocations/61f36131-d0ec-4895-80f4-ff2d4c388b9f" {{(pid=107914) __call__ /opt/stack/placement/placement/requestlog.py:55}}
Aug 29 13:18:33.616314 n-d-854626-7 devstack@placement-api.service[107914]: INFO placement.requestlog [req-fa88ab1f-40d4-4e32-a9af-1445e34c7155 req-60afc3c3-70aa-4c0f-8c50-94861d079f76 service placement] 10.222.0.18 "GET /placement/allocations/61f36131-d0ec-4895-80f4-ff2d4c388b9f" status: 200 len: 259 microversion: 1.28
Aug 29 13:18:33.618383 n-d-854626-7 devstack@placement-api.service[107914]: [pid: 107914|app: 0|req: 117/233] 10.222.0.18 () {60 vars in 1377 bytes} [Mon Aug 29 13:18:33 2022] GET /placement/allocations/61f36131-d0ec-4895-80f4-ff2d4c388b9f => generated 259 bytes in 57 msecs (HTTP/1.1 200) 8 headers in 296 bytes (1 switches on core 0)
Aug 29 13:18:33.625650 n-d-854626-7 devstack@placement-api.service[107913]: DEBUG placement.requestlog [req-fa88ab1f-40d4-4e32-a9af-1445e34c7155 req-14ac07e3-0be3-479d-9874-01e6e6629dc4 None None] Starting request: 10.222.0.18 "GET /placement/allocations/5dbcad5f-f6c4-413f-8f7c-8f02d52e929f" {{(pid=107913) __call__ /opt/stack/placement/placement/requestlog.py:55}}
Aug 29 13:18:33.683190 n-d-854626-7 devstack@placement-api.service[107914]: DEBUG placement.requestlog [req-5703e2d4-caf9-43ec-9df7-539f1af29921 req-dedc54b1-bd12-4a13-b06e-f01393d41767 None None] Starting request: 10.222.0.44 "GET /placement/resource_providers/4a0363b7-b664-4126-ac35-a47ea0b1fef4/allocations" {{(pid=107914) __call__ /opt/stack/placement/placement/requestlog.py:55}}
Aug 29 13:18:33.698343 n-d-854626-7 devstack@placement-api.service[107913]: INFO placement.requestlog [req-fa88ab1f-40d4-4e32-a9af-1445e34c7155 req-14ac07e3-0be3-479d-9874-01e6e6629dc4 service placement] 10.222.0.18 "GET /placement/allocations/5dbcad5f-f6c4-413f-8f7c-8f02d52e929f" status: 200 len: 259 microversion: 1.28
Aug 29 13:18:33.699104 n-d-854626-7 devstack@placement-api.service[107914]: DEBUG dbcounter [-] [107914] Writing DB stats placement:SELECT=82,placement:INSERT=10,placement:DELETE=4,placement:UPDATE=4 {{(pid=107914) stat_writer /usr/local/lib/python3.8/dist-packages/dbcounter.py:114}}
Aug 29 13:18:33.714168 n-d-854626-7 devstack@placement-api.service[107913]: [pid: 107913|app: 0|req: 117/234] 10.222.0.18 () {60 vars in 1377 bytes} [Mon Aug 29 13:18:33 2022] GET /placement/allocations/5dbcad5f-f6c4-413f-8f7c-8f02d52e929f => generated 259 bytes in 89 msecs (HTTP/1.1 200) 8 headers in 296 bytes (1 switches on core 0)
Aug 29 13:18:33.723651 n-d-854626-7 devstack@placement-api.service[107913]: DEBUG placement.requestlog [req-fa88ab1f-40d4-4e32-a9af-1445e34c7155 req-3959ee82-29b3-4d04-8728-6223307951f4 None None] Starting request: 10.222.0.18 "GET /placement/allocations/652e9be3-d420-4bfc-b2bc-11365bb962b6" {{(pid=107913) __call__ /opt/stack/placement/placement/requestlog.py:55}}
Aug 29 13:18:33.777562 n-d-854626-7 devstack@placement-api.service[107914]: INFO placement.requestlog [req-5703e2d4-caf9-43ec-9df7-539f1af29921 req-dedc54b1-bd12-4a13-b06e-f01393d41767 service placement] 10.222.0.44 "GET /placement/resource_providers/4a0363b7-b664-4126-ac35-a47ea0b1fef4/allocations" status: 200 len: 355 microversion: 1.0
Aug 29 13:18:33.778086 n-d-854626-7 devstack@placement-api.service[107914]: [pid: 107914|app: 0|req: 118/235] 10.222.0.44 () {58 vars in 1390 bytes} [Mon Aug 29 13:18:33 2022] GET /placement/resource_providers/4a0363b7-b664-4126-ac35-a47ea0b1fef4/allocations => generated 355 bytes in 96 msecs (HTTP/1.1 200) 6 headers in 224 bytes (1 switches on core 0)
Aug 29 13:18:33.786300 n-d-854626-7 devstack@placement-api.service[107914]: DEBUG placement.requestlog [req-5703e2d4-caf9-43ec-9df7-539f1af29921 req-c54e6b36-7782-4717-bc9a-53ff90a1753d None None] Starting request: 10.222.0.44 "GET /placement/allocations/7c41ba49-794b-4223-8052-e7b6c96bc53f" {{(pid=107914) __call__ /opt/stack/placement/placement/requestlog.py:55}}
Aug 29 13:18:33.789650 n-d-854626-7 devstack@placement-api.service[107913]: INFO placement.requestlog [req-fa88ab1f-40d4-4e32-a9af-1445e34c7155 req-3959ee82-29b3-4d04-8728-6223307951f4 service placement] 10.222.0.18 "GET /placement/allocations/652e9be3-d420-4bfc-b2bc-11365bb962b6" status: 200 len: 259 microversion: 1.28
Aug 29 13:18:33.796134 n-d-854626-7 devstack@placement-api.service[107913]: [pid: 107913|app: 0|req: 118/236] 10.222.0.18 () {60 vars in 1377 bytes} [Mon Aug 29 13:18:33 2022] GET /placement/allocations/652e9be3-d420-4bfc-b2bc-11365bb962b6 => generated 259 bytes in 73 msecs (HTTP/1.1 200) 8 headers in 296 bytes (1 switches on core 0)
Aug 29 13:18:33.803187 n-d-854626-7 devstack@placement-api.service[107913]: DEBUG placement.requestlog [req-fa88ab1f-40d4-4e32-a9af-1445e34c7155 req-e0f8f60f-5003-4b16-9cd7-7fef5d8674bf None None] Starting request: 10.222.0.18 "GET /placement/allocations/549a9fac-bc19-4399-89e7-fb64f74cac56" {{(pid=107913) __call__ /opt/stack/placement/placement/requestlog.py:55}}
Aug 29 13:18:33.850345 n-d-854626-7 devstack@placement-api.service[107914]: INFO placement.requestlog [req-5703e2d4-caf9-43ec-9df7-539f1af29921 req-c54e6b36-7782-4717-bc9a-53ff90a1753d service placement] 10.222.0.44 "GET /placement/allocations/7c41ba49-794b-4223-8052-e7b6c96bc53f" status: 200 len: 258 microversion: 1.28
Aug 29 13:18:33.852930 n-d-854626-7 devstack@placement-api.service[107914]: [pid: 107914|app: 0|req: 119/237] 10.222.0.44 () {60 vars in 1377 bytes} [Mon Aug 29 13:18:33 2022] GET /placement/allocations/7c41ba49-794b-4223-8052-e7b6c96bc53f => generated 258 bytes in 67 msecs (HTTP/1.1 200) 8 headers in 296 bytes (1 switches on core 0)
Aug 29 13:18:33.856557 n-d-854626-7 devstack@placement-api.service[107913]: INFO placement.requestlog [req-fa88ab1f-40d4-4e32-a9af-1445e34c7155 req-e0f8f60f-5003-4b16-9cd7-7fef5d8674bf service placement] 10.222.0.18 "GET /placement/allocations/549a9fac-bc19-4399-89e7-fb64f74cac56" status: 200 len: 259 microversion: 1.28
Aug 29 13:18:33.857798 n-d-854626-7 devstack@placement-api.service[107913]: [pid: 107913|app: 0|req: 119/238] 10.222.0.18 () {60 vars in 1377 bytes} [Mon Aug 29 13:18:33 2022] GET /placement/allocations/549a9fac-bc19-4399-89e7-fb64f74cac56 => generated 259 bytes in 55 msecs (HTTP/1.1 200) 8 headers in 296 bytes (1 switches on core 0)
Aug 29 13:18:33.862007 n-d-854626-7 devstack@placement-api.service[107914]: DEBUG placement.requestlog [req-5703e2d4-caf9-43ec-9df7-539f1af29921 req-157ca2da-9bd4-448a-86de-f824b55a6cc7 None None] Starting request: 10.222.0.44 "GET /placement/allocations/e9b816f3-3316-4b7d-b79e-1fbfff6823b1" {{(pid=107914) __call__ /opt/stack/placement/placement/requestlog.py:55}}
Aug 29 13:18:33.882467 n-d-854626-7 devstack@placement-api.service[107913]: DEBUG placement.requestlog [req-fa88ab1f-40d4-4e32-a9af-1445e34c7155 req-6f435574-7547-4f3d-8ec2-15b8f91bf137 None None] Starting request: 10.222.0.18 "GET /placement/allocations/47f02593-dd70-4eba-9f30-84dd4e3cd0bc" {{(pid=107913) __call__ /opt/stack/placement/placement/requestlog.py:55}}
Aug 29 13:18:33.950934 n-d-854626-7 devstack@placement-api.service[107914]: INFO placement.requestlog [req-5703e2d4-caf9-43ec-9df7-539f1af29921 req-157ca2da-9bd4-448a-86de-f824b55a6cc7 service placement] 10.222.0.44 "GET /placement/allocations/e9b816f3-3316-4b7d-b79e-1fbfff6823b1" status: 200 len: 258 microversion: 1.28
Aug 29 13:18:33.952569 n-d-854626-7 devstack@placement-api.service[107914]: [pid: 107914|app: 0|req: 120/239] 10.222.0.44 () {60 vars in 1377 bytes} [Mon Aug 29 13:18:33 2022] GET /placement/allocations/e9b816f3-3316-4b7d-b79e-1fbfff6823b1 => generated 258 bytes in 91 msecs (HTTP/1.1 200) 8 headers in 296 bytes (1 switches on core 0)
Aug 29 13:18:33.979512 n-d-854626-7 devstack@placement-api.service[107914]: DEBUG placement.requestlog [req-5703e2d4-caf9-43ec-9df7-539f1af29921 req-e908d27f-178e-45cd-aeed-3f9d76fe2234 None None] Starting request: 10.222.0.44 "GET /placement/allocations/355c4416-884e-48b7-ad7b-87ce61c0ebdf" {{(pid=107914) __call__ /opt/stack/placement/placement/requestlog.py:55}}
Aug 29 13:18:33.989915 n-d-854626-7 devstack@placement-api.service[107913]: INFO placement.requestlog [req-fa88ab1f-40d4-4e32-a9af-1445e34c7155 req-6f435574-7547-4f3d-8ec2-15b8f91bf137 service placement] 10.222.0.18 "GET /placement/allocations/47f02593-dd70-4eba-9f30-84dd4e3cd0bc" status: 200 len: 259 microversion: 1.28
Aug 29 13:18:33.992808 n-d-854626-7 devstack@placement-api.service[107913]: [pid: 107913|app: 0|req: 120/240] 10.222.0.18 () {60 vars in 1377 bytes} [Mon Aug 29 13:18:33 2022] GET /placement/allocations/47f02593-dd70-4eba-9f30-84dd4e3cd0bc => generated 259 bytes in 111 msecs (HTTP/1.1 200) 8 headers in 296 bytes (1 switches on core 0)
Aug 29 13:18:34.024916 n-d-854626-7 devstack@placement-api.service[107914]: INFO placement.requestlog [req-5703e2d4-caf9-43ec-9df7-539f1af29921 req-e908d27f-178e-45cd-aeed-3f9d76fe2234 service placement] 10.222.0.44 "GET /placement/allocations/355c4416-884e-48b7-ad7b-87ce61c0ebdf" status: 200 len: 258 microversion: 1.28
Aug 29 13:18:34.025880 n-d-854626-7 devstack@placement-api.service[107914]: [pid: 107914|app: 0|req: 121/241] 10.222.0.44 () {60 vars in 1377 bytes} [Mon Aug 29 13:18:33 2022] GET /placement/allocations/355c4416-884e-48b7-ad7b-87ce61c0ebdf => generated 258 bytes in 47 msecs (HTTP/1.1 200) 8 headers in 296 bytes (1 switches on core 0)
Aug 29 13:18:34.320349 n-d-854626-7 devstack@placement-api.service[107913]: DEBUG placement.requestlog [req-fa88ab1f-40d4-4e32-a9af-1445e34c7155 req-2ea544e0-2a73-434c-a586-6dea06185488 None None] Starting request: 10.222.0.18 "DELETE /placement/allocations/652e9be3-d420-4bfc-b2bc-11365bb962b6" {{(pid=107913) __call__ /opt/stack/placement/placement/requestlog.py:55}}
Aug 29 13:18:34.410863 n-d-854626-7 devstack@placement-api.service[107913]: DEBUG placement.handlers.allocation [req-fa88ab1f-40d4-4e32-a9af-1445e34c7155 req-2ea544e0-2a73-434c-a586-6dea06185488 service placement] Successfully deleted allocations [, , ] {{(pid=107913) delete_allocations /opt/stack/placement/placement/handlers/allocation.py:627}}
Aug 29 13:18:34.411892 n-d-854626-7 devstack@placement-api.service[107913]: INFO placement.requestlog [req-fa88ab1f-40d4-4e32-a9af-1445e34c7155 req-2ea544e0-2a73-434c-a586-6dea06185488 service placement] 10.222.0.18 "DELETE /placement/allocations/652e9be3-d420-4bfc-b2bc-11365bb962b6" status: 204 len: 0 microversion: 1.0
Aug 29 13:18:34.412815 n-d-854626-7 devstack@placement-api.service[107913]: [pid: 107913|app: 0|req: 121/242] 10.222.0.18 () {60 vars in 1355 bytes} [Mon Aug 29 13:18:34 2022] DELETE /placement/allocations/652e9be3-d420-4bfc-b2bc-11365bb962b6 => generated 0 bytes in 93 msecs (HTTP/1.1 204) 5 headers in 198 bytes (1 switches on core 0)
Aug 29 13:18:34.595543 n-d-854626-7 devstack@placement-api.service[107914]: DEBUG placement.requestlog [req-5703e2d4-caf9-43ec-9df7-539f1af29921 req-5903d255-3287-4960-bb67-e65579a5c3eb None None] Starting request: 10.222.0.44 "GET /placement/allocations/e9b816f3-3316-4b7d-b79e-1fbfff6823b1" {{(pid=107914) __call__ /opt/stack/placement/placement/requestlog.py:55}}
