Oct 17 15:26:46.777504 n-d-854616-10 devstack@placement-api.service[105851]: [pid: 105851|app: 0|req: 241/475] 10.222.0.85 () {60 vars in 1377 bytes} [Mon Oct 17 15:26:46 2022] GET /placement/allocations/e5f0f708-65fb-4046-bbc1-c4d8e95bc7eb => generated 259 bytes in 104 msecs (HTTP/1.1 200) 8 headers in 296 bytes (1 switches on core 0)
Oct 17 15:26:46.781809 n-d-854616-10 devstack@placement-api.service[105852]: DEBUG placement.requestlog [req-5d58ffbb-97e3-46c5-9b25-6e20e0796707 req-42d49d5e-025a-4cae-9455-6d0cb8914a1b None None] Starting request: 10.222.0.85 "GET /placement/allocations/88635c6e-a2c3-4aee-8eb4-d5601bfb99d0" {{(pid=105852) __call__ /opt/stack/placement/placement/requestlog.py:55}}
Oct 17 15:26:46.816115 n-d-854616-10 devstack@placement-api.service[105852]: INFO placement.requestlog [req-5d58ffbb-97e3-46c5-9b25-6e20e0796707 req-42d49d5e-025a-4cae-9455-6d0cb8914a1b service placement] 10.222.0.85 "GET /placement/allocations/88635c6e-a2c3-4aee-8eb4-d5601bfb99d0" status: 200 len: 259 microversion: 1.28
Oct 17 15:26:46.816426 n-d-854616-10 devstack@placement-api.service[105852]: [pid: 105852|app: 0|req: 235/476] 10.222.0.85 () {60 vars in 1377 bytes} [Mon Oct 17 15:26:46 2022] GET /placement/allocations/88635c6e-a2c3-4aee-8eb4-d5601bfb99d0 => generated 259 bytes in 36 msecs (HTTP/1.1 200) 8 headers in 296 bytes (1 switches on core 0)
Oct 17 15:26:46.824757 n-d-854616-10 devstack@placement-api.service[105851]: DEBUG placement.requestlog [req-5d58ffbb-97e3-46c5-9b25-6e20e0796707 req-0e8895ef-4ba9-4e77-bbd2-8cdf59be8047 None None] Starting request: 10.222.0.85 "GET /placement/allocations/52915b44-1730-4fcd-a443-20f7c7981164" {{(pid=105851) __call__ /opt/stack/placement/placement/requestlog.py:55}}
Oct 17 15:26:46.881627 n-d-854616-10 devstack@placement-api.service[105851]: INFO placement.requestlog [req-5d58ffbb-97e3-46c5-9b25-6e20e0796707 req-0e8895ef-4ba9-4e77-bbd2-8cdf59be8047 service placement] 10.222.0.85 "GET /placement/allocations/52915b44-1730-4fcd-a443-20f7c7981164" status: 200 len: 259 microversion: 1.28
Oct 17 15:26:46.882604 n-d-854616-10 devstack@placement-api.service[105851]: [pid: 105851|app: 0|req: 242/477] 10.222.0.85 () {60 vars in 1377 bytes} [Mon Oct 17 15:26:46 2022] GET /placement/allocations/52915b44-1730-4fcd-a443-20f7c7981164 => generated 259 bytes in 58 msecs (HTTP/1.1 200) 8 headers in 296 bytes (1 switches on core 0)
Oct 17 15:26:46.891164 n-d-854616-10 devstack@placement-api.service[105852]: DEBUG placement.requestlog [req-5d58ffbb-97e3-46c5-9b25-6e20e0796707 req-9e37607e-3750-4a73-8152-f4c6022ba97e None None] Starting request: 10.222.0.85 "GET /placement/allocations/9c840730-d9da-49c3-a2a7-6b5a77ff051c" {{(pid=105852) __call__ /opt/stack/placement/placement/requestlog.py:55}}
Oct 17 15:26:46.935316 n-d-854616-10 devstack@placement-api.service[105852]: INFO placement.requestlog [req-5d58ffbb-97e3-46c5-9b25-6e20e0796707 req-9e37607e-3750-4a73-8152-f4c6022ba97e service placement] 10.222.0.85 "GET /placement/allocations/9c840730-d9da-49c3-a2a7-6b5a77ff051c" status: 200 len: 259 microversion: 1.28
Oct 17 15:26:46.936216 n-d-854616-10 devstack@placement-api.service[105852]: [pid: 105852|app: 0|req: 236/478] 10.222.0.85 () {60 vars in 1377 bytes} [Mon Oct 17 15:26:46 2022] GET /placement/allocations/9c840730-d9da-49c3-a2a7-6b5a77ff051c => generated 259 bytes in 45 msecs (HTTP/1.1 200) 8 headers in 296 bytes (1 switches on core 0)
Oct 17 15:26:46.943494 n-d-854616-10 devstack@placement-api.service[105851]: DEBUG placement.requestlog [req-5d58ffbb-97e3-46c5-9b25-6e20e0796707 req-b7030a5a-1d35-4ada-b2f1-2bbeddfe44fc None None] Starting request: 10.222.0.85 "GET /placement/allocations/21c1a037-e68a-4183-a851-90dacfd65a8d" {{(pid=105851) __call__ /opt/stack/placement/placement/requestlog.py:55}}
Oct 17 15:26:46.960743 n-d-854616-10 devstack@placement-api.service[105851]: INFO placement.requestlog [req-5d58ffbb-97e3-46c5-9b25-6e20e0796707 req-b7030a5a-1d35-4ada-b2f1-2bbeddfe44fc service placement] 10.222.0.85 "GET /placement/allocations/21c1a037-e68a-4183-a851-90dacfd65a8d" status: 200 len: 259 microversion: 1.28
Oct 17 15:26:46.961593 n-d-854616-10 devstack@placement-api.service[105851]: [pid: 105851|app: 0|req: 243/479] 10.222.0.85 () {60 vars in 1377 bytes} [Mon Oct 17 15:26:46 2022] GET /placement/allocations/21c1a037-e68a-4183-a851-90dacfd65a8d => generated 259 bytes in 18 msecs (HTTP/1.1 200) 8 headers in 296 bytes (1 switches on core 0)
Oct 17 15:26:47.201532 n-d-854616-10 devstack@placement-api.service[105852]: DEBUG placement.requestlog [req-3774ec83-efdf-42be-a427-7f073356e99e req-9ef22574-1c0b-4773-836a-fedfad542e26 None None] Starting request: 10.222.0.61 "GET /placement/allocation_candidates?limit=1000&resources=DISK_GB%3A1%2CMEMORY_MB%3A1024%2CVCPU%3A1&root_required=%21COMPUTE_STATUS_DISABLED" {{(pid=105852) __call__ /opt/stack/placement/placement/requestlog.py:55}}
Oct 17 15:26:47.248585 n-d-854616-10 devstack@placement-api.service[105851]: DEBUG placement.requestlog [req-5d58ffbb-97e3-46c5-9b25-6e20e0796707 req-afcc2ae5-8967-4e4c-9939-69e8680b6285 None None] Starting request: 10.222.0.85 "DELETE /placement/allocations/88635c6e-a2c3-4aee-8eb4-d5601bfb99d0" {{(pid=105851) __call__ /opt/stack/placement/placement/requestlog.py:55}}
Oct 17 15:26:47.293872 n-d-854616-10 devstack@placement-api.service[105852]: DEBUG placement.objects.research_context [req-3774ec83-efdf-42be-a427-7f073356e99e req-9ef22574-1c0b-4773-836a-fedfad542e26 service placement] getting providers with 1 DISK_GB {{(pid=105852) __init__ /opt/stack/placement/placement/objects/research_context.py:136}}
Oct 17 15:26:47.306666 n-d-854616-10 devstack@placement-api.service[105852]: DEBUG placement.objects.research_context [req-3774ec83-efdf-42be-a427-7f073356e99e req-9ef22574-1c0b-4773-836a-fedfad542e26 service placement] getting providers with 1024 MEMORY_MB {{(pid=105852) __init__ /opt/stack/placement/placement/objects/research_context.py:136}}
Oct 17 15:26:47.314614 n-d-854616-10 devstack@placement-api.service[105851]: DEBUG placement.handlers.allocation [req-5d58ffbb-97e3-46c5-9b25-6e20e0796707 req-afcc2ae5-8967-4e4c-9939-69e8680b6285 service placement] Successfully deleted allocations [, , ] {{(pid=105851) delete_allocations /opt/stack/placement/placement/handlers/allocation.py:627}}
Oct 17 15:26:47.315279 n-d-854616-10 devstack@placement-api.service[105851]: INFO placement.requestlog [req-5d58ffbb-97e3-46c5-9b25-6e20e0796707 req-afcc2ae5-8967-4e4c-9939-69e8680b6285 service placement] 10.222.0.85 "DELETE /placement/allocations/88635c6e-a2c3-4aee-8eb4-d5601bfb99d0" status: 204 len: 0 microversion: 1.0
Oct 17 15:26:47.316192 n-d-854616-10 devstack@placement-api.service[105851]: [pid: 105851|app: 0|req: 244/480] 10.222.0.85 () {60 vars in 1355 bytes} [Mon Oct 17 15:26:47 2022] DELETE /placement/allocations/88635c6e-a2c3-4aee-8eb4-d5601bfb99d0 => generated 0 bytes in 68 msecs (HTTP/1.1 204) 5 headers in 198 bytes (2 switches on core 0)
Oct 17 15:26:47.316877 n-d-854616-10 devstack@placement-api.service[105852]: DEBUG placement.objects.research_context [req-3774ec83-efdf-42be-a427-7f073356e99e req-9ef22574-1c0b-4773-836a-fedfad542e26 service placement] getting providers with 1 VCPU {{(pid=105852) __init__ /opt/stack/placement/placement/objects/research_context.py:136}}
Oct 17 15:26:47.325361 n-d-854616-10 devstack@placement-api.service[105852]: DEBUG placement.objects.research_context [req-3774ec83-efdf-42be-a427-7f073356e99e req-9ef22574-1c0b-4773-836a-fedfad542e26 service placement] found 2 providers with available 1 DISK_GB {{(pid=105852) get_provider_ids_matching /opt/stack/placement/placement/objects/research_context.py:563}}
Oct 17 15:26:47.325767 n-d-854616-10 devstack@placement-api.service[105852]: DEBUG placement.objects.research_context [req-3774ec83-efdf-42be-a427-7f073356e99e req-9ef22574-1c0b-4773-836a-fedfad542e26 service placement] found 2 providers with available 1024 MEMORY_MB {{(pid=105852) get_provider_ids_matching /opt/stack/placement/placement/objects/research_context.py:563}}
Oct 17 15:26:47.326243 n-d-854616-10 devstack@placement-api.service[105852]: DEBUG placement.objects.research_context [req-3774ec83-efdf-42be-a427-7f073356e99e req-9ef22574-1c0b-4773-836a-fedfad542e26 service placement] found 2 providers after filtering by previous result {{(pid=105852) get_provider_ids_matching /opt/stack/placement/placement/objects/research_context.py:594}}
Oct 17 15:26:47.326726 n-d-854616-10 devstack@placement-api.service[105852]: DEBUG placement.objects.research_context [req-3774ec83-efdf-42be-a427-7f073356e99e req-9ef22574-1c0b-4773-836a-fedfad542e26 service placement] found 2 providers with available 1 VCPU {{(pid=105852) get_provider_ids_matching /opt/stack/placement/placement/objects/research_context.py:563}}
Oct 17 15:26:47.327156 n-d-854616-10 devstack@placement-api.service[105852]: DEBUG placement.objects.research_context [req-3774ec83-efdf-42be-a427-7f073356e99e req-9ef22574-1c0b-4773-836a-fedfad542e26 service placement] found 2 providers after filtering by previous result {{(pid=105852) get_provider_ids_matching /opt/stack/placement/placement/objects/research_context.py:594}}
Oct 17 15:26:47.351605 n-d-854616-10 devstack@placement-api.service[105852]: DEBUG placement.objects.allocation_candidate [req-3774ec83-efdf-42be-a427-7f073356e99e req-9ef22574-1c0b-4773-836a-fedfad542e26 service placement] RequestGroup(use_same_provider=False, resources={DISK_GB:1, MEMORY_MB:1024, VCPU:1}, traits=(), aggregates=[]) (suffix '') returned 2 matches {{(pid=105852) _get_by_requests /opt/stack/placement/placement/objects/allocation_candidate.py:156}}
Oct 17 15:26:47.352075 n-d-854616-10 devstack@placement-api.service[105852]: DEBUG placement.objects.allocation_candidate [req-3774ec83-efdf-42be-a427-7f073356e99e req-9ef22574-1c0b-4773-836a-fedfad542e26 service placement] Merging candidates yields 2 allocation requests and 2 provider summaries {{(pid=105852) _merge_candidates /opt/stack/placement/placement/objects/allocation_candidate.py:809}}
Oct 17 15:26:47.353974 n-d-854616-10 devstack@placement-api.service[105852]: INFO placement.requestlog [req-3774ec83-efdf-42be-a427-7f073356e99e req-9ef22574-1c0b-4773-836a-fedfad542e26 service placement] 10.222.0.61 "GET /placement/allocation_candidates?limit=1000&resources=DISK_GB%3A1%2CMEMORY_MB%3A1024%2CVCPU%3A1&root_required=%21COMPUTE_STATUS_DISABLED" status: 200 len: 1309 microversion: 1.36
Oct 17 15:26:47.354378 n-d-854616-10 devstack@placement-api.service[105852]: [pid: 105852|app: 0|req: 237/481] 10.222.0.61 () {60 vars in 1506 bytes} [Mon Oct 17 15:26:47 2022] GET /placement/allocation_candidates?limit=1000&resources=DISK_GB%3A1%2CMEMORY_MB%3A1024%2CVCPU%3A1&root_required=%21COMPUTE_STATUS_DISABLED => generated 1309 bytes in 153 msecs (HTTP/1.1 200) 8 headers in 297 bytes (2 switches on core 0)
Oct 17 15:26:47.455684 n-d-854616-10 devstack@placement-api.service[105851]: DEBUG placement.requestlog [req-3774ec83-efdf-42be-a427-7f073356e99e req-d0eefbce-94eb-4438-b141-7f5c7d1ba0ba None None] Starting request: 10.222.0.61 "GET /placement/allocations/e9918eeb-c457-483d-bd65-d38d7cfc03a7" {{(pid=105851) __call__ /opt/stack/placement/placement/requestlog.py:55}}
Oct 17 15:26:47.498497 n-d-854616-10 devstack@placement-api.service[105851]: INFO placement.requestlog [req-3774ec83-efdf-42be-a427-7f073356e99e req-d0eefbce-94eb-4438-b141-7f5c7d1ba0ba service placement] 10.222.0.61 "GET /placement/allocations/e9918eeb-c457-483d-bd65-d38d7cfc03a7" status: 200 len: 19 microversion: 1.28
Oct 17 15:26:47.498957 n-d-854616-10 devstack@placement-api.service[105851]: [pid: 105851|app: 0|req: 245/482] 10.222.0.61 () {60 vars in 1380 bytes} [Mon Oct 17 15:26:47 2022] GET /placement/allocations/e9918eeb-c457-483d-bd65-d38d7cfc03a7 => generated 19 bytes in 44 msecs (HTTP/1.1 200) 8 headers in 295 bytes (1 switches on core 0)
Oct 17 15:26:47.509426 n-d-854616-10 devstack@placement-api.service[105852]: DEBUG placement.requestlog [req-3774ec83-efdf-42be-a427-7f073356e99e req-50996a25-9c5b-4f1e-89d6-c57ec95f06a3 None None] Starting request: 10.222.0.61 "PUT /placement/allocations/e9918eeb-c457-483d-bd65-d38d7cfc03a7" {{(pid=105852) __call__ /opt/stack/placement/placement/requestlog.py:55}}
Oct 17 15:26:47.602871 n-d-854616-10 devstack@placement-api.service[105851]: DEBUG placement.requestlog [None req-a91400ec-bf54-43e8-aa99-b372e2f47e55 None None] Starting request: 10.222.0.61 "GET /placement/resource_providers/83a921ee-d29c-4bf6-ad5d-fe98035b2d8f/aggregates" {{(pid=105851) __call__ /opt/stack/placement/placement/requestlog.py:55}}
Oct 17 15:26:47.632321 n-d-854616-10 devstack@placement-api.service[105851]: DEBUG dbcounter [-] [105851] Writing DB stats placement:SELECT=96,placement:DELETE=4 {{(pid=105851) stat_writer /usr/local/lib/python3.8/dist-packages/dbcounter.py:114}}
Oct 17 15:26:47.645668 n-d-854616-10 devstack@placement-api.service[105851]: INFO placement.requestlog [None req-a91400ec-bf54-43e8-aa99-b372e2f47e55 service placement] 10.222.0.61 "GET /placement/resource_providers/83a921ee-d29c-4bf6-ad5d-fe98035b2d8f/aggregates" status: 404 len: 235 microversion: 1.1
Oct 17 15:26:47.647900 n-d-854616-10 devstack@placement-api.service[105851]: [pid: 105851|app: 0|req: 246/483] 10.222.0.61 () {58 vars in 1362 bytes} [Mon Oct 17 15:26:47 2022] GET /placement/resource_providers/83a921ee-d29c-4bf6-ad5d-fe98035b2d8f/aggregates => generated 235 bytes in 46 msecs (HTTP/1.1 404) 5 headers in 202 bytes (2 switches on core 0)
Oct 17 15:26:47.657595 n-d-854616-10 devstack@placement-api.service[105852]: DEBUG placement.handlers.allocation [req-3774ec83-efdf-42be-a427-7f073356e99e req-50996a25-9c5b-4f1e-89d6-c57ec95f06a3 service placement] Successfully wrote allocations [, , ] {{(pid=105852) _update_consumers_and_create_allocations /opt/stack/placement/placement/handlers/allocation.py:462}}
Oct 17 15:26:47.668349 n-d-854616-10 devstack@placement-api.service[105852]: INFO placement.requestlog [req-3774ec83-efdf-42be-a427-7f073356e99e req-50996a25-9c5b-4f1e-89d6-c57ec95f06a3 service placement] 10.222.0.61 "PUT /placement/allocations/e9918eeb-c457-483d-bd65-d38d7cfc03a7" status: 204 len: 0 microversion: 1.36
Oct 17 15:26:47.669384 n-d-854616-10 devstack@placement-api.service[105852]: [pid: 105852|app: 0|req: 238/484] 10.222.0.61 () {64 vars in 1433 bytes} [Mon Oct 17 15:26:47 2022] PUT /placement/allocations/e9918eeb-c457-483d-bd65-d38d7cfc03a7 => generated 0 bytes in 161 msecs (HTTP/1.1 204) 5 headers in 199 bytes (2 switches on core 0)
Oct 17 15:26:47.752679 n-d-854616-10 devstack@placement-api.service[105851]: DEBUG placement.requestlog [None req-258d1232-3b46-4c70-ade6-0db27bed6e7c None None] Starting request: 10.222.0.61 "DELETE /placement/resource_providers/83a921ee-d29c-4bf6-ad5d-fe98035b2d8f" {{(pid=105851) __call__ /opt/stack/placement/placement/requestlog.py:55}}
Oct 17 15:26:47.779893 n-d-854616-10 devstack@placement-api.service[105851]: DEBUG placement.wsgi_wrapper [None req-258d1232-3b46-4c70-ade6-0db27bed6e7c service placement] Placement API returning an error response: No resource provider with uuid 83a921ee-d29c-4bf6-ad5d-fe98035b2d8f found for delete {{(pid=105851) call_func /opt/stack/placement/placement/wsgi_wrapper.py:31}}
Oct 17 15:26:47.780859 n-d-854616-10 devstack@placement-api.service[105851]: INFO placement.requestlog [None req-258d1232-3b46-4c70-ade6-0db27bed6e7c service placement] 10.222.0.61 "DELETE /placement/resource_providers/83a921ee-d29c-4bf6-ad5d-fe98035b2d8f" status: 404 len: 246 microversion: 1.1
Oct 17 15:26:47.781651 n-d-854616-10 devstack@placement-api.service[105851]: [pid: 105851|app: 0|req: 247/485] 10.222.0.61 () {60 vars in 1351 bytes} [Mon Oct 17 15:26:47 2022] DELETE /placement/resource_providers/83a921ee-d29c-4bf6-ad5d-fe98035b2d8f => generated 246 bytes in 32 msecs (HTTP/1.1 404) 6 headers in 231 bytes (1 switches on core 0)
Oct 17 15:26:48.365074 n-d-854616-10 devstack@placement-api.service[105852]: DEBUG placement.requestlog [req-3774ec83-efdf-42be-a427-7f073356e99e req-c7523c8e-46d5-4775-b874-078ed99790f2 None None] Starting request: 10.222.0.85 "GET /placement/allocations/e9918eeb-c457-483d-bd65-d38d7cfc03a7" {{(pid=105852) __call__ /opt/stack/placement/placement/requestlog.py:55}}
Oct 17 15:26:48.399303 n-d-854616-10 devstack@placement-api.service[105852]: INFO placement.requestlog [req-3774ec83-efdf-42be-a427-7f073356e99e req-c7523c8e-46d5-4775-b874-078ed99790f2 service placement] 10.222.0.85 "GET /placement/allocations/e9918eeb-c457-483d-bd65-d38d7cfc03a7" status: 200 len: 259 microversion: 1.28
Oct 17 15:26:48.400106 n-d-854616-10 devstack@placement-api.service[105852]: [pid: 105852|app: 0|req: 239/486] 10.222.0.85 () {60 vars in 1377 bytes} [Mon Oct 17 15:26:48 2022] GET /placement/allocations/e9918eeb-c457-483d-bd65-d38d7cfc03a7 => generated 259 bytes in 37 msecs (HTTP/1.1 200) 8 headers in 296 bytes (1 switches on core 0)
Oct 17 15:26:48.633974 n-d-854616-10 devstack@placement-api.service[105851]: DEBUG placement.requestlog [req-3774ec83-efdf-42be-a427-7f073356e99e req-43dd2ddc-5842-4f16-8e7f-d52684daa487 None None] Starting request: 10.222.0.85 "GET /placement/resource_providers/971fb05b-9831-47b4-be36-9eb7639b2a6d/allocations" {{(pid=105851) __call__ /opt/stack/placement/placement/requestlog.py:55}}
Oct 17 15:26:48.678454 n-d-854616-10 devstack@placement-api.service[105851]: INFO placement.requestlog [req-3774ec83-efdf-42be-a427-7f073356e99e req-43dd2ddc-5842-4f16-8e7f-d52684daa487 service placement] 10.222.0.85 "GET /placement/resource_providers/971fb05b-9831-47b4-be36-9eb7639b2a6d/allocations" status: 200 len: 558 microversion: 1.0
Oct 17 15:26:48.679844 n-d-854616-10 devstack@placement-api.service[105851]: [pid: 105851|app: 0|req: 248/487] 10.222.0.85 () {58 vars in 1390 bytes} [Mon Oct 17 15:26:48 2022] GET /placement/resource_providers/971fb05b-9831-47b4-be36-9eb7639b2a6d/allocations => generated 558 bytes in 47 msecs (HTTP/1.1 200) 6 headers in 224 bytes (1 switches on core 0)
Oct 17 15:26:48.690940 n-d-854616-10 devstack@placement-api.service[105852]: DEBUG placement.requestlog [req-3774ec83-efdf-42be-a427-7f073356e99e req-f6e0d408-52b7-4d41-a83f-e381c84da559 None None] Starting request: 10.222.0.85 "GET /placement/allocations/e5f0f708-65fb-4046-bbc1-c4d8e95bc7eb" {{(pid=105852) __call__ /opt/stack/placement/placement/requestlog.py:55}}
Oct 17 15:26:48.757423 n-d-854616-10 devstack@placement-api.service[105852]: INFO placement.requestlog [req-3774ec83-efdf-42be-a427-7f073356e99e req-f6e0d408-52b7-4d41-a83f-e381c84da559 service placement] 10.222.0.85 "GET /placement/allocations/e5f0f708-65fb-4046-bbc1-c4d8e95bc7eb" status: 200 len: 259 microversion: 1.28
Oct 17 15:26:48.758480 n-d-854616-10 devstack@placement-api.service[105852]: [pid: 105852|app: 0|req: 240/488] 10.222.0.85 () {60 vars in 1377 bytes} [Mon Oct 17 15:26:48 2022] GET /placement/allocations/e5f0f708-65fb-4046-bbc1-c4d8e95bc7eb => generated 259 bytes in 71 msecs (HTTP/1.1 200) 8 headers in 296 bytes (1 switches on core 0)
Oct 17 15:26:48.766372 n-d-854616-10 devstack@placement-api.service[105851]: DEBUG placement.requestlog [req-3774ec83-efdf-42be-a427-7f073356e99e req-654df997-cf70-459c-a2f3-3e8c8e298c4d None None] Starting request: 10.222.0.85 "GET /placement/allocations/e9918eeb-c457-483d-bd65-d38d7cfc03a7" {{(pid=105851) __call__ /opt/stack/placement/placement/requestlog.py:55}}
Oct 17 15:26:48.787786 n-d-854616-10 devstack@placement-api.service[105851]: INFO placement.requestlog [req-3774ec83-efdf-42be-a427-7f073356e99e req-654df997-cf70-459c-a2f3-3e8c8e298c4d service placement] 10.222.0.85 "GET /placement/allocations/e9918eeb-c457-483d-bd65-d38d7cfc03a7" status: 200 len: 259 microversion: 1.28
Oct 17 15:26:48.788829 n-d-854616-10 devstack@placement-api.service[105851]: [pid: 105851|app: 0|req: 249/489] 10.222.0.85 () {60 vars in 1377 bytes} [Mon Oct 17 15:26:48 2022] GET /placement/allocations/e9918eeb-c457-483d-bd65-d38d7cfc03a7 => generated 259 bytes in 23 msecs (HTTP/1.1 200) 8 headers in 296 bytes (1 switches on core 0)
Oct 17 15:26:48.796172 n-d-854616-10 devstack@placement-api.service[105852]: DEBUG placement.requestlog [req-3774ec83-efdf-42be-a427-7f073356e99e req-a679ab6b-e59b-4e08-98ab-27b2ef6a0c3a None None] Starting request: 10.222.0.85 "GET /placement/allocations/52915b44-1730-4fcd-a443-20f7c7981164" {{(pid=105852) __call__ /opt/stack/placement/placement/requestlog.py:55}}
Oct 17 15:26:48.827769 n-d-854616-10 devstack@placement-api.service[105852]: INFO placement.requestlog [req-3774ec83-efdf-42be-a427-7f073356e99e req-a679ab6b-e59b-4e08-98ab-27b2ef6a0c3a service placement] 10.222.0.85 "GET /placement/allocations/52915b44-1730-4fcd-a443-20f7c7981164" status: 200 len: 259 microversion: 1.28
Oct 17 15:26:48.828665 n-d-854616-10 devstack@placement-api.service[105852]: [pid: 105852|app: 0|req: 241/490] 10.222.0.85 () {60 vars in 1377 bytes} [Mon Oct 17 15:26:48 2022] GET /placement/allocations/52915b44-1730-4fcd-a443-20f7c7981164 => generated 259 bytes in 33 msecs (HTTP/1.1 200) 8 headers in 296 bytes (1 switches on core 0)
Oct 17 15:26:48.842741 n-d-854616-10 devstack@placement-api.service[105851]: DEBUG placement.requestlog [req-3774ec83-efdf-42be-a427-7f073356e99e req-cc51aa1f-5284-436c-8bb6-593a17317a30 None None] Starting request: 10.222.0.85 "GET /placement/allocations/9c840730-d9da-49c3-a2a7-6b5a77ff051c" {{(pid=105851) __call__ /opt/stack/placement/placement/requestlog.py:55}}
Oct 17 15:26:48.887763 n-d-854616-10 devstack@placement-api.service[105851]: INFO placement.requestlog [req-3774ec83-efdf-42be-a427-7f073356e99e req-cc51aa1f-5284-436c-8bb6-593a17317a30 service placement] 10.222.0.85 "GET /placement/allocations/9c840730-d9da-49c3-a2a7-6b5a77ff051c" status: 200 len: 259 microversion: 1.28
Oct 17 15:26:48.888296 n-d-854616-10 devstack@placement-api.service[105851]: [pid: 105851|app: 0|req: 250/491] 10.222.0.85 () {60 vars in 1377 bytes} [Mon Oct 17 15:26:48 2022] GET /placement/allocations/9c840730-d9da-49c3-a2a7-6b5a77ff051c => generated 259 bytes in 46 msecs (HTTP/1.1 200) 8 headers in 296 bytes (1 switches on core 0)
Oct 17 15:26:48.895873 n-d-854616-10 devstack@placement-api.service[105852]: DEBUG placement.requestlog [req-3774ec83-efdf-42be-a427-7f073356e99e req-affe3c92-3fbb-43a9-ad20-850a5c7ff357 None None] Starting request: 10.222.0.85 "GET /placement/allocations/21c1a037-e68a-4183-a851-90dacfd65a8d" {{(pid=105852) __call__ /opt/stack/placement/placement/requestlog.py:55}}
Oct 17 15:26:48.943097 n-d-854616-10 devstack@placement-api.service[105852]: INFO placement.requestlog [req-3774ec83-efdf-42be-a427-7f073356e99e req-affe3c92-3fbb-43a9-ad20-850a5c7ff357 service placement] 10.222.0.85 "GET /placement/allocations/21c1a037-e68a-4183-a851-90dacfd65a8d" status: 200 len: 259 microversion: 1.28
Oct 17 15:26:48.944176 n-d-854616-10 devstack@placement-api.service[105852]: [pid: 105852|app: 0|req: 242/492] 10.222.0.85 () {60 vars in 1377 bytes} [Mon Oct 17 15:26:48 2022] GET /placement/allocations/21c1a037-e68a-4183-a851-90dacfd65a8d => generated 259 bytes in 49 msecs (HTTP/1.1 200) 8 headers in 296 bytes (1 switches on core 0)
Oct 17 15:26:56.978342 n-d-854616-10 devstack@placement-api.service[105851]: DEBUG placement.requestlog [req-0867aa04-1add-43e3-ae9a-0af6e1dee06c req-a0e861b6-921c-4dd4-a35a-7e002d7dc6b4 None None] Starting request: 10.222.0.61 "GET /placement/allocation_candidates?limit=1000&resources=DISK_GB%3A1%2CMEMORY_MB%3A1024%2CVCPU%3A1&root_required=%21COMPUTE_STATUS_DISABLED" {{(pid=105851) __call__ /opt/stack/placement/placement/requestlog.py:55}}
Oct 17 15:26:57.298636 n-d-854616-10 devstack@placement-api.service[105851]: DEBUG placement.objects.research_context [req-0867aa04-1add-43e3-ae9a-0af6e1dee06c req-a0e861b6-921c-4dd4-a35a-7e002d7dc6b4 service placement] getting providers with 1 DISK_GB {{(pid=105851) __init__ /opt/stack/placement/placement/objects/research_context.py:136}}
Oct 17 15:26:57.318497 n-d-854616-10 devstack@placement-api.service[105851]: DEBUG placement.objects.research_context [req-0867aa04-1add-43e3-ae9a-0af6e1dee06c req-a0e861b6-921c-4dd4-a35a-7e002d7dc6b4 service placement] getting providers with 1024 MEMORY_MB {{(pid=105851) __init__ /opt/stack/placement/placement/objects/research_context.py:136}}
Oct 17 15:26:57.349342 n-d-854616-10 devstack@placement-api.service[105851]: DEBUG placement.objects.research_context [req-0867aa04-1add-43e3-ae9a-0af6e1dee06c req-a0e861b6-921c-4dd4-a35a-7e002d7dc6b4 service placement] getting providers with 1 VCPU {{(pid=105851) __init__ /opt/stack/placement/placement/objects/research_context.py:136}}
Oct 17 15:26:57.376749 n-d-854616-10 devstack@placement-api.service[105851]: DEBUG placement.objects.research_context [req-0867aa04-1add-43e3-ae9a-0af6e1dee06c req-a0e861b6-921c-4dd4-a35a-7e002d7dc6b4 service placement] found 2 providers with available 1 DISK_GB {{(pid=105851) get_provider_ids_matching /opt/stack/placement/placement/objects/research_context.py:563}}
Oct 17 15:26:57.378154 n-d-854616-10 devstack@placement-api.service[105851]: DEBUG placement.objects.research_context [req-0867aa04-1add-43e3-ae9a-0af6e1dee06c req-a0e861b6-921c-4dd4-a35a-7e002d7dc6b4 service placement] found 2 providers with available 1024 MEMORY_MB {{(pid=105851) get_provider_ids_matching /opt/stack/placement/placement/objects/research_context.py:563}}
Oct 17 15:26:57.378644 n-d-854616-10 devstack@placement-api.service[105851]: DEBUG placement.objects.research_context [req-0867aa04-1add-43e3-ae9a-0af6e1dee06c req-a0e861b6-921c-4dd4-a35a-7e002d7dc6b4 service placement] found 2 providers after filtering by previous result {{(pid=105851) get_provider_ids_matching /opt/stack/placement/placement/objects/research_context.py:594}}
Oct 17 15:26:57.380793 n-d-854616-10 devstack@placement-api.service[105851]: DEBUG placement.objects.research_context [req-0867aa04-1add-43e3-ae9a-0af6e1dee06c req-a0e861b6-921c-4dd4-a35a-7e002d7dc6b4 service placement] found 2 providers with available 1 VCPU {{(pid=105851) get_provider_ids_matching /opt/stack/placement/placement/objects/research_context.py:563}}
Oct 17 15:26:57.382222 n-d-854616-10 devstack@placement-api.service[105851]: DEBUG placement.objects.research_context [req-0867aa04-1add-43e3-ae9a-0af6e1dee06c req-a0e861b6-921c-4dd4-a35a-7e002d7dc6b4 service placement] found 2 providers after filtering by previous result {{(pid=105851) get_provider_ids_matching /opt/stack/placement/placement/objects/research_context.py:594}}
Oct 17 15:26:57.425627 n-d-854616-10 devstack@placement-api.service[105851]: DEBUG placement.objects.allocation_candidate [req-0867aa04-1add-43e3-ae9a-0af6e1dee06c req-a0e861b6-921c-4dd4-a35a-7e002d7dc6b4 service placement] RequestGroup(use_same_provider=False, resources={DISK_GB:1, MEMORY_MB:1024, VCPU:1}, traits=(), aggregates=[]) (suffix '') returned 2 matches {{(pid=105851) _get_by_requests /opt/stack/placement/placement/objects/allocation_candidate.py:156}}
Oct 17 15:26:57.428787 n-d-854616-10 devstack@placement-api.service[105851]: DEBUG placement.objects.allocation_candidate [req-0867aa04-1add-43e3-ae9a-0af6e1dee06c req-a0e861b6-921c-4dd4-a35a-7e002d7dc6b4 service placement] Merging candidates yields 2 allocation requests and 2 provider summaries {{(pid=105851) _merge_candidates /opt/stack/placement/placement/objects/allocation_candidate.py:809}}
Oct 17 15:26:57.436854 n-d-854616-10 devstack@placement-api.service[105851]: INFO placement.requestlog [req-0867aa04-1add-43e3-ae9a-0af6e1dee06c req-a0e861b6-921c-4dd4-a35a-7e002d7dc6b4 service placement] 10.222.0.61 "GET /placement/allocation_candidates?limit=1000&resources=DISK_GB%3A1%2CMEMORY_MB%3A1024%2CVCPU%3A1&root_required=%21COMPUTE_STATUS_DISABLED" status: 200 len: 1309 microversion: 1.36
Oct 17 15:26:57.446548 n-d-854616-10 devstack@placement-api.service[105851]: [pid: 105851|app: 0|req: 251/493] 10.222.0.61 () {60 vars in 1506 bytes} [Mon Oct 17 15:26:56 2022] GET /placement/allocation_candidates?limit=1000&resources=DISK_GB%3A1%2CMEMORY_MB%3A1024%2CVCPU%3A1&root_required=%21COMPUTE_STATUS_DISABLED => generated 1309 bytes in 468 msecs (HTTP/1.1 200) 8 headers in 297 bytes (2 switches on core 0)
Oct 17 15:26:57.846314 n-d-854616-10 devstack@placement-api.service[105852]: DEBUG placement.requestlog [req-0867aa04-1add-43e3-ae9a-0af6e1dee06c req-13670747-7f6c-4018-acfb-13f300bfa9b2 None None] Starting request: 10.222.0.61 "GET /placement/allocations/e4bb82ca-4753-4f58-b8a7-449aceab166f" {{(pid=105852) __call__ /opt/stack/placement/placement/requestlog.py:55}}
Oct 17 15:26:57.878086 n-d-854616-10 devstack@placement-api.service[105852]: INFO placement.requestlog [req-0867aa04-1add-43e3-ae9a-0af6e1dee06c req-13670747-7f6c-4018-acfb-13f300bfa9b2 service placement] 10.222.0.61 "GET /placement/allocations/e4bb82ca-4753-4f58-b8a7-449aceab166f" status: 200 len: 19 microversion: 1.28
Oct 17 15:26:57.886005 n-d-854616-10 devstack@placement-api.service[105852]: [pid: 105852|app: 0|req: 243/494] 10.222.0.61 () {60 vars in 1380 bytes} [Mon Oct 17 15:26:57 2022] GET /placement/allocations/e4bb82ca-4753-4f58-b8a7-449aceab166f => generated 19 bytes in 40 msecs (HTTP/1.1 200) 8 headers in 295 bytes (1 switches on core 0)
Oct 17 15:26:57.887329 n-d-854616-10 devstack@placement-api.service[105851]: DEBUG placement.requestlog [req-0867aa04-1add-43e3-ae9a-0af6e1dee06c req-808bc416-5df7-4aa9-8041-8f1715906bb4 None None] Starting request: 10.222.0.61 "PUT /placement/allocations/e4bb82ca-4753-4f58-b8a7-449aceab166f" {{(pid=105851) __call__ /opt/stack/placement/placement/requestlog.py:55}}
Oct 17 15:26:58.243952 n-d-854616-10 devstack@placement-api.service[105851]: DEBUG placement.handlers.allocation [req-0867aa04-1add-43e3-ae9a-0af6e1dee06c req-808bc416-5df7-4aa9-8041-8f1715906bb4 service placement] Successfully wrote allocations [, , ] {{(pid=105851) _update_consumers_and_create_allocations /opt/stack/placement/placement/handlers/allocation.py:462}}
Oct 17 15:26:58.257555 n-d-854616-10 devstack@placement-api.service[105851]: INFO placement.requestlog [req-0867aa04-1add-43e3-ae9a-0af6e1dee06c req-808bc416-5df7-4aa9-8041-8f1715906bb4 service placement] 10.222.0.61 "PUT /placement/allocations/e4bb82ca-4753-4f58-b8a7-449aceab166f" status: 204 len: 0 microversion: 1.36
Oct 17 15:26:58.259110 n-d-854616-10 devstack@placement-api.service[105851]: [pid: 105851|app: 0|req: 252/495] 10.222.0.61 () {64 vars in 1433 bytes} [Mon Oct 17 15:26:57 2022] PUT /placement/allocations/e4bb82ca-4753-4f58-b8a7-449aceab166f => generated 0 bytes in 372 msecs (HTTP/1.1 204) 5 headers in 199 bytes (2 switches on core 0)
Oct 17 15:26:59.357049 n-d-854616-10 devstack@placement-api.service[105852]: DEBUG placement.requestlog [req-0867aa04-1add-43e3-ae9a-0af6e1dee06c req-e1018104-d7f4-4be3-9b8e-36ffadd38244 None None] Starting request: 10.222.0.83 "GET /placement/allocations/e4bb82ca-4753-4f58-b8a7-449aceab166f" {{(pid=105852) __call__ /opt/stack/placement/placement/requestlog.py:55}}
Oct 17 15:26:59.398132 n-d-854616-10 devstack@placement-api.service[105852]: INFO placement.requestlog [req-0867aa04-1add-43e3-ae9a-0af6e1dee06c req-e1018104-d7f4-4be3-9b8e-36ffadd38244 service placement] 10.222.0.83 "GET /placement/allocations/e4bb82ca-4753-4f58-b8a7-449aceab166f" status: 200 len: 259 microversion: 1.28
Oct 17 15:26:59.411637 n-d-854616-10 devstack@placement-api.service[105852]: [pid: 105852|app: 0|req: 244/496] 10.222.0.83 () {60 vars in 1377 bytes} [Mon Oct 17 15:26:59 2022] GET /placement/allocations/e4bb82ca-4753-4f58-b8a7-449aceab166f => generated 259 bytes in 55 msecs (HTTP/1.1 200) 8 headers in 296 bytes (1 switches on core 0)
Oct 17 15:26:59.793376 n-d-854616-10 devstack@placement-api.service[105851]: DEBUG placement.requestlog [req-0867aa04-1add-43e3-ae9a-0af6e1dee06c req-f49a9adf-3bba-4d5b-9dae-1f489d826c0d None None] Starting request: 10.222.0.83 "GET /placement/resource_providers/886a00a7-72b0-4c22-8126-5d38eafcc086/allocations" {{(pid=105851) __call__ /opt/stack/placement/placement/requestlog.py:55}}
Oct 17 15:26:59.884262 n-d-854616-10 devstack@placement-api.service[105851]: INFO placement.requestlog [req-0867aa04-1add-43e3-ae9a-0af6e1dee06c req-f49a9adf-3bba-4d5b-9dae-1f489d826c0d service placement] 10.222.0.83 "GET /placement/resource_providers/886a00a7-72b0-4c22-8126-5d38eafcc086/allocations" status: 200 len: 658 microversion: 1.0
Oct 17 15:26:59.885480 n-d-854616-10 devstack@placement-api.service[105851]: [pid: 105851|app: 0|req: 253/497] 10.222.0.83 () {58 vars in 1390 bytes} [Mon Oct 17 15:26:59 2022] GET /placement/resource_providers/886a00a7-72b0-4c22-8126-5d38eafcc086/allocations => generated 658 bytes in 92 msecs (HTTP/1.1 200) 6 headers in 224 bytes (1 switches on core 0)
Oct 17 15:26:59.893992 n-d-854616-10 devstack@placement-api.service[105852]: DEBUG placement.requestlog [req-0867aa04-1add-43e3-ae9a-0af6e1dee06c req-b5e14508-76a5-4e79-adf6-013e0e30fc8f None None] Starting request: 10.222.0.83 "GET /placement/allocations/3055e747-f369-4a43-b82a-8369d3428e71" {{(pid=105852) __call__ /opt/stack/placement/placement/requestlog.py:55}}
Oct 17 15:26:59.967048 n-d-854616-10 devstack@placement-api.service[105852]: INFO placement.requestlog [req-0867aa04-1add-43e3-ae9a-0af6e1dee06c req-b5e14508-76a5-4e79-adf6-013e0e30fc8f service placement] 10.222.0.83 "GET /placement/allocations/3055e747-f369-4a43-b82a-8369d3428e71" status: 200 len: 259 microversion: 1.28
Oct 17 15:26:59.976163 n-d-854616-10 devstack@placement-api.service[105851]: DEBUG placement.requestlog [req-0867aa04-1add-43e3-ae9a-0af6e1dee06c req-69f9cbf9-b944-454d-87cc-830575c50db4 None None] Starting request: 10.222.0.83 "GET /placement/allocations/dd821b7e-45c0-49e8-a6b1-de47a9bcf7b7" {{(pid=105851) __call__ /opt/stack/placement/placement/requestlog.py:55}}
Oct 17 15:26:59.976634 n-d-854616-10 devstack@placement-api.service[105852]: [pid: 105852|app: 0|req: 245/498] 10.222.0.83 () {60 vars in 1377 bytes} [Mon Oct 17 15:26:59 2022] GET /placement/allocations/3055e747-f369-4a43-b82a-8369d3428e71 => generated 259 bytes in 81 msecs (HTTP/1.1 200) 8 headers in 296 bytes (1 switches on core 0)
Oct 17 15:27:00.024402 n-d-854616-10 devstack@placement-api.service[105851]: INFO placement.requestlog [req-0867aa04-1add-43e3-ae9a-0af6e1dee06c req-69f9cbf9-b944-454d-87cc-830575c50db4 service placement] 10.222.0.83 "GET /placement/allocations/dd821b7e-45c0-49e8-a6b1-de47a9bcf7b7" status: 200 len: 259 microversion: 1.28
Oct 17 15:27:00.025068 n-d-854616-10 devstack@placement-api.service[105851]: [pid: 105851|app: 0|req: 254/499] 10.222.0.83 () {60 vars in 1377 bytes} [Mon Oct 17 15:26:59 2022] GET /placement/allocations/dd821b7e-45c0-49e8-a6b1-de47a9bcf7b7 => generated 259 bytes in 49 msecs (HTTP/1.1 200) 8 headers in 296 bytes (1 switches on core 0)
Oct 17 15:27:00.032012 n-d-854616-10 devstack@placement-api.service[105852]: DEBUG placement.requestlog [req-0867aa04-1add-43e3-ae9a-0af6e1dee06c req-96d3ebae-6b52-458b-be03-0e18666443dd None None] Starting request: 10.222.0.83 "GET /placement/allocations/a65af912-fb6c-4bb5-96d2-06b5c2ee5cdc" {{(pid=105852) __call__ /opt/stack/placement/placement/requestlog.py:55}}
Oct 17 15:27:00.047299 n-d-854616-10 devstack@placement-api.service[105852]: DEBUG dbcounter [-] [105852] Writing DB stats placement:SELECT=88,placement:DELETE=4,placement:INSERT=6,placement:UPDATE=2 {{(pid=105852) stat_writer /usr/local/lib/python3.8/dist-packages/dbcounter.py:114}}
Oct 17 15:27:00.072660 n-d-854616-10 devstack@placement-api.service[105852]: INFO placement.requestlog [req-0867aa04-1add-43e3-ae9a-0af6e1dee06c req-96d3ebae-6b52-458b-be03-0e18666443dd service placement] 10.222.0.83 "GET /placement/allocations/a65af912-fb6c-4bb5-96d2-06b5c2ee5cdc" status: 200 len: 259 microversion: 1.28
Oct 17 15:27:00.073928 n-d-854616-10 devstack@placement-api.service[105852]: [pid: 105852|app: 0|req: 246/500] 10.222.0.83 () {60 vars in 1377 bytes} [Mon Oct 17 15:27:00 2022] GET /placement/allocations/a65af912-fb6c-4bb5-96d2-06b5c2ee5cdc => generated 259 bytes in 42 msecs (HTTP/1.1 200) 8 headers in 296 bytes (1 switches on core 0)
Oct 17 15:27:00.080884 n-d-854616-10 devstack@placement-api.service[105851]: DEBUG placement.requestlog [req-0867aa04-1add-43e3-ae9a-0af6e1dee06c req-2936069a-21fa-466c-b170-249c123f21ce None None] Starting request: 10.222.0.83 "GET /placement/allocations/e4bb82ca-4753-4f58-b8a7-449aceab166f" {{(pid=105851) __call__ /opt/stack/placement/placement/requestlog.py:55}}
Oct 17 15:27:00.124461 n-d-854616-10 devstack@placement-api.service[105851]: INFO placement.requestlog [req-0867aa04-1add-43e3-ae9a-0af6e1dee06c req-2936069a-21fa-466c-b170-249c123f21ce service placement] 10.222.0.83 "GET /placement/allocations/e4bb82ca-4753-4f58-b8a7-449aceab166f" status: 200 len: 259 microversion: 1.28
Oct 17 15:27:00.125449 n-d-854616-10 devstack@placement-api.service[105851]: [pid: 105851|app: 0|req: 255/501] 10.222.0.83 () {60 vars in 1377 bytes} [Mon Oct 17 15:27:00 2022] GET /placement/allocations/e4bb82ca-4753-4f58-b8a7-449aceab166f => generated 259 bytes in 45 msecs (HTTP/1.1 200) 8 headers in 296 bytes (1 switches on core 0)
Oct 17 15:27:00.141236 n-d-854616-10 devstack@placement-api.service[105852]: DEBUG placement.requestlog [req-0867aa04-1add-43e3-ae9a-0af6e1dee06c req-7dcd00c1-5abe-4cd3-8c89-055b99c2c68c None None] Starting request: 10.222.0.83 "GET /placement/allocations/5bae5c2d-d1c0-4a5f-9401-28173f33f850" {{(pid=105852) __call__ /opt/stack/placement/placement/requestlog.py:55}}
Oct 17 15:27:00.167515 n-d-854616-10 devstack@placement-api.service[105852]: INFO placement.requestlog [req-0867aa04-1add-43e3-ae9a-0af6e1dee06c req-7dcd00c1-5abe-4cd3-8c89-055b99c2c68c service placement] 10.222.0.83 "GET /placement/allocations/5bae5c2d-d1c0-4a5f-9401-28173f33f850" status: 200 len: 259 microversion: 1.28
Oct 17 15:27:00.168419 n-d-854616-10 devstack@placement-api.service[105852]: [pid: 105852|app: 0|req: 247/502] 10.222.0.83 () {60 vars in 1377 bytes} [Mon Oct 17 15:27:00 2022] GET /placement/allocations/5bae5c2d-d1c0-4a5f-9401-28173f33f850 => generated 259 bytes in 28 msecs (HTTP/1.1 200) 8 headers in 296 bytes (1 switches on core 0)
Oct 17 15:27:00.183811 n-d-854616-10 devstack@placement-api.service[105851]: DEBUG placement.requestlog [req-0867aa04-1add-43e3-ae9a-0af6e1dee06c req-45c3e93a-96d9-44f2-a1ac-f589867d99d2 None None] Starting request: 10.222.0.83 "GET /placement/allocations/873fe801-a478-4c76-917b-de5119ec3c21" {{(pid=105851) __call__ /opt/stack/placement/placement/requestlog.py:55}}
Oct 17 15:27:00.215276 n-d-854616-10 devstack@placement-api.service[105851]: INFO placement.requestlog [req-0867aa04-1add-43e3-ae9a-0af6e1dee06c req-45c3e93a-96d9-44f2-a1ac-f589867d99d2 service placement] 10.222.0.83 "GET /placement/allocations/873fe801-a478-4c76-917b-de5119ec3c21" status: 200 len: 258 microversion: 1.28
Oct 17 15:27:00.216232 n-d-854616-10 devstack@placement-api.service[105851]: [pid: 105851|app: 0|req: 256/503] 10.222.0.83 () {60 vars in 1377 bytes} [Mon Oct 17 15:27:00 2022] GET /placement/allocations/873fe801-a478-4c76-917b-de5119ec3c21 => generated 258 bytes in 33 msecs (HTTP/1.1 200) 8 headers in 296 bytes (1 switches on core 0)
Oct 17 15:27:01.088475 n-d-854616-10 devstack@placement-api.service[105852]: DEBUG placement.requestlog [req-6c54a969-1b3c-4da8-8814-6ed787a5c439 req-89bdaaee-d4c0-41dc-bda5-55fb6665e6aa None None] Starting request: 10.222.0.61 "GET /placement/allocation_candidates?limit=1000&resources=DISK_GB%3A1%2CMEMORY_MB%3A1024%2CVCPU%3A1&root_required=%21COMPUTE_STATUS_DISABLED" {{(pid=105852) __call__ /opt/stack/placement/placement/requestlog.py:55}}
Oct 17 15:27:01.278926 n-d-854616-10 devstack@placement-api.service[105852]: DEBUG placement.objects.research_context [req-6c54a969-1b3c-4da8-8814-6ed787a5c439 req-89bdaaee-d4c0-41dc-bda5-55fb6665e6aa service placement] getting providers with 1 DISK_GB {{(pid=105852) __init__ /opt/stack/placement/placement/objects/research_context.py:136}}
Oct 17 15:27:01.294674 n-d-854616-10 devstack@placement-api.service[105852]: DEBUG placement.objects.research_context [req-6c54a969-1b3c-4da8-8814-6ed787a5c439 req-89bdaaee-d4c0-41dc-bda5-55fb6665e6aa service placement] getting providers with 1024 MEMORY_MB {{(pid=105852) __init__ /opt/stack/placement/placement/objects/research_context.py:136}}
Oct 17 15:27:01.306428 n-d-854616-10 devstack@placement-api.service[105852]: DEBUG placement.objects.research_context [req-6c54a969-1b3c-4da8-8814-6ed787a5c439 req-89bdaaee-d4c0-41dc-bda5-55fb6665e6aa service placement] getting providers with 1 VCPU {{(pid=105852) __init__ /opt/stack/placement/placement/objects/research_context.py:136}}
Oct 17 15:27:01.317924 n-d-854616-10 devstack@placement-api.service[105852]: DEBUG placement.objects.research_context [req-6c54a969-1b3c-4da8-8814-6ed787a5c439 req-89bdaaee-d4c0-41dc-bda5-55fb6665e6aa service placement] found 2 providers with available 1 DISK_GB {{(pid=105852) get_provider_ids_matching /opt/stack/placement/placement/objects/research_context.py:563}}
Oct 17 15:27:01.326301 n-d-854616-10 devstack@placement-api.service[105852]: DEBUG placement.objects.research_context [req-6c54a969-1b3c-4da8-8814-6ed787a5c439 req-89bdaaee-d4c0-41dc-bda5-55fb6665e6aa service placement] found 2 providers with available 1024 MEMORY_MB {{(pid=105852) get_provider_ids_matching /opt/stack/placement/placement/objects/research_context.py:563}}
Oct 17 15:27:01.326953 n-d-854616-10 devstack@placement-api.service[105852]: DEBUG placement.objects.research_context [req-6c54a969-1b3c-4da8-8814-6ed787a5c439 req-89bdaaee-d4c0-41dc-bda5-55fb6665e6aa service placement] found 2 providers after filtering by previous result {{(pid=105852) get_provider_ids_matching /opt/stack/placement/placement/objects/research_context.py:594}}
Oct 17 15:27:01.327482 n-d-854616-10 devstack@placement-api.service[105852]: DEBUG placement.objects.research_context [req-6c54a969-1b3c-4da8-8814-6ed787a5c439 req-89bdaaee-d4c0-41dc-bda5-55fb6665e6aa service placement] found 2 providers with available 1 VCPU {{(pid=105852) get_provider_ids_matching /opt/stack/placement/placement/objects/research_context.py:563}}
Oct 17 15:27:01.327979 n-d-854616-10 devstack@placement-api.service[105852]: DEBUG placement.objects.research_context [req-6c54a969-1b3c-4da8-8814-6ed787a5c439 req-89bdaaee-d4c0-41dc-bda5-55fb6665e6aa service placement] found 2 providers after filtering by previous result {{(pid=105852) get_provider_ids_matching /opt/stack/placement/placement/objects/research_context.py:594}}
Oct 17 15:27:01.347378 n-d-854616-10 devstack@placement-api.service[105852]: DEBUG placement.objects.allocation_candidate [req-6c54a969-1b3c-4da8-8814-6ed787a5c439 req-89bdaaee-d4c0-41dc-bda5-55fb6665e6aa service placement] RequestGroup(use_same_provider=False, resources={DISK_GB:1, MEMORY_MB:1024, VCPU:1}, traits=(), aggregates=[]) (suffix '') returned 2 matches {{(pid=105852) _get_by_requests /opt/stack/placement/placement/objects/allocation_candidate.py:156}}
Oct 17 15:27:01.351966 n-d-854616-10 devstack@placement-api.service[105852]: DEBUG placement.objects.allocation_candidate [req-6c54a969-1b3c-4da8-8814-6ed787a5c439 req-89bdaaee-d4c0-41dc-bda5-55fb6665e6aa service placement] Merging candidates yields 2 allocation requests and 2 provider summaries {{(pid=105852) _merge_candidates /opt/stack/placement/placement/objects/allocation_candidate.py:809}}
Oct 17 15:27:01.353949 n-d-854616-10 devstack@placement-api.service[105852]: INFO placement.requestlog [req-6c54a969-1b3c-4da8-8814-6ed787a5c439 req-89bdaaee-d4c0-41dc-bda5-55fb6665e6aa service placement] 10.222.0.61 "GET /placement/allocation_candidates?limit=1000&resources=DISK_GB%3A1%2CMEMORY_MB%3A1024%2CVCPU%3A1&root_required=%21COMPUTE_STATUS_DISABLED" status: 200 len: 1309 microversion: 1.36
Oct 17 15:27:01.354919 n-d-854616-10 devstack@placement-api.service[105852]: [pid: 105852|app: 0|req: 248/504] 10.222.0.61 () {60 vars in 1506 bytes} [Mon Oct 17 15:27:01 2022] GET /placement/allocation_candidates?limit=1000&resources=DISK_GB%3A1%2CMEMORY_MB%3A1024%2CVCPU%3A1&root_required=%21COMPUTE_STATUS_DISABLED => generated 1309 bytes in 267 msecs (HTTP/1.1 200) 8 headers in 297 bytes (1 switches on core 0)
Oct 17 15:27:01.580630 n-d-854616-10 devstack@placement-api.service[105851]: DEBUG placement.requestlog [req-6c54a969-1b3c-4da8-8814-6ed787a5c439 req-e27e1435-f6e3-45d5-af0f-77530a8a7a1a None None] Starting request: 10.222.0.61 "GET /placement/allocations/09339f31-c012-42bc-b937-feaebda14a71" {{(pid=105851) __call__ /opt/stack/placement/placement/requestlog.py:55}}
Oct 17 15:27:01.622743 n-d-854616-10 devstack@placement-api.service[105851]: INFO placement.requestlog [req-6c54a969-1b3c-4da8-8814-6ed787a5c439 req-e27e1435-f6e3-45d5-af0f-77530a8a7a1a service placement] 10.222.0.61 "GET /placement/allocations/09339f31-c012-42bc-b937-feaebda14a71" status: 200 len: 19 microversion: 1.28
Oct 17 15:27:01.626372 n-d-854616-10 devstack@placement-api.service[105851]: [pid: 105851|app: 0|req: 257/505] 10.222.0.61 () {60 vars in 1380 bytes} [Mon Oct 17 15:27:01 2022] GET /placement/allocations/09339f31-c012-42bc-b937-feaebda14a71 => generated 19 bytes in 45 msecs (HTTP/1.1 200) 8 headers in 295 bytes (1 switches on core 0)
Oct 17 15:27:01.633963 n-d-854616-10 devstack@placement-api.service[105852]: DEBUG placement.requestlog [req-6c54a969-1b3c-4da8-8814-6ed787a5c439 req-1772c350-cfba-4e53-9bc4-c125dcf9c0b2 None None] Starting request: 10.222.0.61 "PUT /placement/allocations/09339f31-c012-42bc-b937-feaebda14a71" {{(pid=105852) __call__ /opt/stack/placement/placement/requestlog.py:55}}
Oct 17 15:27:01.929681 n-d-854616-10 devstack@placement-api.service[105852]: DEBUG placement.handlers.allocation [req-6c54a969-1b3c-4da8-8814-6ed787a5c439 req-1772c350-cfba-4e53-9bc4-c125dcf9c0b2 service placement] Successfully wrote allocations [, , ] {{(pid=105852) _update_consumers_and_create_allocations /opt/stack/placement/placement/handlers/allocation.py:462}}
Oct 17 15:27:01.940536 n-d-854616-10 devstack@placement-api.service[105852]: INFO placement.requestlog [req-6c54a969-1b3c-4da8-8814-6ed787a5c439 req-1772c350-cfba-4e53-9bc4-c125dcf9c0b2 service placement] 10.222.0.61 "PUT /placement/allocations/09339f31-c012-42bc-b937-feaebda14a71" status: 204 len: 0 microversion: 1.36
Oct 17 15:27:01.941256 n-d-854616-10 devstack@placement-api.service[105852]: [pid: 105852|app: 0|req: 249/506] 10.222.0.61 () {64 vars in 1433 bytes} [Mon Oct 17 15:27:01 2022] PUT /placement/allocations/09339f31-c012-42bc-b937-feaebda14a71 => generated 0 bytes in 308 msecs (HTTP/1.1 204) 5 headers in 199 bytes (1 switches on core 0)
Oct 17 15:27:02.870208 n-d-854616-10 devstack@placement-api.service[105851]: DEBUG placement.requestlog [req-6c54a969-1b3c-4da8-8814-6ed787a5c439 req-df4957d1-a81b-4ea2-8334-4fb36f006517 None None] Starting request: 10.222.0.85 "GET /placement/allocations/09339f31-c012-42bc-b937-feaebda14a71" {{(pid=105851) __call__ /opt/stack/placement/placement/requestlog.py:55}}
Oct 17 15:27:02.902401 n-d-854616-10 devstack@placement-api.service[105851]: INFO placement.requestlog [req-6c54a969-1b3c-4da8-8814-6ed787a5c439 req-df4957d1-a81b-4ea2-8334-4fb36f006517 service placement] 10.222.0.85 "GET /placement/allocations/09339f31-c012-42bc-b937-feaebda14a71" status: 200 len: 259 microversion: 1.28
Oct 17 15:27:02.902798 n-d-854616-10 devstack@placement-api.service[105851]: [pid: 105851|app: 0|req: 258/507] 10.222.0.85 () {60 vars in 1377 bytes} [Mon Oct 17 15:27:02 2022] GET /placement/allocations/09339f31-c012-42bc-b937-feaebda14a71 => generated 259 bytes in 33 msecs (HTTP/1.1 200) 8 headers in 296 bytes (1 switches on core 0)
Oct 17 15:27:03.429341 n-d-854616-10 devstack@placement-api.service[105852]: DEBUG placement.requestlog [req-6c54a969-1b3c-4da8-8814-6ed787a5c439 req-5dbb5e24-33b8-428e-aafc-b29d84294664 None None] Starting request: 10.222.0.85 "GET /placement/resource_providers/971fb05b-9831-47b4-be36-9eb7639b2a6d/allocations" {{(pid=105852) __call__ /opt/stack/placement/placement/requestlog.py:55}}
Oct 17 15:27:03.467800 n-d-854616-10 devstack@placement-api.service[105852]: INFO placement.requestlog [req-6c54a969-1b3c-4da8-8814-6ed787a5c439 req-5dbb5e24-33b8-428e-aafc-b29d84294664 service placement] 10.222.0.85 "GET /placement/resource_providers/971fb05b-9831-47b4-be36-9eb7639b2a6d/allocations" status: 200 len: 659 microversion: 1.0
Oct 17 15:27:03.469026 n-d-854616-10 devstack@placement-api.service[105852]: [pid: 105852|app: 0|req: 250/508] 10.222.0.85 () {58 vars in 1390 bytes} [Mon Oct 17 15:27:03 2022] GET /placement/resource_providers/971fb05b-9831-47b4-be36-9eb7639b2a6d/allocations => generated 659 bytes in 40 msecs (HTTP/1.1 200) 6 headers in 224 bytes (1 switches on core 0)
Oct 17 15:27:03.489849 n-d-854616-10 devstack@placement-api.service[105851]: DEBUG placement.requestlog [req-6c54a969-1b3c-4da8-8814-6ed787a5c439 req-4a581af9-a406-4a35-8c35-a0a88ead8ccd None None] Starting request: 10.222.0.85 "GET /placement/allocations/e5f0f708-65fb-4046-bbc1-c4d8e95bc7eb" {{(pid=105851) __call__ /opt/stack/placement/placement/requestlog.py:55}}
Oct 17 15:27:03.561811 n-d-854616-10 devstack@placement-api.service[105851]: INFO placement.requestlog [req-6c54a969-1b3c-4da8-8814-6ed787a5c439 req-4a581af9-a406-4a35-8c35-a0a88ead8ccd service placement] 10.222.0.85 "GET /placement/allocations/e5f0f708-65fb-4046-bbc1-c4d8e95bc7eb" status: 200 len: 259 microversion: 1.28
Oct 17 15:27:03.562632 n-d-854616-10 devstack@placement-api.service[105851]: [pid: 105851|app: 0|req: 259/509] 10.222.0.85 () {60 vars in 1377 bytes} [Mon Oct 17 15:27:03 2022] GET /placement/allocations/e5f0f708-65fb-4046-bbc1-c4d8e95bc7eb => generated 259 bytes in 74 msecs (HTTP/1.1 200) 8 headers in 296 bytes (2 switches on core 0)
