Aug 26 21:19:52.864759 n-d-854615-2 devstack@keystone.service[81971]: DEBUG oslo_db.sqlalchemy.engines [None req-4cbdf6e2-7240-47e2-b31f-366e007d83da None None] MySQL server mode set to STRICT_TRANS_TABLES,STRICT_ALL_TABLES,NO_ZERO_IN_DATE,NO_ZERO_DATE,ERROR_FOR_DIVISION_BY_ZERO,TRADITIONAL,NO_ENGINE_SUBSTITUTION {{(pid=81971) _check_effective_sql_mode /usr/local/lib/python3.8/dist-packages/oslo_db/sqlalchemy/engines.py:314}}
Aug 26 21:19:52.870794 n-d-854615-2 devstack@keystone.service[81971]: DEBUG dbcounter [-] [81971] Writer thread running {{(pid=81971) stat_writer /usr/local/lib/python3.8/dist-packages/dbcounter.py:99}}
Aug 26 21:19:52.988488 n-d-854615-2 devstack@keystone.service[81971]: DEBUG keystone.server.flask.request_processing.middleware.auth_context [None req-4cbdf6e2-7240-47e2-b31f-366e007d83da None None] Validating token access rules against request {{(pid=81971) validate_allowed_request /usr/local/lib/python3.8/dist-packages/keystonemiddleware/auth_token/__init__.py:545}}
Aug 26 21:19:52.992841 n-d-854615-2 devstack@keystone.service[81971]: DEBUG keystone.server.flask.request_processing.middleware.auth_context [None req-df790aea-c0ed-440d-9c29-9fb9e086e6f1 admin admin] RBAC: auth_context: {'token': , 'domain_id': None, 'trust_id': None, 'trustor_id': None, 'trustee_id': None, 'domain_name': None, 'group_ids': [], 'user_id': '55c7c4a466144bd8afe7a6455f61fe02', 'user_domain_id': 'default', 'system_scope': None, 'project_id': '7a6c00ce7c7a4f969ec5b757bf210144', 'project_domain_id': 'default', 'roles': ['admin', 'reader', 'member'], 'is_admin_project': True, 'service_user_id': None, 'service_user_domain_id': None, 'service_project_id': None, 'service_project_domain_id': None, 'service_roles': []} {{(pid=81971) fill_context /opt/stack/keystone/keystone/server/flask/request_processing/middleware/auth_context.py:478}}
Aug 26 21:19:52.993474 n-d-854615-2 devstack@keystone.service[81971]: DEBUG keystone.server.flask.request_processing.req_logging [None req-df790aea-c0ed-440d-9c29-9fb9e086e6f1 admin admin] REQUEST_METHOD: `GET` {{(pid=81971) log_request_info /opt/stack/keystone/keystone/server/flask/request_processing/req_logging.py:27}}
Aug 26 21:19:52.993756 n-d-854615-2 devstack@keystone.service[81971]: DEBUG keystone.server.flask.request_processing.req_logging [None req-df790aea-c0ed-440d-9c29-9fb9e086e6f1 admin admin] SCRIPT_NAME: `/identity` {{(pid=81971) log_request_info /opt/stack/keystone/keystone/server/flask/request_processing/req_logging.py:28}}
Aug 26 21:19:52.994032 n-d-854615-2 devstack@keystone.service[81971]: DEBUG keystone.server.flask.request_processing.req_logging [None req-df790aea-c0ed-440d-9c29-9fb9e086e6f1 admin admin] PATH_INFO: `/v3/auth/tokens` {{(pid=81971) log_request_info /opt/stack/keystone/keystone/server/flask/request_processing/req_logging.py:29}}
Aug 26 21:19:53.002125 n-d-854615-2 devstack@keystone.service[81971]: DEBUG keystone.common.rbac_enforcer.enforcer [None req-df790aea-c0ed-440d-9c29-9fb9e086e6f1 admin admin] RBAC: Authorizing `identity:validate_token()` {{(pid=81971) enforce_call /opt/stack/keystone/keystone/common/rbac_enforcer/enforcer.py:449}}
Aug 26 21:19:53.053054 n-d-854615-2 devstack@keystone.service[81971]: WARNING keystone.common.rbac_enforcer.enforcer [None req-df790aea-c0ed-440d-9c29-9fb9e086e6f1 admin admin] Deprecated policy rules found. Use oslopolicy-policy-generator and oslopolicy-policy-upgrade to detect and resolve deprecated policies in your configuration.
Aug 26 21:19:53.053343 n-d-854615-2 devstack@keystone.service[81971]: DEBUG keystone.common.rbac_enforcer.enforcer [None req-df790aea-c0ed-440d-9c29-9fb9e086e6f1 admin admin] RBAC: Authorization granted {{(pid=81971) enforce_call /opt/stack/keystone/keystone/common/rbac_enforcer/enforcer.py:457}}
Aug 26 21:19:53.062715 n-d-854615-2 devstack@keystone.service[81971]: [pid: 81971|app: 0|req: 2/4] 10.222.0.17 () {58 vars in 1324 bytes} [Fri Aug 26 21:19:52 2022] GET /identity/v3/auth/tokens => generated 914 bytes in 286 msecs (HTTP/1.1 200) 6 headers in 379 bytes (1 switches on core 0)
Aug 26 21:19:53.068631 n-d-854615-2 devstack@keystone.service[81972]: DEBUG keystone.server.flask.request_processing.middleware.auth_context [None req-af2b8e8b-08b1-4dfb-ac0b-f6c060df3919 None None] Authenticating user token {{(pid=81972) process_request /usr/local/lib/python3.8/dist-packages/keystonemiddleware/auth_token/__init__.py:407}}
Aug 26 21:19:53.083706 n-d-854615-2 devstack@keystone.service[81972]: DEBUG keystone.server.flask.request_processing.middleware.auth_context [None req-af2b8e8b-08b1-4dfb-ac0b-f6c060df3919 None None] Validating token access rules against request {{(pid=81972) validate_allowed_request /usr/local/lib/python3.8/dist-packages/keystonemiddleware/auth_token/__init__.py:545}}
Aug 26 21:19:53.088154 n-d-854615-2 devstack@keystone.service[81972]: DEBUG keystone.server.flask.request_processing.middleware.auth_context [None req-b4788973-c9ca-4117-9e90-b4dd1c498d43 admin admin] RBAC: auth_context: {'token': , 'domain_id': None, 'trust_id': None, 'trustor_id': None, 'trustee_id': None, 'domain_name': None, 'group_ids': [], 'user_id': '55c7c4a466144bd8afe7a6455f61fe02', 'user_domain_id': 'default', 'system_scope': None, 'project_id': '7a6c00ce7c7a4f969ec5b757bf210144', 'project_domain_id': 'default', 'roles': ['admin', 'reader', 'member'], 'is_admin_project': True, 'service_user_id': None, 'service_user_domain_id': None, 'service_project_id': None, 'service_project_domain_id': None, 'service_roles': []} {{(pid=81972) fill_context /opt/stack/keystone/keystone/server/flask/request_processing/middleware/auth_context.py:478}}
Aug 26 21:19:53.089267 n-d-854615-2 devstack@keystone.service[81972]: DEBUG keystone.server.flask.request_processing.req_logging [None req-b4788973-c9ca-4117-9e90-b4dd1c498d43 admin admin] REQUEST_METHOD: `GET` {{(pid=81972) log_request_info /opt/stack/keystone/keystone/server/flask/request_processing/req_logging.py:27}}
Aug 26 21:19:53.089549 n-d-854615-2 devstack@keystone.service[81972]: DEBUG keystone.server.flask.request_processing.req_logging [None req-b4788973-c9ca-4117-9e90-b4dd1c498d43 admin admin] SCRIPT_NAME: `/identity` {{(pid=81972) log_request_info /opt/stack/keystone/keystone/server/flask/request_processing/req_logging.py:28}}
Aug 26 21:19:53.089828 n-d-854615-2 devstack@keystone.service[81972]: DEBUG keystone.server.flask.request_processing.req_logging [None req-b4788973-c9ca-4117-9e90-b4dd1c498d43 admin admin] PATH_INFO: `/v3/projects/7a6c00ce7c7a4f969ec5b757bf210144` {{(pid=81972) log_request_info /opt/stack/keystone/keystone/server/flask/request_processing/req_logging.py:29}}
Aug 26 21:19:53.092023 n-d-854615-2 devstack@keystone.service[81972]: DEBUG keystone.common.rbac_enforcer.enforcer [None req-b4788973-c9ca-4117-9e90-b4dd1c498d43 admin admin] RBAC: Authorizing `identity:get_project(project_id=7a6c00ce7c7a4f969ec5b757bf210144)` {{(pid=81972) enforce_call /opt/stack/keystone/keystone/common/rbac_enforcer/enforcer.py:449}}
Aug 26 21:19:53.143833 n-d-854615-2 devstack@keystone.service[81972]: WARNING keystone.common.rbac_enforcer.enforcer [None req-b4788973-c9ca-4117-9e90-b4dd1c498d43 admin admin] Deprecated policy rules found. Use oslopolicy-policy-generator and oslopolicy-policy-upgrade to detect and resolve deprecated policies in your configuration.
Aug 26 21:19:53.144181 n-d-854615-2 devstack@keystone.service[81972]: DEBUG keystone.common.rbac_enforcer.enforcer [None req-b4788973-c9ca-4117-9e90-b4dd1c498d43 admin admin] RBAC: Authorization granted {{(pid=81972) enforce_call /opt/stack/keystone/keystone/common/rbac_enforcer/enforcer.py:457}}
Aug 26 21:19:53.148736 n-d-854615-2 devstack@keystone.service[81972]: [pid: 81972|app: 0|req: 3/5] 10.222.0.17 () {56 vars in 1207 bytes} [Fri Aug 26 21:19:53 2022] GET /identity/v3/projects/7a6c00ce7c7a4f969ec5b757bf210144 => generated 344 bytes in 81 msecs (HTTP/1.1 200) 5 headers in 177 bytes (1 switches on core 0)
Aug 26 21:19:55.035989 n-d-854615-2 devstack@keystone.service[81971]: DEBUG keystone.server.flask.request_processing.req_logging [None req-c61fbaca-1073-4e61-a2ad-19edf99763df None None] REQUEST_METHOD: `GET` {{(pid=81971) log_request_info /opt/stack/keystone/keystone/server/flask/request_processing/req_logging.py:27}}
Aug 26 21:19:55.036604 n-d-854615-2 devstack@keystone.service[81971]: DEBUG keystone.server.flask.request_processing.req_logging [None req-c61fbaca-1073-4e61-a2ad-19edf99763df None None] SCRIPT_NAME: `/identity` {{(pid=81971) log_request_info /opt/stack/keystone/keystone/server/flask/request_processing/req_logging.py:28}}
Aug 26 21:19:55.036604 n-d-854615-2 devstack@keystone.service[81971]: DEBUG keystone.server.flask.request_processing.req_logging [None req-c61fbaca-1073-4e61-a2ad-19edf99763df None None] PATH_INFO: `/` {{(pid=81971) log_request_info /opt/stack/keystone/keystone/server/flask/request_processing/req_logging.py:29}}
Aug 26 21:19:55.040560 n-d-854615-2 devstack@keystone.service[81971]: [pid: 81971|app: 0|req: 3/6] 10.222.0.17 () {54 vars in 927 bytes} [Fri Aug 26 21:19:55 2022] GET /identity => generated 270 bytes in 6 msecs (HTTP/1.1 300) 6 headers in 234 bytes (2 switches on core 0)
Aug 26 21:19:55.046201 n-d-854615-2 devstack@keystone.service[81972]: DEBUG keystone.server.flask.request_processing.req_logging [None req-b71fc869-8e75-475b-9e96-11a245c5185f None None] REQUEST_METHOD: `POST` {{(pid=81972) log_request_info /opt/stack/keystone/keystone/server/flask/request_processing/req_logging.py:27}}
Aug 26 21:19:55.046572 n-d-854615-2 devstack@keystone.service[81972]: DEBUG keystone.server.flask.request_processing.req_logging [None req-b71fc869-8e75-475b-9e96-11a245c5185f None None] SCRIPT_NAME: `/identity` {{(pid=81972) log_request_info /opt/stack/keystone/keystone/server/flask/request_processing/req_logging.py:28}}
Aug 26 21:19:55.046788 n-d-854615-2 devstack@keystone.service[81972]: DEBUG keystone.server.flask.request_processing.req_logging [None req-b71fc869-8e75-475b-9e96-11a245c5185f None None] PATH_INFO: `/v3/auth/tokens` {{(pid=81972) log_request_info /opt/stack/keystone/keystone/server/flask/request_processing/req_logging.py:29}}
Aug 26 21:19:55.066847 n-d-854615-2 devstack@keystone.service[81972]: DEBUG keystone.auth.core [None req-b71fc869-8e75-475b-9e96-11a245c5185f None None] MFA Rules not processed for user `55c7c4a466144bd8afe7a6455f61fe02`. Rule list: `[]` (Enabled: `True`). {{(pid=81972) check_auth_methods_against_rules /opt/stack/keystone/keystone/auth/core.py:438}}
Aug 26 21:19:55.068364 n-d-854615-2 devstack@keystone.service[81972]: DEBUG keystone.common.fernet_utils [None req-b71fc869-8e75-475b-9e96-11a245c5185f None None] Loaded 2 Fernet keys from /etc/keystone/fernet-keys/, but `[fernet_tokens] max_active_keys = 3`; perhaps there have not been enough key rotations to reach `max_active_keys` yet? {{(pid=81972) load_keys /opt/stack/keystone/keystone/common/fernet_utils.py:286}}
Aug 26 21:19:55.076142 n-d-854615-2 devstack@keystone.service[81972]: [pid: 81972|app: 0|req: 4/7] 10.222.0.17 () {58 vars in 1024 bytes} [Fri Aug 26 21:19:55 2022] POST /identity/v3/auth/tokens => generated 914 bytes in 31 msecs (HTTP/1.1 201) 6 headers in 384 bytes (1 switches on core 0)
Aug 26 21:19:55.350856 n-d-854615-2 devstack@keystone.service[81971]: DEBUG keystone.server.flask.request_processing.middleware.auth_context [None req-c61fbaca-1073-4e61-a2ad-19edf99763df None None] Authenticating user token {{(pid=81971) process_request /usr/local/lib/python3.8/dist-packages/keystonemiddleware/auth_token/__init__.py:407}}
Aug 26 21:19:55.363405 n-d-854615-2 devstack@keystone.service[81971]: DEBUG keystone.server.flask.request_processing.middleware.auth_context [None req-c61fbaca-1073-4e61-a2ad-19edf99763df None None] Validating token access rules against request {{(pid=81971) validate_allowed_request /usr/local/lib/python3.8/dist-packages/keystonemiddleware/auth_token/__init__.py:545}}
Aug 26 21:19:55.367572 n-d-854615-2 devstack@keystone.service[81971]: DEBUG keystone.server.flask.request_processing.middleware.auth_context [None req-fbe0ba4f-6c9b-4f94-9756-376c876cdf8a admin admin] RBAC: auth_context: {'token': , 'domain_id': None, 'trust_id': None, 'trustor_id': None, 'trustee_id': None, 'domain_name': None, 'group_ids': [], 'user_id': '55c7c4a466144bd8afe7a6455f61fe02', 'user_domain_id': 'default', 'system_scope': None, 'project_id': '7a6c00ce7c7a4f969ec5b757bf210144', 'project_domain_id': 'default', 'roles': ['admin', 'reader', 'member'], 'is_admin_project': True, 'service_user_id': None, 'service_user_domain_id': None, 'service_project_id': None, 'service_project_domain_id': None, 'service_roles': []} {{(pid=81971) fill_context /opt/stack/keystone/keystone/server/flask/request_processing/middleware/auth_context.py:478}}
Aug 26 21:19:55.368165 n-d-854615-2 devstack@keystone.service[81971]: DEBUG keystone.server.flask.request_processing.req_logging [None req-fbe0ba4f-6c9b-4f94-9756-376c876cdf8a admin admin] REQUEST_METHOD: `GET` {{(pid=81971) log_request_info /opt/stack/keystone/keystone/server/flask/request_processing/req_logging.py:27}}
Aug 26 21:19:55.368445 n-d-854615-2 devstack@keystone.service[81971]: DEBUG keystone.server.flask.request_processing.req_logging [None req-fbe0ba4f-6c9b-4f94-9756-376c876cdf8a admin admin] SCRIPT_NAME: `/identity` {{(pid=81971) log_request_info /opt/stack/keystone/keystone/server/flask/request_processing/req_logging.py:28}}
Aug 26 21:19:55.368720 n-d-854615-2 devstack@keystone.service[81971]: DEBUG keystone.server.flask.request_processing.req_logging [None req-fbe0ba4f-6c9b-4f94-9756-376c876cdf8a admin admin] PATH_INFO: `/v3/auth/tokens` {{(pid=81971) log_request_info /opt/stack/keystone/keystone/server/flask/request_processing/req_logging.py:29}}
Aug 26 21:19:55.376951 n-d-854615-2 devstack@keystone.service[81971]: DEBUG keystone.common.rbac_enforcer.enforcer [None req-fbe0ba4f-6c9b-4f94-9756-376c876cdf8a admin admin] RBAC: Authorizing `identity:validate_token()` {{(pid=81971) enforce_call /opt/stack/keystone/keystone/common/rbac_enforcer/enforcer.py:449}}
Aug 26 21:19:55.378717 n-d-854615-2 devstack@keystone.service[81971]: DEBUG keystone.common.rbac_enforcer.enforcer [None req-fbe0ba4f-6c9b-4f94-9756-376c876cdf8a admin admin] RBAC: Authorization granted {{(pid=81971) enforce_call /opt/stack/keystone/keystone/common/rbac_enforcer/enforcer.py:457}}
Aug 26 21:19:55.387408 n-d-854615-2 devstack@keystone.service[81971]: [pid: 81971|app: 0|req: 4/8] 10.222.0.17 () {58 vars in 1324 bytes} [Fri Aug 26 21:19:55 2022] GET /identity/v3/auth/tokens => generated 914 bytes in 37 msecs (HTTP/1.1 200) 6 headers in 379 bytes (1 switches on core 0)
Aug 26 21:19:55.392661 n-d-854615-2 devstack@keystone.service[81972]: DEBUG keystone.server.flask.request_processing.middleware.auth_context [None req-b71fc869-8e75-475b-9e96-11a245c5185f None None] Authenticating user token {{(pid=81972) process_request /usr/local/lib/python3.8/dist-packages/keystonemiddleware/auth_token/__init__.py:407}}
Aug 26 21:19:55.401622 n-d-854615-2 devstack@keystone.service[81972]: DEBUG keystone.server.flask.request_processing.middleware.auth_context [None req-b71fc869-8e75-475b-9e96-11a245c5185f None None] Validating token access rules against request {{(pid=81972) validate_allowed_request /usr/local/lib/python3.8/dist-packages/keystonemiddleware/auth_token/__init__.py:545}}
Aug 26 21:19:55.405947 n-d-854615-2 devstack@keystone.service[81972]: DEBUG keystone.server.flask.request_processing.middleware.auth_context [None req-39cf3b78-4583-4388-a443-f9b2dd9b3e8c admin admin] RBAC: auth_context: {'token': , 'domain_id': None, 'trust_id': None, 'trustor_id': None, 'trustee_id': None, 'domain_name': None, 'group_ids': [], 'user_id': '55c7c4a466144bd8afe7a6455f61fe02', 'user_domain_id': 'default', 'system_scope': None, 'project_id': '7a6c00ce7c7a4f969ec5b757bf210144', 'project_domain_id': 'default', 'roles': ['admin', 'reader', 'member'], 'is_admin_project': True, 'service_user_id': None, 'service_user_domain_id': None, 'service_project_id': None, 'service_project_domain_id': None, 'service_roles': []} {{(pid=81972) fill_context /opt/stack/keystone/keystone/server/flask/request_processing/middleware/auth_context.py:478}}
Aug 26 21:19:55.406572 n-d-854615-2 devstack@keystone.service[81972]: DEBUG keystone.server.flask.request_processing.req_logging [None req-39cf3b78-4583-4388-a443-f9b2dd9b3e8c admin admin] REQUEST_METHOD: `GET` {{(pid=81972) log_request_info /opt/stack/keystone/keystone/server/flask/request_processing/req_logging.py:27}}
Aug 26 21:19:55.406887 n-d-854615-2 devstack@keystone.service[81972]: DEBUG keystone.server.flask.request_processing.req_logging [None req-39cf3b78-4583-4388-a443-f9b2dd9b3e8c admin admin] SCRIPT_NAME: `/identity` {{(pid=81972) log_request_info /opt/stack/keystone/keystone/server/flask/request_processing/req_logging.py:28}}
Aug 26 21:19:55.407166 n-d-854615-2 devstack@keystone.service[81972]: DEBUG keystone.server.flask.request_processing.req_logging [None req-39cf3b78-4583-4388-a443-f9b2dd9b3e8c admin admin] PATH_INFO: `/v3/users/55c7c4a466144bd8afe7a6455f61fe02` {{(pid=81972) log_request_info /opt/stack/keystone/keystone/server/flask/request_processing/req_logging.py:29}}
Aug 26 21:19:55.408489 n-d-854615-2 devstack@keystone.service[81972]: DEBUG keystone.common.rbac_enforcer.enforcer [None req-39cf3b78-4583-4388-a443-f9b2dd9b3e8c admin admin] RBAC: Authorizing `identity:get_user(user_id=55c7c4a466144bd8afe7a6455f61fe02)` {{(pid=81972) enforce_call /opt/stack/keystone/keystone/common/rbac_enforcer/enforcer.py:449}}
Aug 26 21:19:55.410323 n-d-854615-2 devstack@keystone.service[81972]: DEBUG keystone.common.rbac_enforcer.enforcer [None req-39cf3b78-4583-4388-a443-f9b2dd9b3e8c admin admin] RBAC: Authorization granted {{(pid=81972) enforce_call /opt/stack/keystone/keystone/common/rbac_enforcer/enforcer.py:457}}
Aug 26 21:19:55.411859 n-d-854615-2 devstack@keystone.service[81972]: [pid: 81972|app: 0|req: 5/9] 10.222.0.17 () {56 vars in 1198 bytes} [Fri Aug 26 21:19:55 2022] GET /identity/v3/users/55c7c4a466144bd8afe7a6455f61fe02 => generated 247 bytes in 20 msecs (HTTP/1.1 200) 5 headers in 177 bytes (1 switches on core 0)
Aug 26 21:19:57.382500 n-d-854615-2 devstack@keystone.service[81971]: DEBUG keystone.server.flask.request_processing.req_logging [None req-c5b690be-9748-4c74-b754-3c8fb5aeabd8 None None] REQUEST_METHOD: `GET` {{(pid=81971) log_request_info /opt/stack/keystone/keystone/server/flask/request_processing/req_logging.py:27}}
Aug 26 21:19:57.383057 n-d-854615-2 devstack@keystone.service[81971]: DEBUG keystone.server.flask.request_processing.req_logging [None req-c5b690be-9748-4c74-b754-3c8fb5aeabd8 None None] SCRIPT_NAME: `/identity` {{(pid=81971) log_request_info /opt/stack/keystone/keystone/server/flask/request_processing/req_logging.py:28}}
Aug 26 21:19:57.383149 n-d-854615-2 devstack@keystone.service[81971]: DEBUG keystone.server.flask.request_processing.req_logging [None req-c5b690be-9748-4c74-b754-3c8fb5aeabd8 None None] PATH_INFO: `/` {{(pid=81971) log_request_info /opt/stack/keystone/keystone/server/flask/request_processing/req_logging.py:29}}
Aug 26 21:19:57.384438 n-d-854615-2 devstack@keystone.service[81971]: [pid: 81971|app: 0|req: 5/10] 10.222.0.17 () {54 vars in 927 bytes} [Fri Aug 26 21:19:57 2022] GET /identity => generated 270 bytes in 3 msecs (HTTP/1.1 300) 6 headers in 234 bytes (2 switches on core 0)
Aug 26 21:19:57.390197 n-d-854615-2 devstack@keystone.service[81972]: DEBUG keystone.server.flask.request_processing.req_logging [None req-04ee2dba-4b59-4bec-95b4-462d26f359a5 None None] REQUEST_METHOD: `POST` {{(pid=81972) log_request_info /opt/stack/keystone/keystone/server/flask/request_processing/req_logging.py:27}}
Aug 26 21:19:57.390671 n-d-854615-2 devstack@keystone.service[81972]: DEBUG keystone.server.flask.request_processing.req_logging [None req-04ee2dba-4b59-4bec-95b4-462d26f359a5 None None] SCRIPT_NAME: `/identity` {{(pid=81972) log_request_info /opt/stack/keystone/keystone/server/flask/request_processing/req_logging.py:28}}
Aug 26 21:19:57.390906 n-d-854615-2 devstack@keystone.service[81972]: DEBUG keystone.server.flask.request_processing.req_logging [None req-04ee2dba-4b59-4bec-95b4-462d26f359a5 None None] PATH_INFO: `/v3/auth/tokens` {{(pid=81972) log_request_info /opt/stack/keystone/keystone/server/flask/request_processing/req_logging.py:29}}
Aug 26 21:19:57.408479 n-d-854615-2 devstack@keystone.service[81972]: DEBUG keystone.auth.core [None req-04ee2dba-4b59-4bec-95b4-462d26f359a5 None None] MFA Rules not processed for user `55c7c4a466144bd8afe7a6455f61fe02`. Rule list: `[]` (Enabled: `True`). {{(pid=81972) check_auth_methods_against_rules /opt/stack/keystone/keystone/auth/core.py:438}}
Aug 26 21:19:57.409668 n-d-854615-2 devstack@keystone.service[81972]: DEBUG keystone.common.fernet_utils [None req-04ee2dba-4b59-4bec-95b4-462d26f359a5 None None] Loaded 2 Fernet keys from /etc/keystone/fernet-keys/, but `[fernet_tokens] max_active_keys = 3`; perhaps there have not been enough key rotations to reach `max_active_keys` yet? {{(pid=81972) load_keys /opt/stack/keystone/keystone/common/fernet_utils.py:286}}
Aug 26 21:19:57.439910 n-d-854615-2 devstack@keystone.service[81971]: DEBUG keystone.server.flask.request_processing.req_logging [None req-852ac46a-9fed-49a8-a4c1-6a258481eecf None None] REQUEST_METHOD: `GET` {{(pid=81971) log_request_info /opt/stack/keystone/keystone/server/flask/request_processing/req_logging.py:27}}
Aug 26 21:19:57.440195 n-d-854615-2 devstack@keystone.service[81971]: DEBUG keystone.server.flask.request_processing.req_logging [None req-852ac46a-9fed-49a8-a4c1-6a258481eecf None None] SCRIPT_NAME: `/identity` {{(pid=81971) log_request_info /opt/stack/keystone/keystone/server/flask/request_processing/req_logging.py:28}}
Aug 26 21:19:57.440472 n-d-854615-2 devstack@keystone.service[81971]: DEBUG keystone.server.flask.request_processing.req_logging [None req-852ac46a-9fed-49a8-a4c1-6a258481eecf None None] PATH_INFO: `/` {{(pid=81971) log_request_info /opt/stack/keystone/keystone/server/flask/request_processing/req_logging.py:29}}
Aug 26 21:19:57.441793 n-d-854615-2 devstack@keystone.service[81971]: [pid: 81971|app: 0|req: 6/11] 10.222.0.17 () {54 vars in 927 bytes} [Fri Aug 26 21:19:57 2022] GET /identity => generated 270 bytes in 3 msecs (HTTP/1.1 300) 6 headers in 234 bytes (2 switches on core 0)
Aug 26 21:19:57.446824 n-d-854615-2 devstack@keystone.service[81971]: DEBUG keystone.server.flask.request_processing.req_logging [None req-a488d3dc-3560-425e-8eae-1cb8be09d1d3 None None] REQUEST_METHOD: `POST` {{(pid=81971) log_request_info /opt/stack/keystone/keystone/server/flask/request_processing/req_logging.py:27}}
Aug 26 21:19:57.447119 n-d-854615-2 devstack@keystone.service[81971]: DEBUG keystone.server.flask.request_processing.req_logging [None req-a488d3dc-3560-425e-8eae-1cb8be09d1d3 None None] SCRIPT_NAME: `/identity` {{(pid=81971) log_request_info /opt/stack/keystone/keystone/server/flask/request_processing/req_logging.py:28}}
Aug 26 21:19:57.447398 n-d-854615-2 devstack@keystone.service[81971]: DEBUG keystone.server.flask.request_processing.req_logging [None req-a488d3dc-3560-425e-8eae-1cb8be09d1d3 None None] PATH_INFO: `/v3/auth/tokens` {{(pid=81971) log_request_info /opt/stack/keystone/keystone/server/flask/request_processing/req_logging.py:29}}
Aug 26 21:19:57.489586 n-d-854615-2 devstack@keystone.service[81971]: DEBUG passlib.handlers.bcrypt [None req-a488d3dc-3560-425e-8eae-1cb8be09d1d3 None None] detected 'bcrypt' backend, version '3.2.2' {{(pid=81971) _load_backend_mixin /usr/local/lib/python3.8/dist-packages/passlib/handlers/bcrypt.py:625}}
Aug 26 21:19:57.489936 n-d-854615-2 devstack@keystone.service[81971]: DEBUG passlib.handlers.bcrypt [None req-a488d3dc-3560-425e-8eae-1cb8be09d1d3 None None] 'bcrypt' backend lacks $2$ support, enabling workaround {{(pid=81971) _finalize_backend_mixin /usr/local/lib/python3.8/dist-packages/passlib/handlers/bcrypt.py:406}}
Aug 26 21:19:57.490451 n-d-854615-2 devstack@keystone.service[81972]: [pid: 81972|app: 0|req: 6/12] 10.222.0.17 () {58 vars in 1024 bytes} [Fri Aug 26 21:19:57 2022] POST /identity/v3/auth/tokens => generated 799 bytes in 101 msecs (HTTP/1.1 201) 6 headers in 363 bytes (1 switches on core 0)
Aug 26 21:19:57.535799 n-d-854615-2 devstack@keystone.service[81971]: DEBUG keystone.auth.core [None req-a488d3dc-3560-425e-8eae-1cb8be09d1d3 None None] MFA Rules not processed for user `55c7c4a466144bd8afe7a6455f61fe02`. Rule list: `[]` (Enabled: `True`). {{(pid=81971) check_auth_methods_against_rules /opt/stack/keystone/keystone/auth/core.py:438}}
Aug 26 21:19:57.537371 n-d-854615-2 devstack@keystone.service[81971]: DEBUG keystone.common.fernet_utils [None req-a488d3dc-3560-425e-8eae-1cb8be09d1d3 None None] Loaded 2 Fernet keys from /etc/keystone/fernet-keys/, but `[fernet_tokens] max_active_keys = 3`; perhaps there have not been enough key rotations to reach `max_active_keys` yet? {{(pid=81971) load_keys /opt/stack/keystone/keystone/common/fernet_utils.py:286}}
Aug 26 21:19:57.634245 n-d-854615-2 devstack@keystone.service[81971]: [pid: 81971|app: 0|req: 7/13] 10.222.0.17 () {58 vars in 1024 bytes} [Fri Aug 26 21:19:57 2022] POST /identity/v3/auth/tokens => generated 799 bytes in 188 msecs (HTTP/1.1 201) 6 headers in 363 bytes (2 switches on core 0)
Aug 26 21:19:57.758835 n-d-854615-2 devstack@keystone.service[81972]: DEBUG keystone.server.flask.request_processing.middleware.auth_context [None req-04ee2dba-4b59-4bec-95b4-462d26f359a5 None None] Authenticating user token {{(pid=81972) process_request /usr/local/lib/python3.8/dist-packages/keystonemiddleware/auth_token/__init__.py:407}}
Aug 26 21:19:57.784389 n-d-854615-2 devstack@keystone.service[81972]: DEBUG dbcounter [-] [81972] Writing DB stats keystone:SELECT=100 {{(pid=81972) stat_writer /usr/local/lib/python3.8/dist-packages/dbcounter.py:114}}
Aug 26 21:19:57.861937 n-d-854615-2 devstack@keystone.service[81972]: DEBUG keystone.server.flask.request_processing.middleware.auth_context [None req-04ee2dba-4b59-4bec-95b4-462d26f359a5 None None] Validating token access rules against request {{(pid=81972) validate_allowed_request /usr/local/lib/python3.8/dist-packages/keystonemiddleware/auth_token/__init__.py:545}}
Aug 26 21:19:57.895470 n-d-854615-2 devstack@keystone.service[81972]: DEBUG keystone.server.flask.request_processing.middleware.auth_context [None req-e668429e-0142-425d-b9d7-f0003e45f6b9 None admin] RBAC: auth_context: {'token': , 'domain_id': None, 'trust_id': None, 'trustor_id': None, 'trustee_id': None, 'domain_name': None, 'group_ids': [], 'user_id': '55c7c4a466144bd8afe7a6455f61fe02', 'user_domain_id': 'default', 'system_scope': 'all', 'project_id': None, 'project_domain_id': None, 'roles': ['admin', 'member', 'reader'], 'is_admin_project': True, 'service_user_id': None, 'service_user_domain_id': None, 'service_project_id': None, 'service_project_domain_id': None, 'service_roles': []} {{(pid=81972) fill_context /opt/stack/keystone/keystone/server/flask/request_processing/middleware/auth_context.py:478}}
Aug 26 21:19:57.896100 n-d-854615-2 devstack@keystone.service[81972]: DEBUG keystone.server.flask.request_processing.req_logging [None req-e668429e-0142-425d-b9d7-f0003e45f6b9 None admin] REQUEST_METHOD: `GET` {{(pid=81972) log_request_info /opt/stack/keystone/keystone/server/flask/request_processing/req_logging.py:27}}
Aug 26 21:19:57.896378 n-d-854615-2 devstack@keystone.service[81972]: DEBUG keystone.server.flask.request_processing.req_logging [None req-e668429e-0142-425d-b9d7-f0003e45f6b9 None admin] SCRIPT_NAME: `/identity` {{(pid=81972) log_request_info /opt/stack/keystone/keystone/server/flask/request_processing/req_logging.py:28}}
Aug 26 21:19:57.896649 n-d-854615-2 devstack@keystone.service[81972]: DEBUG keystone.server.flask.request_processing.req_logging [None req-e668429e-0142-425d-b9d7-f0003e45f6b9 None admin] PATH_INFO: `/v3/roles/admin` {{(pid=81972) log_request_info /opt/stack/keystone/keystone/server/flask/request_processing/req_logging.py:29}}
Aug 26 21:19:57.904371 n-d-854615-2 devstack@keystone.service[81971]: DEBUG keystone.server.flask.request_processing.middleware.auth_context [None req-a488d3dc-3560-425e-8eae-1cb8be09d1d3 None None] Authenticating user token {{(pid=81971) process_request /usr/local/lib/python3.8/dist-packages/keystonemiddleware/auth_token/__init__.py:407}}
Aug 26 21:19:57.907489 n-d-854615-2 devstack@keystone.service[81972]: DEBUG keystone.common.rbac_enforcer.enforcer [None req-e668429e-0142-425d-b9d7-f0003e45f6b9 None admin] Extracting inferred target data resulted in "NOT FOUND (404)". {{(pid=81972) enforce_call /opt/stack/keystone/keystone/common/rbac_enforcer/enforcer.py:409}}
Aug 26 21:19:57.916174 n-d-854615-2 devstack@keystone.service[81972]: ERROR keystone.server.flask.application [None req-e668429e-0142-425d-b9d7-f0003e45f6b9 None admin] Could not find role: admin.: keystone.exception.RoleNotFound: Could not find role: admin.
Aug 26 21:19:57.916174 n-d-854615-2 devstack@keystone.service[81972]: ERROR keystone.server.flask.application
Traceback (most recent call last):
Aug 26 21:19:57.916174 n-d-854615-2 devstack@keystone.service[81972]: ERROR keystone.server.flask.application
File "/usr/local/lib/python3.8/dist-packages/flask/app.py", line 1820, in full_dispatch_request
Aug 26 21:19:57.916174 n-d-854615-2 devstack@keystone.service[81972]: ERROR keystone.server.flask.application rv = self.dispatch_request()
Aug 26 21:19:57.916174 n-d-854615-2 devstack@keystone.service[81972]: ERROR keystone.server.flask.application
File "/usr/local/lib/python3.8/dist-packages/flask/app.py", line 1796, in dispatch_request
Aug 26 21:19:57.916174 n-d-854615-2 devstack@keystone.service[81972]: ERROR keystone.server.flask.application return self.ensure_sync(self.view_functions[rule.endpoint])(**view_args)
Aug 26 21:19:57.916174 n-d-854615-2 devstack@keystone.service[81972]: ERROR keystone.server.flask.application
File "/usr/local/lib/python3.8/dist-packages/flask_restful/__init__.py", line 467, in wrapper
Aug 26 21:19:57.916174 n-d-854615-2 devstack@keystone.service[81972]: ERROR keystone.server.flask.application resp = resource(*args, **kwargs)
Aug 26 21:19:57.916174 n-d-854615-2 devstack@keystone.service[81972]: ERROR keystone.server.flask.application
File "/usr/local/lib/python3.8/dist-packages/flask/views.py", line 107, in view
Aug 26 21:19:57.916174 n-d-854615-2 devstack@keystone.service[81972]: ERROR keystone.server.flask.application return current_app.ensure_sync(self.dispatch_request)(**kwargs)
Aug 26 21:19:57.916174 n-d-854615-2 devstack@keystone.service[81972]: ERROR keystone.server.flask.application
File "/usr/local/lib/python3.8/dist-packages/flask_restful/__init__.py", line 582, in dispatch_request
Aug 26 21:19:57.916174 n-d-854615-2 devstack@keystone.service[81972]: ERROR keystone.server.flask.application resp = meth(*args, **kwargs)
Aug 26 21:19:57.916174 n-d-854615-2 devstack@keystone.service[81972]: ERROR keystone.server.flask.application
File "/opt/stack/keystone/keystone/api/roles.py", line 50, in get
Aug 26 21:19:57.916174 n-d-854615-2 devstack@keystone.service[81972]: ERROR keystone.server.flask.application return self._get_role(role_id)
Aug 26 21:19:57.916174 n-d-854615-2 devstack@keystone.service[81972]: ERROR keystone.server.flask.application
File "/opt/stack/keystone/keystone/api/roles.py", line 70, in _get_role
Aug 26 21:19:57.916174 n-d-854615-2 devstack@keystone.service[81972]: ERROR keystone.server.flask.application ENFORCER.enforce_call(action='identity:get_role')
Aug 26 21:19:57.917096 n-d-854615-2 devstack@keystone.service[81972]: ERROR keystone.server.flask.application
File "/opt/stack/keystone/keystone/common/rbac_enforcer/enforcer.py", line 402, in enforce_call
Aug 26 21:19:57.917096 n-d-854615-2 devstack@keystone.service[81972]: ERROR keystone.server.flask.application policy_dict.update(cls._extract_member_target_data(
Aug 26 21:19:57.917096 n-d-854615-2 devstack@keystone.service[81972]: ERROR keystone.server.flask.application
File "/opt/stack/keystone/keystone/common/rbac_enforcer/enforcer.py", line 234, in _extract_member_target_data
Aug 26 21:19:57.917096 n-d-854615-2 devstack@keystone.service[81972]: ERROR keystone.server.flask.application member_name: func(flask.request.view_args[key])
Aug 26 21:19:57.917096 n-d-854615-2 devstack@keystone.service[81972]: ERROR keystone.server.flask.application
File "/opt/stack/keystone/keystone/common/manager.py", line 115, in wrapped
Aug 26 21:19:57.917096 n-d-854615-2 devstack@keystone.service[81972]: ERROR keystone.server.flask.application __ret_val = __f(*args, **kwargs)
Aug 26 21:19:57.917096 n-d-854615-2 devstack@keystone.service[81972]: ERROR keystone.server.flask.application
File "/usr/local/lib/python3.8/dist-packages/decorator.py", line 232, in fun
Aug 26 21:19:57.917096 n-d-854615-2 devstack@keystone.service[81972]: ERROR keystone.server.flask.application return caller(func, *(extras + args), **kw)
Aug 26 21:19:57.917096 n-d-854615-2 devstack@keystone.service[81972]: ERROR keystone.server.flask.application
File "/usr/local/lib/python3.8/dist-packages/dogpile/cache/region.py", line 1577, in get_or_create_for_user_func
Aug 26 21:19:57.917096 n-d-854615-2 devstack@keystone.service[81972]: ERROR keystone.server.flask.application return self.get_or_create(
Aug 26 21:19:57.917096 n-d-854615-2 devstack@keystone.service[81972]: ERROR keystone.server.flask.application
File "/usr/local/lib/python3.8/dist-packages/dogpile/cache/region.py", line 1042, in get_or_create
Aug 26 21:19:57.917096 n-d-854615-2 devstack@keystone.service[81972]: ERROR keystone.server.flask.application with Lock(
Aug 26 21:19:57.917096 n-d-854615-2 devstack@keystone.service[81972]: ERROR keystone.server.flask.application
File "/usr/local/lib/python3.8/dist-packages/dogpile/lock.py", line 185, in __enter__
Aug 26 21:19:57.917096 n-d-854615-2 devstack@keystone.service[81972]: ERROR keystone.server.flask.application return self._enter()
Aug 26 21:19:57.917096 n-d-854615-2 devstack@keystone.service[81972]: ERROR keystone.server.flask.application
File "/usr/local/lib/python3.8/dist-packages/dogpile/lock.py", line 94, in _enter
Aug 26 21:19:57.917096 n-d-854615-2 devstack@keystone.service[81972]: ERROR keystone.server.flask.application generated = self._enter_create(value, createdtime)
Aug 26 21:19:57.918086 n-d-854615-2 devstack@keystone.service[81972]: ERROR keystone.server.flask.application
File "/usr/local/lib/python3.8/dist-packages/dogpile/lock.py", line 178, in _enter_create
Aug 26 21:19:57.918086 n-d-854615-2 devstack@keystone.service[81972]: ERROR keystone.server.flask.application return self.creator()
Aug 26 21:19:57.918086 n-d-854615-2 devstack@keystone.service[81972]: ERROR keystone.server.flask.application
File "/usr/local/lib/python3.8/dist-packages/dogpile/cache/region.py", line 995, in gen_value
Aug 26 21:19:57.918086 n-d-854615-2 devstack@keystone.service[81972]: ERROR keystone.server.flask.application created_value = creator(
Aug 26 21:19:57.918086 n-d-854615-2 devstack@keystone.service[81972]: ERROR keystone.server.flask.application
File "/opt/stack/keystone/keystone/assignment/core.py", line 1276, in get_role
Aug 26 21:19:57.918086 n-d-854615-2 devstack@keystone.service[81972]: ERROR keystone.server.flask.application return self.driver.get_role(role_id)
Aug 26 21:19:57.918086 n-d-854615-2 devstack@keystone.service[81972]: ERROR keystone.server.flask.application
File "/opt/stack/keystone/keystone/assignment/role_backends/sql.py", line 70, in get_role
Aug 26 21:19:57.918086 n-d-854615-2 devstack@keystone.service[81972]: ERROR keystone.server.flask.application return self._get_role(session, role_id).to_dict()
Aug 26 21:19:57.918086 n-d-854615-2 devstack@keystone.service[81972]: ERROR keystone.server.flask.application
File "/opt/stack/keystone/keystone/assignment/role_backends/sql.py", line 65, in _get_role
Aug 26 21:19:57.918086 n-d-854615-2 devstack@keystone.service[81972]: ERROR keystone.server.flask.application raise exception.RoleNotFound(role_id=role_id)
Aug 26 21:19:57.918086 n-d-854615-2 devstack@keystone.service[81972]: ERROR keystone.server.flask.application keystone.exception.RoleNotFound: Could not find role: admin.
Aug 26 21:19:57.918086 n-d-854615-2 devstack@keystone.service[81972]: ERROR keystone.server.flask.application
Aug 26 21:19:57.918086 n-d-854615-2 devstack@keystone.service[81972]: [pid: 81972|app: 0|req: 7/14] 10.222.0.17 () {56 vars in 1096 bytes} [Fri Aug 26 21:19:57 2022] GET /identity/v3/roles/admin => generated 83 bytes in 159 msecs (HTTP/1.1 404) 5 headers in 183 bytes (1 switches on core 0)
Aug 26 21:19:57.922927 n-d-854615-2 devstack@keystone.service[81972]: DEBUG keystone.server.flask.request_processing.middleware.auth_context [None req-e668429e-0142-425d-b9d7-f0003e45f6b9 None admin] Authenticating user token {{(pid=81972) process_request /usr/local/lib/python3.8/dist-packages/keystonemiddleware/auth_token/__init__.py:407}}
Aug 26 21:19:58.004637 n-d-854615-2 devstack@keystone.service[81972]: DEBUG dbcounter [-] [81972] Writing DB stats keystone:SELECT=100 {{(pid=81972) stat_writer /usr/local/lib/python3.8/dist-packages/dbcounter.py:114}}
Aug 26 21:19:58.006024 n-d-854615-2 devstack@keystone.service[81971]: DEBUG keystone.server.flask.request_processing.middleware.auth_context [None req-a488d3dc-3560-425e-8eae-1cb8be09d1d3 None None] Validating token access rules against request {{(pid=81971) validate_allowed_request /usr/local/lib/python3.8/dist-packages/keystonemiddleware/auth_token/__init__.py:545}}
Aug 26 21:19:58.008335 n-d-854615-2 devstack@keystone.service[81971]: DEBUG dbcounter [-] [81971] Writing DB stats keystone:SELECT=100 {{(pid=81971) stat_writer /usr/local/lib/python3.8/dist-packages/dbcounter.py:114}}
Aug 26 21:19:58.021892 n-d-854615-2 devstack@keystone.service[81972]: DEBUG keystone.server.flask.request_processing.middleware.auth_context [None req-e668429e-0142-425d-b9d7-f0003e45f6b9 None admin] Validating token access rules against request {{(pid=81972) validate_allowed_request /usr/local/lib/python3.8/dist-packages/keystonemiddleware/auth_token/__init__.py:545}}
Aug 26 21:19:58.042315 n-d-854615-2 devstack@keystone.service[81971]: DEBUG keystone.server.flask.request_processing.middleware.auth_context [None req-e829e4af-2309-4647-9b57-b6c2c10f97bb None admin] RBAC: auth_context: {'token': , 'domain_id': None, 'trust_id': None, 'trustor_id': None, 'trustee_id': None, 'domain_name': None, 'group_ids': [], 'user_id': '55c7c4a466144bd8afe7a6455f61fe02', 'user_domain_id': 'default', 'system_scope': 'all', 'project_id': None, 'project_domain_id': None, 'roles': ['admin', 'member', 'reader'], 'is_admin_project': True, 'service_user_id': None, 'service_user_domain_id': None, 'service_project_id': None, 'service_project_domain_id': None, 'service_roles': []} {{(pid=81971) fill_context /opt/stack/keystone/keystone/server/flask/request_processing/middleware/auth_context.py:478}}
Aug 26 21:19:58.043275 n-d-854615-2 devstack@keystone.service[81971]: DEBUG keystone.server.flask.request_processing.req_logging [None req-e829e4af-2309-4647-9b57-b6c2c10f97bb None admin] REQUEST_METHOD: `GET` {{(pid=81971) log_request_info /opt/stack/keystone/keystone/server/flask/request_processing/req_logging.py:27}}
Aug 26 21:19:58.044042 n-d-854615-2 devstack@keystone.service[81971]: DEBUG keystone.server.flask.request_processing.req_logging [None req-e829e4af-2309-4647-9b57-b6c2c10f97bb None admin] SCRIPT_NAME: `/identity` {{(pid=81971) log_request_info /opt/stack/keystone/keystone/server/flask/request_processing/req_logging.py:28}}
Aug 26 21:19:58.044042 n-d-854615-2 devstack@keystone.service[81971]: DEBUG keystone.server.flask.request_processing.req_logging [None req-e829e4af-2309-4647-9b57-b6c2c10f97bb None admin] PATH_INFO: `/v3/auth/tokens` {{(pid=81971) log_request_info /opt/stack/keystone/keystone/server/flask/request_processing/req_logging.py:29}}
Aug 26 21:19:58.055223 n-d-854615-2 devstack@keystone.service[81972]: DEBUG keystone.server.flask.request_processing.middleware.auth_context [None req-990d5c48-c1df-4cb7-aa01-8eae65f59667 None admin] RBAC: auth_context: {'token': , 'domain_id': None, 'trust_id': None, 'trustor_id': None, 'trustee_id': None, 'domain_name': None, 'group_ids': [], 'user_id': '55c7c4a466144bd8afe7a6455f61fe02', 'user_domain_id': 'default', 'system_scope': 'all', 'project_id': None, 'project_domain_id': None, 'roles': ['admin', 'member', 'reader'], 'is_admin_project': True, 'service_user_id': None, 'service_user_domain_id': None, 'service_project_id': None, 'service_project_domain_id': None, 'service_roles': []} {{(pid=81972) fill_context /opt/stack/keystone/keystone/server/flask/request_processing/middleware/auth_context.py:478}}
Aug 26 21:19:58.055838 n-d-854615-2 devstack@keystone.service[81972]: DEBUG keystone.server.flask.request_processing.req_logging [None req-990d5c48-c1df-4cb7-aa01-8eae65f59667 None admin] REQUEST_METHOD: `GET` {{(pid=81972) log_request_info /opt/stack/keystone/keystone/server/flask/request_processing/req_logging.py:27}}
Aug 26 21:19:58.056119 n-d-854615-2 devstack@keystone.service[81972]: DEBUG keystone.server.flask.request_processing.req_logging [None req-990d5c48-c1df-4cb7-aa01-8eae65f59667 None admin] SCRIPT_NAME: `/identity` {{(pid=81972) log_request_info /opt/stack/keystone/keystone/server/flask/request_processing/req_logging.py:28}}
Aug 26 21:19:58.056392 n-d-854615-2 devstack@keystone.service[81972]: DEBUG keystone.server.flask.request_processing.req_logging [None req-990d5c48-c1df-4cb7-aa01-8eae65f59667 None admin] PATH_INFO: `/v3/roles` {{(pid=81972) log_request_info /opt/stack/keystone/keystone/server/flask/request_processing/req_logging.py:29}}
Aug 26 21:19:58.057055 n-d-854615-2 devstack@keystone.service[81972]: DEBUG keystone.common.rbac_enforcer.enforcer [None req-990d5c48-c1df-4cb7-aa01-8eae65f59667 None admin] RBAC: Adding query filter params (name=admin) {{(pid=81972) _extract_filter_values /opt/stack/keystone/keystone/common/rbac_enforcer/enforcer.py:167}}
Aug 26 21:19:58.057358 n-d-854615-2 devstack@keystone.service[81972]: DEBUG keystone.common.rbac_enforcer.enforcer [None req-990d5c48-c1df-4cb7-aa01-8eae65f59667 None admin] RBAC: Authorizing `identity:list_roles()` {{(pid=81972) enforce_call /opt/stack/keystone/keystone/common/rbac_enforcer/enforcer.py:449}}
Aug 26 21:19:58.058812 n-d-854615-2 devstack@keystone.service[81972]: DEBUG keystone.common.rbac_enforcer.enforcer [None req-990d5c48-c1df-4cb7-aa01-8eae65f59667 None admin] RBAC: Authorization granted {{(pid=81972) enforce_call /opt/stack/keystone/keystone/common/rbac_enforcer/enforcer.py:457}}
Aug 26 21:19:58.070722 n-d-854615-2 devstack@keystone.service[81972]: [pid: 81972|app: 0|req: 8/15] 10.222.0.17 () {56 vars in 1099 bytes} [Fri Aug 26 21:19:57 2022] GET /identity/v3/roles?name=admin => generated 339 bytes in 148 msecs (HTTP/1.1 200) 5 headers in 177 bytes (2 switches on core 0)
Aug 26 21:19:58.076190 n-d-854615-2 devstack@keystone.service[81972]: DEBUG keystone.server.flask.request_processing.middleware.auth_context [None req-990d5c48-c1df-4cb7-aa01-8eae65f59667 None admin] Authenticating user token {{(pid=81972) process_request /usr/local/lib/python3.8/dist-packages/keystonemiddleware/auth_token/__init__.py:407}}
Aug 26 21:19:58.111023 n-d-854615-2 devstack@keystone.service[81971]: DEBUG keystone.common.rbac_enforcer.enforcer [None req-e829e4af-2309-4647-9b57-b6c2c10f97bb None admin] RBAC: Authorizing `identity:validate_token()` {{(pid=81971) enforce_call /opt/stack/keystone/keystone/common/rbac_enforcer/enforcer.py:449}}
Aug 26 21:19:58.112533 n-d-854615-2 devstack@keystone.service[81971]: DEBUG keystone.common.rbac_enforcer.enforcer [None req-e829e4af-2309-4647-9b57-b6c2c10f97bb None admin] RBAC: Authorization granted {{(pid=81971) enforce_call /opt/stack/keystone/keystone/common/rbac_enforcer/enforcer.py:457}}
Aug 26 21:19:58.174199 n-d-854615-2 devstack@keystone.service[81972]: DEBUG keystone.server.flask.request_processing.middleware.auth_context [None req-990d5c48-c1df-4cb7-aa01-8eae65f59667 None admin] Validating token access rules against request {{(pid=81972) validate_allowed_request /usr/local/lib/python3.8/dist-packages/keystonemiddleware/auth_token/__init__.py:545}}
Aug 26 21:19:58.207751 n-d-854615-2 devstack@keystone.service[81972]: DEBUG keystone.server.flask.request_processing.middleware.auth_context [None req-cfb8bd20-97f4-4724-bdb1-155ba75b7253 None admin] RBAC: auth_context: {'token': , 'domain_id': None, 'trust_id': None, 'trustor_id': None, 'trustee_id': None, 'domain_name': None, 'group_ids': [], 'user_id': '55c7c4a466144bd8afe7a6455f61fe02', 'user_domain_id': 'default', 'system_scope': 'all', 'project_id': None, 'project_domain_id': None, 'roles': ['admin', 'member', 'reader'], 'is_admin_project': True, 'service_user_id': None, 'service_user_domain_id': None, 'service_project_id': None, 'service_project_domain_id': None, 'service_roles': []} {{(pid=81972) fill_context /opt/stack/keystone/keystone/server/flask/request_processing/middleware/auth_context.py:478}}
Aug 26 21:19:58.207874 n-d-854615-2 devstack@keystone.service[81972]: DEBUG keystone.server.flask.request_processing.req_logging [None req-cfb8bd20-97f4-4724-bdb1-155ba75b7253 None admin] REQUEST_METHOD: `GET` {{(pid=81972) log_request_info /opt/stack/keystone/keystone/server/flask/request_processing/req_logging.py:27}}
Aug 26 21:19:58.208153 n-d-854615-2 devstack@keystone.service[81972]: DEBUG keystone.server.flask.request_processing.req_logging [None req-cfb8bd20-97f4-4724-bdb1-155ba75b7253 None admin] SCRIPT_NAME: `/identity` {{(pid=81972) log_request_info /opt/stack/keystone/keystone/server/flask/request_processing/req_logging.py:28}}
Aug 26 21:19:58.208425 n-d-854615-2 devstack@keystone.service[81972]: DEBUG keystone.server.flask.request_processing.req_logging [None req-cfb8bd20-97f4-4724-bdb1-155ba75b7253 None admin] PATH_INFO: `/v3/users/55c7c4a466144bd8afe7a6455f61fe02` {{(pid=81972) log_request_info /opt/stack/keystone/keystone/server/flask/request_processing/req_logging.py:29}}
Aug 26 21:19:58.209557 n-d-854615-2 devstack@keystone.service[81972]: DEBUG keystone.common.rbac_enforcer.enforcer [None req-cfb8bd20-97f4-4724-bdb1-155ba75b7253 None admin] RBAC: Authorizing `identity:get_user(user_id=55c7c4a466144bd8afe7a6455f61fe02)` {{(pid=81972) enforce_call /opt/stack/keystone/keystone/common/rbac_enforcer/enforcer.py:449}}
Aug 26 21:19:58.211039 n-d-854615-2 devstack@keystone.service[81972]: DEBUG keystone.common.rbac_enforcer.enforcer [None req-cfb8bd20-97f4-4724-bdb1-155ba75b7253 None admin] RBAC: Authorization granted {{(pid=81972) enforce_call /opt/stack/keystone/keystone/common/rbac_enforcer/enforcer.py:457}}
Aug 26 21:19:58.212026 n-d-854615-2 devstack@keystone.service[81971]: [pid: 81971|app: 0|req: 8/16] 10.222.0.17 () {58 vars in 1282 bytes} [Fri Aug 26 21:19:57 2022] GET /identity/v3/auth/tokens => generated 799 bytes in 308 msecs (HTTP/1.1 200) 6 headers in 358 bytes (2 switches on core 0)
Aug 26 21:19:58.216826 n-d-854615-2 devstack@keystone.service[81972]: [pid: 81972|app: 0|req: 9/17] 10.222.0.17 () {56 vars in 1177 bytes} [Fri Aug 26 21:19:58 2022] GET /identity/v3/users/55c7c4a466144bd8afe7a6455f61fe02 => generated 247 bytes in 137 msecs (HTTP/1.1 200) 5 headers in 177 bytes (2 switches on core 0)
Aug 26 21:19:58.218063 n-d-854615-2 devstack@keystone.service[81971]: DEBUG keystone.server.flask.request_processing.middleware.auth_context [None req-e829e4af-2309-4647-9b57-b6c2c10f97bb None admin] Authenticating user token {{(pid=81971) process_request /usr/local/lib/python3.8/dist-packages/keystonemiddleware/auth_token/__init__.py:407}}
Aug 26 21:19:58.218297 n-d-854615-2 devstack@keystone.service[81972]: DEBUG keystone.server.flask.request_processing.middleware.auth_context [None req-cfb8bd20-97f4-4724-bdb1-155ba75b7253 None admin] Authenticating user token {{(pid=81972) process_request /usr/local/lib/python3.8/dist-packages/keystonemiddleware/auth_token/__init__.py:407}}
Aug 26 21:19:58.222151 n-d-854615-2 devstack@keystone.service[81971]: DEBUG dbcounter [-] [81971] Writing DB stats keystone:SELECT=100 {{(pid=81971) stat_writer /usr/local/lib/python3.8/dist-packages/dbcounter.py:114}}
Aug 26 21:19:58.234100 n-d-854615-2 devstack@keystone.service[81972]: DEBUG dbcounter [-] [81972] Writing DB stats keystone:SELECT=100 {{(pid=81972) stat_writer /usr/local/lib/python3.8/dist-packages/dbcounter.py:114}}
Aug 26 21:19:58.320795 n-d-854615-2 devstack@keystone.service[81972]: DEBUG keystone.server.flask.request_processing.middleware.auth_context [None req-cfb8bd20-97f4-4724-bdb1-155ba75b7253 None admin] Validating token access rules against request {{(pid=81972) validate_allowed_request /usr/local/lib/python3.8/dist-packages/keystonemiddleware/auth_token/__init__.py:545}}
Aug 26 21:19:58.327395 n-d-854615-2 devstack@keystone.service[81971]: DEBUG keystone.server.flask.request_processing.middleware.auth_context [None req-e829e4af-2309-4647-9b57-b6c2c10f97bb None admin] Validating token access rules against request {{(pid=81971) validate_allowed_request /usr/local/lib/python3.8/dist-packages/keystonemiddleware/auth_token/__init__.py:545}}
