Aug 26 13:27:09.419313 n-d-854499-3 devstack@placement-api.service[108314]: DEBUG placement.handlers.allocation [req-72ff6942-9369-4eaa-a117-f30529792e0d req-985868db-23c9-4cc3-b512-9cde00d25cf3 service placement] Successfully deleted allocations [, , ] {{(pid=108314) delete_allocations /opt/stack/placement/placement/handlers/allocation.py:627}}
Aug 26 13:27:09.419811 n-d-854499-3 devstack@placement-api.service[108314]: INFO placement.requestlog [req-72ff6942-9369-4eaa-a117-f30529792e0d req-985868db-23c9-4cc3-b512-9cde00d25cf3 service placement] 10.222.0.18 "DELETE /placement/allocations/2bd22283-c397-48fc-9839-c85f8e4959eb" status: 204 len: 0 microversion: 1.0
Aug 26 13:27:09.421579 n-d-854499-3 devstack@placement-api.service[108314]: [pid: 108314|app: 0|req: 555/1115] 10.222.0.18 () {60 vars in 1355 bytes} [Fri Aug 26 13:27:09 2022] DELETE /placement/allocations/2bd22283-c397-48fc-9839-c85f8e4959eb => generated 0 bytes in 326 msecs (HTTP/1.1 204) 5 headers in 198 bytes (1 switches on core 0)
Aug 26 13:27:09.444938 n-d-854499-3 devstack@placement-api.service[108313]: DEBUG placement.requestlog [req-a5606753-3256-4e6f-82d7-491ec2e8fa6b req-dc7b2ae4-74f7-4d14-b5ec-3f2690974aea None None] Starting request: 10.222.0.45 "GET /placement/allocation_candidates?limit=1000&resources=DISK_GB%3A1%2CMEMORY_MB%3A1024%2CVCPU%3A1&root_required=%21COMPUTE_STATUS_DISABLED" {{(pid=108313) __call__ /opt/stack/placement/placement/requestlog.py:55}}
Aug 26 13:27:09.940583 n-d-854499-3 devstack@placement-api.service[108313]: DEBUG placement.objects.research_context [req-a5606753-3256-4e6f-82d7-491ec2e8fa6b req-dc7b2ae4-74f7-4d14-b5ec-3f2690974aea service placement] getting providers with 1 DISK_GB {{(pid=108313) __init__ /opt/stack/placement/placement/objects/research_context.py:136}}
Aug 26 13:27:09.959292 n-d-854499-3 devstack@placement-api.service[108313]: DEBUG placement.objects.research_context [req-a5606753-3256-4e6f-82d7-491ec2e8fa6b req-dc7b2ae4-74f7-4d14-b5ec-3f2690974aea service placement] getting providers with 1024 MEMORY_MB {{(pid=108313) __init__ /opt/stack/placement/placement/objects/research_context.py:136}}
Aug 26 13:27:09.969205 n-d-854499-3 devstack@placement-api.service[108313]: DEBUG placement.objects.research_context [req-a5606753-3256-4e6f-82d7-491ec2e8fa6b req-dc7b2ae4-74f7-4d14-b5ec-3f2690974aea service placement] getting providers with 1 VCPU {{(pid=108313) __init__ /opt/stack/placement/placement/objects/research_context.py:136}}
Aug 26 13:27:09.984809 n-d-854499-3 devstack@placement-api.service[108313]: DEBUG placement.objects.research_context [req-a5606753-3256-4e6f-82d7-491ec2e8fa6b req-dc7b2ae4-74f7-4d14-b5ec-3f2690974aea service placement] found 2 providers with available 1 DISK_GB {{(pid=108313) get_provider_ids_matching /opt/stack/placement/placement/objects/research_context.py:563}}
Aug 26 13:27:09.986003 n-d-854499-3 devstack@placement-api.service[108313]: DEBUG placement.objects.research_context [req-a5606753-3256-4e6f-82d7-491ec2e8fa6b req-dc7b2ae4-74f7-4d14-b5ec-3f2690974aea service placement] found 2 providers with available 1024 MEMORY_MB {{(pid=108313) get_provider_ids_matching /opt/stack/placement/placement/objects/research_context.py:563}}
Aug 26 13:27:09.986670 n-d-854499-3 devstack@placement-api.service[108313]: DEBUG placement.objects.research_context [req-a5606753-3256-4e6f-82d7-491ec2e8fa6b req-dc7b2ae4-74f7-4d14-b5ec-3f2690974aea service placement] found 2 providers after filtering by previous result {{(pid=108313) get_provider_ids_matching /opt/stack/placement/placement/objects/research_context.py:594}}
Aug 26 13:27:09.987282 n-d-854499-3 devstack@placement-api.service[108313]: DEBUG placement.objects.research_context [req-a5606753-3256-4e6f-82d7-491ec2e8fa6b req-dc7b2ae4-74f7-4d14-b5ec-3f2690974aea service placement] found 2 providers with available 1 VCPU {{(pid=108313) get_provider_ids_matching /opt/stack/placement/placement/objects/research_context.py:563}}
Aug 26 13:27:09.987711 n-d-854499-3 devstack@placement-api.service[108313]: DEBUG placement.objects.research_context [req-a5606753-3256-4e6f-82d7-491ec2e8fa6b req-dc7b2ae4-74f7-4d14-b5ec-3f2690974aea service placement] found 2 providers after filtering by previous result {{(pid=108313) get_provider_ids_matching /opt/stack/placement/placement/objects/research_context.py:594}}
Aug 26 13:27:10.028158 n-d-854499-3 devstack@placement-api.service[108313]: DEBUG placement.objects.allocation_candidate [req-a5606753-3256-4e6f-82d7-491ec2e8fa6b req-dc7b2ae4-74f7-4d14-b5ec-3f2690974aea service placement] RequestGroup(use_same_provider=False, resources={DISK_GB:1, MEMORY_MB:1024, VCPU:1}, traits=(), aggregates=[]) (suffix '') returned 2 matches {{(pid=108313) _get_by_requests /opt/stack/placement/placement/objects/allocation_candidate.py:156}}
Aug 26 13:27:10.029291 n-d-854499-3 devstack@placement-api.service[108313]: DEBUG placement.objects.allocation_candidate [req-a5606753-3256-4e6f-82d7-491ec2e8fa6b req-dc7b2ae4-74f7-4d14-b5ec-3f2690974aea service placement] Merging candidates yields 2 allocation requests and 2 provider summaries {{(pid=108313) _merge_candidates /opt/stack/placement/placement/objects/allocation_candidate.py:809}}
Aug 26 13:27:10.033035 n-d-854499-3 devstack@placement-api.service[108313]: INFO placement.requestlog [req-a5606753-3256-4e6f-82d7-491ec2e8fa6b req-dc7b2ae4-74f7-4d14-b5ec-3f2690974aea service placement] 10.222.0.45 "GET /placement/allocation_candidates?limit=1000&resources=DISK_GB%3A1%2CMEMORY_MB%3A1024%2CVCPU%3A1&root_required=%21COMPUTE_STATUS_DISABLED" status: 200 len: 1309 microversion: 1.36
Aug 26 13:27:10.050517 n-d-854499-3 devstack@placement-api.service[108313]: [pid: 108313|app: 0|req: 561/1116] 10.222.0.45 () {60 vars in 1506 bytes} [Fri Aug 26 13:27:09 2022] GET /placement/allocation_candidates?limit=1000&resources=DISK_GB%3A1%2CMEMORY_MB%3A1024%2CVCPU%3A1&root_required=%21COMPUTE_STATUS_DISABLED => generated 1309 bytes in 619 msecs (HTTP/1.1 200) 8 headers in 297 bytes (1 switches on core 0)
Aug 26 13:27:10.202999 n-d-854499-3 devstack@placement-api.service[108314]: DEBUG placement.requestlog [req-a5606753-3256-4e6f-82d7-491ec2e8fa6b req-cadc9874-b037-4b67-bc02-190e7a57e0d9 None None] Starting request: 10.222.0.45 "GET /placement/allocations/282d6fc1-0cf6-4f8c-aa7d-c8e8bd2c23c9" {{(pid=108314) __call__ /opt/stack/placement/placement/requestlog.py:55}}
Aug 26 13:27:10.219527 n-d-854499-3 devstack@placement-api.service[108314]: INFO placement.requestlog [req-a5606753-3256-4e6f-82d7-491ec2e8fa6b req-cadc9874-b037-4b67-bc02-190e7a57e0d9 service placement] 10.222.0.45 "GET /placement/allocations/282d6fc1-0cf6-4f8c-aa7d-c8e8bd2c23c9" status: 200 len: 19 microversion: 1.28
Aug 26 13:27:10.227001 n-d-854499-3 devstack@placement-api.service[108313]: DEBUG placement.requestlog [req-a5606753-3256-4e6f-82d7-491ec2e8fa6b req-ae787d68-21bb-49de-9161-5c52d985bc6a None None] Starting request: 10.222.0.45 "PUT /placement/allocations/282d6fc1-0cf6-4f8c-aa7d-c8e8bd2c23c9" {{(pid=108313) __call__ /opt/stack/placement/placement/requestlog.py:55}}
Aug 26 13:27:10.233781 n-d-854499-3 devstack@placement-api.service[108314]: [pid: 108314|app: 0|req: 556/1117] 10.222.0.45 () {60 vars in 1380 bytes} [Fri Aug 26 13:27:10 2022] GET /placement/allocations/282d6fc1-0cf6-4f8c-aa7d-c8e8bd2c23c9 => generated 19 bytes in 31 msecs (HTTP/1.1 200) 8 headers in 295 bytes (1 switches on core 0)
Aug 26 13:27:10.603279 n-d-854499-3 devstack@placement-api.service[108313]: DEBUG placement.handlers.allocation [req-a5606753-3256-4e6f-82d7-491ec2e8fa6b req-ae787d68-21bb-49de-9161-5c52d985bc6a service placement] Successfully wrote allocations [, , ] {{(pid=108313) _update_consumers_and_create_allocations /opt/stack/placement/placement/handlers/allocation.py:462}}
Aug 26 13:27:10.727811 n-d-854499-3 devstack@placement-api.service[108313]: INFO placement.requestlog [req-a5606753-3256-4e6f-82d7-491ec2e8fa6b req-ae787d68-21bb-49de-9161-5c52d985bc6a service placement] 10.222.0.45 "PUT /placement/allocations/282d6fc1-0cf6-4f8c-aa7d-c8e8bd2c23c9" status: 204 len: 0 microversion: 1.36
Aug 26 13:27:10.727811 n-d-854499-3 devstack@placement-api.service[108313]: [pid: 108313|app: 0|req: 562/1118] 10.222.0.45 () {64 vars in 1433 bytes} [Fri Aug 26 13:27:10 2022] PUT /placement/allocations/282d6fc1-0cf6-4f8c-aa7d-c8e8bd2c23c9 => generated 0 bytes in 491 msecs (HTTP/1.1 204) 5 headers in 199 bytes (2 switches on core 0)
Aug 26 13:27:12.701131 n-d-854499-3 devstack@placement-api.service[108314]: DEBUG placement.requestlog [req-a5606753-3256-4e6f-82d7-491ec2e8fa6b req-2d7620b4-3429-4dea-b179-49aed8093304 None None] Starting request: 10.222.0.40 "GET /placement/allocations/282d6fc1-0cf6-4f8c-aa7d-c8e8bd2c23c9" {{(pid=108314) __call__ /opt/stack/placement/placement/requestlog.py:55}}
Aug 26 13:27:12.742547 n-d-854499-3 devstack@placement-api.service[108314]: INFO placement.requestlog [req-a5606753-3256-4e6f-82d7-491ec2e8fa6b req-2d7620b4-3429-4dea-b179-49aed8093304 service placement] 10.222.0.40 "GET /placement/allocations/282d6fc1-0cf6-4f8c-aa7d-c8e8bd2c23c9" status: 200 len: 259 microversion: 1.28
Aug 26 13:27:12.752895 n-d-854499-3 devstack@placement-api.service[108314]: [pid: 108314|app: 0|req: 557/1119] 10.222.0.40 () {60 vars in 1377 bytes} [Fri Aug 26 13:27:12 2022] GET /placement/allocations/282d6fc1-0cf6-4f8c-aa7d-c8e8bd2c23c9 => generated 259 bytes in 43 msecs (HTTP/1.1 200) 8 headers in 296 bytes (1 switches on core 0)
Aug 26 13:27:12.946026 n-d-854499-3 devstack@placement-api.service[108313]: DEBUG placement.requestlog [None req-bde9e826-b1bd-4302-bb70-0de225b80b36 None None] Starting request: 10.222.0.45 "GET /placement/resource_providers/3bc662b8-230a-440d-ab47-1b850e18615f/aggregates" {{(pid=108313) __call__ /opt/stack/placement/placement/requestlog.py:55}}
Aug 26 13:27:12.960405 n-d-854499-3 devstack@placement-api.service[108313]: INFO placement.requestlog [None req-bde9e826-b1bd-4302-bb70-0de225b80b36 service placement] 10.222.0.45 "GET /placement/resource_providers/3bc662b8-230a-440d-ab47-1b850e18615f/aggregates" status: 404 len: 235 microversion: 1.1
Aug 26 13:27:12.960957 n-d-854499-3 devstack@placement-api.service[108313]: [pid: 108313|app: 0|req: 563/1120] 10.222.0.45 () {58 vars in 1362 bytes} [Fri Aug 26 13:27:12 2022] GET /placement/resource_providers/3bc662b8-230a-440d-ab47-1b850e18615f/aggregates => generated 235 bytes in 17 msecs (HTTP/1.1 404) 5 headers in 202 bytes (1 switches on core 0)
Aug 26 13:27:12.988786 n-d-854499-3 devstack@placement-api.service[108314]: DEBUG placement.requestlog [None req-ca0ccaf8-475b-4bb3-89b6-f7010e8a8853 None None] Starting request: 10.222.0.45 "DELETE /placement/resource_providers/3bc662b8-230a-440d-ab47-1b850e18615f" {{(pid=108314) __call__ /opt/stack/placement/placement/requestlog.py:55}}
Aug 26 13:27:13.035739 n-d-854499-3 devstack@placement-api.service[108314]: DEBUG placement.wsgi_wrapper [None req-ca0ccaf8-475b-4bb3-89b6-f7010e8a8853 service placement] Placement API returning an error response: No resource provider with uuid 3bc662b8-230a-440d-ab47-1b850e18615f found for delete {{(pid=108314) call_func /opt/stack/placement/placement/wsgi_wrapper.py:31}}
Aug 26 13:27:13.037847 n-d-854499-3 devstack@placement-api.service[108314]: INFO placement.requestlog [None req-ca0ccaf8-475b-4bb3-89b6-f7010e8a8853 service placement] 10.222.0.45 "DELETE /placement/resource_providers/3bc662b8-230a-440d-ab47-1b850e18615f" status: 404 len: 246 microversion: 1.1
Aug 26 13:27:13.038842 n-d-854499-3 devstack@placement-api.service[108314]: [pid: 108314|app: 0|req: 558/1121] 10.222.0.45 () {60 vars in 1351 bytes} [Fri Aug 26 13:27:12 2022] DELETE /placement/resource_providers/3bc662b8-230a-440d-ab47-1b850e18615f => generated 246 bytes in 50 msecs (HTTP/1.1 404) 6 headers in 231 bytes (1 switches on core 0)
Aug 26 13:27:13.179055 n-d-854499-3 devstack@placement-api.service[108313]: DEBUG placement.requestlog [req-4e17b6ec-fbb0-4671-adb5-6af48a8e5dc6 req-fd17e2a2-4f56-4b38-8eb9-a45dd3678174 None None] Starting request: 10.222.0.18 "GET /placement/resource_providers/9a341e64-2a43-439e-ad0d-c72fac6ceb40/allocations" {{(pid=108313) __call__ /opt/stack/placement/placement/requestlog.py:55}}
Aug 26 13:27:13.222611 n-d-854499-3 devstack@placement-api.service[108313]: INFO placement.requestlog [req-4e17b6ec-fbb0-4671-adb5-6af48a8e5dc6 req-fd17e2a2-4f56-4b38-8eb9-a45dd3678174 service placement] 10.222.0.18 "GET /placement/resource_providers/9a341e64-2a43-439e-ad0d-c72fac6ceb40/allocations" status: 200 len: 544 microversion: 1.0
Aug 26 13:27:13.223591 n-d-854499-3 devstack@placement-api.service[108313]: [pid: 108313|app: 0|req: 564/1122] 10.222.0.18 () {58 vars in 1390 bytes} [Fri Aug 26 13:27:13 2022] GET /placement/resource_providers/9a341e64-2a43-439e-ad0d-c72fac6ceb40/allocations => generated 544 bytes in 45 msecs (HTTP/1.1 200) 6 headers in 224 bytes (1 switches on core 0)
Aug 26 13:27:13.231013 n-d-854499-3 devstack@placement-api.service[108314]: DEBUG placement.requestlog [req-4e17b6ec-fbb0-4671-adb5-6af48a8e5dc6 req-474c0947-fe10-4141-9362-c8f3f98f960d None None] Starting request: 10.222.0.18 "GET /placement/allocations/c8cf05bd-da94-4e7c-9aa1-d8f9bf4d5122" {{(pid=108314) __call__ /opt/stack/placement/placement/requestlog.py:55}}
Aug 26 13:27:13.258709 n-d-854499-3 devstack@placement-api.service[108314]: INFO placement.requestlog [req-4e17b6ec-fbb0-4671-adb5-6af48a8e5dc6 req-474c0947-fe10-4141-9362-c8f3f98f960d service placement] 10.222.0.18 "GET /placement/allocations/c8cf05bd-da94-4e7c-9aa1-d8f9bf4d5122" status: 200 len: 259 microversion: 1.28
Aug 26 13:27:13.259949 n-d-854499-3 devstack@placement-api.service[108314]: [pid: 108314|app: 0|req: 559/1123] 10.222.0.18 () {60 vars in 1377 bytes} [Fri Aug 26 13:27:13 2022] GET /placement/allocations/c8cf05bd-da94-4e7c-9aa1-d8f9bf4d5122 => generated 259 bytes in 29 msecs (HTTP/1.1 200) 8 headers in 296 bytes (1 switches on core 0)
Aug 26 13:27:13.268194 n-d-854499-3 devstack@placement-api.service[108313]: DEBUG placement.requestlog [req-4e17b6ec-fbb0-4671-adb5-6af48a8e5dc6 req-6e716460-7d9b-4fa5-af04-0ea57334bfe5 None None] Starting request: 10.222.0.18 "GET /placement/allocations/1ff771e3-bea5-4182-afcd-f5e8945e696e" {{(pid=108313) __call__ /opt/stack/placement/placement/requestlog.py:55}}
Aug 26 13:27:13.304412 n-d-854499-3 devstack@placement-api.service[108313]: INFO placement.requestlog [req-4e17b6ec-fbb0-4671-adb5-6af48a8e5dc6 req-6e716460-7d9b-4fa5-af04-0ea57334bfe5 service placement] 10.222.0.18 "GET /placement/allocations/1ff771e3-bea5-4182-afcd-f5e8945e696e" status: 200 len: 259 microversion: 1.28
Aug 26 13:27:13.305226 n-d-854499-3 devstack@placement-api.service[108313]: [pid: 108313|app: 0|req: 565/1124] 10.222.0.18 () {60 vars in 1377 bytes} [Fri Aug 26 13:27:13 2022] GET /placement/allocations/1ff771e3-bea5-4182-afcd-f5e8945e696e => generated 259 bytes in 37 msecs (HTTP/1.1 200) 8 headers in 296 bytes (1 switches on core 0)
Aug 26 13:27:13.313370 n-d-854499-3 devstack@placement-api.service[108314]: DEBUG placement.requestlog [req-4e17b6ec-fbb0-4671-adb5-6af48a8e5dc6 req-15f2f58e-6840-43ac-b652-89c75b8fc1c2 None None] Starting request: 10.222.0.18 "GET /placement/allocations/1eaaf9d7-d111-4802-afd9-66dfa8cde177" {{(pid=108314) __call__ /opt/stack/placement/placement/requestlog.py:55}}
Aug 26 13:27:13.330113 n-d-854499-3 devstack@placement-api.service[108314]: INFO placement.requestlog [req-4e17b6ec-fbb0-4671-adb5-6af48a8e5dc6 req-15f2f58e-6840-43ac-b652-89c75b8fc1c2 service placement] 10.222.0.18 "GET /placement/allocations/1eaaf9d7-d111-4802-afd9-66dfa8cde177" status: 200 len: 245 microversion: 1.28
Aug 26 13:27:13.331146 n-d-854499-3 devstack@placement-api.service[108314]: [pid: 108314|app: 0|req: 560/1125] 10.222.0.18 () {60 vars in 1377 bytes} [Fri Aug 26 13:27:13 2022] GET /placement/allocations/1eaaf9d7-d111-4802-afd9-66dfa8cde177 => generated 245 bytes in 18 msecs (HTTP/1.1 200) 8 headers in 296 bytes (1 switches on core 0)
Aug 26 13:27:13.338277 n-d-854499-3 devstack@placement-api.service[108313]: DEBUG placement.requestlog [req-4e17b6ec-fbb0-4671-adb5-6af48a8e5dc6 req-109dfe6d-8e76-40b2-a2c6-6f745d4af37d None None] Starting request: 10.222.0.18 "GET /placement/allocations/45bae22a-5566-494b-89b5-87b3f225cab4" {{(pid=108313) __call__ /opt/stack/placement/placement/requestlog.py:55}}
Aug 26 13:27:13.365321 n-d-854499-3 devstack@placement-api.service[108313]: INFO placement.requestlog [req-4e17b6ec-fbb0-4671-adb5-6af48a8e5dc6 req-109dfe6d-8e76-40b2-a2c6-6f745d4af37d service placement] 10.222.0.18 "GET /placement/allocations/45bae22a-5566-494b-89b5-87b3f225cab4" status: 200 len: 259 microversion: 1.28
Aug 26 13:27:13.366278 n-d-854499-3 devstack@placement-api.service[108313]: [pid: 108313|app: 0|req: 566/1126] 10.222.0.18 () {60 vars in 1377 bytes} [Fri Aug 26 13:27:13 2022] GET /placement/allocations/45bae22a-5566-494b-89b5-87b3f225cab4 => generated 259 bytes in 29 msecs (HTTP/1.1 200) 8 headers in 296 bytes (1 switches on core 0)
Aug 26 13:27:13.373390 n-d-854499-3 devstack@placement-api.service[108314]: DEBUG placement.requestlog [req-4e17b6ec-fbb0-4671-adb5-6af48a8e5dc6 req-a484eb73-7fb1-4ab7-9534-7155497d76e8 None None] Starting request: 10.222.0.18 "GET /placement/allocations/1975de14-0b6a-4886-b3ff-408ba54e7ac4" {{(pid=108314) __call__ /opt/stack/placement/placement/requestlog.py:55}}
Aug 26 13:27:13.392848 n-d-854499-3 devstack@placement-api.service[108314]: INFO placement.requestlog [req-4e17b6ec-fbb0-4671-adb5-6af48a8e5dc6 req-a484eb73-7fb1-4ab7-9534-7155497d76e8 service placement] 10.222.0.18 "GET /placement/allocations/1975de14-0b6a-4886-b3ff-408ba54e7ac4" status: 200 len: 259 microversion: 1.28
Aug 26 13:27:13.393693 n-d-854499-3 devstack@placement-api.service[108314]: [pid: 108314|app: 0|req: 561/1127] 10.222.0.18 () {60 vars in 1377 bytes} [Fri Aug 26 13:27:13 2022] GET /placement/allocations/1975de14-0b6a-4886-b3ff-408ba54e7ac4 => generated 259 bytes in 21 msecs (HTTP/1.1 200) 8 headers in 296 bytes (1 switches on core 0)
Aug 26 13:27:13.618326 n-d-854499-3 devstack@placement-api.service[108313]: DEBUG placement.requestlog [req-4e17b6ec-fbb0-4671-adb5-6af48a8e5dc6 req-d4dbc24d-61ee-457f-b352-d52f0e92a3fa None None] Starting request: 10.222.0.18 "DELETE /placement/allocations/45bae22a-5566-494b-89b5-87b3f225cab4" {{(pid=108313) __call__ /opt/stack/placement/placement/requestlog.py:55}}
Aug 26 13:27:13.640026 n-d-854499-3 devstack@placement-api.service[108313]: DEBUG dbcounter [-] [108313] Writing DB stats placement:SELECT=90,placement:INSERT=6,placement:DELETE=2,placement:UPDATE=2 {{(pid=108313) stat_writer /usr/local/lib/python3.8/dist-packages/dbcounter.py:114}}
Aug 26 13:27:13.691632 n-d-854499-3 devstack@placement-api.service[108314]: DEBUG placement.requestlog [req-0c32251b-fda0-435c-bbf4-83119cb77fdd req-50de8632-e8a3-4b6d-90c0-d4481f095171 None None] Starting request: 10.222.0.45 "GET /placement/allocation_candidates?limit=1000&resources=DISK_GB%3A1%2CMEMORY_MB%3A1024%2CVCPU%3A1&root_required=%21COMPUTE_STATUS_DISABLED" {{(pid=108314) __call__ /opt/stack/placement/placement/requestlog.py:55}}
Aug 26 13:27:13.760301 n-d-854499-3 devstack@placement-api.service[108314]: DEBUG placement.objects.research_context [req-0c32251b-fda0-435c-bbf4-83119cb77fdd req-50de8632-e8a3-4b6d-90c0-d4481f095171 service placement] getting providers with 1 DISK_GB {{(pid=108314) __init__ /opt/stack/placement/placement/objects/research_context.py:136}}
Aug 26 13:27:13.769462 n-d-854499-3 devstack@placement-api.service[108314]: DEBUG placement.objects.research_context [req-0c32251b-fda0-435c-bbf4-83119cb77fdd req-50de8632-e8a3-4b6d-90c0-d4481f095171 service placement] getting providers with 1024 MEMORY_MB {{(pid=108314) __init__ /opt/stack/placement/placement/objects/research_context.py:136}}
Aug 26 13:27:13.777236 n-d-854499-3 devstack@placement-api.service[108314]: DEBUG placement.objects.research_context [req-0c32251b-fda0-435c-bbf4-83119cb77fdd req-50de8632-e8a3-4b6d-90c0-d4481f095171 service placement] getting providers with 1 VCPU {{(pid=108314) __init__ /opt/stack/placement/placement/objects/research_context.py:136}}
Aug 26 13:27:13.784088 n-d-854499-3 devstack@placement-api.service[108314]: DEBUG placement.objects.research_context [req-0c32251b-fda0-435c-bbf4-83119cb77fdd req-50de8632-e8a3-4b6d-90c0-d4481f095171 service placement] found 2 providers with available 1 DISK_GB {{(pid=108314) get_provider_ids_matching /opt/stack/placement/placement/objects/research_context.py:563}}
Aug 26 13:27:13.784358 n-d-854499-3 devstack@placement-api.service[108314]: DEBUG placement.objects.research_context [req-0c32251b-fda0-435c-bbf4-83119cb77fdd req-50de8632-e8a3-4b6d-90c0-d4481f095171 service placement] found 2 providers with available 1024 MEMORY_MB {{(pid=108314) get_provider_ids_matching /opt/stack/placement/placement/objects/research_context.py:563}}
Aug 26 13:27:13.785212 n-d-854499-3 devstack@placement-api.service[108314]: DEBUG placement.objects.research_context [req-0c32251b-fda0-435c-bbf4-83119cb77fdd req-50de8632-e8a3-4b6d-90c0-d4481f095171 service placement] found 2 providers after filtering by previous result {{(pid=108314) get_provider_ids_matching /opt/stack/placement/placement/objects/research_context.py:594}}
Aug 26 13:27:13.817690 n-d-854499-3 devstack@placement-api.service[108314]: DEBUG placement.objects.research_context [req-0c32251b-fda0-435c-bbf4-83119cb77fdd req-50de8632-e8a3-4b6d-90c0-d4481f095171 service placement] found 2 providers with available 1 VCPU {{(pid=108314) get_provider_ids_matching /opt/stack/placement/placement/objects/research_context.py:563}}
Aug 26 13:27:13.818257 n-d-854499-3 devstack@placement-api.service[108314]: DEBUG placement.objects.research_context [req-0c32251b-fda0-435c-bbf4-83119cb77fdd req-50de8632-e8a3-4b6d-90c0-d4481f095171 service placement] found 2 providers after filtering by previous result {{(pid=108314) get_provider_ids_matching /opt/stack/placement/placement/objects/research_context.py:594}}
Aug 26 13:27:13.842451 n-d-854499-3 devstack@placement-api.service[108314]: DEBUG placement.objects.allocation_candidate [req-0c32251b-fda0-435c-bbf4-83119cb77fdd req-50de8632-e8a3-4b6d-90c0-d4481f095171 service placement] RequestGroup(use_same_provider=False, resources={DISK_GB:1, MEMORY_MB:1024, VCPU:1}, traits=(), aggregates=[]) (suffix '') returned 2 matches {{(pid=108314) _get_by_requests /opt/stack/placement/placement/objects/allocation_candidate.py:156}}
Aug 26 13:27:13.845628 n-d-854499-3 devstack@placement-api.service[108314]: DEBUG placement.objects.allocation_candidate [req-0c32251b-fda0-435c-bbf4-83119cb77fdd req-50de8632-e8a3-4b6d-90c0-d4481f095171 service placement] Merging candidates yields 2 allocation requests and 2 provider summaries {{(pid=108314) _merge_candidates /opt/stack/placement/placement/objects/allocation_candidate.py:809}}
Aug 26 13:27:13.848852 n-d-854499-3 devstack@placement-api.service[108314]: INFO placement.requestlog [req-0c32251b-fda0-435c-bbf4-83119cb77fdd req-50de8632-e8a3-4b6d-90c0-d4481f095171 service placement] 10.222.0.45 "GET /placement/allocation_candidates?limit=1000&resources=DISK_GB%3A1%2CMEMORY_MB%3A1024%2CVCPU%3A1&root_required=%21COMPUTE_STATUS_DISABLED" status: 200 len: 1309 microversion: 1.36
Aug 26 13:27:13.852032 n-d-854499-3 devstack@placement-api.service[108314]: [pid: 108314|app: 0|req: 562/1128] 10.222.0.45 () {60 vars in 1506 bytes} [Fri Aug 26 13:27:13 2022] GET /placement/allocation_candidates?limit=1000&resources=DISK_GB%3A1%2CMEMORY_MB%3A1024%2CVCPU%3A1&root_required=%21COMPUTE_STATUS_DISABLED => generated 1309 bytes in 161 msecs (HTTP/1.1 200) 8 headers in 297 bytes (1 switches on core 0)
Aug 26 13:27:13.886892 n-d-854499-3 devstack@placement-api.service[108313]: DEBUG placement.handlers.allocation [req-4e17b6ec-fbb0-4671-adb5-6af48a8e5dc6 req-d4dbc24d-61ee-457f-b352-d52f0e92a3fa service placement] Successfully deleted allocations [, , ] {{(pid=108313) delete_allocations /opt/stack/placement/placement/handlers/allocation.py:627}}
Aug 26 13:27:13.887475 n-d-854499-3 devstack@placement-api.service[108313]: INFO placement.requestlog [req-4e17b6ec-fbb0-4671-adb5-6af48a8e5dc6 req-d4dbc24d-61ee-457f-b352-d52f0e92a3fa service placement] 10.222.0.18 "DELETE /placement/allocations/45bae22a-5566-494b-89b5-87b3f225cab4" status: 204 len: 0 microversion: 1.0
Aug 26 13:27:13.888181 n-d-854499-3 devstack@placement-api.service[108313]: [pid: 108313|app: 0|req: 567/1129] 10.222.0.18 () {60 vars in 1355 bytes} [Fri Aug 26 13:27:13 2022] DELETE /placement/allocations/45bae22a-5566-494b-89b5-87b3f225cab4 => generated 0 bytes in 270 msecs (HTTP/1.1 204) 5 headers in 198 bytes (1 switches on core 0)
Aug 26 13:27:14.031124 n-d-854499-3 devstack@placement-api.service[108314]: DEBUG placement.requestlog [req-0c32251b-fda0-435c-bbf4-83119cb77fdd req-23f6a7a4-5c55-4476-b657-0c13cb117768 None None] Starting request: 10.222.0.45 "GET /placement/allocations/e706ddd8-c877-4465-9704-98d86fed8a39" {{(pid=108314) __call__ /opt/stack/placement/placement/requestlog.py:55}}
Aug 26 13:27:14.064915 n-d-854499-3 devstack@placement-api.service[108314]: INFO placement.requestlog [req-0c32251b-fda0-435c-bbf4-83119cb77fdd req-23f6a7a4-5c55-4476-b657-0c13cb117768 service placement] 10.222.0.45 "GET /placement/allocations/e706ddd8-c877-4465-9704-98d86fed8a39" status: 200 len: 19 microversion: 1.28
Aug 26 13:27:14.065692 n-d-854499-3 devstack@placement-api.service[108314]: [pid: 108314|app: 0|req: 563/1130] 10.222.0.45 () {60 vars in 1380 bytes} [Fri Aug 26 13:27:14 2022] GET /placement/allocations/e706ddd8-c877-4465-9704-98d86fed8a39 => generated 19 bytes in 35 msecs (HTTP/1.1 200) 8 headers in 295 bytes (1 switches on core 0)
Aug 26 13:27:14.088746 n-d-854499-3 devstack@placement-api.service[108313]: DEBUG placement.requestlog [req-0c32251b-fda0-435c-bbf4-83119cb77fdd req-06c153a2-c8ae-4c6b-bee8-4d233e6a2589 None None] Starting request: 10.222.0.45 "PUT /placement/allocations/e706ddd8-c877-4465-9704-98d86fed8a39" {{(pid=108313) __call__ /opt/stack/placement/placement/requestlog.py:55}}
Aug 26 13:27:14.089727 n-d-854499-3 devstack@placement-api.service[108314]: DEBUG placement.requestlog [req-0c1a2cc2-78ed-405e-aee9-90bdc7050722 req-ad302af9-318d-40f0-98fb-52900652bceb None None] Starting request: 10.222.0.18 "GET /placement/resource_providers/9a341e64-2a43-439e-ad0d-c72fac6ceb40/allocations" {{(pid=108314) __call__ /opt/stack/placement/placement/requestlog.py:55}}
Aug 26 13:27:14.155324 n-d-854499-3 devstack@placement-api.service[108314]: INFO placement.requestlog [req-0c1a2cc2-78ed-405e-aee9-90bdc7050722 req-ad302af9-318d-40f0-98fb-52900652bceb service placement] 10.222.0.18 "GET /placement/resource_providers/9a341e64-2a43-439e-ad0d-c72fac6ceb40/allocations" status: 200 len: 443 microversion: 1.0
Aug 26 13:27:14.156151 n-d-854499-3 devstack@placement-api.service[108314]: [pid: 108314|app: 0|req: 564/1131] 10.222.0.18 () {58 vars in 1390 bytes} [Fri Aug 26 13:27:14 2022] GET /placement/resource_providers/9a341e64-2a43-439e-ad0d-c72fac6ceb40/allocations => generated 443 bytes in 70 msecs (HTTP/1.1 200) 6 headers in 224 bytes (2 switches on core 0)
Aug 26 13:27:14.269736 n-d-854499-3 devstack@placement-api.service[108313]: DEBUG placement.handlers.allocation [req-0c32251b-fda0-435c-bbf4-83119cb77fdd req-06c153a2-c8ae-4c6b-bee8-4d233e6a2589 service placement] Successfully wrote allocations [, , ] {{(pid=108313) _update_consumers_and_create_allocations /opt/stack/placement/placement/handlers/allocation.py:462}}
Aug 26 13:27:14.316152 n-d-854499-3 devstack@placement-api.service[108314]: DEBUG placement.requestlog [req-0c1a2cc2-78ed-405e-aee9-90bdc7050722 req-78ac67bf-c422-4f6c-a520-1adc990cecb2 None None] Starting request: 10.222.0.18 "GET /placement/resource_providers/9a341e64-2a43-439e-ad0d-c72fac6ceb40/allocations" {{(pid=108314) __call__ /opt/stack/placement/placement/requestlog.py:55}}
Aug 26 13:27:14.348878 n-d-854499-3 devstack@placement-api.service[108314]: INFO placement.requestlog [req-0c1a2cc2-78ed-405e-aee9-90bdc7050722 req-78ac67bf-c422-4f6c-a520-1adc990cecb2 service placement] 10.222.0.18 "GET /placement/resource_providers/9a341e64-2a43-439e-ad0d-c72fac6ceb40/allocations" status: 200 len: 443 microversion: 1.0
Aug 26 13:27:14.349590 n-d-854499-3 devstack@placement-api.service[108314]: [pid: 108314|app: 0|req: 565/1132] 10.222.0.18 () {58 vars in 1390 bytes} [Fri Aug 26 13:27:14 2022] GET /placement/resource_providers/9a341e64-2a43-439e-ad0d-c72fac6ceb40/allocations => generated 443 bytes in 34 msecs (HTTP/1.1 200) 6 headers in 224 bytes (2 switches on core 0)
Aug 26 13:27:14.356359 n-d-854499-3 devstack@placement-api.service[108314]: DEBUG placement.requestlog [req-0c1a2cc2-78ed-405e-aee9-90bdc7050722 req-600cb5cc-ae70-4092-a93a-786d266e8984 None None] Starting request: 10.222.0.18 "GET /placement/allocations/1eaaf9d7-d111-4802-afd9-66dfa8cde177" {{(pid=108314) __call__ /opt/stack/placement/placement/requestlog.py:55}}
Aug 26 13:27:14.365192 n-d-854499-3 devstack@placement-api.service[108314]: DEBUG dbcounter [-] [108314] Writing DB stats placement:SELECT=96,placement:DELETE=4 {{(pid=108314) stat_writer /usr/local/lib/python3.8/dist-packages/dbcounter.py:114}}
Aug 26 13:27:14.379208 n-d-854499-3 devstack@placement-api.service[108314]: INFO placement.requestlog [req-0c1a2cc2-78ed-405e-aee9-90bdc7050722 req-600cb5cc-ae70-4092-a93a-786d266e8984 service placement] 10.222.0.18 "GET /placement/allocations/1eaaf9d7-d111-4802-afd9-66dfa8cde177" status: 200 len: 245 microversion: 1.28
Aug 26 13:27:14.379936 n-d-854499-3 devstack@placement-api.service[108314]: [pid: 108314|app: 0|req: 566/1133] 10.222.0.18 () {60 vars in 1377 bytes} [Fri Aug 26 13:27:14 2022] GET /placement/allocations/1eaaf9d7-d111-4802-afd9-66dfa8cde177 => generated 245 bytes in 24 msecs (HTTP/1.1 200) 8 headers in 296 bytes (2 switches on core 0)
Aug 26 13:27:14.380823 n-d-854499-3 devstack@placement-api.service[108314]: DEBUG placement.requestlog [req-a5606753-3256-4e6f-82d7-491ec2e8fa6b req-d742b71d-1325-43b0-ac6b-dbf24be54fdc None None] Starting request: 10.222.0.40 "GET /placement/resource_providers/0191a29e-e7d8-4b96-bbda-87cd994ad828/allocations" {{(pid=108314) __call__ /opt/stack/placement/placement/requestlog.py:55}}
Aug 26 13:27:14.409937 n-d-854499-3 devstack@placement-api.service[108314]: INFO placement.requestlog [req-a5606753-3256-4e6f-82d7-491ec2e8fa6b req-d742b71d-1325-43b0-ac6b-dbf24be54fdc service placement] 10.222.0.40 "GET /placement/resource_providers/0191a29e-e7d8-4b96-bbda-87cd994ad828/allocations" status: 200 len: 859 microversion: 1.0
Aug 26 13:27:14.410533 n-d-854499-3 devstack@placement-api.service[108314]: [pid: 108314|app: 0|req: 567/1134] 10.222.0.40 () {58 vars in 1390 bytes} [Fri Aug 26 13:27:14 2022] GET /placement/resource_providers/0191a29e-e7d8-4b96-bbda-87cd994ad828/allocations => generated 859 bytes in 30 msecs (HTTP/1.1 200) 6 headers in 224 bytes (1 switches on core 0)
Aug 26 13:27:14.411133 n-d-854499-3 devstack@placement-api.service[108314]: DEBUG placement.requestlog [req-0c1a2cc2-78ed-405e-aee9-90bdc7050722 req-9b60f38d-fbfd-4cc7-8b9c-dbceb2a66311 None None] Starting request: 10.222.0.18 "GET /placement/allocations/c8cf05bd-da94-4e7c-9aa1-d8f9bf4d5122" {{(pid=108314) __call__ /opt/stack/placement/placement/requestlog.py:55}}
Aug 26 13:27:14.423354 n-d-854499-3 devstack@placement-api.service[108313]: INFO placement.requestlog [req-0c32251b-fda0-435c-bbf4-83119cb77fdd req-06c153a2-c8ae-4c6b-bee8-4d233e6a2589 service placement] 10.222.0.45 "PUT /placement/allocations/e706ddd8-c877-4465-9704-98d86fed8a39" status: 204 len: 0 microversion: 1.36
Aug 26 13:27:14.424400 n-d-854499-3 devstack@placement-api.service[108313]: [pid: 108313|app: 0|req: 568/1135] 10.222.0.45 () {64 vars in 1433 bytes} [Fri Aug 26 13:27:14 2022] PUT /placement/allocations/e706ddd8-c877-4465-9704-98d86fed8a39 => generated 0 bytes in 350 msecs (HTTP/1.1 204) 5 headers in 199 bytes (1 switches on core 0)
Aug 26 13:27:14.428126 n-d-854499-3 devstack@placement-api.service[108313]: DEBUG placement.requestlog [req-a5606753-3256-4e6f-82d7-491ec2e8fa6b req-bcf2f45f-3566-49e7-b2be-30d61d082606 None None] Starting request: 10.222.0.40 "GET /placement/allocations/282d6fc1-0cf6-4f8c-aa7d-c8e8bd2c23c9" {{(pid=108313) __call__ /opt/stack/placement/placement/requestlog.py:55}}
Aug 26 13:27:14.429046 n-d-854499-3 devstack@placement-api.service[108314]: INFO placement.requestlog [req-0c1a2cc2-78ed-405e-aee9-90bdc7050722 req-9b60f38d-fbfd-4cc7-8b9c-dbceb2a66311 service placement] 10.222.0.18 "GET /placement/allocations/c8cf05bd-da94-4e7c-9aa1-d8f9bf4d5122" status: 200 len: 259 microversion: 1.28
Aug 26 13:27:14.429723 n-d-854499-3 devstack@placement-api.service[108314]: [pid: 108314|app: 0|req: 568/1136] 10.222.0.18 () {60 vars in 1377 bytes} [Fri Aug 26 13:27:14 2022] GET /placement/allocations/c8cf05bd-da94-4e7c-9aa1-d8f9bf4d5122 => generated 259 bytes in 19 msecs (HTTP/1.1 200) 8 headers in 296 bytes (1 switches on core 0)
Aug 26 13:27:14.453187 n-d-854499-3 devstack@placement-api.service[108313]: INFO placement.requestlog [req-a5606753-3256-4e6f-82d7-491ec2e8fa6b req-bcf2f45f-3566-49e7-b2be-30d61d082606 service placement] 10.222.0.40 "GET /placement/allocations/282d6fc1-0cf6-4f8c-aa7d-c8e8bd2c23c9" status: 200 len: 259 microversion: 1.28
Aug 26 13:27:14.454459 n-d-854499-3 devstack@placement-api.service[108313]: [pid: 108313|app: 0|req: 569/1137] 10.222.0.40 () {60 vars in 1377 bytes} [Fri Aug 26 13:27:14 2022] GET /placement/allocations/282d6fc1-0cf6-4f8c-aa7d-c8e8bd2c23c9 => generated 259 bytes in 29 msecs (HTTP/1.1 200) 8 headers in 296 bytes (1 switches on core 0)
Aug 26 13:27:14.455140 n-d-854499-3 devstack@placement-api.service[108314]: DEBUG placement.requestlog [req-0c1a2cc2-78ed-405e-aee9-90bdc7050722 req-400cce4b-d25f-406d-8e4c-205c6e8bc0f0 None None] Starting request: 10.222.0.18 "GET /placement/allocations/1975de14-0b6a-4886-b3ff-408ba54e7ac4" {{(pid=108314) __call__ /opt/stack/placement/placement/requestlog.py:55}}
Aug 26 13:27:14.476679 n-d-854499-3 devstack@placement-api.service[108313]: DEBUG placement.requestlog [req-a5606753-3256-4e6f-82d7-491ec2e8fa6b req-8219da73-2982-4855-9235-c38262c5607e None None] Starting request: 10.222.0.40 "GET /placement/allocations/c0ce57cd-d93b-492a-80e0-c1ffac593e93" {{(pid=108313) __call__ /opt/stack/placement/placement/requestlog.py:55}}
Aug 26 13:27:14.500973 n-d-854499-3 devstack@placement-api.service[108314]: INFO placement.requestlog [req-0c1a2cc2-78ed-405e-aee9-90bdc7050722 req-400cce4b-d25f-406d-8e4c-205c6e8bc0f0 service placement] 10.222.0.18 "GET /placement/allocations/1975de14-0b6a-4886-b3ff-408ba54e7ac4" status: 200 len: 259 microversion: 1.28
Aug 26 13:27:14.501398 n-d-854499-3 devstack@placement-api.service[108314]: [pid: 108314|app: 0|req: 569/1138] 10.222.0.18 () {60 vars in 1377 bytes} [Fri Aug 26 13:27:14 2022] GET /placement/allocations/1975de14-0b6a-4886-b3ff-408ba54e7ac4 => generated 259 bytes in 47 msecs (HTTP/1.1 200) 8 headers in 296 bytes (1 switches on core 0)
Aug 26 13:27:14.510136 n-d-854499-3 devstack@placement-api.service[108314]: DEBUG placement.requestlog [req-0c1a2cc2-78ed-405e-aee9-90bdc7050722 req-7cdd1a1e-9f2f-46e0-9890-39da267c2c7d None None] Starting request: 10.222.0.18 "GET /placement/allocations/1ff771e3-bea5-4182-afcd-f5e8945e696e" {{(pid=108314) __call__ /opt/stack/placement/placement/requestlog.py:55}}
Aug 26 13:27:14.511649 n-d-854499-3 devstack@placement-api.service[108313]: INFO placement.requestlog [req-a5606753-3256-4e6f-82d7-491ec2e8fa6b req-8219da73-2982-4855-9235-c38262c5607e service placement] 10.222.0.40 "GET /placement/allocations/c0ce57cd-d93b-492a-80e0-c1ffac593e93" status: 200 len: 259 microversion: 1.28
Aug 26 13:27:14.513902 n-d-854499-3 devstack@placement-api.service[108313]: [pid: 108313|app: 0|req: 570/1139] 10.222.0.40 () {60 vars in 1377 bytes} [Fri Aug 26 13:27:14 2022] GET /placement/allocations/c0ce57cd-d93b-492a-80e0-c1ffac593e93 => generated 259 bytes in 40 msecs (HTTP/1.1 200) 8 headers in 296 bytes (1 switches on core 0)
Aug 26 13:27:14.552653 n-d-854499-3 devstack@placement-api.service[108314]: INFO placement.requestlog [req-0c1a2cc2-78ed-405e-aee9-90bdc7050722 req-7cdd1a1e-9f2f-46e0-9890-39da267c2c7d service placement] 10.222.0.18 "GET /placement/allocations/1ff771e3-bea5-4182-afcd-f5e8945e696e" status: 200 len: 259 microversion: 1.28
Aug 26 13:27:14.553310 n-d-854499-3 devstack@placement-api.service[108314]: [pid: 108314|app: 0|req: 570/1140] 10.222.0.18 () {60 vars in 1377 bytes} [Fri Aug 26 13:27:14 2022] GET /placement/allocations/1ff771e3-bea5-4182-afcd-f5e8945e696e => generated 259 bytes in 44 msecs (HTTP/1.1 200) 8 headers in 296 bytes (2 switches on core 0)
Aug 26 13:27:14.826290 n-d-854499-3 devstack@placement-api.service[108313]: DEBUG placement.requestlog [req-a5606753-3256-4e6f-82d7-491ec2e8fa6b req-841ec9a1-bd3a-4d59-9c20-283f4b6d7fea None None] Starting request: 10.222.0.40 "GET /placement/allocations/441e21df-b8a0-45e7-9268-4e6b0ce2b67a" {{(pid=108313) __call__ /opt/stack/placement/placement/requestlog.py:55}}
Aug 26 13:27:14.846482 n-d-854499-3 devstack@placement-api.service[108313]: INFO placement.requestlog [req-a5606753-3256-4e6f-82d7-491ec2e8fa6b req-841ec9a1-bd3a-4d59-9c20-283f4b6d7fea service placement] 10.222.0.40 "GET /placement/allocations/441e21df-b8a0-45e7-9268-4e6b0ce2b67a" status: 200 len: 259 microversion: 1.28
Aug 26 13:27:14.847012 n-d-854499-3 devstack@placement-api.service[108313]: [pid: 108313|app: 0|req: 571/1141] 10.222.0.40 () {60 vars in 1377 bytes} [Fri Aug 26 13:27:14 2022] GET /placement/allocations/441e21df-b8a0-45e7-9268-4e6b0ce2b67a => generated 259 bytes in 22 msecs (HTTP/1.1 200) 8 headers in 296 bytes (1 switches on core 0)
Aug 26 13:27:15.021046 n-d-854499-3 devstack@placement-api.service[108314]: DEBUG placement.requestlog [req-a5606753-3256-4e6f-82d7-491ec2e8fa6b req-d918bc20-367f-4afd-bfef-ed4971f8c437 None None] Starting request: 10.222.0.40 "GET /placement/allocations/559578c8-33e2-4ad8-9f35-e0590303df28" {{(pid=108314) __call__ /opt/stack/placement/placement/requestlog.py:55}}
Aug 26 13:27:15.040131 n-d-854499-3 devstack@placement-api.service[108314]: INFO placement.requestlog [req-a5606753-3256-4e6f-82d7-491ec2e8fa6b req-d918bc20-367f-4afd-bfef-ed4971f8c437 service placement] 10.222.0.40 "GET /placement/allocations/559578c8-33e2-4ad8-9f35-e0590303df28" status: 200 len: 258 microversion: 1.28
Aug 26 13:27:15.040591 n-d-854499-3 devstack@placement-api.service[108314]: [pid: 108314|app: 0|req: 571/1142] 10.222.0.40 () {60 vars in 1377 bytes} [Fri Aug 26 13:27:15 2022] GET /placement/allocations/559578c8-33e2-4ad8-9f35-e0590303df28 => generated 258 bytes in 20 msecs (HTTP/1.1 200) 8 headers in 296 bytes (1 switches on core 0)
Aug 26 13:27:15.053076 n-d-854499-3 devstack@placement-api.service[108313]: DEBUG placement.requestlog [None req-3c665e9e-3e77-4ac6-ac7c-71cf35d21ca4 None None] Starting request: 10.222.0.45 "GET /placement/resource_providers/ed0ccc40-260c-4ba0-b78c-482773101501/aggregates" {{(pid=108313) __call__ /opt/stack/placement/placement/requestlog.py:55}}
Aug 26 13:27:15.065131 n-d-854499-3 devstack@placement-api.service[108313]: INFO placement.requestlog [None req-3c665e9e-3e77-4ac6-ac7c-71cf35d21ca4 service placement] 10.222.0.45 "GET /placement/resource_providers/ed0ccc40-260c-4ba0-b78c-482773101501/aggregates" status: 404 len: 235 microversion: 1.1
Aug 26 13:27:15.072219 n-d-854499-3 devstack@placement-api.service[108313]: [pid: 108313|app: 0|req: 572/1143] 10.222.0.45 () {58 vars in 1362 bytes} [Fri Aug 26 13:27:15 2022] GET /placement/resource_providers/ed0ccc40-260c-4ba0-b78c-482773101501/aggregates => generated 235 bytes in 21 msecs (HTTP/1.1 404) 5 headers in 202 bytes (2 switches on core 0)
Aug 26 13:27:15.073319 n-d-854499-3 devstack@placement-api.service[108314]: DEBUG placement.requestlog [None req-78a95293-5cb6-4e12-bd59-446a3d8a2bfd None None] Starting request: 10.222.0.45 "DELETE /placement/resource_providers/ed0ccc40-260c-4ba0-b78c-482773101501" {{(pid=108314) __call__ /opt/stack/placement/placement/requestlog.py:55}}
Aug 26 13:27:15.084307 n-d-854499-3 devstack@placement-api.service[108313]: DEBUG placement.requestlog [req-a5606753-3256-4e6f-82d7-491ec2e8fa6b req-e775ce10-005c-47b1-9948-4d113a324416 None None] Starting request: 10.222.0.40 "GET /placement/allocations/546846ad-097d-417e-a86b-f7b31cba1353" {{(pid=108313) __call__ /opt/stack/placement/placement/requestlog.py:55}}
Aug 26 13:27:15.090720 n-d-854499-3 devstack@placement-api.service[108314]: DEBUG placement.wsgi_wrapper [None req-78a95293-5cb6-4e12-bd59-446a3d8a2bfd service placement] Placement API returning an error response: No resource provider with uuid ed0ccc40-260c-4ba0-b78c-482773101501 found for delete {{(pid=108314) call_func /opt/stack/placement/placement/wsgi_wrapper.py:31}}
Aug 26 13:27:15.091508 n-d-854499-3 devstack@placement-api.service[108314]: INFO placement.requestlog [None req-78a95293-5cb6-4e12-bd59-446a3d8a2bfd service placement] 10.222.0.45 "DELETE /placement/resource_providers/ed0ccc40-260c-4ba0-b78c-482773101501" status: 404 len: 246 microversion: 1.1
Aug 26 13:27:15.091875 n-d-854499-3 devstack@placement-api.service[108314]: [pid: 108314|app: 0|req: 572/1144] 10.222.0.45 () {60 vars in 1351 bytes} [Fri Aug 26 13:27:15 2022] DELETE /placement/resource_providers/ed0ccc40-260c-4ba0-b78c-482773101501 => generated 246 bytes in 20 msecs (HTTP/1.1 404) 6 headers in 231 bytes (1 switches on core 0)
Aug 26 13:27:15.107752 n-d-854499-3 devstack@placement-api.service[108313]: INFO placement.requestlog [req-a5606753-3256-4e6f-82d7-491ec2e8fa6b req-e775ce10-005c-47b1-9948-4d113a324416 service placement] 10.222.0.40 "GET /placement/allocations/546846ad-097d-417e-a86b-f7b31cba1353" status: 200 len: 259 microversion: 1.28
Aug 26 13:27:15.108379 n-d-854499-3 devstack@placement-api.service[108313]: [pid: 108313|app: 0|req: 573/1145] 10.222.0.40 () {60 vars in 1377 bytes} [Fri Aug 26 13:27:15 2022] GET /placement/allocations/546846ad-097d-417e-a86b-f7b31cba1353 => generated 259 bytes in 24 msecs (HTTP/1.1 200) 8 headers in 296 bytes (2 switches on core 0)
Aug 26 13:27:15.116020 n-d-854499-3 devstack@placement-api.service[108314]: DEBUG placement.requestlog [req-a5606753-3256-4e6f-82d7-491ec2e8fa6b req-2393770d-cdca-42b3-9249-3076ebd7b408 None None] Starting request: 10.222.0.40 "GET /placement/allocations/5f015636-5247-433d-bcdd-ea2adbb91610" {{(pid=108314) __call__ /opt/stack/placement/placement/requestlog.py:55}}
Aug 26 13:27:15.163503 n-d-854499-3 devstack@placement-api.service[108314]: INFO placement.requestlog [req-a5606753-3256-4e6f-82d7-491ec2e8fa6b req-2393770d-cdca-42b3-9249-3076ebd7b408 service placement] 10.222.0.40 "GET /placement/allocations/5f015636-5247-433d-bcdd-ea2adbb91610" status: 200 len: 258 microversion: 1.28
Aug 26 13:27:15.164030 n-d-854499-3 devstack@placement-api.service[108314]: [pid: 108314|app: 0|req: 573/1146] 10.222.0.40 () {60 vars in 1377 bytes} [Fri Aug 26 13:27:15 2022] GET /placement/allocations/5f015636-5247-433d-bcdd-ea2adbb91610 => generated 258 bytes in 48 msecs (HTTP/1.1 200) 8 headers in 296 bytes (1 switches on core 0)
Aug 26 13:27:15.171873 n-d-854499-3 devstack@placement-api.service[108313]: DEBUG placement.requestlog [req-a5606753-3256-4e6f-82d7-491ec2e8fa6b req-71e6e92c-3d44-4ae2-9a63-5b23899d4497 None None] Starting request: 10.222.0.40 "GET /placement/allocations/02e48c2c-5379-46bc-b332-1098659bc7e4" {{(pid=108313) __call__ /opt/stack/placement/placement/requestlog.py:55}}
Aug 26 13:27:15.198627 n-d-854499-3 devstack@placement-api.service[108313]: INFO placement.requestlog [req-a5606753-3256-4e6f-82d7-491ec2e8fa6b req-71e6e92c-3d44-4ae2-9a63-5b23899d4497 service placement] 10.222.0.40 "GET /placement/allocations/02e48c2c-5379-46bc-b332-1098659bc7e4" status: 200 len: 259 microversion: 1.28
Aug 26 13:27:15.198627 n-d-854499-3 devstack@placement-api.service[108313]: [pid: 108313|app: 0|req: 574/1147] 10.222.0.40 () {60 vars in 1377 bytes} [Fri Aug 26 13:27:15 2022] GET /placement/allocations/02e48c2c-5379-46bc-b332-1098659bc7e4 => generated 259 bytes in 24 msecs (HTTP/1.1 200) 8 headers in 296 bytes (1 switches on core 0)
Aug 26 13:27:15.203225 n-d-854499-3 devstack@placement-api.service[108314]: DEBUG placement.requestlog [req-a5606753-3256-4e6f-82d7-491ec2e8fa6b req-022db205-17fe-4ae0-afd0-8c54c046b555 None None] Starting request: 10.222.0.40 "GET /placement/allocations/ba4c5941-5e66-4b37-ad8c-718c9ff477a2" {{(pid=108314) __call__ /opt/stack/placement/placement/requestlog.py:55}}
Aug 26 13:27:15.224151 n-d-854499-3 devstack@placement-api.service[108314]: INFO placement.requestlog [req-a5606753-3256-4e6f-82d7-491ec2e8fa6b req-022db205-17fe-4ae0-afd0-8c54c046b555 service placement] 10.222.0.40 "GET /placement/allocations/ba4c5941-5e66-4b37-ad8c-718c9ff477a2" status: 200 len: 259 microversion: 1.28
Aug 26 13:27:15.224604 n-d-854499-3 devstack@placement-api.service[108314]: [pid: 108314|app: 0|req: 574/1148] 10.222.0.40 () {60 vars in 1377 bytes} [Fri Aug 26 13:27:15 2022] GET /placement/allocations/ba4c5941-5e66-4b37-ad8c-718c9ff477a2 => generated 259 bytes in 23 msecs (HTTP/1.1 200) 8 headers in 296 bytes (1 switches on core 0)
Aug 26 13:27:15.455528 n-d-854499-3 devstack@placement-api.service[108313]: DEBUG placement.requestlog [req-dec20ed0-08ab-4636-978d-b53037f00746 req-cf9db9fd-8422-4e86-a279-c0406ef686cc None None] Starting request: 10.222.0.40 "GET /placement/resource_providers/0191a29e-e7d8-4b96-bbda-87cd994ad828/allocations" {{(pid=108313) __call__ /opt/stack/placement/placement/requestlog.py:55}}
Aug 26 13:27:15.502129 n-d-854499-3 devstack@placement-api.service[108313]: INFO placement.requestlog [req-dec20ed0-08ab-4636-978d-b53037f00746 req-cf9db9fd-8422-4e86-a279-c0406ef686cc service placement] 10.222.0.40 "GET /placement/resource_providers/0191a29e-e7d8-4b96-bbda-87cd994ad828/allocations" status: 200 len: 859 microversion: 1.0
Aug 26 13:27:15.502937 n-d-854499-3 devstack@placement-api.service[108313]: [pid: 108313|app: 0|req: 575/1149] 10.222.0.40 () {58 vars in 1390 bytes} [Fri Aug 26 13:27:15 2022] GET /placement/resource_providers/0191a29e-e7d8-4b96-bbda-87cd994ad828/allocations => generated 859 bytes in 48 msecs (HTTP/1.1 200) 6 headers in 224 bytes (1 switches on core 0)
Aug 26 13:27:15.512323 n-d-854499-3 devstack@placement-api.service[108314]: DEBUG placement.requestlog [req-dec20ed0-08ab-4636-978d-b53037f00746 req-9e27a9c9-0da0-4690-9377-b8cb07340a10 None None] Starting request: 10.222.0.40 "GET /placement/allocations/282d6fc1-0cf6-4f8c-aa7d-c8e8bd2c23c9" {{(pid=108314) __call__ /opt/stack/placement/placement/requestlog.py:55}}
Aug 26 13:27:15.554881 n-d-854499-3 devstack@placement-api.service[108314]: INFO placement.requestlog [req-dec20ed0-08ab-4636-978d-b53037f00746 req-9e27a9c9-0da0-4690-9377-b8cb07340a10 service placement] 10.222.0.40 "GET /placement/allocations/282d6fc1-0cf6-4f8c-aa7d-c8e8bd2c23c9" status: 200 len: 259 microversion: 1.28
Aug 26 13:27:15.555427 n-d-854499-3 devstack@placement-api.service[108314]: [pid: 108314|app: 0|req: 575/1150] 10.222.0.40 () {60 vars in 1377 bytes} [Fri Aug 26 13:27:15 2022] GET /placement/allocations/282d6fc1-0cf6-4f8c-aa7d-c8e8bd2c23c9 => generated 259 bytes in 45 msecs (HTTP/1.1 200) 8 headers in 296 bytes (2 switches on core 0)
Aug 26 13:27:15.603660 n-d-854499-3 devstack@placement-api.service[108313]: DEBUG placement.requestlog [req-dec20ed0-08ab-4636-978d-b53037f00746 req-e236e68c-33f9-4a93-a304-cfe8474b73af None None] Starting request: 10.222.0.40 "GET /placement/allocations/c0ce57cd-d93b-492a-80e0-c1ffac593e93" {{(pid=108313) __call__ /opt/stack/placement/placement/requestlog.py:55}}
Aug 26 13:27:15.635031 n-d-854499-3 devstack@placement-api.service[108313]: INFO placement.requestlog [req-dec20ed0-08ab-4636-978d-b53037f00746 req-e236e68c-33f9-4a93-a304-cfe8474b73af service placement] 10.222.0.40 "GET /placement/allocations/c0ce57cd-d93b-492a-80e0-c1ffac593e93" status: 200 len: 259 microversion: 1.28
Aug 26 13:27:15.635594 n-d-854499-3 devstack@placement-api.service[108313]: [pid: 108313|app: 0|req: 576/1151] 10.222.0.40 () {60 vars in 1377 bytes} [Fri Aug 26 13:27:15 2022] GET /placement/allocations/c0ce57cd-d93b-492a-80e0-c1ffac593e93 => generated 259 bytes in 32 msecs (HTTP/1.1 200) 8 headers in 296 bytes (1 switches on core 0)
Aug 26 13:27:15.644917 n-d-854499-3 devstack@placement-api.service[108314]: DEBUG placement.requestlog [req-dec20ed0-08ab-4636-978d-b53037f00746 req-ee51faeb-5b59-414b-8f17-d0adfa05aa55 None None] Starting request: 10.222.0.40 "GET /placement/allocations/441e21df-b8a0-45e7-9268-4e6b0ce2b67a" {{(pid=108314) __call__ /opt/stack/placement/placement/requestlog.py:55}}
Aug 26 13:27:15.662586 n-d-854499-3 devstack@placement-api.service[108314]: INFO placement.requestlog [req-dec20ed0-08ab-4636-978d-b53037f00746 req-ee51faeb-5b59-414b-8f17-d0adfa05aa55 service placement] 10.222.0.40 "GET /placement/allocations/441e21df-b8a0-45e7-9268-4e6b0ce2b67a" status: 200 len: 259 microversion: 1.28
Aug 26 13:27:15.663271 n-d-854499-3 devstack@placement-api.service[108314]: [pid: 108314|app: 0|req: 576/1152] 10.222.0.40 () {60 vars in 1377 bytes} [Fri Aug 26 13:27:15 2022] GET /placement/allocations/441e21df-b8a0-45e7-9268-4e6b0ce2b67a => generated 259 bytes in 19 msecs (HTTP/1.1 200) 8 headers in 296 bytes (1 switches on core 0)
Aug 26 13:27:15.686032 n-d-854499-3 devstack@placement-api.service[108313]: DEBUG placement.requestlog [req-dec20ed0-08ab-4636-978d-b53037f00746 req-795ca321-cdef-415c-b897-cd54a09d7c1f None None] Starting request: 10.222.0.40 "GET /placement/allocations/559578c8-33e2-4ad8-9f35-e0590303df28" {{(pid=108313) __call__ /opt/stack/placement/placement/requestlog.py:55}}
