Aug 26 13:07:54.128600 n-d-854499-3 devstack@g-api.service[116814]: INFO glance.location [None req-03aea3c2-2eb1-4119-9f96-1ca7fbee940e admin admin] Image format matched and virtual size computed: 734003200
Aug 26 13:07:54.246161 n-d-854499-3 devstack@g-api.service[116814]: DEBUG glance_store.backend [None req-03aea3c2-2eb1-4119-9f96-1ca7fbee940e admin admin] Attempting to import store swift {{(pid=116814) _load_store /usr/local/lib/python3.8/dist-packages/glance_store/backend.py:216}}
Aug 26 13:07:54.249046 n-d-854499-3 devstack@g-api.service[116814]: DEBUG glance_store.capabilities [None req-03aea3c2-2eb1-4119-9f96-1ca7fbee940e admin admin] Store glance_store._drivers.swift.store.SingleTenantStore doesn't support updating dynamic storage capabilities. Please overwrite 'update_capabilities' method of the store to implement updating logics if needed. {{(pid=116814) update_capabilities /usr/local/lib/python3.8/dist-packages/glance_store/capabilities.py:91}}
Aug 26 13:07:54.249312 n-d-854499-3 devstack@g-api.service[116814]: DEBUG glance_store.driver [None req-03aea3c2-2eb1-4119-9f96-1ca7fbee940e admin admin] Late loading location class glance_store._drivers.swift.store.StoreLocation {{(pid=116814) get_store_location_class /usr/local/lib/python3.8/dist-packages/glance_store/driver.py:116}}
Aug 26 13:07:54.249589 n-d-854499-3 devstack@g-api.service[116814]: DEBUG glance_store.location [None req-03aea3c2-2eb1-4119-9f96-1ca7fbee940e admin admin] Registering scheme swift+https with {'store': , 'location_class': , 'store_entry': 'swift'} {{(pid=116814) register_scheme_map /usr/local/lib/python3.8/dist-packages/glance_store/location.py:146}}
Aug 26 13:07:54.249849 n-d-854499-3 devstack@g-api.service[116814]: DEBUG glance_store.location [None req-03aea3c2-2eb1-4119-9f96-1ca7fbee940e admin admin] Registering scheme swift+https with {'store': , 'location_class': , 'store_entry': 'swift'} {{(pid=116814) register_scheme_map /usr/local/lib/python3.8/dist-packages/glance_store/location.py:146}}
Aug 26 13:07:54.250101 n-d-854499-3 devstack@g-api.service[116814]: DEBUG glance_store.location [None req-03aea3c2-2eb1-4119-9f96-1ca7fbee940e admin admin] Registering scheme swift with {'store': , 'location_class': , 'store_entry': 'swift'} {{(pid=116814) register_scheme_map /usr/local/lib/python3.8/dist-packages/glance_store/location.py:146}}
Aug 26 13:07:54.250355 n-d-854499-3 devstack@g-api.service[116814]: DEBUG glance_store.location [None req-03aea3c2-2eb1-4119-9f96-1ca7fbee940e admin admin] Registering scheme swift+https with {'store': , 'location_class': , 'store_entry': 'swift'} {{(pid=116814) register_scheme_map /usr/local/lib/python3.8/dist-packages/glance_store/location.py:146}}
Aug 26 13:07:54.250603 n-d-854499-3 devstack@g-api.service[116814]: DEBUG glance_store.location [None req-03aea3c2-2eb1-4119-9f96-1ca7fbee940e admin admin] Registering scheme swift with {'store': , 'location_class': , 'store_entry': 'swift'} {{(pid=116814) register_scheme_map /usr/local/lib/python3.8/dist-packages/glance_store/location.py:146}}
Aug 26 13:07:54.250849 n-d-854499-3 devstack@g-api.service[116814]: DEBUG glance_store.location [None req-03aea3c2-2eb1-4119-9f96-1ca7fbee940e admin admin] Registering scheme swift+http with {'store': , 'location_class': , 'store_entry': 'swift'} {{(pid=116814) register_scheme_map /usr/local/lib/python3.8/dist-packages/glance_store/location.py:146}}
Aug 26 13:07:54.251130 n-d-854499-3 devstack@g-api.service[116814]: DEBUG glance_store.location [None req-03aea3c2-2eb1-4119-9f96-1ca7fbee940e admin admin] Registering scheme swift+https with {'store': , 'location_class': , 'store_entry': 'swift'} {{(pid=116814) register_scheme_map /usr/local/lib/python3.8/dist-packages/glance_store/location.py:146}}
Aug 26 13:07:54.251719 n-d-854499-3 devstack@g-api.service[116814]: DEBUG glance_store.location [None req-03aea3c2-2eb1-4119-9f96-1ca7fbee940e admin admin] Registering scheme swift with {'store': , 'location_class': , 'store_entry': 'swift'} {{(pid=116814) register_scheme_map /usr/local/lib/python3.8/dist-packages/glance_store/location.py:146}}
Aug 26 13:07:54.251968 n-d-854499-3 devstack@g-api.service[116814]: DEBUG glance_store.location [None req-03aea3c2-2eb1-4119-9f96-1ca7fbee940e admin admin] Registering scheme swift+http with {'store': , 'location_class': , 'store_entry': 'swift'} {{(pid=116814) register_scheme_map /usr/local/lib/python3.8/dist-packages/glance_store/location.py:146}}
Aug 26 13:07:54.252209 n-d-854499-3 devstack@g-api.service[116814]: DEBUG glance_store.location [None req-03aea3c2-2eb1-4119-9f96-1ca7fbee940e admin admin] Registering scheme swift+config with {'store': , 'location_class': , 'store_entry': 'swift'} {{(pid=116814) register_scheme_map /usr/local/lib/python3.8/dist-packages/glance_store/location.py:146}}
Aug 26 13:07:54.252459 n-d-854499-3 devstack@g-api.service[116814]: DEBUG glance_store.backend [None req-03aea3c2-2eb1-4119-9f96-1ca7fbee940e admin admin] Skipping store.set_acls... not implemented. {{(pid=116814) set_acls /usr/local/lib/python3.8/dist-packages/glance_store/backend.py:508}}
Aug 26 13:07:54.264931 n-d-854499-3 devstack@g-api.service[116814]: [pid: 116814|app: 0|req: 3/4] 127.0.0.1 () {40 vars in 866 bytes} [Fri Aug 26 13:07:37 2022] PUT /v2/images/735bd810-3995-4aac-9bb7-1068049d2214/file => generated 0 bytes in 16671 msecs (HTTP/1.1 204) 4 headers in 171 bytes (1 switches on core 0)
Aug 26 13:08:04.243968 n-d-854499-3 devstack@g-api.service[116814]: DEBUG dbcounter [-] [116814] Writing DB stats glance:SELECT=9,glance:UPDATE=1,glance:INSERT=1 {{(pid=116814) stat_writer /usr/local/lib/python3.8/dist-packages/dbcounter.py:114}}
Aug 26 13:09:06.355160 n-d-854499-3 devstack@g-api.service[116815]: DEBUG glance.api.middleware.version_negotiation [None req-20a362ce-972b-469d-bb70-9db5a949e8f7 admin admin] Determining version of request: GET / Accept: application/json {{(pid=116815) process_request /opt/stack/glance/glance/api/middleware/version_negotiation.py:44}}
Aug 26 13:09:06.355768 n-d-854499-3 devstack@g-api.service[116815]: DEBUG glance.api.middleware.version_negotiation [None req-20a362ce-972b-469d-bb70-9db5a949e8f7 admin admin] Using url versioning {{(pid=116815) process_request /opt/stack/glance/glance/api/middleware/version_negotiation.py:57}}
Aug 26 13:09:06.355890 n-d-854499-3 devstack@g-api.service[116815]: DEBUG glance.api.middleware.version_negotiation [None req-20a362ce-972b-469d-bb70-9db5a949e8f7 admin admin] Unknown version. Returning version choices. {{(pid=116815) process_request /opt/stack/glance/glance/api/middleware/version_negotiation.py:64}}
Aug 26 13:09:06.357404 n-d-854499-3 devstack@g-api.service[116815]: [pid: 116815|app: 0|req: 2/5] 127.0.0.1 () {34 vars in 509 bytes} [Fri Aug 26 13:09:06 2022] GET / => generated 1299 bytes in 3 msecs (HTTP/1.1 300) 3 headers in 106 bytes (1 switches on core 0)
Aug 26 13:09:06.369757 n-d-854499-3 devstack@g-api.service[116814]: DEBUG glance.api.middleware.version_negotiation [None req-03aea3c2-2eb1-4119-9f96-1ca7fbee940e admin admin] Determining version of request: GET /v2/images Accept: application/json {{(pid=116814) process_request /opt/stack/glance/glance/api/middleware/version_negotiation.py:44}}
Aug 26 13:09:06.370191 n-d-854499-3 devstack@g-api.service[116814]: DEBUG glance.api.middleware.version_negotiation [None req-03aea3c2-2eb1-4119-9f96-1ca7fbee940e admin admin] Using url versioning {{(pid=116814) process_request /opt/stack/glance/glance/api/middleware/version_negotiation.py:57}}
Aug 26 13:09:06.370413 n-d-854499-3 devstack@g-api.service[116814]: DEBUG glance.api.middleware.version_negotiation [None req-03aea3c2-2eb1-4119-9f96-1ca7fbee940e admin admin] Matched version: v2 {{(pid=116814) process_request /opt/stack/glance/glance/api/middleware/version_negotiation.py:69}}
Aug 26 13:09:06.370724 n-d-854499-3 devstack@g-api.service[116814]: DEBUG glance.api.middleware.version_negotiation [None req-03aea3c2-2eb1-4119-9f96-1ca7fbee940e admin admin] new path /v2/images {{(pid=116814) process_request /opt/stack/glance/glance/api/middleware/version_negotiation.py:70}}
Aug 26 13:09:06.892865 n-d-854499-3 devstack@g-api.service[116814]: [pid: 116814|app: 0|req: 4/6] 127.0.0.1 () {36 vars in 731 bytes} [Fri Aug 26 13:09:06 2022] GET /v2/images => generated 1015 bytes in 524 msecs (HTTP/1.1 200) 4 headers in 158 bytes (1 switches on core 0)
Aug 26 13:09:16.881838 n-d-854499-3 devstack@g-api.service[116814]: DEBUG dbcounter [-] [116814] Writing DB stats glance:SELECT=2 {{(pid=116814) stat_writer /usr/local/lib/python3.8/dist-packages/dbcounter.py:114}}
Aug 26 13:10:48.247259 n-d-854499-3 devstack@g-api.service[116815]: DEBUG glance.api.middleware.version_negotiation [None req-20a362ce-972b-469d-bb70-9db5a949e8f7 admin admin] Determining version of request: GET /v1 Accept: application/json {{(pid=116815) process_request /opt/stack/glance/glance/api/middleware/version_negotiation.py:44}}
Aug 26 13:10:48.247713 n-d-854499-3 devstack@g-api.service[116815]: DEBUG glance.api.middleware.version_negotiation [None req-20a362ce-972b-469d-bb70-9db5a949e8f7 admin admin] Using url versioning {{(pid=116815) process_request /opt/stack/glance/glance/api/middleware/version_negotiation.py:57}}
Aug 26 13:10:48.247931 n-d-854499-3 devstack@g-api.service[116815]: DEBUG glance.api.middleware.version_negotiation [None req-20a362ce-972b-469d-bb70-9db5a949e8f7 admin admin] Unknown version. Returning version choices. {{(pid=116815) process_request /opt/stack/glance/glance/api/middleware/version_negotiation.py:64}}
Aug 26 13:10:48.249401 n-d-854499-3 devstack@g-api.service[116815]: [pid: 116815|app: 0|req: 3/7] 127.0.0.1 () {38 vars in 688 bytes} [Fri Aug 26 13:10:48 2022] GET /v1 => generated 1299 bytes in 2 msecs (HTTP/1.1 300) 3 headers in 106 bytes (1 switches on core 0)
Aug 26 13:16:20.642002 n-d-854499-3 devstack@g-api.service[116814]: DEBUG glance.api.middleware.version_negotiation [None req-79efdda3-ef77-43ea-909b-05c92af7e852 admin admin] Determining version of request: GET / Accept: application/json {{(pid=116814) process_request /opt/stack/glance/glance/api/middleware/version_negotiation.py:44}}
Aug 26 13:16:20.642601 n-d-854499-3 devstack@g-api.service[116814]: DEBUG glance.api.middleware.version_negotiation [None req-79efdda3-ef77-43ea-909b-05c92af7e852 admin admin] Using url versioning {{(pid=116814) process_request /opt/stack/glance/glance/api/middleware/version_negotiation.py:57}}
Aug 26 13:16:20.642741 n-d-854499-3 devstack@g-api.service[116814]: DEBUG glance.api.middleware.version_negotiation [None req-79efdda3-ef77-43ea-909b-05c92af7e852 admin admin] Unknown version. Returning version choices. {{(pid=116814) process_request /opt/stack/glance/glance/api/middleware/version_negotiation.py:64}}
Aug 26 13:16:20.645166 n-d-854499-3 devstack@g-api.service[116814]: [pid: 116814|app: 0|req: 5/8] 127.0.0.1 () {34 vars in 494 bytes} [Fri Aug 26 13:16:20 2022] GET / => generated 1299 bytes in 5 msecs (HTTP/1.1 300) 3 headers in 106 bytes (1 switches on core 0)
Aug 26 13:16:21.018917 n-d-854499-3 devstack@g-api.service[116815]: DEBUG glance.api.middleware.version_negotiation [None req-20a362ce-972b-469d-bb70-9db5a949e8f7 admin admin] Determining version of request: GET /v2/images/735bd810-3995-4aac-9bb7-1068049d2214 Accept: */* {{(pid=116815) process_request /opt/stack/glance/glance/api/middleware/version_negotiation.py:44}}
Aug 26 13:16:21.019500 n-d-854499-3 devstack@g-api.service[116815]: DEBUG glance.api.middleware.version_negotiation [None req-20a362ce-972b-469d-bb70-9db5a949e8f7 admin admin] Using url versioning {{(pid=116815) process_request /opt/stack/glance/glance/api/middleware/version_negotiation.py:57}}
Aug 26 13:16:21.019961 n-d-854499-3 devstack@g-api.service[116815]: DEBUG glance.api.middleware.version_negotiation [None req-20a362ce-972b-469d-bb70-9db5a949e8f7 admin admin] Matched version: v2 {{(pid=116815) process_request /opt/stack/glance/glance/api/middleware/version_negotiation.py:69}}
Aug 26 13:16:21.020341 n-d-854499-3 devstack@g-api.service[116815]: DEBUG glance.api.middleware.version_negotiation [None req-20a362ce-972b-469d-bb70-9db5a949e8f7 admin admin] new path /v2/images/735bd810-3995-4aac-9bb7-1068049d2214 {{(pid=116815) process_request /opt/stack/glance/glance/api/middleware/version_negotiation.py:70}}
Aug 26 13:16:21.162063 n-d-854499-3 devstack@g-api.service[116815]: WARNING keystonemiddleware.auth_token [None req-20a362ce-972b-469d-bb70-9db5a949e8f7 admin admin] A valid token was submitted as a service token, but it was not a valid service token. This is incorrect but backwards compatible behaviour. This will be removed in future releases.
Aug 26 13:16:21.197489 n-d-854499-3 devstack@g-api.service[116815]: [pid: 116815|app: 0|req: 4/9] 127.0.0.1 () {42 vars in 1051 bytes} [Fri Aug 26 13:16:21 2022] GET /v2/images/735bd810-3995-4aac-9bb7-1068049d2214 => generated 946 bytes in 176 msecs (HTTP/1.1 200) 4 headers in 157 bytes (1 switches on core 0)
Aug 26 13:16:21.204627 n-d-854499-3 devstack@g-api.service[116814]: DEBUG glance.api.middleware.version_negotiation [None req-79efdda3-ef77-43ea-909b-05c92af7e852 admin admin] Determining version of request: GET /v2/schemas/image Accept: */* {{(pid=116814) process_request /opt/stack/glance/glance/api/middleware/version_negotiation.py:44}}
Aug 26 13:16:21.205124 n-d-854499-3 devstack@g-api.service[116814]: DEBUG glance.api.middleware.version_negotiation [None req-79efdda3-ef77-43ea-909b-05c92af7e852 admin admin] Using url versioning {{(pid=116814) process_request /opt/stack/glance/glance/api/middleware/version_negotiation.py:57}}
Aug 26 13:16:21.208029 n-d-854499-3 devstack@g-api.service[116814]: DEBUG glance.api.middleware.version_negotiation [None req-79efdda3-ef77-43ea-909b-05c92af7e852 admin admin] Matched version: v2 {{(pid=116814) process_request /opt/stack/glance/glance/api/middleware/version_negotiation.py:69}}
Aug 26 13:16:21.209313 n-d-854499-3 devstack@g-api.service[116814]: DEBUG glance.api.middleware.version_negotiation [None req-79efdda3-ef77-43ea-909b-05c92af7e852 admin admin] new path /v2/schemas/image {{(pid=116814) process_request /opt/stack/glance/glance/api/middleware/version_negotiation.py:70}}
Aug 26 13:16:21.212091 n-d-854499-3 devstack@g-api.service[116814]: WARNING keystonemiddleware.auth_token [None req-79efdda3-ef77-43ea-909b-05c92af7e852 admin admin] A valid token was submitted as a service token, but it was not a valid service token. This is incorrect but backwards compatible behaviour. This will be removed in future releases.
Aug 26 13:16:21.215875 n-d-854499-3 devstack@g-api.service[116814]: [pid: 116814|app: 0|req: 6/10] 127.0.0.1 () {42 vars in 991 bytes} [Fri Aug 26 13:16:21 2022] GET /v2/schemas/image => generated 6083 bytes in 12 msecs (HTTP/1.1 200) 4 headers in 158 bytes (1 switches on core 0)
Aug 26 13:16:26.132501 n-d-854499-3 devstack@g-api.service[116815]: DEBUG glance.api.middleware.version_negotiation [None req-65edd519-83be-4dda-ab11-b55c4b23b54e tempest-DeleteServersAdminTestJSON-1248186408 tempest-DeleteServersAdminTestJSON-1248186408-project] Determining version of request: GET /v2/images/735bd810-3995-4aac-9bb7-1068049d2214 Accept: */* {{(pid=116815) process_request /opt/stack/glance/glance/api/middleware/version_negotiation.py:44}}
Aug 26 13:16:26.133789 n-d-854499-3 devstack@g-api.service[116815]: DEBUG glance.api.middleware.version_negotiation [None req-65edd519-83be-4dda-ab11-b55c4b23b54e tempest-DeleteServersAdminTestJSON-1248186408 tempest-DeleteServersAdminTestJSON-1248186408-project] Using url versioning {{(pid=116815) process_request /opt/stack/glance/glance/api/middleware/version_negotiation.py:57}}
Aug 26 13:16:26.134483 n-d-854499-3 devstack@g-api.service[116815]: DEBUG glance.api.middleware.version_negotiation [None req-65edd519-83be-4dda-ab11-b55c4b23b54e tempest-DeleteServersAdminTestJSON-1248186408 tempest-DeleteServersAdminTestJSON-1248186408-project] Matched version: v2 {{(pid=116815) process_request /opt/stack/glance/glance/api/middleware/version_negotiation.py:69}}
Aug 26 13:16:26.134918 n-d-854499-3 devstack@g-api.service[116815]: DEBUG glance.api.middleware.version_negotiation [None req-65edd519-83be-4dda-ab11-b55c4b23b54e tempest-DeleteServersAdminTestJSON-1248186408 tempest-DeleteServersAdminTestJSON-1248186408-project] new path /v2/images/735bd810-3995-4aac-9bb7-1068049d2214 {{(pid=116815) process_request /opt/stack/glance/glance/api/middleware/version_negotiation.py:70}}
Aug 26 13:16:26.177088 n-d-854499-3 devstack@g-api.service[116815]: [pid: 116815|app: 0|req: 5/11] 127.0.0.1 () {42 vars in 1051 bytes} [Fri Aug 26 13:16:26 2022] GET /v2/images/735bd810-3995-4aac-9bb7-1068049d2214 => generated 946 bytes in 45 msecs (HTTP/1.1 200) 4 headers in 157 bytes (1 switches on core 0)
Aug 26 13:16:26.184391 n-d-854499-3 devstack@g-api.service[116814]: DEBUG glance.api.middleware.version_negotiation [None req-65edd519-83be-4dda-ab11-b55c4b23b54e tempest-DeleteServersAdminTestJSON-1248186408 tempest-DeleteServersAdminTestJSON-1248186408-project] Determining version of request: GET /v2/schemas/image Accept: */* {{(pid=116814) process_request /opt/stack/glance/glance/api/middleware/version_negotiation.py:44}}
Aug 26 13:16:26.185753 n-d-854499-3 devstack@g-api.service[116814]: DEBUG glance.api.middleware.version_negotiation [None req-65edd519-83be-4dda-ab11-b55c4b23b54e tempest-DeleteServersAdminTestJSON-1248186408 tempest-DeleteServersAdminTestJSON-1248186408-project] Using url versioning {{(pid=116814) process_request /opt/stack/glance/glance/api/middleware/version_negotiation.py:57}}
Aug 26 13:16:26.186144 n-d-854499-3 devstack@g-api.service[116814]: DEBUG glance.api.middleware.version_negotiation [None req-65edd519-83be-4dda-ab11-b55c4b23b54e tempest-DeleteServersAdminTestJSON-1248186408 tempest-DeleteServersAdminTestJSON-1248186408-project] Matched version: v2 {{(pid=116814) process_request /opt/stack/glance/glance/api/middleware/version_negotiation.py:69}}
Aug 26 13:16:26.186525 n-d-854499-3 devstack@g-api.service[116814]: DEBUG glance.api.middleware.version_negotiation [None req-65edd519-83be-4dda-ab11-b55c4b23b54e tempest-DeleteServersAdminTestJSON-1248186408 tempest-DeleteServersAdminTestJSON-1248186408-project] new path /v2/schemas/image {{(pid=116814) process_request /opt/stack/glance/glance/api/middleware/version_negotiation.py:70}}
Aug 26 13:16:26.202374 n-d-854499-3 devstack@g-api.service[116814]: [pid: 116814|app: 0|req: 7/12] 127.0.0.1 () {42 vars in 991 bytes} [Fri Aug 26 13:16:26 2022] GET /v2/schemas/image => generated 6083 bytes in 16 msecs (HTTP/1.1 200) 4 headers in 158 bytes (1 switches on core 0)
Aug 26 13:16:26.422593 n-d-854499-3 devstack@g-api.service[116815]: DEBUG glance.api.middleware.version_negotiation [None req-6bfa573a-9dac-4253-a946-57b27f9b17b0 tempest-AggregatesAdminTestJSON-848425562 tempest-AggregatesAdminTestJSON-848425562-project] Determining version of request: GET /v2/images/735bd810-3995-4aac-9bb7-1068049d2214 Accept: */* {{(pid=116815) process_request /opt/stack/glance/glance/api/middleware/version_negotiation.py:44}}
Aug 26 13:16:26.423450 n-d-854499-3 devstack@g-api.service[116815]: DEBUG glance.api.middleware.version_negotiation [None req-6bfa573a-9dac-4253-a946-57b27f9b17b0 tempest-AggregatesAdminTestJSON-848425562 tempest-AggregatesAdminTestJSON-848425562-project] Using url versioning {{(pid=116815) process_request /opt/stack/glance/glance/api/middleware/version_negotiation.py:57}}
Aug 26 13:16:26.424200 n-d-854499-3 devstack@g-api.service[116815]: DEBUG glance.api.middleware.version_negotiation [None req-6bfa573a-9dac-4253-a946-57b27f9b17b0 tempest-AggregatesAdminTestJSON-848425562 tempest-AggregatesAdminTestJSON-848425562-project] Matched version: v2 {{(pid=116815) process_request /opt/stack/glance/glance/api/middleware/version_negotiation.py:69}}
Aug 26 13:16:26.425005 n-d-854499-3 devstack@g-api.service[116815]: DEBUG glance.api.middleware.version_negotiation [None req-6bfa573a-9dac-4253-a946-57b27f9b17b0 tempest-AggregatesAdminTestJSON-848425562 tempest-AggregatesAdminTestJSON-848425562-project] new path /v2/images/735bd810-3995-4aac-9bb7-1068049d2214 {{(pid=116815) process_request /opt/stack/glance/glance/api/middleware/version_negotiation.py:70}}
Aug 26 13:16:26.463250 n-d-854499-3 devstack@g-api.service[116815]: [pid: 116815|app: 0|req: 6/13] 127.0.0.1 () {40 vars in 844 bytes} [Fri Aug 26 13:16:26 2022] GET /v2/images/735bd810-3995-4aac-9bb7-1068049d2214 => generated 946 bytes in 41 msecs (HTTP/1.1 200) 4 headers in 157 bytes (1 switches on core 0)
Aug 26 13:16:26.470740 n-d-854499-3 devstack@g-api.service[116814]: DEBUG glance.api.middleware.version_negotiation [None req-6bfa573a-9dac-4253-a946-57b27f9b17b0 tempest-AggregatesAdminTestJSON-848425562 tempest-AggregatesAdminTestJSON-848425562-project] Determining version of request: GET /v2/images/735bd810-3995-4aac-9bb7-1068049d2214/file Accept: */* {{(pid=116814) process_request /opt/stack/glance/glance/api/middleware/version_negotiation.py:44}}
Aug 26 13:16:26.474589 n-d-854499-3 devstack@g-api.service[116814]: DEBUG glance.api.middleware.version_negotiation [None req-6bfa573a-9dac-4253-a946-57b27f9b17b0 tempest-AggregatesAdminTestJSON-848425562 tempest-AggregatesAdminTestJSON-848425562-project] Using url versioning {{(pid=116814) process_request /opt/stack/glance/glance/api/middleware/version_negotiation.py:57}}
Aug 26 13:16:26.474589 n-d-854499-3 devstack@g-api.service[116814]: DEBUG glance.api.middleware.version_negotiation [None req-6bfa573a-9dac-4253-a946-57b27f9b17b0 tempest-AggregatesAdminTestJSON-848425562 tempest-AggregatesAdminTestJSON-848425562-project] Matched version: v2 {{(pid=116814) process_request /opt/stack/glance/glance/api/middleware/version_negotiation.py:69}}
Aug 26 13:16:26.474589 n-d-854499-3 devstack@g-api.service[116814]: DEBUG glance.api.middleware.version_negotiation [None req-6bfa573a-9dac-4253-a946-57b27f9b17b0 tempest-AggregatesAdminTestJSON-848425562 tempest-AggregatesAdminTestJSON-848425562-project] new path /v2/images/735bd810-3995-4aac-9bb7-1068049d2214/file {{(pid=116814) process_request /opt/stack/glance/glance/api/middleware/version_negotiation.py:70}}
Aug 26 13:16:26.528395 n-d-854499-3 devstack@g-api.service[116814]: DEBUG glance_store.backend [None req-65edd519-83be-4dda-ab11-b55c4b23b54e tempest-DeleteServersAdminTestJSON-1248186408 tempest-DeleteServersAdminTestJSON-1248186408-project] Attempting to import store swift {{(pid=116814) _load_store /usr/local/lib/python3.8/dist-packages/glance_store/backend.py:216}}
Aug 26 13:16:26.537196 n-d-854499-3 devstack@g-api.service[116814]: DEBUG glance_store.capabilities [None req-65edd519-83be-4dda-ab11-b55c4b23b54e tempest-DeleteServersAdminTestJSON-1248186408 tempest-DeleteServersAdminTestJSON-1248186408-project] Store glance_store._drivers.swift.store.SingleTenantStore doesn't support updating dynamic storage capabilities. Please overwrite 'update_capabilities' method of the store to implement updating logics if needed. {{(pid=116814) update_capabilities /usr/local/lib/python3.8/dist-packages/glance_store/capabilities.py:91}}
Aug 26 13:16:26.537635 n-d-854499-3 devstack@g-api.service[116814]: DEBUG glance_store.driver [None req-65edd519-83be-4dda-ab11-b55c4b23b54e tempest-DeleteServersAdminTestJSON-1248186408 tempest-DeleteServersAdminTestJSON-1248186408-project] Late loading location class glance_store._drivers.swift.store.StoreLocation {{(pid=116814) get_store_location_class /usr/local/lib/python3.8/dist-packages/glance_store/driver.py:116}}
Aug 26 13:16:26.538094 n-d-854499-3 devstack@g-api.service[116814]: DEBUG glance_store.location [None req-65edd519-83be-4dda-ab11-b55c4b23b54e tempest-DeleteServersAdminTestJSON-1248186408 tempest-DeleteServersAdminTestJSON-1248186408-project] Registering scheme swift+https with {'store': , 'location_class': , 'store_entry': 'swift'} {{(pid=116814) register_scheme_map /usr/local/lib/python3.8/dist-packages/glance_store/location.py:146}}
Aug 26 13:16:26.538564 n-d-854499-3 devstack@g-api.service[116814]: DEBUG glance_store.location [None req-65edd519-83be-4dda-ab11-b55c4b23b54e tempest-DeleteServersAdminTestJSON-1248186408 tempest-DeleteServersAdminTestJSON-1248186408-project] Registering scheme swift+https with {'store': , 'location_class': , 'store_entry': 'swift'} {{(pid=116814) register_scheme_map /usr/local/lib/python3.8/dist-packages/glance_store/location.py:146}}
Aug 26 13:16:26.538970 n-d-854499-3 devstack@g-api.service[116814]: DEBUG glance_store.location [None req-65edd519-83be-4dda-ab11-b55c4b23b54e tempest-DeleteServersAdminTestJSON-1248186408 tempest-DeleteServersAdminTestJSON-1248186408-project] Registering scheme swift with {'store': , 'location_class': , 'store_entry': 'swift'} {{(pid=116814) register_scheme_map /usr/local/lib/python3.8/dist-packages/glance_store/location.py:146}}
Aug 26 13:16:26.539559 n-d-854499-3 devstack@g-api.service[116814]: DEBUG glance_store.location [None req-65edd519-83be-4dda-ab11-b55c4b23b54e tempest-DeleteServersAdminTestJSON-1248186408 tempest-DeleteServersAdminTestJSON-1248186408-project] Registering scheme swift+https with {'store': , 'location_class': , 'store_entry': 'swift'} {{(pid=116814) register_scheme_map /usr/local/lib/python3.8/dist-packages/glance_store/location.py:146}}
Aug 26 13:16:26.540083 n-d-854499-3 devstack@g-api.service[116814]: DEBUG glance_store.location [None req-65edd519-83be-4dda-ab11-b55c4b23b54e tempest-DeleteServersAdminTestJSON-1248186408 tempest-DeleteServersAdminTestJSON-1248186408-project] Registering scheme swift with {'store': , 'location_class': , 'store_entry': 'swift'} {{(pid=116814) register_scheme_map /usr/local/lib/python3.8/dist-packages/glance_store/location.py:146}}
Aug 26 13:16:26.540506 n-d-854499-3 devstack@g-api.service[116814]: DEBUG glance_store.location [None req-65edd519-83be-4dda-ab11-b55c4b23b54e tempest-DeleteServersAdminTestJSON-1248186408 tempest-DeleteServersAdminTestJSON-1248186408-project] Registering scheme swift+http with {'store': , 'location_class': , 'store_entry': 'swift'} {{(pid=116814) register_scheme_map /usr/local/lib/python3.8/dist-packages/glance_store/location.py:146}}
Aug 26 13:16:26.541089 n-d-854499-3 devstack@g-api.service[116814]: DEBUG glance_store.location [None req-65edd519-83be-4dda-ab11-b55c4b23b54e tempest-DeleteServersAdminTestJSON-1248186408 tempest-DeleteServersAdminTestJSON-1248186408-project] Registering scheme swift+https with {'store': , 'location_class': , 'store_entry': 'swift'} {{(pid=116814) register_scheme_map /usr/local/lib/python3.8/dist-packages/glance_store/location.py:146}}
Aug 26 13:16:26.541395 n-d-854499-3 devstack@g-api.service[116814]: DEBUG glance_store.location [None req-65edd519-83be-4dda-ab11-b55c4b23b54e tempest-DeleteServersAdminTestJSON-1248186408 tempest-DeleteServersAdminTestJSON-1248186408-project] Registering scheme swift with {'store': , 'location_class': , 'store_entry': 'swift'} {{(pid=116814) register_scheme_map /usr/local/lib/python3.8/dist-packages/glance_store/location.py:146}}
Aug 26 13:16:26.541810 n-d-854499-3 devstack@g-api.service[116814]: DEBUG glance_store.location [None req-65edd519-83be-4dda-ab11-b55c4b23b54e tempest-DeleteServersAdminTestJSON-1248186408 tempest-DeleteServersAdminTestJSON-1248186408-project] Registering scheme swift+http with {'store': , 'location_class': , 'store_entry': 'swift'} {{(pid=116814) register_scheme_map /usr/local/lib/python3.8/dist-packages/glance_store/location.py:146}}
Aug 26 13:16:26.542230 n-d-854499-3 devstack@g-api.service[116814]: DEBUG glance_store.location [None req-65edd519-83be-4dda-ab11-b55c4b23b54e tempest-DeleteServersAdminTestJSON-1248186408 tempest-DeleteServersAdminTestJSON-1248186408-project] Registering scheme swift+config with {'store': , 'location_class': , 'store_entry': 'swift'} {{(pid=116814) register_scheme_map /usr/local/lib/python3.8/dist-packages/glance_store/location.py:146}}
Aug 26 13:16:28.364138 n-d-854499-3 devstack@g-api.service[116814]: DEBUG swiftclient [None req-65edd519-83be-4dda-ab11-b55c4b23b54e tempest-DeleteServersAdminTestJSON-1248186408 tempest-DeleteServersAdminTestJSON-1248186408-project] REQ: curl -i http://10.222.0.45:8080/v1/AUTH_40ec929ab06d4d8ca5cf7f20f5a8e87a/glance/735bd810-3995-4aac-9bb7-1068049d2214 -X GET -H "X-Auth-Token: gAAAAABjCMeqcPV2..." {{(pid=116814) http_log /usr/local/lib/python3.8/dist-packages/swiftclient/client.py:157}}
Aug 26 13:16:28.365685 n-d-854499-3 devstack@g-api.service[116814]: DEBUG swiftclient [None req-65edd519-83be-4dda-ab11-b55c4b23b54e tempest-DeleteServersAdminTestJSON-1248186408 tempest-DeleteServersAdminTestJSON-1248186408-project] RESP STATUS: 200 OK {{(pid=116814) http_log /usr/local/lib/python3.8/dist-packages/swiftclient/client.py:158}}
Aug 26 13:16:28.366231 n-d-854499-3 devstack@g-api.service[116814]: DEBUG swiftclient [None req-65edd519-83be-4dda-ab11-b55c4b23b54e tempest-DeleteServersAdminTestJSON-1248186408 tempest-DeleteServersAdminTestJSON-1248186408-project] RESP HEADERS: {'Content-Type': 'application/octet-stream', 'Etag': '318f990048c8a194829e52141534610d', 'Last-Modified': 'Fri, 26 Aug 2022 13:07:40 GMT', 'X-Timestamp': '1661519259.19623', 'Accept-Ranges': 'bytes', 'Content-Length': '645922816', 'X-Trans-Id': 'tx3e3dd21464f040b89cf06-006308c7aa', 'X-Openstack-Request-Id': 'tx3e3dd21464f040b89cf06-006308c7aa', 'Date': 'Fri, 26 Aug 2022 13:16:28 GMT'} {{(pid=116814) http_log /usr/local/lib/python3.8/dist-packages/swiftclient/client.py:159}}
Aug 26 13:16:28.393467 n-d-854499-3 devstack@g-api.service[116814]: DEBUG glance.image_cache [None req-65edd519-83be-4dda-ab11-b55c4b23b54e tempest-DeleteServersAdminTestJSON-1248186408 tempest-DeleteServersAdminTestJSON-1248186408-project] Tee'ing image '735bd810-3995-4aac-9bb7-1068049d2214' into cache {{(pid=116814) get_caching_iter /opt/stack/glance/glance/image_cache/__init__.py:343}}
Aug 26 13:16:36.455897 n-d-854499-3 devstack@g-api.service[116815]: DEBUG dbcounter [-] [116815] Writing DB stats glance:SELECT=12 {{(pid=116815) stat_writer /usr/local/lib/python3.8/dist-packages/dbcounter.py:114}}
Aug 26 13:16:37.413029 n-d-854499-3 devstack@g-api.service[116814]: DEBUG glance.image_cache.drivers.sqlite [None req-65edd519-83be-4dda-ab11-b55c4b23b54e tempest-DeleteServersAdminTestJSON-1248186408 tempest-DeleteServersAdminTestJSON-1248186408-project] Fetch finished, moving '/opt/stack/data/glance/cache/incomplete/735bd810-3995-4aac-9bb7-1068049d2214' to '/opt/stack/data/glance/cache/735bd810-3995-4aac-9bb7-1068049d2214' {{(pid=116814) commit /opt/stack/glance/glance/image_cache/drivers/sqlite.py:324}}
Aug 26 13:16:37.614459 n-d-854499-3 devstack@g-api.service[116814]: [pid: 116814|app: 0|req: 8/14] 127.0.0.1 () {40 vars in 854 bytes} [Fri Aug 26 13:16:26 2022] GET /v2/images/735bd810-3995-4aac-9bb7-1068049d2214/file => generated 645922816 bytes in 11145 msecs (HTTP/1.1 200) 4 headers in 191 bytes (9890 switches on core 0)
Aug 26 13:16:38.387515 n-d-854499-3 devstack@g-api.service[116814]: DEBUG dbcounter [-] [116814] Writing DB stats glance:SELECT=8 {{(pid=116814) stat_writer /usr/local/lib/python3.8/dist-packages/dbcounter.py:114}}
Aug 26 13:16:51.502664 n-d-854499-3 devstack@g-api.service[116815]: DEBUG glance.api.middleware.version_negotiation [None req-65edd519-83be-4dda-ab11-b55c4b23b54e tempest-DeleteServersAdminTestJSON-1248186408 tempest-DeleteServersAdminTestJSON-1248186408-project] Determining version of request: GET / Accept: application/json {{(pid=116815) process_request /opt/stack/glance/glance/api/middleware/version_negotiation.py:44}}
Aug 26 13:16:51.503279 n-d-854499-3 devstack@g-api.service[116815]: DEBUG glance.api.middleware.version_negotiation [None req-65edd519-83be-4dda-ab11-b55c4b23b54e tempest-DeleteServersAdminTestJSON-1248186408 tempest-DeleteServersAdminTestJSON-1248186408-project] Using url versioning {{(pid=116815) process_request /opt/stack/glance/glance/api/middleware/version_negotiation.py:57}}
Aug 26 13:16:51.503529 n-d-854499-3 devstack@g-api.service[116815]: DEBUG glance.api.middleware.version_negotiation [None req-65edd519-83be-4dda-ab11-b55c4b23b54e tempest-DeleteServersAdminTestJSON-1248186408 tempest-DeleteServersAdminTestJSON-1248186408-project] Unknown version. Returning version choices. {{(pid=116815) process_request /opt/stack/glance/glance/api/middleware/version_negotiation.py:64}}
Aug 26 13:16:51.505526 n-d-854499-3 devstack@g-api.service[116815]: [pid: 116815|app: 0|req: 7/15] 127.0.0.1 () {34 vars in 494 bytes} [Fri Aug 26 13:16:51 2022] GET / => generated 1299 bytes in 4 msecs (HTTP/1.1 300) 3 headers in 106 bytes (1 switches on core 0)
Aug 26 13:16:51.515409 n-d-854499-3 devstack@g-api.service[116814]: DEBUG glance.api.middleware.version_negotiation [None req-65edd519-83be-4dda-ab11-b55c4b23b54e tempest-DeleteServersAdminTestJSON-1248186408 tempest-DeleteServersAdminTestJSON-1248186408-project] Determining version of request: GET /v2/images/735bd810-3995-4aac-9bb7-1068049d2214 Accept: */* {{(pid=116814) process_request /opt/stack/glance/glance/api/middleware/version_negotiation.py:44}}
Aug 26 13:16:51.516331 n-d-854499-3 devstack@g-api.service[116814]: DEBUG glance.api.middleware.version_negotiation [None req-65edd519-83be-4dda-ab11-b55c4b23b54e tempest-DeleteServersAdminTestJSON-1248186408 tempest-DeleteServersAdminTestJSON-1248186408-project] Using url versioning {{(pid=116814) process_request /opt/stack/glance/glance/api/middleware/version_negotiation.py:57}}
Aug 26 13:16:51.517387 n-d-854499-3 devstack@g-api.service[116814]: DEBUG glance.api.middleware.version_negotiation [None req-65edd519-83be-4dda-ab11-b55c4b23b54e tempest-DeleteServersAdminTestJSON-1248186408 tempest-DeleteServersAdminTestJSON-1248186408-project] Matched version: v2 {{(pid=116814) process_request /opt/stack/glance/glance/api/middleware/version_negotiation.py:69}}
Aug 26 13:16:51.517821 n-d-854499-3 devstack@g-api.service[116814]: DEBUG glance.api.middleware.version_negotiation [None req-65edd519-83be-4dda-ab11-b55c4b23b54e tempest-DeleteServersAdminTestJSON-1248186408 tempest-DeleteServersAdminTestJSON-1248186408-project] new path /v2/images/735bd810-3995-4aac-9bb7-1068049d2214 {{(pid=116814) process_request /opt/stack/glance/glance/api/middleware/version_negotiation.py:70}}
Aug 26 13:16:51.551766 n-d-854499-3 devstack@g-api.service[116814]: [pid: 116814|app: 0|req: 9/16] 127.0.0.1 () {42 vars in 1051 bytes} [Fri Aug 26 13:16:51 2022] GET /v2/images/735bd810-3995-4aac-9bb7-1068049d2214 => generated 946 bytes in 37 msecs (HTTP/1.1 200) 4 headers in 157 bytes (1 switches on core 0)
Aug 26 13:16:51.552408 n-d-854499-3 devstack@g-api.service[116815]: DEBUG glance.api.middleware.version_negotiation [None req-65edd519-83be-4dda-ab11-b55c4b23b54e tempest-DeleteServersAdminTestJSON-1248186408 tempest-DeleteServersAdminTestJSON-1248186408-project] Determining version of request: GET /v2/schemas/image Accept: */* {{(pid=116815) process_request /opt/stack/glance/glance/api/middleware/version_negotiation.py:44}}
Aug 26 13:16:51.552699 n-d-854499-3 devstack@g-api.service[116815]: DEBUG glance.api.middleware.version_negotiation [None req-65edd519-83be-4dda-ab11-b55c4b23b54e tempest-DeleteServersAdminTestJSON-1248186408 tempest-DeleteServersAdminTestJSON-1248186408-project] Using url versioning {{(pid=116815) process_request /opt/stack/glance/glance/api/middleware/version_negotiation.py:57}}
Aug 26 13:16:51.553013 n-d-854499-3 devstack@g-api.service[116815]: DEBUG glance.api.middleware.version_negotiation [None req-65edd519-83be-4dda-ab11-b55c4b23b54e tempest-DeleteServersAdminTestJSON-1248186408 tempest-DeleteServersAdminTestJSON-1248186408-project] Matched version: v2 {{(pid=116815) process_request /opt/stack/glance/glance/api/middleware/version_negotiation.py:69}}
Aug 26 13:16:51.553471 n-d-854499-3 devstack@g-api.service[116815]: DEBUG glance.api.middleware.version_negotiation [None req-65edd519-83be-4dda-ab11-b55c4b23b54e tempest-DeleteServersAdminTestJSON-1248186408 tempest-DeleteServersAdminTestJSON-1248186408-project] new path /v2/schemas/image {{(pid=116815) process_request /opt/stack/glance/glance/api/middleware/version_negotiation.py:70}}
Aug 26 13:16:51.558477 n-d-854499-3 devstack@g-api.service[116815]: [pid: 116815|app: 0|req: 8/17] 127.0.0.1 () {42 vars in 991 bytes} [Fri Aug 26 13:16:51 2022] GET /v2/schemas/image => generated 6083 bytes in 6 msecs (HTTP/1.1 200) 4 headers in 158 bytes (1 switches on core 0)
Aug 26 13:16:56.059115 n-d-854499-3 devstack@g-api.service[116814]: DEBUG glance.api.middleware.version_negotiation [None req-a1cd1934-bfe6-4eb2-a192-2c726f95df3b tempest-LiveMigrationNegativeTest-1059354799 tempest-LiveMigrationNegativeTest-1059354799-project] Determining version of request: GET /v2/images/735bd810-3995-4aac-9bb7-1068049d2214 Accept: */* {{(pid=116814) process_request /opt/stack/glance/glance/api/middleware/version_negotiation.py:44}}
Aug 26 13:16:56.060181 n-d-854499-3 devstack@g-api.service[116814]: DEBUG glance.api.middleware.version_negotiation [None req-a1cd1934-bfe6-4eb2-a192-2c726f95df3b tempest-LiveMigrationNegativeTest-1059354799 tempest-LiveMigrationNegativeTest-1059354799-project] Using url versioning {{(pid=116814) process_request /opt/stack/glance/glance/api/middleware/version_negotiation.py:57}}
Aug 26 13:16:56.060684 n-d-854499-3 devstack@g-api.service[116814]: DEBUG glance.api.middleware.version_negotiation [None req-a1cd1934-bfe6-4eb2-a192-2c726f95df3b tempest-LiveMigrationNegativeTest-1059354799 tempest-LiveMigrationNegativeTest-1059354799-project] Matched version: v2 {{(pid=116814) process_request /opt/stack/glance/glance/api/middleware/version_negotiation.py:69}}
Aug 26 13:16:56.061139 n-d-854499-3 devstack@g-api.service[116814]: DEBUG glance.api.middleware.version_negotiation [None req-a1cd1934-bfe6-4eb2-a192-2c726f95df3b tempest-LiveMigrationNegativeTest-1059354799 tempest-LiveMigrationNegativeTest-1059354799-project] new path /v2/images/735bd810-3995-4aac-9bb7-1068049d2214 {{(pid=116814) process_request /opt/stack/glance/glance/api/middleware/version_negotiation.py:70}}
Aug 26 13:16:56.083392 n-d-854499-3 devstack@g-api.service[116814]: [pid: 116814|app: 0|req: 10/18] 127.0.0.1 () {42 vars in 1051 bytes} [Fri Aug 26 13:16:56 2022] GET /v2/images/735bd810-3995-4aac-9bb7-1068049d2214 => generated 946 bytes in 25 msecs (HTTP/1.1 200) 4 headers in 157 bytes (1 switches on core 0)
Aug 26 13:16:56.090960 n-d-854499-3 devstack@g-api.service[116815]: DEBUG glance.api.middleware.version_negotiation [None req-a1cd1934-bfe6-4eb2-a192-2c726f95df3b tempest-LiveMigrationNegativeTest-1059354799 tempest-LiveMigrationNegativeTest-1059354799-project] Determining version of request: GET /v2/schemas/image Accept: */* {{(pid=116815) process_request /opt/stack/glance/glance/api/middleware/version_negotiation.py:44}}
Aug 26 13:16:56.092276 n-d-854499-3 devstack@g-api.service[116815]: DEBUG glance.api.middleware.version_negotiation [None req-a1cd1934-bfe6-4eb2-a192-2c726f95df3b tempest-LiveMigrationNegativeTest-1059354799 tempest-LiveMigrationNegativeTest-1059354799-project] Using url versioning {{(pid=116815) process_request /opt/stack/glance/glance/api/middleware/version_negotiation.py:57}}
Aug 26 13:16:56.092862 n-d-854499-3 devstack@g-api.service[116815]: DEBUG glance.api.middleware.version_negotiation [None req-a1cd1934-bfe6-4eb2-a192-2c726f95df3b tempest-LiveMigrationNegativeTest-1059354799 tempest-LiveMigrationNegativeTest-1059354799-project] Matched version: v2 {{(pid=116815) process_request /opt/stack/glance/glance/api/middleware/version_negotiation.py:69}}
Aug 26 13:16:56.093326 n-d-854499-3 devstack@g-api.service[116815]: DEBUG glance.api.middleware.version_negotiation [None req-a1cd1934-bfe6-4eb2-a192-2c726f95df3b tempest-LiveMigrationNegativeTest-1059354799 tempest-LiveMigrationNegativeTest-1059354799-project] new path /v2/schemas/image {{(pid=116815) process_request /opt/stack/glance/glance/api/middleware/version_negotiation.py:70}}
Aug 26 13:16:56.100123 n-d-854499-3 devstack@g-api.service[116815]: [pid: 116815|app: 0|req: 9/19] 127.0.0.1 () {42 vars in 991 bytes} [Fri Aug 26 13:16:56 2022] GET /v2/schemas/image => generated 6083 bytes in 10 msecs (HTTP/1.1 200) 4 headers in 158 bytes (1 switches on core 0)
Aug 26 13:16:56.149651 n-d-854499-3 devstack@g-api.service[116814]: DEBUG glance.api.middleware.version_negotiation [None req-57c88305-6cc6-4392-8095-2f4948005147 tempest-DeleteServersAdminTestJSON-1248186408 tempest-DeleteServersAdminTestJSON-1248186408-project] Determining version of request: GET /v2/images/735bd810-3995-4aac-9bb7-1068049d2214 Accept: */* {{(pid=116814) process_request /opt/stack/glance/glance/api/middleware/version_negotiation.py:44}}
Aug 26 13:16:56.151538 n-d-854499-3 devstack@g-api.service[116814]: DEBUG glance.api.middleware.version_negotiation [None req-57c88305-6cc6-4392-8095-2f4948005147 tempest-DeleteServersAdminTestJSON-1248186408 tempest-DeleteServersAdminTestJSON-1248186408-project] Using url versioning {{(pid=116814) process_request /opt/stack/glance/glance/api/middleware/version_negotiation.py:57}}
Aug 26 13:16:56.151879 n-d-854499-3 devstack@g-api.service[116814]: DEBUG glance.api.middleware.version_negotiation [None req-57c88305-6cc6-4392-8095-2f4948005147 tempest-DeleteServersAdminTestJSON-1248186408 tempest-DeleteServersAdminTestJSON-1248186408-project] Matched version: v2 {{(pid=116814) process_request /opt/stack/glance/glance/api/middleware/version_negotiation.py:69}}
Aug 26 13:16:56.161977 n-d-854499-3 devstack@g-api.service[116814]: DEBUG glance.api.middleware.version_negotiation [None req-57c88305-6cc6-4392-8095-2f4948005147 tempest-DeleteServersAdminTestJSON-1248186408 tempest-DeleteServersAdminTestJSON-1248186408-project] new path /v2/images/735bd810-3995-4aac-9bb7-1068049d2214 {{(pid=116814) process_request /opt/stack/glance/glance/api/middleware/version_negotiation.py:70}}
Aug 26 13:16:56.174874 n-d-854499-3 devstack@g-api.service[116814]: [pid: 116814|app: 0|req: 11/20] 127.0.0.1 () {40 vars in 844 bytes} [Fri Aug 26 13:16:56 2022] GET /v2/images/735bd810-3995-4aac-9bb7-1068049d2214 => generated 946 bytes in 26 msecs (HTTP/1.1 200) 4 headers in 157 bytes (1 switches on core 0)
Aug 26 13:16:56.179908 n-d-854499-3 devstack@g-api.service[116815]: DEBUG glance.api.middleware.version_negotiation [None req-57c88305-6cc6-4392-8095-2f4948005147 tempest-DeleteServersAdminTestJSON-1248186408 tempest-DeleteServersAdminTestJSON-1248186408-project] Determining version of request: GET /v2/images/735bd810-3995-4aac-9bb7-1068049d2214/file Accept: */* {{(pid=116815) process_request /opt/stack/glance/glance/api/middleware/version_negotiation.py:44}}
Aug 26 13:16:56.180319 n-d-854499-3 devstack@g-api.service[116815]: DEBUG glance.api.middleware.version_negotiation [None req-57c88305-6cc6-4392-8095-2f4948005147 tempest-DeleteServersAdminTestJSON-1248186408 tempest-DeleteServersAdminTestJSON-1248186408-project] Using url versioning {{(pid=116815) process_request /opt/stack/glance/glance/api/middleware/version_negotiation.py:57}}
Aug 26 13:16:56.180688 n-d-854499-3 devstack@g-api.service[116815]: DEBUG glance.api.middleware.version_negotiation [None req-57c88305-6cc6-4392-8095-2f4948005147 tempest-DeleteServersAdminTestJSON-1248186408 tempest-DeleteServersAdminTestJSON-1248186408-project] Matched version: v2 {{(pid=116815) process_request /opt/stack/glance/glance/api/middleware/version_negotiation.py:69}}
Aug 26 13:16:56.180988 n-d-854499-3 devstack@g-api.service[116815]: DEBUG glance.api.middleware.version_negotiation [None req-57c88305-6cc6-4392-8095-2f4948005147 tempest-DeleteServersAdminTestJSON-1248186408 tempest-DeleteServersAdminTestJSON-1248186408-project] new path /v2/images/735bd810-3995-4aac-9bb7-1068049d2214/file {{(pid=116815) process_request /opt/stack/glance/glance/api/middleware/version_negotiation.py:70}}
Aug 26 13:16:56.200012 n-d-854499-3 devstack@g-api.service[116815]: DEBUG glance.api.middleware.cache [None req-a1cd1934-bfe6-4eb2-a192-2c726f95df3b tempest-LiveMigrationNegativeTest-1059354799 tempest-LiveMigrationNegativeTest-1059354799-project] Cache hit for image '735bd810-3995-4aac-9bb7-1068049d2214' {{(pid=116815) process_request /opt/stack/glance/glance/api/middleware/cache.py:160}}
Aug 26 13:17:00.812559 n-d-854499-3 devstack@g-api.service[116815]: [pid: 116815|app: 0|req: 10/21] 127.0.0.1 () {40 vars in 854 bytes} [Fri Aug 26 13:16:56 2022] GET /v2/images/735bd810-3995-4aac-9bb7-1068049d2214/file => generated 645922816 bytes in 4633 msecs (HTTP/1.1 200) 5 headers in 218 bytes (10063 switches on core 0)
Aug 26 13:17:04.669128 n-d-854499-3 devstack@g-api.service[116814]: DEBUG glance.api.middleware.version_negotiation [None req-a1cd1934-bfe6-4eb2-a192-2c726f95df3b tempest-LiveMigrationNegativeTest-1059354799 tempest-LiveMigrationNegativeTest-1059354799-project] Determining version of request: GET /v2/images/735bd810-3995-4aac-9bb7-1068049d2214 Accept: */* {{(pid=116814) process_request /opt/stack/glance/glance/api/middleware/version_negotiation.py:44}}
Aug 26 13:17:04.669920 n-d-854499-3 devstack@g-api.service[116814]: DEBUG glance.api.middleware.version_negotiation [None req-a1cd1934-bfe6-4eb2-a192-2c726f95df3b tempest-LiveMigrationNegativeTest-1059354799 tempest-LiveMigrationNegativeTest-1059354799-project] Using url versioning {{(pid=116814) process_request /opt/stack/glance/glance/api/middleware/version_negotiation.py:57}}
Aug 26 13:17:04.669920 n-d-854499-3 devstack@g-api.service[116814]: DEBUG glance.api.middleware.version_negotiation [None req-a1cd1934-bfe6-4eb2-a192-2c726f95df3b tempest-LiveMigrationNegativeTest-1059354799 tempest-LiveMigrationNegativeTest-1059354799-project] Matched version: v2 {{(pid=116814) process_request /opt/stack/glance/glance/api/middleware/version_negotiation.py:69}}
Aug 26 13:17:04.670221 n-d-854499-3 devstack@g-api.service[116814]: DEBUG glance.api.middleware.version_negotiation [None req-a1cd1934-bfe6-4eb2-a192-2c726f95df3b tempest-LiveMigrationNegativeTest-1059354799 tempest-LiveMigrationNegativeTest-1059354799-project] new path /v2/images/735bd810-3995-4aac-9bb7-1068049d2214 {{(pid=116814) process_request /opt/stack/glance/glance/api/middleware/version_negotiation.py:70}}
Aug 26 13:17:04.690279 n-d-854499-3 devstack@g-api.service[116814]: [pid: 116814|app: 0|req: 12/22] 127.0.0.1 () {42 vars in 1051 bytes} [Fri Aug 26 13:17:04 2022] GET /v2/images/735bd810-3995-4aac-9bb7-1068049d2214 => generated 946 bytes in 22 msecs (HTTP/1.1 200) 4 headers in 157 bytes (1 switches on core 0)
Aug 26 13:17:04.701529 n-d-854499-3 devstack@g-api.service[116815]: DEBUG glance.api.middleware.version_negotiation [None req-a1cd1934-bfe6-4eb2-a192-2c726f95df3b tempest-LiveMigrationNegativeTest-1059354799 tempest-LiveMigrationNegativeTest-1059354799-project] Determining version of request: GET /v2/schemas/image Accept: */* {{(pid=116815) process_request /opt/stack/glance/glance/api/middleware/version_negotiation.py:44}}
Aug 26 13:17:04.702279 n-d-854499-3 devstack@g-api.service[116815]: DEBUG glance.api.middleware.version_negotiation [None req-a1cd1934-bfe6-4eb2-a192-2c726f95df3b tempest-LiveMigrationNegativeTest-1059354799 tempest-LiveMigrationNegativeTest-1059354799-project] Using url versioning {{(pid=116815) process_request /opt/stack/glance/glance/api/middleware/version_negotiation.py:57}}
Aug 26 13:17:04.702455 n-d-854499-3 devstack@g-api.service[116815]: DEBUG glance.api.middleware.version_negotiation [None req-a1cd1934-bfe6-4eb2-a192-2c726f95df3b tempest-LiveMigrationNegativeTest-1059354799 tempest-LiveMigrationNegativeTest-1059354799-project] Matched version: v2 {{(pid=116815) process_request /opt/stack/glance/glance/api/middleware/version_negotiation.py:69}}
Aug 26 13:17:04.702950 n-d-854499-3 devstack@g-api.service[116815]: DEBUG glance.api.middleware.version_negotiation [None req-a1cd1934-bfe6-4eb2-a192-2c726f95df3b tempest-LiveMigrationNegativeTest-1059354799 tempest-LiveMigrationNegativeTest-1059354799-project] new path /v2/schemas/image {{(pid=116815) process_request /opt/stack/glance/glance/api/middleware/version_negotiation.py:70}}
Aug 26 13:17:04.711959 n-d-854499-3 devstack@g-api.service[116815]: [pid: 116815|app: 0|req: 11/23] 127.0.0.1 () {42 vars in 991 bytes} [Fri Aug 26 13:17:04 2022] GET /v2/schemas/image => generated 6083 bytes in 12 msecs (HTTP/1.1 200) 4 headers in 158 bytes (1 switches on core 0)
Aug 26 13:17:06.194954 n-d-854499-3 devstack@g-api.service[116815]: DEBUG dbcounter [-] [116815] Writing DB stats glance:SELECT=4 {{(pid=116815) stat_writer /usr/local/lib/python3.8/dist-packages/dbcounter.py:114}}
Aug 26 13:17:14.686359 n-d-854499-3 devstack@g-api.service[116814]: DEBUG dbcounter [-] [116814] Writing DB stats glance:SELECT=16 {{(pid=116814) stat_writer /usr/local/lib/python3.8/dist-packages/dbcounter.py:114}}
Aug 26 13:17:19.839503 n-d-854499-3 devstack@g-api.service[116814]: DEBUG glance.api.middleware.version_negotiation [None req-1467eb99-fd75-4b32-9082-48a0f37b552f tempest-ServersAdminNegativeTestJSON-833598552 tempest-ServersAdminNegativeTestJSON-833598552-project] Determining version of request: GET /v2/images/735bd810-3995-4aac-9bb7-1068049d2214 Accept: */* {{(pid=116814) process_request /opt/stack/glance/glance/api/middleware/version_negotiation.py:44}}
Aug 26 13:17:19.840226 n-d-854499-3 devstack@g-api.service[116814]: DEBUG glance.api.middleware.version_negotiation [None req-1467eb99-fd75-4b32-9082-48a0f37b552f tempest-ServersAdminNegativeTestJSON-833598552 tempest-ServersAdminNegativeTestJSON-833598552-project] Using url versioning {{(pid=116814) process_request /opt/stack/glance/glance/api/middleware/version_negotiation.py:57}}
