Aug 30 01:44:11.382188 n-d-854441-9 devstack@placement-api.service[114836]: DEBUG placement.objects.allocation_candidate [req-1bfdd789-e0fe-4313-876b-e8f2f8b2ea8b req-b0ea78d5-badf-4cbc-a914-65632e06c4e8 service placement] RequestGroup(use_same_provider=False, resources={DISK_GB:1, MEMORY_MB:1024, VCPU:1}, traits=(), aggregates=[]) (suffix '') returned 2 matches {{(pid=114836) _get_by_requests /opt/stack/placement/placement/objects/allocation_candidate.py:156}}
Aug 30 01:44:11.382669 n-d-854441-9 devstack@placement-api.service[114836]: DEBUG placement.objects.allocation_candidate [req-1bfdd789-e0fe-4313-876b-e8f2f8b2ea8b req-b0ea78d5-badf-4cbc-a914-65632e06c4e8 service placement] Merging candidates yields 2 allocation requests and 2 provider summaries {{(pid=114836) _merge_candidates /opt/stack/placement/placement/objects/allocation_candidate.py:809}}
Aug 30 01:44:11.391470 n-d-854441-9 devstack@placement-api.service[114836]: INFO placement.requestlog [req-1bfdd789-e0fe-4313-876b-e8f2f8b2ea8b req-b0ea78d5-badf-4cbc-a914-65632e06c4e8 service placement] 10.222.0.26 "GET /placement/allocation_candidates?limit=1000&resources=DISK_GB%3A1%2CMEMORY_MB%3A1024%2CVCPU%3A1&root_required=%21COMPUTE_STATUS_DISABLED" status: 200 len: 1306 microversion: 1.36
Aug 30 01:44:11.391885 n-d-854441-9 devstack@placement-api.service[114836]: [pid: 114836|app: 0|req: 29/59] 10.222.0.26 () {60 vars in 1506 bytes} [Tue Aug 30 01:44:11 2022] GET /placement/allocation_candidates?limit=1000&resources=DISK_GB%3A1%2CMEMORY_MB%3A1024%2CVCPU%3A1&root_required=%21COMPUTE_STATUS_DISABLED => generated 1306 bytes in 126 msecs (HTTP/1.1 200) 8 headers in 297 bytes (1 switches on core 0)
Aug 30 01:44:11.496312 n-d-854441-9 devstack@placement-api.service[114835]: DEBUG placement.requestlog [req-1bfdd789-e0fe-4313-876b-e8f2f8b2ea8b req-2f4e8850-3886-47a8-9a2e-4ba29d65c1d8 None None] Starting request: 10.222.0.26 "GET /placement/allocations/3c6cca9d-f418-4722-9fed-41f799d61c3e" {{(pid=114835) __call__ /opt/stack/placement/placement/requestlog.py:55}}
Aug 30 01:44:11.507993 n-d-854441-9 devstack@placement-api.service[114835]: INFO placement.requestlog [req-1bfdd789-e0fe-4313-876b-e8f2f8b2ea8b req-2f4e8850-3886-47a8-9a2e-4ba29d65c1d8 service placement] 10.222.0.26 "GET /placement/allocations/3c6cca9d-f418-4722-9fed-41f799d61c3e" status: 200 len: 19 microversion: 1.28
Aug 30 01:44:11.508353 n-d-854441-9 devstack@placement-api.service[114835]: [pid: 114835|app: 0|req: 31/60] 10.222.0.26 () {60 vars in 1380 bytes} [Tue Aug 30 01:44:11 2022] GET /placement/allocations/3c6cca9d-f418-4722-9fed-41f799d61c3e => generated 19 bytes in 12 msecs (HTTP/1.1 200) 8 headers in 295 bytes (1 switches on core 0)
Aug 30 01:44:11.514966 n-d-854441-9 devstack@placement-api.service[114836]: DEBUG placement.requestlog [req-1bfdd789-e0fe-4313-876b-e8f2f8b2ea8b req-1394a5cb-66a6-46a2-9bb0-cbf0e9946380 None None] Starting request: 10.222.0.26 "PUT /placement/allocations/3c6cca9d-f418-4722-9fed-41f799d61c3e" {{(pid=114836) __call__ /opt/stack/placement/placement/requestlog.py:55}}
Aug 30 01:44:12.016582 n-d-854441-9 devstack@placement-api.service[114836]: DEBUG placement.handlers.allocation [req-1bfdd789-e0fe-4313-876b-e8f2f8b2ea8b req-1394a5cb-66a6-46a2-9bb0-cbf0e9946380 service placement] Successfully wrote allocations [, , ] {{(pid=114836) _update_consumers_and_create_allocations /opt/stack/placement/placement/handlers/allocation.py:462}}
Aug 30 01:44:12.021653 n-d-854441-9 devstack@placement-api.service[114835]: DEBUG placement.requestlog [req-0f4ebfe9-8cb4-4072-96ca-20fcfd1d3eec req-573e3ab2-321d-4667-90e4-93f07da42465 None None] Starting request: 10.222.0.26 "GET /placement/allocation_candidates?limit=1000&resources=DISK_GB%3A1%2CMEMORY_MB%3A1024%2CVCPU%3A1&root_required=%21COMPUTE_STATUS_DISABLED" {{(pid=114835) __call__ /opt/stack/placement/placement/requestlog.py:55}}
Aug 30 01:44:12.116830 n-d-854441-9 devstack@placement-api.service[114836]: INFO placement.requestlog [req-1bfdd789-e0fe-4313-876b-e8f2f8b2ea8b req-1394a5cb-66a6-46a2-9bb0-cbf0e9946380 service placement] 10.222.0.26 "PUT /placement/allocations/3c6cca9d-f418-4722-9fed-41f799d61c3e" status: 204 len: 0 microversion: 1.36
Aug 30 01:44:12.117630 n-d-854441-9 devstack@placement-api.service[114836]: [pid: 114836|app: 0|req: 30/61] 10.222.0.26 () {64 vars in 1433 bytes} [Tue Aug 30 01:44:11 2022] PUT /placement/allocations/3c6cca9d-f418-4722-9fed-41f799d61c3e => generated 0 bytes in 603 msecs (HTTP/1.1 204) 5 headers in 199 bytes (2 switches on core 0)
Aug 30 01:44:12.118321 n-d-854441-9 devstack@placement-api.service[114835]: DEBUG placement.objects.research_context [req-0f4ebfe9-8cb4-4072-96ca-20fcfd1d3eec req-573e3ab2-321d-4667-90e4-93f07da42465 service placement] getting providers with 1 DISK_GB {{(pid=114835) __init__ /opt/stack/placement/placement/objects/research_context.py:136}}
Aug 30 01:44:12.133551 n-d-854441-9 devstack@placement-api.service[114835]: DEBUG placement.objects.research_context [req-0f4ebfe9-8cb4-4072-96ca-20fcfd1d3eec req-573e3ab2-321d-4667-90e4-93f07da42465 service placement] getting providers with 1024 MEMORY_MB {{(pid=114835) __init__ /opt/stack/placement/placement/objects/research_context.py:136}}
Aug 30 01:44:12.149740 n-d-854441-9 devstack@placement-api.service[114835]: DEBUG placement.objects.research_context [req-0f4ebfe9-8cb4-4072-96ca-20fcfd1d3eec req-573e3ab2-321d-4667-90e4-93f07da42465 service placement] getting providers with 1 VCPU {{(pid=114835) __init__ /opt/stack/placement/placement/objects/research_context.py:136}}
Aug 30 01:44:12.170770 n-d-854441-9 devstack@placement-api.service[114835]: DEBUG placement.objects.research_context [req-0f4ebfe9-8cb4-4072-96ca-20fcfd1d3eec req-573e3ab2-321d-4667-90e4-93f07da42465 service placement] found 2 providers with available 1 DISK_GB {{(pid=114835) get_provider_ids_matching /opt/stack/placement/placement/objects/research_context.py:563}}
Aug 30 01:44:12.171566 n-d-854441-9 devstack@placement-api.service[114835]: DEBUG placement.objects.research_context [req-0f4ebfe9-8cb4-4072-96ca-20fcfd1d3eec req-573e3ab2-321d-4667-90e4-93f07da42465 service placement] found 2 providers with available 1024 MEMORY_MB {{(pid=114835) get_provider_ids_matching /opt/stack/placement/placement/objects/research_context.py:563}}
Aug 30 01:44:12.172291 n-d-854441-9 devstack@placement-api.service[114835]: DEBUG placement.objects.research_context [req-0f4ebfe9-8cb4-4072-96ca-20fcfd1d3eec req-573e3ab2-321d-4667-90e4-93f07da42465 service placement] found 2 providers after filtering by previous result {{(pid=114835) get_provider_ids_matching /opt/stack/placement/placement/objects/research_context.py:594}}
Aug 30 01:44:12.172732 n-d-854441-9 devstack@placement-api.service[114835]: DEBUG placement.objects.research_context [req-0f4ebfe9-8cb4-4072-96ca-20fcfd1d3eec req-573e3ab2-321d-4667-90e4-93f07da42465 service placement] found 2 providers with available 1 VCPU {{(pid=114835) get_provider_ids_matching /opt/stack/placement/placement/objects/research_context.py:563}}
Aug 30 01:44:12.173164 n-d-854441-9 devstack@placement-api.service[114835]: DEBUG placement.objects.research_context [req-0f4ebfe9-8cb4-4072-96ca-20fcfd1d3eec req-573e3ab2-321d-4667-90e4-93f07da42465 service placement] found 2 providers after filtering by previous result {{(pid=114835) get_provider_ids_matching /opt/stack/placement/placement/objects/research_context.py:594}}
Aug 30 01:44:12.211889 n-d-854441-9 devstack@placement-api.service[114836]: DEBUG placement.requestlog [req-69965af8-e378-487b-8fb3-427333f5aba4 req-87160d24-d476-4277-9772-ef956952d784 None None] Starting request: 10.222.0.26 "GET /placement/resource_providers?name=n-h2-854441-9" {{(pid=114836) __call__ /opt/stack/placement/placement/requestlog.py:55}}
Aug 30 01:44:12.222372 n-d-854441-9 devstack@placement-api.service[114835]: DEBUG placement.objects.allocation_candidate [req-0f4ebfe9-8cb4-4072-96ca-20fcfd1d3eec req-573e3ab2-321d-4667-90e4-93f07da42465 service placement] RequestGroup(use_same_provider=False, resources={DISK_GB:1, MEMORY_MB:1024, VCPU:1}, traits=(), aggregates=[]) (suffix '') returned 2 matches {{(pid=114835) _get_by_requests /opt/stack/placement/placement/objects/allocation_candidate.py:156}}
Aug 30 01:44:12.223307 n-d-854441-9 devstack@placement-api.service[114835]: DEBUG placement.objects.allocation_candidate [req-0f4ebfe9-8cb4-4072-96ca-20fcfd1d3eec req-573e3ab2-321d-4667-90e4-93f07da42465 service placement] Merging candidates yields 2 allocation requests and 2 provider summaries {{(pid=114835) _merge_candidates /opt/stack/placement/placement/objects/allocation_candidate.py:809}}
Aug 30 01:44:12.227120 n-d-854441-9 devstack@placement-api.service[114835]: INFO placement.requestlog [req-0f4ebfe9-8cb4-4072-96ca-20fcfd1d3eec req-573e3ab2-321d-4667-90e4-93f07da42465 service placement] 10.222.0.26 "GET /placement/allocation_candidates?limit=1000&resources=DISK_GB%3A1%2CMEMORY_MB%3A1024%2CVCPU%3A1&root_required=%21COMPUTE_STATUS_DISABLED" status: 200 len: 1306 microversion: 1.36
Aug 30 01:44:12.229303 n-d-854441-9 devstack@placement-api.service[114835]: [pid: 114835|app: 0|req: 32/62] 10.222.0.26 () {60 vars in 1506 bytes} [Tue Aug 30 01:44:12 2022] GET /placement/allocation_candidates?limit=1000&resources=DISK_GB%3A1%2CMEMORY_MB%3A1024%2CVCPU%3A1&root_required=%21COMPUTE_STATUS_DISABLED => generated 1306 bytes in 207 msecs (HTTP/1.1 200) 8 headers in 297 bytes (2 switches on core 0)
Aug 30 01:44:12.235358 n-d-854441-9 devstack@placement-api.service[114836]: INFO placement.requestlog [req-69965af8-e378-487b-8fb3-427333f5aba4 req-87160d24-d476-4277-9772-ef956952d784 service placement] 10.222.0.26 "GET /placement/resource_providers?name=n-h2-854441-9" status: 200 len: 440 microversion: 1.0
Aug 30 01:44:12.243255 n-d-854441-9 devstack@placement-api.service[114835]: DEBUG placement.requestlog [req-69965af8-e378-487b-8fb3-427333f5aba4 req-72400fdc-0903-4909-8deb-0ad78c76022d None None] Starting request: 10.222.0.26 "GET /placement/resource_providers/8cac5b6a-9c24-4e9b-b295-b53aafcc447a/aggregates" {{(pid=114835) __call__ /opt/stack/placement/placement/requestlog.py:55}}
Aug 30 01:44:12.249274 n-d-854441-9 devstack@placement-api.service[114836]: [pid: 114836|app: 0|req: 31/63] 10.222.0.26 () {58 vars in 1274 bytes} [Tue Aug 30 01:44:12 2022] GET /placement/resource_providers?name=n-h2-854441-9 => generated 440 bytes in 37 msecs (HTTP/1.1 200) 6 headers in 224 bytes (1 switches on core 0)
Aug 30 01:44:12.286796 n-d-854441-9 devstack@placement-api.service[114835]: INFO placement.requestlog [req-69965af8-e378-487b-8fb3-427333f5aba4 req-72400fdc-0903-4909-8deb-0ad78c76022d service placement] 10.222.0.26 "GET /placement/resource_providers/8cac5b6a-9c24-4e9b-b295-b53aafcc447a/aggregates" status: 200 len: 91 microversion: 1.19
Aug 30 01:44:12.287199 n-d-854441-9 devstack@placement-api.service[114835]: [pid: 114835|app: 0|req: 33/64] 10.222.0.26 () {60 vars in 1425 bytes} [Tue Aug 30 01:44:12 2022] GET /placement/resource_providers/8cac5b6a-9c24-4e9b-b295-b53aafcc447a/aggregates => generated 91 bytes in 44 msecs (HTTP/1.1 200) 8 headers in 295 bytes (2 switches on core 0)
Aug 30 01:44:12.296639 n-d-854441-9 devstack@placement-api.service[114836]: DEBUG placement.requestlog [req-69965af8-e378-487b-8fb3-427333f5aba4 req-833a36c3-3576-4fad-9a9a-3e991f17e6df None None] Starting request: 10.222.0.26 "PUT /placement/resource_providers/8cac5b6a-9c24-4e9b-b295-b53aafcc447a/aggregates" {{(pid=114836) __call__ /opt/stack/placement/placement/requestlog.py:55}}
Aug 30 01:44:12.369154 n-d-854441-9 devstack@placement-api.service[114836]: DEBUG placement.objects.resource_provider [req-69965af8-e378-487b-8fb3-427333f5aba4 req-833a36c3-3576-4fad-9a9a-3e991f17e6df service placement] Setting aggregates for provider 8cac5b6a-9c24-4e9b-b295-b53aafcc447a. Successfully disassociated aggregate 6cfdc586-cb3d-4b74-900e-a5ccec00d47f. {{(pid=114836) _set_aggregates /opt/stack/placement/placement/objects/resource_provider.py:404}}
Aug 30 01:44:12.386349 n-d-854441-9 devstack@placement-api.service[114835]: DEBUG placement.requestlog [req-0f4ebfe9-8cb4-4072-96ca-20fcfd1d3eec req-5a8c950f-1a7a-4a6a-8518-9afea90ddfb6 None None] Starting request: 10.222.0.26 "GET /placement/allocations/74309dd8-9b2f-4be9-8997-e9cdaa740b26" {{(pid=114835) __call__ /opt/stack/placement/placement/requestlog.py:55}}
Aug 30 01:44:12.404249 n-d-854441-9 devstack@placement-api.service[114835]: INFO placement.requestlog [req-0f4ebfe9-8cb4-4072-96ca-20fcfd1d3eec req-5a8c950f-1a7a-4a6a-8518-9afea90ddfb6 service placement] 10.222.0.26 "GET /placement/allocations/74309dd8-9b2f-4be9-8997-e9cdaa740b26" status: 200 len: 19 microversion: 1.28
Aug 30 01:44:12.413543 n-d-854441-9 devstack@placement-api.service[114835]: [pid: 114835|app: 0|req: 34/65] 10.222.0.26 () {60 vars in 1380 bytes} [Tue Aug 30 01:44:12 2022] GET /placement/allocations/74309dd8-9b2f-4be9-8997-e9cdaa740b26 => generated 19 bytes in 26 msecs (HTTP/1.1 200) 8 headers in 295 bytes (2 switches on core 0)
Aug 30 01:44:12.429209 n-d-854441-9 devstack@placement-api.service[114835]: DEBUG placement.requestlog [req-0f4ebfe9-8cb4-4072-96ca-20fcfd1d3eec req-a1b9915f-c197-4f5c-a1f5-ee7bdc22dec9 None None] Starting request: 10.222.0.26 "PUT /placement/allocations/74309dd8-9b2f-4be9-8997-e9cdaa740b26" {{(pid=114835) __call__ /opt/stack/placement/placement/requestlog.py:55}}
Aug 30 01:44:12.510910 n-d-854441-9 devstack@placement-api.service[114836]: INFO placement.requestlog [req-69965af8-e378-487b-8fb3-427333f5aba4 req-833a36c3-3576-4fad-9a9a-3e991f17e6df service placement] 10.222.0.26 "PUT /placement/resource_providers/8cac5b6a-9c24-4e9b-b295-b53aafcc447a/aggregates" status: 200 len: 53 microversion: 1.19
Aug 30 01:44:12.511968 n-d-854441-9 devstack@placement-api.service[114836]: [pid: 114836|app: 0|req: 32/66] 10.222.0.26 () {64 vars in 1477 bytes} [Tue Aug 30 01:44:12 2022] PUT /placement/resource_providers/8cac5b6a-9c24-4e9b-b295-b53aafcc447a/aggregates => generated 53 bytes in 216 msecs (HTTP/1.1 200) 8 headers in 295 bytes (1 switches on core 0)
Aug 30 01:44:12.668895 n-d-854441-9 devstack@placement-api.service[114835]: DEBUG dbcounter [-] [114835] Writing DB stats placement:SELECT=86,placement:INSERT=7,placement:DELETE=5,placement:UPDATE=2 {{(pid=114835) stat_writer /usr/local/lib/python3.8/dist-packages/dbcounter.py:114}}
Aug 30 01:44:12.699754 n-d-854441-9 devstack@placement-api.service[114835]: DEBUG placement.handlers.allocation [req-0f4ebfe9-8cb4-4072-96ca-20fcfd1d3eec req-a1b9915f-c197-4f5c-a1f5-ee7bdc22dec9 service placement] Successfully wrote allocations [, , ] {{(pid=114835) _update_consumers_and_create_allocations /opt/stack/placement/placement/handlers/allocation.py:462}}
Aug 30 01:44:12.811612 n-d-854441-9 devstack@placement-api.service[114835]: INFO placement.requestlog [req-0f4ebfe9-8cb4-4072-96ca-20fcfd1d3eec req-a1b9915f-c197-4f5c-a1f5-ee7bdc22dec9 service placement] 10.222.0.26 "PUT /placement/allocations/74309dd8-9b2f-4be9-8997-e9cdaa740b26" status: 204 len: 0 microversion: 1.36
Aug 30 01:44:12.812146 n-d-854441-9 devstack@placement-api.service[114835]: [pid: 114835|app: 0|req: 35/67] 10.222.0.26 () {64 vars in 1433 bytes} [Tue Aug 30 01:44:12 2022] PUT /placement/allocations/74309dd8-9b2f-4be9-8997-e9cdaa740b26 => generated 0 bytes in 395 msecs (HTTP/1.1 204) 5 headers in 199 bytes (1 switches on core 0)
Aug 30 01:44:13.361060 n-d-854441-9 devstack@placement-api.service[114836]: DEBUG placement.requestlog [req-22577880-5c3c-43c1-b593-10f67cbf2b67 req-4ad90b51-2793-471e-aa52-d0c99253b255 None None] Starting request: 10.222.0.26 "GET /placement/resource_providers?name=n-h2-854441-9" {{(pid=114836) __call__ /opt/stack/placement/placement/requestlog.py:55}}
Aug 30 01:44:13.379984 n-d-854441-9 devstack@placement-api.service[114836]: INFO placement.requestlog [req-22577880-5c3c-43c1-b593-10f67cbf2b67 req-4ad90b51-2793-471e-aa52-d0c99253b255 service placement] 10.222.0.26 "GET /placement/resource_providers?name=n-h2-854441-9" status: 200 len: 440 microversion: 1.0
Aug 30 01:44:13.381450 n-d-854441-9 devstack@placement-api.service[114836]: [pid: 114836|app: 0|req: 33/68] 10.222.0.26 () {58 vars in 1274 bytes} [Tue Aug 30 01:44:13 2022] GET /placement/resource_providers?name=n-h2-854441-9 => generated 440 bytes in 21 msecs (HTTP/1.1 200) 6 headers in 224 bytes (1 switches on core 0)
Aug 30 01:44:13.390496 n-d-854441-9 devstack@placement-api.service[114835]: DEBUG placement.requestlog [req-22577880-5c3c-43c1-b593-10f67cbf2b67 req-f356d3b2-6b8a-4d30-bcd0-8c0ac3c701e9 None None] Starting request: 10.222.0.26 "GET /placement/resource_providers/8cac5b6a-9c24-4e9b-b295-b53aafcc447a/aggregates" {{(pid=114835) __call__ /opt/stack/placement/placement/requestlog.py:55}}
Aug 30 01:44:13.404711 n-d-854441-9 devstack@placement-api.service[114835]: INFO placement.requestlog [req-22577880-5c3c-43c1-b593-10f67cbf2b67 req-f356d3b2-6b8a-4d30-bcd0-8c0ac3c701e9 service placement] 10.222.0.26 "GET /placement/resource_providers/8cac5b6a-9c24-4e9b-b295-b53aafcc447a/aggregates" status: 200 len: 53 microversion: 1.19
Aug 30 01:44:13.405043 n-d-854441-9 devstack@placement-api.service[114835]: [pid: 114835|app: 0|req: 36/69] 10.222.0.26 () {60 vars in 1425 bytes} [Tue Aug 30 01:44:13 2022] GET /placement/resource_providers/8cac5b6a-9c24-4e9b-b295-b53aafcc447a/aggregates => generated 53 bytes in 15 msecs (HTTP/1.1 200) 8 headers in 295 bytes (1 switches on core 0)
Aug 30 01:44:13.413485 n-d-854441-9 devstack@placement-api.service[114836]: DEBUG placement.requestlog [req-22577880-5c3c-43c1-b593-10f67cbf2b67 req-5b0832d4-d267-4bba-92c2-08410c037a6a None None] Starting request: 10.222.0.26 "PUT /placement/resource_providers/8cac5b6a-9c24-4e9b-b295-b53aafcc447a/aggregates" {{(pid=114836) __call__ /opt/stack/placement/placement/requestlog.py:55}}
Aug 30 01:44:13.441466 n-d-854441-9 devstack@placement-api.service[114836]: DEBUG placement.objects.resource_provider [req-22577880-5c3c-43c1-b593-10f67cbf2b67 req-5b0832d4-d267-4bba-92c2-08410c037a6a service placement] _ensure_aggregate() did not find aggregate 2371d57e-b591-4e81-9e93-c33d186f7772. Attempting to create it. {{(pid=114836) _ensure_aggregate /opt/stack/placement/placement/objects/resource_provider.py:321}}
Aug 30 01:44:13.443398 n-d-854441-9 devstack@placement-api.service[114836]: DEBUG placement.objects.resource_provider [req-22577880-5c3c-43c1-b593-10f67cbf2b67 req-5b0832d4-d267-4bba-92c2-08410c037a6a service placement] _ensure_aggregate() created new aggregate 2371d57e-b591-4e81-9e93-c33d186f7772 (id=2). {{(pid=114836) _ensure_aggregate /opt/stack/placement/placement/objects/resource_provider.py:327}}
Aug 30 01:44:13.446086 n-d-854441-9 devstack@placement-api.service[114836]: DEBUG placement.objects.resource_provider [req-22577880-5c3c-43c1-b593-10f67cbf2b67 req-5b0832d4-d267-4bba-92c2-08410c037a6a service placement] Setting aggregates for provider 8cac5b6a-9c24-4e9b-b295-b53aafcc447a. Successfully associated aggregate 2371d57e-b591-4e81-9e93-c33d186f7772. {{(pid=114836) _set_aggregates /opt/stack/placement/placement/objects/resource_provider.py:389}}
Aug 30 01:44:13.470825 n-d-854441-9 devstack@placement-api.service[114835]: DEBUG placement.requestlog [req-1bfdd789-e0fe-4313-876b-e8f2f8b2ea8b req-87cd6b68-498c-4216-af9b-e1c90b534122 None None] Starting request: 10.222.0.62 "GET /placement/allocations/3c6cca9d-f418-4722-9fed-41f799d61c3e" {{(pid=114835) __call__ /opt/stack/placement/placement/requestlog.py:55}}
Aug 30 01:44:13.493589 n-d-854441-9 devstack@placement-api.service[114835]: INFO placement.requestlog [req-1bfdd789-e0fe-4313-876b-e8f2f8b2ea8b req-87cd6b68-498c-4216-af9b-e1c90b534122 service placement] 10.222.0.62 "GET /placement/allocations/3c6cca9d-f418-4722-9fed-41f799d61c3e" status: 200 len: 258 microversion: 1.28
Aug 30 01:44:13.493975 n-d-854441-9 devstack@placement-api.service[114835]: [pid: 114835|app: 0|req: 37/70] 10.222.0.62 () {60 vars in 1377 bytes} [Tue Aug 30 01:44:13 2022] GET /placement/allocations/3c6cca9d-f418-4722-9fed-41f799d61c3e => generated 258 bytes in 24 msecs (HTTP/1.1 200) 8 headers in 296 bytes (2 switches on core 0)
Aug 30 01:44:13.558732 n-d-854441-9 devstack@placement-api.service[114836]: INFO placement.requestlog [req-22577880-5c3c-43c1-b593-10f67cbf2b67 req-5b0832d4-d267-4bba-92c2-08410c037a6a service placement] 10.222.0.26 "PUT /placement/resource_providers/8cac5b6a-9c24-4e9b-b295-b53aafcc447a/aggregates" status: 200 len: 91 microversion: 1.19
Aug 30 01:44:13.559892 n-d-854441-9 devstack@placement-api.service[114836]: [pid: 114836|app: 0|req: 34/71] 10.222.0.26 () {64 vars in 1477 bytes} [Tue Aug 30 01:44:13 2022] PUT /placement/resource_providers/8cac5b6a-9c24-4e9b-b295-b53aafcc447a/aggregates => generated 91 bytes in 147 msecs (HTTP/1.1 200) 8 headers in 295 bytes (1 switches on core 0)
Aug 30 01:44:13.661134 n-d-854441-9 devstack@placement-api.service[114835]: DEBUG placement.requestlog [req-1f8d48cb-1311-45e7-ac43-b3c627c25c0d req-62aa1375-bd60-44c6-81fe-231088aa5365 None None] Starting request: 10.222.0.26 "GET /placement/resource_providers?name=n-h2-854441-9" {{(pid=114835) __call__ /opt/stack/placement/placement/requestlog.py:55}}
Aug 30 01:44:13.679139 n-d-854441-9 devstack@placement-api.service[114835]: INFO placement.requestlog [req-1f8d48cb-1311-45e7-ac43-b3c627c25c0d req-62aa1375-bd60-44c6-81fe-231088aa5365 service placement] 10.222.0.26 "GET /placement/resource_providers?name=n-h2-854441-9" status: 200 len: 440 microversion: 1.0
Aug 30 01:44:13.687126 n-d-854441-9 devstack@placement-api.service[114836]: DEBUG placement.requestlog [req-1f8d48cb-1311-45e7-ac43-b3c627c25c0d req-6db4f986-a251-4efb-9f48-eb3a24de5a3b None None] Starting request: 10.222.0.26 "GET /placement/resource_providers/8cac5b6a-9c24-4e9b-b295-b53aafcc447a/aggregates" {{(pid=114836) __call__ /opt/stack/placement/placement/requestlog.py:55}}
Aug 30 01:44:13.695472 n-d-854441-9 devstack@placement-api.service[114835]: [pid: 114835|app: 0|req: 38/72] 10.222.0.26 () {58 vars in 1274 bytes} [Tue Aug 30 01:44:13 2022] GET /placement/resource_providers?name=n-h2-854441-9 => generated 440 bytes in 28 msecs (HTTP/1.1 200) 6 headers in 224 bytes (1 switches on core 0)
Aug 30 01:44:13.703023 n-d-854441-9 devstack@placement-api.service[114836]: INFO placement.requestlog [req-1f8d48cb-1311-45e7-ac43-b3c627c25c0d req-6db4f986-a251-4efb-9f48-eb3a24de5a3b service placement] 10.222.0.26 "GET /placement/resource_providers/8cac5b6a-9c24-4e9b-b295-b53aafcc447a/aggregates" status: 200 len: 91 microversion: 1.19
Aug 30 01:44:13.710407 n-d-854441-9 devstack@placement-api.service[114836]: [pid: 114836|app: 0|req: 35/73] 10.222.0.26 () {60 vars in 1425 bytes} [Tue Aug 30 01:44:13 2022] GET /placement/resource_providers/8cac5b6a-9c24-4e9b-b295-b53aafcc447a/aggregates => generated 91 bytes in 23 msecs (HTTP/1.1 200) 8 headers in 295 bytes (1 switches on core 0)
Aug 30 01:44:13.711088 n-d-854441-9 devstack@placement-api.service[114835]: DEBUG placement.requestlog [req-1f8d48cb-1311-45e7-ac43-b3c627c25c0d req-0df9459c-2e06-4aff-a838-d19d7ee3d2ab None None] Starting request: 10.222.0.26 "PUT /placement/resource_providers/8cac5b6a-9c24-4e9b-b295-b53aafcc447a/aggregates" {{(pid=114835) __call__ /opt/stack/placement/placement/requestlog.py:55}}
Aug 30 01:44:13.743484 n-d-854441-9 devstack@placement-api.service[114835]: DEBUG placement.objects.resource_provider [req-1f8d48cb-1311-45e7-ac43-b3c627c25c0d req-0df9459c-2e06-4aff-a838-d19d7ee3d2ab service placement] Setting aggregates for provider 8cac5b6a-9c24-4e9b-b295-b53aafcc447a. Successfully disassociated aggregate 2371d57e-b591-4e81-9e93-c33d186f7772. {{(pid=114835) _set_aggregates /opt/stack/placement/placement/objects/resource_provider.py:404}}
Aug 30 01:44:13.814006 n-d-854441-9 devstack@placement-api.service[114835]: INFO placement.requestlog [req-1f8d48cb-1311-45e7-ac43-b3c627c25c0d req-0df9459c-2e06-4aff-a838-d19d7ee3d2ab service placement] 10.222.0.26 "PUT /placement/resource_providers/8cac5b6a-9c24-4e9b-b295-b53aafcc447a/aggregates" status: 200 len: 54 microversion: 1.19
Aug 30 01:44:13.814439 n-d-854441-9 devstack@placement-api.service[114835]: [pid: 114835|app: 0|req: 39/74] 10.222.0.26 () {64 vars in 1477 bytes} [Tue Aug 30 01:44:13 2022] PUT /placement/resource_providers/8cac5b6a-9c24-4e9b-b295-b53aafcc447a/aggregates => generated 54 bytes in 104 msecs (HTTP/1.1 200) 8 headers in 295 bytes (2 switches on core 0)
Aug 30 01:44:13.866380 n-d-854441-9 devstack@placement-api.service[114836]: DEBUG placement.requestlog [req-1bfdd789-e0fe-4313-876b-e8f2f8b2ea8b req-a82f1a3f-61df-4285-b034-3255fa669ffa None None] Starting request: 10.222.0.62 "GET /placement/resource_providers/8cac5b6a-9c24-4e9b-b295-b53aafcc447a/allocations" {{(pid=114836) __call__ /opt/stack/placement/placement/requestlog.py:55}}
Aug 30 01:44:13.914375 n-d-854441-9 devstack@placement-api.service[114836]: INFO placement.requestlog [req-1bfdd789-e0fe-4313-876b-e8f2f8b2ea8b req-a82f1a3f-61df-4285-b034-3255fa669ffa service placement] 10.222.0.62 "GET /placement/resource_providers/8cac5b6a-9c24-4e9b-b295-b53aafcc447a/allocations" status: 200 len: 255 microversion: 1.0
Aug 30 01:44:13.915784 n-d-854441-9 devstack@placement-api.service[114836]: [pid: 114836|app: 0|req: 36/75] 10.222.0.62 () {58 vars in 1390 bytes} [Tue Aug 30 01:44:13 2022] GET /placement/resource_providers/8cac5b6a-9c24-4e9b-b295-b53aafcc447a/allocations => generated 255 bytes in 50 msecs (HTTP/1.1 200) 6 headers in 224 bytes (1 switches on core 0)
Aug 30 01:44:13.922034 n-d-854441-9 devstack@placement-api.service[114835]: DEBUG placement.requestlog [req-1bfdd789-e0fe-4313-876b-e8f2f8b2ea8b req-5554e14e-32c5-4884-b6fc-6232e93102c6 None None] Starting request: 10.222.0.62 "GET /placement/allocations/74309dd8-9b2f-4be9-8997-e9cdaa740b26" {{(pid=114835) __call__ /opt/stack/placement/placement/requestlog.py:55}}
Aug 30 01:44:13.969583 n-d-854441-9 devstack@placement-api.service[114835]: INFO placement.requestlog [req-1bfdd789-e0fe-4313-876b-e8f2f8b2ea8b req-5554e14e-32c5-4884-b6fc-6232e93102c6 service placement] 10.222.0.62 "GET /placement/allocations/74309dd8-9b2f-4be9-8997-e9cdaa740b26" status: 200 len: 259 microversion: 1.28
Aug 30 01:44:13.970241 n-d-854441-9 devstack@placement-api.service[114835]: [pid: 114835|app: 0|req: 40/76] 10.222.0.62 () {60 vars in 1377 bytes} [Tue Aug 30 01:44:13 2022] GET /placement/allocations/74309dd8-9b2f-4be9-8997-e9cdaa740b26 => generated 259 bytes in 49 msecs (HTTP/1.1 200) 8 headers in 296 bytes (1 switches on core 0)
Aug 30 01:44:13.990704 n-d-854441-9 devstack@placement-api.service[114836]: DEBUG placement.requestlog [req-1bfdd789-e0fe-4313-876b-e8f2f8b2ea8b req-72e6e649-d627-4e39-878c-19c1f71379fb None None] Starting request: 10.222.0.62 "GET /placement/allocations/3c6cca9d-f418-4722-9fed-41f799d61c3e" {{(pid=114836) __call__ /opt/stack/placement/placement/requestlog.py:55}}
Aug 30 01:44:14.060161 n-d-854441-9 devstack@placement-api.service[114836]: INFO placement.requestlog [req-1bfdd789-e0fe-4313-876b-e8f2f8b2ea8b req-72e6e649-d627-4e39-878c-19c1f71379fb service placement] 10.222.0.62 "GET /placement/allocations/3c6cca9d-f418-4722-9fed-41f799d61c3e" status: 200 len: 259 microversion: 1.28
Aug 30 01:44:14.062003 n-d-854441-9 devstack@placement-api.service[114836]: [pid: 114836|app: 0|req: 37/77] 10.222.0.62 () {60 vars in 1377 bytes} [Tue Aug 30 01:44:13 2022] GET /placement/allocations/3c6cca9d-f418-4722-9fed-41f799d61c3e => generated 259 bytes in 72 msecs (HTTP/1.1 200) 8 headers in 296 bytes (1 switches on core 0)
Aug 30 01:44:14.274861 n-d-854441-9 devstack@placement-api.service[114835]: DEBUG placement.requestlog [req-0f4ebfe9-8cb4-4072-96ca-20fcfd1d3eec req-bc9038af-074e-4283-8401-6495d829493b None None] Starting request: 10.222.0.62 "GET /placement/allocations/74309dd8-9b2f-4be9-8997-e9cdaa740b26" {{(pid=114835) __call__ /opt/stack/placement/placement/requestlog.py:55}}
Aug 30 01:44:14.312632 n-d-854441-9 devstack@placement-api.service[114835]: INFO placement.requestlog [req-0f4ebfe9-8cb4-4072-96ca-20fcfd1d3eec req-bc9038af-074e-4283-8401-6495d829493b service placement] 10.222.0.62 "GET /placement/allocations/74309dd8-9b2f-4be9-8997-e9cdaa740b26" status: 200 len: 259 microversion: 1.28
Aug 30 01:44:14.314843 n-d-854441-9 devstack@placement-api.service[114835]: [pid: 114835|app: 0|req: 41/78] 10.222.0.62 () {60 vars in 1377 bytes} [Tue Aug 30 01:44:14 2022] GET /placement/allocations/74309dd8-9b2f-4be9-8997-e9cdaa740b26 => generated 259 bytes in 41 msecs (HTTP/1.1 200) 8 headers in 296 bytes (1 switches on core 0)
Aug 30 01:44:14.585120 n-d-854441-9 devstack@placement-api.service[114836]: DEBUG placement.requestlog [req-0f4ebfe9-8cb4-4072-96ca-20fcfd1d3eec req-222303d7-524a-43eb-a05b-2160bffba080 None None] Starting request: 10.222.0.62 "GET /placement/resource_providers/8cac5b6a-9c24-4e9b-b295-b53aafcc447a/allocations" {{(pid=114836) __call__ /opt/stack/placement/placement/requestlog.py:55}}
Aug 30 01:44:14.641436 n-d-854441-9 devstack@placement-api.service[114836]: DEBUG dbcounter [-] [114836] Writing DB stats placement:SELECT=83,placement:DELETE=5,placement:INSERT=8,placement:UPDATE=4 {{(pid=114836) stat_writer /usr/local/lib/python3.8/dist-packages/dbcounter.py:114}}
Aug 30 01:44:14.655679 n-d-854441-9 devstack@placement-api.service[114836]: INFO placement.requestlog [req-0f4ebfe9-8cb4-4072-96ca-20fcfd1d3eec req-222303d7-524a-43eb-a05b-2160bffba080 service placement] 10.222.0.62 "GET /placement/resource_providers/8cac5b6a-9c24-4e9b-b295-b53aafcc447a/allocations" status: 200 len: 255 microversion: 1.0
Aug 30 01:44:14.656728 n-d-854441-9 devstack@placement-api.service[114836]: [pid: 114836|app: 0|req: 38/79] 10.222.0.62 () {58 vars in 1390 bytes} [Tue Aug 30 01:44:14 2022] GET /placement/resource_providers/8cac5b6a-9c24-4e9b-b295-b53aafcc447a/allocations => generated 255 bytes in 72 msecs (HTTP/1.1 200) 6 headers in 224 bytes (1 switches on core 0)
Aug 30 01:44:14.682890 n-d-854441-9 devstack@placement-api.service[114835]: DEBUG placement.requestlog [req-0f4ebfe9-8cb4-4072-96ca-20fcfd1d3eec req-abffad0c-1a9c-49fd-afd4-f8b094c6ad0a None None] Starting request: 10.222.0.62 "GET /placement/allocations/74309dd8-9b2f-4be9-8997-e9cdaa740b26" {{(pid=114835) __call__ /opt/stack/placement/placement/requestlog.py:55}}
Aug 30 01:44:14.683757 n-d-854441-9 devstack@placement-api.service[114836]: DEBUG placement.requestlog [req-b5cc4374-651c-43fa-bed2-22571bf9b8eb req-9a6bbad1-ef6f-403d-bc40-2e5e2f8a1906 None None] Starting request: 10.222.0.62 "GET /placement/resource_providers/8cac5b6a-9c24-4e9b-b295-b53aafcc447a/allocations" {{(pid=114836) __call__ /opt/stack/placement/placement/requestlog.py:55}}
Aug 30 01:44:14.705786 n-d-854441-9 devstack@placement-api.service[114835]: INFO placement.requestlog [req-0f4ebfe9-8cb4-4072-96ca-20fcfd1d3eec req-abffad0c-1a9c-49fd-afd4-f8b094c6ad0a service placement] 10.222.0.62 "GET /placement/allocations/74309dd8-9b2f-4be9-8997-e9cdaa740b26" status: 200 len: 259 microversion: 1.28
Aug 30 01:44:14.711951 n-d-854441-9 devstack@placement-api.service[114835]: [pid: 114835|app: 0|req: 42/80] 10.222.0.62 () {60 vars in 1377 bytes} [Tue Aug 30 01:44:14 2022] GET /placement/allocations/74309dd8-9b2f-4be9-8997-e9cdaa740b26 => generated 259 bytes in 30 msecs (HTTP/1.1 200) 8 headers in 296 bytes (1 switches on core 0)
Aug 30 01:44:14.712394 n-d-854441-9 devstack@placement-api.service[114836]: INFO placement.requestlog [req-b5cc4374-651c-43fa-bed2-22571bf9b8eb req-9a6bbad1-ef6f-403d-bc40-2e5e2f8a1906 service placement] 10.222.0.62 "GET /placement/resource_providers/8cac5b6a-9c24-4e9b-b295-b53aafcc447a/allocations" status: 200 len: 255 microversion: 1.0
Aug 30 01:44:14.713729 n-d-854441-9 devstack@placement-api.service[114835]: DEBUG placement.requestlog [req-0f4ebfe9-8cb4-4072-96ca-20fcfd1d3eec req-1ed71d25-dd9e-4d7d-a38d-9d6e10b4c516 None None] Starting request: 10.222.0.62 "GET /placement/allocations/3c6cca9d-f418-4722-9fed-41f799d61c3e" {{(pid=114835) __call__ /opt/stack/placement/placement/requestlog.py:55}}
Aug 30 01:44:14.714037 n-d-854441-9 devstack@placement-api.service[114836]: [pid: 114836|app: 0|req: 39/81] 10.222.0.62 () {58 vars in 1390 bytes} [Tue Aug 30 01:44:14 2022] GET /placement/resource_providers/8cac5b6a-9c24-4e9b-b295-b53aafcc447a/allocations => generated 255 bytes in 31 msecs (HTTP/1.1 200) 6 headers in 224 bytes (2 switches on core 0)
Aug 30 01:44:14.721347 n-d-854441-9 devstack@placement-api.service[114836]: DEBUG placement.requestlog [req-b5cc4374-651c-43fa-bed2-22571bf9b8eb req-cba68e35-87a1-4822-8d08-712b10fc69cc None None] Starting request: 10.222.0.62 "GET /placement/resource_providers/8cac5b6a-9c24-4e9b-b295-b53aafcc447a/allocations" {{(pid=114836) __call__ /opt/stack/placement/placement/requestlog.py:55}}
Aug 30 01:44:14.739481 n-d-854441-9 devstack@placement-api.service[114835]: INFO placement.requestlog [req-0f4ebfe9-8cb4-4072-96ca-20fcfd1d3eec req-1ed71d25-dd9e-4d7d-a38d-9d6e10b4c516 service placement] 10.222.0.62 "GET /placement/allocations/3c6cca9d-f418-4722-9fed-41f799d61c3e" status: 200 len: 259 microversion: 1.28
Aug 30 01:44:14.746439 n-d-854441-9 devstack@placement-api.service[114835]: [pid: 114835|app: 0|req: 43/82] 10.222.0.62 () {60 vars in 1377 bytes} [Tue Aug 30 01:44:14 2022] GET /placement/allocations/3c6cca9d-f418-4722-9fed-41f799d61c3e => generated 259 bytes in 27 msecs (HTTP/1.1 200) 8 headers in 296 bytes (1 switches on core 0)
Aug 30 01:44:14.801874 n-d-854441-9 devstack@placement-api.service[114836]: INFO placement.requestlog [req-b5cc4374-651c-43fa-bed2-22571bf9b8eb req-cba68e35-87a1-4822-8d08-712b10fc69cc service placement] 10.222.0.62 "GET /placement/resource_providers/8cac5b6a-9c24-4e9b-b295-b53aafcc447a/allocations" status: 200 len: 255 microversion: 1.0
Aug 30 01:44:14.802614 n-d-854441-9 devstack@placement-api.service[114836]: [pid: 114836|app: 0|req: 40/83] 10.222.0.62 () {58 vars in 1390 bytes} [Tue Aug 30 01:44:14 2022] GET /placement/resource_providers/8cac5b6a-9c24-4e9b-b295-b53aafcc447a/allocations => generated 255 bytes in 81 msecs (HTTP/1.1 200) 6 headers in 224 bytes (1 switches on core 0)
Aug 30 01:44:14.895090 n-d-854441-9 devstack@placement-api.service[114835]: DEBUG placement.requestlog [None req-4d6462aa-f6ea-4251-a984-525301b58553 None None] Starting request: 10.222.0.26 "GET /placement/" {{(pid=114835) __call__ /opt/stack/placement/placement/requestlog.py:55}}
Aug 30 01:44:14.896096 n-d-854441-9 devstack@placement-api.service[114835]: INFO placement.requestlog [None req-4d6462aa-f6ea-4251-a984-525301b58553 None None] 10.222.0.26 "GET /placement/" status: 200 len: 136 microversion: 1.0
Aug 30 01:44:14.896453 n-d-854441-9 devstack@placement-api.service[114835]: [pid: 114835|app: 0|req: 44/84] 10.222.0.26 () {54 vars in 907 bytes} [Tue Aug 30 01:44:14 2022] GET /placement => generated 136 bytes in 2 msecs (HTTP/1.1 200) 6 headers in 224 bytes (1 switches on core 0)
Aug 30 01:44:14.916051 n-d-854441-9 devstack@placement-api.service[114836]: DEBUG placement.requestlog [req-dd4653e2-e7cc-4a45-941d-c534a99c3692 req-e9f04a9d-022f-487a-adc4-abb7b9aea31b None None] Starting request: 10.222.0.26 "GET /placement/resource_providers?name=n-h2-854441-9" {{(pid=114836) __call__ /opt/stack/placement/placement/requestlog.py:55}}
Aug 30 01:44:14.941030 n-d-854441-9 devstack@placement-api.service[114835]: DEBUG placement.requestlog [req-b5cc4374-651c-43fa-bed2-22571bf9b8eb req-87862a11-9814-49d9-8095-b8efe4b09eac None None] Starting request: 10.222.0.62 "GET /placement/allocations/74309dd8-9b2f-4be9-8997-e9cdaa740b26" {{(pid=114835) __call__ /opt/stack/placement/placement/requestlog.py:55}}
Aug 30 01:44:14.986703 n-d-854441-9 devstack@placement-api.service[114835]: INFO placement.requestlog [req-b5cc4374-651c-43fa-bed2-22571bf9b8eb req-87862a11-9814-49d9-8095-b8efe4b09eac service placement] 10.222.0.62 "GET /placement/allocations/74309dd8-9b2f-4be9-8997-e9cdaa740b26" status: 200 len: 259 microversion: 1.28
Aug 30 01:44:14.988637 n-d-854441-9 devstack@placement-api.service[114835]: [pid: 114835|app: 0|req: 45/85] 10.222.0.62 () {60 vars in 1377 bytes} [Tue Aug 30 01:44:14 2022] GET /placement/allocations/74309dd8-9b2f-4be9-8997-e9cdaa740b26 => generated 259 bytes in 48 msecs (HTTP/1.1 200) 8 headers in 296 bytes (2 switches on core 0)
Aug 30 01:44:14.996956 n-d-854441-9 devstack@placement-api.service[114835]: DEBUG placement.requestlog [req-b5cc4374-651c-43fa-bed2-22571bf9b8eb req-c68e3560-28be-486a-8f6a-c19c8bd8c7fc None None] Starting request: 10.222.0.62 "GET /placement/allocations/3c6cca9d-f418-4722-9fed-41f799d61c3e" {{(pid=114835) __call__ /opt/stack/placement/placement/requestlog.py:55}}
Aug 30 01:44:15.039762 n-d-854441-9 devstack@placement-api.service[114835]: INFO placement.requestlog [req-b5cc4374-651c-43fa-bed2-22571bf9b8eb req-c68e3560-28be-486a-8f6a-c19c8bd8c7fc service placement] 10.222.0.62 "GET /placement/allocations/3c6cca9d-f418-4722-9fed-41f799d61c3e" status: 200 len: 259 microversion: 1.28
Aug 30 01:44:15.040875 n-d-854441-9 devstack@placement-api.service[114835]: [pid: 114835|app: 0|req: 46/86] 10.222.0.62 () {60 vars in 1377 bytes} [Tue Aug 30 01:44:14 2022] GET /placement/allocations/3c6cca9d-f418-4722-9fed-41f799d61c3e => generated 259 bytes in 44 msecs (HTTP/1.1 200) 8 headers in 296 bytes (1 switches on core 0)
Aug 30 01:44:15.267812 n-d-854441-9 devstack@placement-api.service[114836]: INFO placement.requestlog [req-dd4653e2-e7cc-4a45-941d-c534a99c3692 req-e9f04a9d-022f-487a-adc4-abb7b9aea31b service placement] 10.222.0.26 "GET /placement/resource_providers?name=n-h2-854441-9" status: 200 len: 441 microversion: 1.0
Aug 30 01:44:15.277785 n-d-854441-9 devstack@placement-api.service[114835]: DEBUG placement.requestlog [req-dd4653e2-e7cc-4a45-941d-c534a99c3692 req-531a93fb-b27f-4c20-bfce-fa8447e954d5 None None] Starting request: 10.222.0.26 "GET /placement/resource_providers/8cac5b6a-9c24-4e9b-b295-b53aafcc447a/aggregates" {{(pid=114835) __call__ /opt/stack/placement/placement/requestlog.py:55}}
Aug 30 01:44:15.289317 n-d-854441-9 devstack@placement-api.service[114836]: [pid: 114836|app: 0|req: 41/87] 10.222.0.26 () {58 vars in 1274 bytes} [Tue Aug 30 01:44:14 2022] GET /placement/resource_providers?name=n-h2-854441-9 => generated 441 bytes in 374 msecs (HTTP/1.1 200) 6 headers in 224 bytes (1 switches on core 0)
Aug 30 01:44:15.300462 n-d-854441-9 devstack@placement-api.service[114835]: INFO placement.requestlog [req-dd4653e2-e7cc-4a45-941d-c534a99c3692 req-531a93fb-b27f-4c20-bfce-fa8447e954d5 service placement] 10.222.0.26 "GET /placement/resource_providers/8cac5b6a-9c24-4e9b-b295-b53aafcc447a/aggregates" status: 200 len: 54 microversion: 1.19
Aug 30 01:44:15.300853 n-d-854441-9 devstack@placement-api.service[114835]: [pid: 114835|app: 0|req: 47/88] 10.222.0.26 () {60 vars in 1425 bytes} [Tue Aug 30 01:44:15 2022] GET /placement/resource_providers/8cac5b6a-9c24-4e9b-b295-b53aafcc447a/aggregates => generated 54 bytes in 23 msecs (HTTP/1.1 200) 8 headers in 295 bytes (2 switches on core 0)
Aug 30 01:44:15.311706 n-d-854441-9 devstack@placement-api.service[114836]: DEBUG placement.requestlog [req-dd4653e2-e7cc-4a45-941d-c534a99c3692 req-a7c64b22-fd71-457a-8be7-83e1f15b018c None None] Starting request: 10.222.0.26 "PUT /placement/resource_providers/8cac5b6a-9c24-4e9b-b295-b53aafcc447a/aggregates" {{(pid=114836) __call__ /opt/stack/placement/placement/requestlog.py:55}}
Aug 30 01:44:15.360823 n-d-854441-9 devstack@placement-api.service[114836]: DEBUG placement.objects.resource_provider [req-dd4653e2-e7cc-4a45-941d-c534a99c3692 req-a7c64b22-fd71-457a-8be7-83e1f15b018c service placement] _ensure_aggregate() did not find aggregate cb5486fd-b237-47bf-bef8-2283ffe7174f. Attempting to create it. {{(pid=114836) _ensure_aggregate /opt/stack/placement/placement/objects/resource_provider.py:321}}
Aug 30 01:44:15.372989 n-d-854441-9 devstack@placement-api.service[114836]: DEBUG placement.objects.resource_provider [req-dd4653e2-e7cc-4a45-941d-c534a99c3692 req-a7c64b22-fd71-457a-8be7-83e1f15b018c service placement] _ensure_aggregate() created new aggregate cb5486fd-b237-47bf-bef8-2283ffe7174f (id=3). {{(pid=114836) _ensure_aggregate /opt/stack/placement/placement/objects/resource_provider.py:327}}
Aug 30 01:44:15.374818 n-d-854441-9 devstack@placement-api.service[114836]: DEBUG placement.objects.resource_provider [req-dd4653e2-e7cc-4a45-941d-c534a99c3692 req-a7c64b22-fd71-457a-8be7-83e1f15b018c service placement] Setting aggregates for provider 8cac5b6a-9c24-4e9b-b295-b53aafcc447a. Successfully associated aggregate cb5486fd-b237-47bf-bef8-2283ffe7174f. {{(pid=114836) _set_aggregates /opt/stack/placement/placement/objects/resource_provider.py:389}}
Aug 30 01:44:15.499369 n-d-854441-9 devstack@placement-api.service[114836]: INFO placement.requestlog [req-dd4653e2-e7cc-4a45-941d-c534a99c3692 req-a7c64b22-fd71-457a-8be7-83e1f15b018c service placement] 10.222.0.26 "PUT /placement/resource_providers/8cac5b6a-9c24-4e9b-b295-b53aafcc447a/aggregates" status: 200 len: 92 microversion: 1.19
Aug 30 01:44:15.500164 n-d-854441-9 devstack@placement-api.service[114836]: [pid: 114836|app: 0|req: 42/89] 10.222.0.26 () {64 vars in 1477 bytes} [Tue Aug 30 01:44:15 2022] PUT /placement/resource_providers/8cac5b6a-9c24-4e9b-b295-b53aafcc447a/aggregates => generated 92 bytes in 189 msecs (HTTP/1.1 200) 8 headers in 295 bytes (2 switches on core 0)
Aug 30 01:44:15.840570 n-d-854441-9 devstack@placement-api.service[114835]: DEBUG placement.requestlog [req-6e642ec1-ad85-4bd1-bbc1-c38b5cfd9bcf req-8bd007bd-0d91-40be-923f-599570d8a660 None None] Starting request: 10.222.0.26 "GET /placement/resource_providers?name=n-h2-854441-9" {{(pid=114835) __call__ /opt/stack/placement/placement/requestlog.py:55}}
Aug 30 01:44:15.876699 n-d-854441-9 devstack@placement-api.service[114835]: INFO placement.requestlog [req-6e642ec1-ad85-4bd1-bbc1-c38b5cfd9bcf req-8bd007bd-0d91-40be-923f-599570d8a660 service placement] 10.222.0.26 "GET /placement/resource_providers?name=n-h2-854441-9" status: 200 len: 441 microversion: 1.0
Aug 30 01:44:15.877643 n-d-854441-9 devstack@placement-api.service[114835]: [pid: 114835|app: 0|req: 48/90] 10.222.0.26 () {58 vars in 1274 bytes} [Tue Aug 30 01:44:15 2022] GET /placement/resource_providers?name=n-h2-854441-9 => generated 441 bytes in 37 msecs (HTTP/1.1 200) 6 headers in 224 bytes (1 switches on core 0)
Aug 30 01:44:15.884879 n-d-854441-9 devstack@placement-api.service[114836]: DEBUG placement.requestlog [req-6e642ec1-ad85-4bd1-bbc1-c38b5cfd9bcf req-4d16dc1c-9fad-4187-87d4-1f977483c98a None None] Starting request: 10.222.0.26 "GET /placement/resource_providers/8cac5b6a-9c24-4e9b-b295-b53aafcc447a/aggregates" {{(pid=114836) __call__ /opt/stack/placement/placement/requestlog.py:55}}
Aug 30 01:44:15.930485 n-d-854441-9 devstack@placement-api.service[114836]: INFO placement.requestlog [req-6e642ec1-ad85-4bd1-bbc1-c38b5cfd9bcf req-4d16dc1c-9fad-4187-87d4-1f977483c98a service placement] 10.222.0.26 "GET /placement/resource_providers/8cac5b6a-9c24-4e9b-b295-b53aafcc447a/aggregates" status: 200 len: 92 microversion: 1.19
Aug 30 01:44:15.932847 n-d-854441-9 devstack@placement-api.service[114836]: [pid: 114836|app: 0|req: 43/91] 10.222.0.26 () {60 vars in 1425 bytes} [Tue Aug 30 01:44:15 2022] GET /placement/resource_providers/8cac5b6a-9c24-4e9b-b295-b53aafcc447a/aggregates => generated 92 bytes in 47 msecs (HTTP/1.1 200) 8 headers in 295 bytes (1 switches on core 0)
Aug 30 01:44:15.938927 n-d-854441-9 devstack@placement-api.service[114835]: DEBUG placement.requestlog [req-6e642ec1-ad85-4bd1-bbc1-c38b5cfd9bcf req-b9625bed-c59b-40b4-a8da-b597a30d0aff None None] Starting request: 10.222.0.26 "PUT /placement/resource_providers/8cac5b6a-9c24-4e9b-b295-b53aafcc447a/aggregates" {{(pid=114835) __call__ /opt/stack/placement/placement/requestlog.py:55}}
Aug 30 01:44:15.973569 n-d-854441-9 devstack@placement-api.service[114835]: DEBUG placement.objects.resource_provider [req-6e642ec1-ad85-4bd1-bbc1-c38b5cfd9bcf req-b9625bed-c59b-40b4-a8da-b597a30d0aff service placement] Setting aggregates for provider 8cac5b6a-9c24-4e9b-b295-b53aafcc447a. Successfully disassociated aggregate cb5486fd-b237-47bf-bef8-2283ffe7174f. {{(pid=114835) _set_aggregates /opt/stack/placement/placement/objects/resource_provider.py:404}}
Aug 30 01:44:16.054335 n-d-854441-9 devstack@placement-api.service[114835]: INFO placement.requestlog [req-6e642ec1-ad85-4bd1-bbc1-c38b5cfd9bcf req-b9625bed-c59b-40b4-a8da-b597a30d0aff service placement] 10.222.0.26 "PUT /placement/resource_providers/8cac5b6a-9c24-4e9b-b295-b53aafcc447a/aggregates" status: 200 len: 54 microversion: 1.19
Aug 30 01:44:16.055364 n-d-854441-9 devstack@placement-api.service[114835]: [pid: 114835|app: 0|req: 49/92] 10.222.0.26 () {64 vars in 1477 bytes} [Tue Aug 30 01:44:15 2022] PUT /placement/resource_providers/8cac5b6a-9c24-4e9b-b295-b53aafcc447a/aggregates => generated 54 bytes in 117 msecs (HTTP/1.1 200) 8 headers in 295 bytes (1 switches on core 0)
Aug 30 01:44:16.733242 n-d-854441-9 devstack@placement-api.service[114836]: DEBUG placement.requestlog [req-3da50177-0225-434f-b5d9-f543f1fd2629 req-247e4bac-5202-4a1c-b9ef-245fc95ac8d0 None None] Starting request: 10.222.0.26 "GET /placement/resource_providers?name=n-h2-854441-9" {{(pid=114836) __call__ /opt/stack/placement/placement/requestlog.py:55}}
Aug 30 01:44:16.780534 n-d-854441-9 devstack@placement-api.service[114836]: INFO placement.requestlog [req-3da50177-0225-434f-b5d9-f543f1fd2629 req-247e4bac-5202-4a1c-b9ef-245fc95ac8d0 service placement] 10.222.0.26 "GET /placement/resource_providers?name=n-h2-854441-9" status: 200 len: 441 microversion: 1.0
Aug 30 01:44:16.785943 n-d-854441-9 devstack@placement-api.service[114836]: [pid: 114836|app: 0|req: 44/93] 10.222.0.26 () {58 vars in 1274 bytes} [Tue Aug 30 01:44:16 2022] GET /placement/resource_providers?name=n-h2-854441-9 => generated 441 bytes in 58 msecs (HTTP/1.1 200) 6 headers in 224 bytes (1 switches on core 0)
Aug 30 01:44:16.797749 n-d-854441-9 devstack@placement-api.service[114835]: DEBUG placement.requestlog [req-3da50177-0225-434f-b5d9-f543f1fd2629 req-ff86eb76-c616-4451-a3d9-99a8e6c1385d None None] Starting request: 10.222.0.26 "GET /placement/resource_providers/8cac5b6a-9c24-4e9b-b295-b53aafcc447a/aggregates" {{(pid=114835) __call__ /opt/stack/placement/placement/requestlog.py:55}}
Aug 30 01:44:16.820913 n-d-854441-9 devstack@placement-api.service[114835]: INFO placement.requestlog [req-3da50177-0225-434f-b5d9-f543f1fd2629 req-ff86eb76-c616-4451-a3d9-99a8e6c1385d service placement] 10.222.0.26 "GET /placement/resource_providers/8cac5b6a-9c24-4e9b-b295-b53aafcc447a/aggregates" status: 200 len: 54 microversion: 1.19
Aug 30 01:44:16.821529 n-d-854441-9 devstack@placement-api.service[114835]: [pid: 114835|app: 0|req: 50/94] 10.222.0.26 () {60 vars in 1425 bytes} [Tue Aug 30 01:44:16 2022] GET /placement/resource_providers/8cac5b6a-9c24-4e9b-b295-b53aafcc447a/aggregates => generated 54 bytes in 24 msecs (HTTP/1.1 200) 8 headers in 295 bytes (1 switches on core 0)
Aug 30 01:44:16.832791 n-d-854441-9 devstack@placement-api.service[114836]: DEBUG placement.requestlog [req-3da50177-0225-434f-b5d9-f543f1fd2629 req-0d609773-5b06-4dcd-a74e-45703c83c12d None None] Starting request: 10.222.0.26 "PUT /placement/resource_providers/8cac5b6a-9c24-4e9b-b295-b53aafcc447a/aggregates" {{(pid=114836) __call__ /opt/stack/placement/placement/requestlog.py:55}}
Aug 30 01:44:16.866415 n-d-854441-9 devstack@placement-api.service[114836]: DEBUG placement.objects.resource_provider [req-3da50177-0225-434f-b5d9-f543f1fd2629 req-0d609773-5b06-4dcd-a74e-45703c83c12d service placement] _ensure_aggregate() did not find aggregate b0361df7-9e6c-47d9-88fb-1453146e1e9a. Attempting to create it. {{(pid=114836) _ensure_aggregate /opt/stack/placement/placement/objects/resource_provider.py:321}}
Aug 30 01:44:16.867993 n-d-854441-9 devstack@placement-api.service[114836]: DEBUG placement.objects.resource_provider [req-3da50177-0225-434f-b5d9-f543f1fd2629 req-0d609773-5b06-4dcd-a74e-45703c83c12d service placement] _ensure_aggregate() created new aggregate b0361df7-9e6c-47d9-88fb-1453146e1e9a (id=4). {{(pid=114836) _ensure_aggregate /opt/stack/placement/placement/objects/resource_provider.py:327}}
Aug 30 01:44:16.869366 n-d-854441-9 devstack@placement-api.service[114836]: DEBUG placement.objects.resource_provider [req-3da50177-0225-434f-b5d9-f543f1fd2629 req-0d609773-5b06-4dcd-a74e-45703c83c12d service placement] Setting aggregates for provider 8cac5b6a-9c24-4e9b-b295-b53aafcc447a. Successfully associated aggregate b0361df7-9e6c-47d9-88fb-1453146e1e9a. {{(pid=114836) _set_aggregates /opt/stack/placement/placement/objects/resource_provider.py:389}}
Aug 30 01:44:17.030946 n-d-854441-9 devstack@placement-api.service[114836]: INFO placement.requestlog [req-3da50177-0225-434f-b5d9-f543f1fd2629 req-0d609773-5b06-4dcd-a74e-45703c83c12d service placement] 10.222.0.26 "PUT /placement/resource_providers/8cac5b6a-9c24-4e9b-b295-b53aafcc447a/aggregates" status: 200 len: 92 microversion: 1.19
Aug 30 01:44:17.032122 n-d-854441-9 devstack@placement-api.service[114836]: [pid: 114836|app: 0|req: 45/95] 10.222.0.26 () {64 vars in 1477 bytes} [Tue Aug 30 01:44:16 2022] PUT /placement/resource_providers/8cac5b6a-9c24-4e9b-b295-b53aafcc447a/aggregates => generated 92 bytes in 200 msecs (HTTP/1.1 200) 8 headers in 295 bytes (1 switches on core 0)
Aug 30 01:44:17.464626 n-d-854441-9 devstack@placement-api.service[114835]: DEBUG placement.requestlog [req-a86dbb47-4e15-463d-a676-f30f7366f910 req-d121eb74-fcc0-4c4d-aa9a-ed1a37389a0f None None] Starting request: 10.222.0.26 "GET /placement/resource_providers?name=n-h2-854441-9" {{(pid=114835) __call__ /opt/stack/placement/placement/requestlog.py:55}}
