Aug 30 01:44:17.492127 n-d-854441-9 devstack@placement-api.service[114835]: INFO placement.requestlog [req-a86dbb47-4e15-463d-a676-f30f7366f910 req-d121eb74-fcc0-4c4d-aa9a-ed1a37389a0f service placement] 10.222.0.26 "GET /placement/resource_providers?name=n-h2-854441-9" status: 200 len: 441 microversion: 1.0
Aug 30 01:44:17.492487 n-d-854441-9 devstack@placement-api.service[114835]: [pid: 114835|app: 0|req: 51/96] 10.222.0.26 () {58 vars in 1274 bytes} [Tue Aug 30 01:44:17 2022] GET /placement/resource_providers?name=n-h2-854441-9 => generated 441 bytes in 28 msecs (HTTP/1.1 200) 6 headers in 224 bytes (1 switches on core 0)
Aug 30 01:44:17.500909 n-d-854441-9 devstack@placement-api.service[114836]: DEBUG placement.requestlog [req-a86dbb47-4e15-463d-a676-f30f7366f910 req-d8f0450b-7bc7-4a7c-8f5f-c01bd5a3d821 None None] Starting request: 10.222.0.26 "GET /placement/resource_providers/8cac5b6a-9c24-4e9b-b295-b53aafcc447a/aggregates" {{(pid=114836) __call__ /opt/stack/placement/placement/requestlog.py:55}}
Aug 30 01:44:17.524406 n-d-854441-9 devstack@placement-api.service[114836]: INFO placement.requestlog [req-a86dbb47-4e15-463d-a676-f30f7366f910 req-d8f0450b-7bc7-4a7c-8f5f-c01bd5a3d821 service placement] 10.222.0.26 "GET /placement/resource_providers/8cac5b6a-9c24-4e9b-b295-b53aafcc447a/aggregates" status: 200 len: 92 microversion: 1.19
Aug 30 01:44:17.525152 n-d-854441-9 devstack@placement-api.service[114836]: [pid: 114836|app: 0|req: 46/97] 10.222.0.26 () {60 vars in 1425 bytes} [Tue Aug 30 01:44:17 2022] GET /placement/resource_providers/8cac5b6a-9c24-4e9b-b295-b53aafcc447a/aggregates => generated 92 bytes in 24 msecs (HTTP/1.1 200) 8 headers in 295 bytes (1 switches on core 0)
Aug 30 01:44:17.534251 n-d-854441-9 devstack@placement-api.service[114835]: DEBUG placement.requestlog [req-a86dbb47-4e15-463d-a676-f30f7366f910 req-3fb971cc-3ee1-4922-812e-1cbc0c440e34 None None] Starting request: 10.222.0.26 "PUT /placement/resource_providers/8cac5b6a-9c24-4e9b-b295-b53aafcc447a/aggregates" {{(pid=114835) __call__ /opt/stack/placement/placement/requestlog.py:55}}
Aug 30 01:44:17.773060 n-d-854441-9 devstack@placement-api.service[114835]: DEBUG placement.objects.resource_provider [req-a86dbb47-4e15-463d-a676-f30f7366f910 req-3fb971cc-3ee1-4922-812e-1cbc0c440e34 service placement] Setting aggregates for provider 8cac5b6a-9c24-4e9b-b295-b53aafcc447a. Successfully disassociated aggregate b0361df7-9e6c-47d9-88fb-1453146e1e9a. {{(pid=114835) _set_aggregates /opt/stack/placement/placement/objects/resource_provider.py:404}}
Aug 30 01:44:17.945133 n-d-854441-9 devstack@placement-api.service[114835]: INFO placement.requestlog [req-a86dbb47-4e15-463d-a676-f30f7366f910 req-3fb971cc-3ee1-4922-812e-1cbc0c440e34 service placement] 10.222.0.26 "PUT /placement/resource_providers/8cac5b6a-9c24-4e9b-b295-b53aafcc447a/aggregates" status: 200 len: 54 microversion: 1.19
Aug 30 01:44:17.946239 n-d-854441-9 devstack@placement-api.service[114835]: [pid: 114835|app: 0|req: 52/98] 10.222.0.26 () {64 vars in 1477 bytes} [Tue Aug 30 01:44:17 2022] PUT /placement/resource_providers/8cac5b6a-9c24-4e9b-b295-b53aafcc447a/aggregates => generated 54 bytes in 412 msecs (HTTP/1.1 200) 8 headers in 295 bytes (2 switches on core 0)
Aug 30 01:44:19.299436 n-d-854441-9 devstack@placement-api.service[114836]: DEBUG placement.requestlog [None req-d02cd00f-b816-49f4-8b51-8609087d7acc None None] Starting request: 10.222.0.26 "GET /placement/resource_providers/488a453e-2446-4738-b77d-9de8abfd816e/aggregates" {{(pid=114836) __call__ /opt/stack/placement/placement/requestlog.py:55}}
Aug 30 01:44:19.527999 n-d-854441-9 devstack@placement-api.service[114836]: INFO placement.requestlog [None req-d02cd00f-b816-49f4-8b51-8609087d7acc service placement] 10.222.0.26 "GET /placement/resource_providers/488a453e-2446-4738-b77d-9de8abfd816e/aggregates" status: 404 len: 235 microversion: 1.1
Aug 30 01:44:19.535323 n-d-854441-9 devstack@placement-api.service[114836]: [pid: 114836|app: 0|req: 47/99] 10.222.0.26 () {58 vars in 1362 bytes} [Tue Aug 30 01:44:19 2022] GET /placement/resource_providers/488a453e-2446-4738-b77d-9de8abfd816e/aggregates => generated 235 bytes in 236 msecs (HTTP/1.1 404) 5 headers in 202 bytes (1 switches on core 0)
Aug 30 01:44:19.540062 n-d-854441-9 devstack@placement-api.service[114835]: DEBUG placement.requestlog [None req-2645e98d-2e56-4871-8287-a8fbf9fa51b3 None None] Starting request: 10.222.0.26 "DELETE /placement/resource_providers/488a453e-2446-4738-b77d-9de8abfd816e" {{(pid=114835) __call__ /opt/stack/placement/placement/requestlog.py:55}}
Aug 30 01:44:19.553621 n-d-854441-9 devstack@placement-api.service[114835]: DEBUG placement.wsgi_wrapper [None req-2645e98d-2e56-4871-8287-a8fbf9fa51b3 service placement] Placement API returning an error response: No resource provider with uuid 488a453e-2446-4738-b77d-9de8abfd816e found for delete {{(pid=114835) call_func /opt/stack/placement/placement/wsgi_wrapper.py:31}}
Aug 30 01:44:19.556043 n-d-854441-9 devstack@placement-api.service[114835]: INFO placement.requestlog [None req-2645e98d-2e56-4871-8287-a8fbf9fa51b3 service placement] 10.222.0.26 "DELETE /placement/resource_providers/488a453e-2446-4738-b77d-9de8abfd816e" status: 404 len: 246 microversion: 1.1
Aug 30 01:44:19.557187 n-d-854441-9 devstack@placement-api.service[114835]: [pid: 114835|app: 0|req: 53/100] 10.222.0.26 () {60 vars in 1351 bytes} [Tue Aug 30 01:44:19 2022] DELETE /placement/resource_providers/488a453e-2446-4738-b77d-9de8abfd816e => generated 246 bytes in 17 msecs (HTTP/1.1 404) 6 headers in 231 bytes (1 switches on core 0)
Aug 30 01:44:27.822275 n-d-854441-9 devstack@placement-api.service[114836]: DEBUG placement.requestlog [None req-3e05168f-221c-412d-a388-5f779409f1a4 None None] Starting request: 10.222.0.26 "GET /placement/resource_providers/5dcdc8e4-4926-46bb-b26b-ecb5bcc75db8/aggregates" {{(pid=114836) __call__ /opt/stack/placement/placement/requestlog.py:55}}
Aug 30 01:44:28.005949 n-d-854441-9 devstack@placement-api.service[114836]: INFO placement.requestlog [None req-3e05168f-221c-412d-a388-5f779409f1a4 service placement] 10.222.0.26 "GET /placement/resource_providers/5dcdc8e4-4926-46bb-b26b-ecb5bcc75db8/aggregates" status: 404 len: 235 microversion: 1.1
Aug 30 01:44:28.006529 n-d-854441-9 devstack@placement-api.service[114836]: [pid: 114836|app: 0|req: 48/101] 10.222.0.26 () {58 vars in 1362 bytes} [Tue Aug 30 01:44:27 2022] GET /placement/resource_providers/5dcdc8e4-4926-46bb-b26b-ecb5bcc75db8/aggregates => generated 235 bytes in 185 msecs (HTTP/1.1 404) 5 headers in 202 bytes (1 switches on core 0)
Aug 30 01:44:28.014559 n-d-854441-9 devstack@placement-api.service[114835]: DEBUG placement.requestlog [None req-952ceb1a-914d-46fb-b6fc-007520b09900 None None] Starting request: 10.222.0.26 "DELETE /placement/resource_providers/5dcdc8e4-4926-46bb-b26b-ecb5bcc75db8" {{(pid=114835) __call__ /opt/stack/placement/placement/requestlog.py:55}}
Aug 30 01:44:28.046543 n-d-854441-9 devstack@placement-api.service[114835]: DEBUG placement.wsgi_wrapper [None req-952ceb1a-914d-46fb-b6fc-007520b09900 service placement] Placement API returning an error response: No resource provider with uuid 5dcdc8e4-4926-46bb-b26b-ecb5bcc75db8 found for delete {{(pid=114835) call_func /opt/stack/placement/placement/wsgi_wrapper.py:31}}
Aug 30 01:44:28.047296 n-d-854441-9 devstack@placement-api.service[114835]: INFO placement.requestlog [None req-952ceb1a-914d-46fb-b6fc-007520b09900 service placement] 10.222.0.26 "DELETE /placement/resource_providers/5dcdc8e4-4926-46bb-b26b-ecb5bcc75db8" status: 404 len: 246 microversion: 1.1
Aug 30 01:44:28.047748 n-d-854441-9 devstack@placement-api.service[114835]: [pid: 114835|app: 0|req: 54/102] 10.222.0.26 () {60 vars in 1351 bytes} [Tue Aug 30 01:44:28 2022] DELETE /placement/resource_providers/5dcdc8e4-4926-46bb-b26b-ecb5bcc75db8 => generated 246 bytes in 33 msecs (HTTP/1.1 404) 6 headers in 231 bytes (2 switches on core 0)
Aug 30 01:44:28.837237 n-d-854441-9 devstack@placement-api.service[114836]: DEBUG placement.requestlog [req-2ff715e8-408e-475c-bd38-5a1ef543ca03 req-8e0234af-8da5-48b6-afd8-5ef3b3dcb7c2 None None] Starting request: 10.222.0.39 "GET /placement/resource_providers/72d3d92b-099a-4e86-b74e-904f3abeb4e2/allocations" {{(pid=114836) __call__ /opt/stack/placement/placement/requestlog.py:55}}
Aug 30 01:44:28.934580 n-d-854441-9 devstack@placement-api.service[114836]: INFO placement.requestlog [req-2ff715e8-408e-475c-bd38-5a1ef543ca03 req-8e0234af-8da5-48b6-afd8-5ef3b3dcb7c2 service placement] 10.222.0.39 "GET /placement/resource_providers/72d3d92b-099a-4e86-b74e-904f3abeb4e2/allocations" status: 200 len: 153 microversion: 1.0
Aug 30 01:44:28.935519 n-d-854441-9 devstack@placement-api.service[114836]: [pid: 114836|app: 0|req: 49/103] 10.222.0.39 () {58 vars in 1390 bytes} [Tue Aug 30 01:44:28 2022] GET /placement/resource_providers/72d3d92b-099a-4e86-b74e-904f3abeb4e2/allocations => generated 153 bytes in 99 msecs (HTTP/1.1 200) 6 headers in 224 bytes (1 switches on core 0)
Aug 30 01:44:28.962657 n-d-854441-9 devstack@placement-api.service[114835]: DEBUG placement.requestlog [req-2ff715e8-408e-475c-bd38-5a1ef543ca03 req-3b4a6f14-bf38-48c3-a592-cfa74a2300f7 None None] Starting request: 10.222.0.39 "GET /placement/resource_providers/72d3d92b-099a-4e86-b74e-904f3abeb4e2/allocations" {{(pid=114835) __call__ /opt/stack/placement/placement/requestlog.py:55}}
Aug 30 01:44:28.998738 n-d-854441-9 devstack@placement-api.service[114835]: INFO placement.requestlog [req-2ff715e8-408e-475c-bd38-5a1ef543ca03 req-3b4a6f14-bf38-48c3-a592-cfa74a2300f7 service placement] 10.222.0.39 "GET /placement/resource_providers/72d3d92b-099a-4e86-b74e-904f3abeb4e2/allocations" status: 200 len: 153 microversion: 1.0
Aug 30 01:44:28.999554 n-d-854441-9 devstack@placement-api.service[114835]: [pid: 114835|app: 0|req: 55/104] 10.222.0.39 () {58 vars in 1390 bytes} [Tue Aug 30 01:44:28 2022] GET /placement/resource_providers/72d3d92b-099a-4e86-b74e-904f3abeb4e2/allocations => generated 153 bytes in 37 msecs (HTTP/1.1 200) 6 headers in 224 bytes (1 switches on core 0)
Aug 30 01:44:29.006983 n-d-854441-9 devstack@placement-api.service[114836]: DEBUG placement.requestlog [req-2ff715e8-408e-475c-bd38-5a1ef543ca03 req-ad645c39-d51b-4d7b-ba66-72dbb12dbb39 None None] Starting request: 10.222.0.39 "GET /placement/allocations/34dfd453-2df0-4d75-b7fe-569c6891af4b" {{(pid=114836) __call__ /opt/stack/placement/placement/requestlog.py:55}}
Aug 30 01:44:29.025134 n-d-854441-9 devstack@placement-api.service[114836]: INFO placement.requestlog [req-2ff715e8-408e-475c-bd38-5a1ef543ca03 req-ad645c39-d51b-4d7b-ba66-72dbb12dbb39 service placement] 10.222.0.39 "GET /placement/allocations/34dfd453-2df0-4d75-b7fe-569c6891af4b" status: 200 len: 258 microversion: 1.28
Aug 30 01:44:29.026205 n-d-854441-9 devstack@placement-api.service[114836]: [pid: 114836|app: 0|req: 50/105] 10.222.0.39 () {60 vars in 1377 bytes} [Tue Aug 30 01:44:29 2022] GET /placement/allocations/34dfd453-2df0-4d75-b7fe-569c6891af4b => generated 258 bytes in 20 msecs (HTTP/1.1 200) 8 headers in 296 bytes (1 switches on core 0)
Aug 30 01:44:32.301748 n-d-854441-9 devstack@placement-api.service[114835]: DEBUG placement.requestlog [req-ee1564b6-ce45-44ca-b1ce-61f0138ead04 req-5e9911a2-2df5-4400-8443-b010143cee6b None None] Starting request: 10.222.0.26 "GET /placement/allocations/3c6cca9d-f418-4722-9fed-41f799d61c3e" {{(pid=114835) __call__ /opt/stack/placement/placement/requestlog.py:55}}
Aug 30 01:44:32.827043 n-d-854441-9 devstack@placement-api.service[114835]: INFO placement.requestlog [req-ee1564b6-ce45-44ca-b1ce-61f0138ead04 req-5e9911a2-2df5-4400-8443-b010143cee6b service placement] 10.222.0.26 "GET /placement/allocations/3c6cca9d-f418-4722-9fed-41f799d61c3e" status: 200 len: 259 microversion: 1.28
Aug 30 01:44:32.827728 n-d-854441-9 devstack@placement-api.service[114835]: [pid: 114835|app: 0|req: 56/106] 10.222.0.26 () {60 vars in 1380 bytes} [Tue Aug 30 01:44:32 2022] GET /placement/allocations/3c6cca9d-f418-4722-9fed-41f799d61c3e => generated 259 bytes in 526 msecs (HTTP/1.1 200) 8 headers in 296 bytes (1 switches on core 0)
Aug 30 01:44:32.841252 n-d-854441-9 devstack@placement-api.service[114836]: DEBUG placement.requestlog [req-ee1564b6-ce45-44ca-b1ce-61f0138ead04 req-ea51e0d9-4cb5-4a3b-957d-26bc2ed9aea0 None None] Starting request: 10.222.0.26 "GET /placement/allocations/3c6cca9d-f418-4722-9fed-41f799d61c3e" {{(pid=114836) __call__ /opt/stack/placement/placement/requestlog.py:55}}
Aug 30 01:44:32.860722 n-d-854441-9 devstack@placement-api.service[114836]: INFO placement.requestlog [req-ee1564b6-ce45-44ca-b1ce-61f0138ead04 req-ea51e0d9-4cb5-4a3b-957d-26bc2ed9aea0 service placement] 10.222.0.26 "GET /placement/allocations/3c6cca9d-f418-4722-9fed-41f799d61c3e" status: 200 len: 259 microversion: 1.28
Aug 30 01:44:32.861413 n-d-854441-9 devstack@placement-api.service[114836]: [pid: 114836|app: 0|req: 51/107] 10.222.0.26 () {60 vars in 1380 bytes} [Tue Aug 30 01:44:32 2022] GET /placement/allocations/3c6cca9d-f418-4722-9fed-41f799d61c3e => generated 259 bytes in 20 msecs (HTTP/1.1 200) 8 headers in 296 bytes (1 switches on core 0)
Aug 30 01:44:32.868104 n-d-854441-9 devstack@placement-api.service[114835]: DEBUG placement.requestlog [req-ee1564b6-ce45-44ca-b1ce-61f0138ead04 req-5d14f2ae-5c63-4c98-bd08-7c3e80cdcd3e None None] Starting request: 10.222.0.26 "GET /placement/allocations/3b188e68-50b6-4c09-9de3-9a016120b5c4" {{(pid=114835) __call__ /opt/stack/placement/placement/requestlog.py:55}}
Aug 30 01:44:32.878940 n-d-854441-9 devstack@placement-api.service[114835]: INFO placement.requestlog [req-ee1564b6-ce45-44ca-b1ce-61f0138ead04 req-5d14f2ae-5c63-4c98-bd08-7c3e80cdcd3e service placement] 10.222.0.26 "GET /placement/allocations/3b188e68-50b6-4c09-9de3-9a016120b5c4" status: 200 len: 19 microversion: 1.28
Aug 30 01:44:32.886870 n-d-854441-9 devstack@placement-api.service[114836]: DEBUG placement.requestlog [req-ee1564b6-ce45-44ca-b1ce-61f0138ead04 req-a8373666-2a91-45aa-a681-65bbc25141ca None None] Starting request: 10.222.0.26 "POST /placement/allocations" {{(pid=114836) __call__ /opt/stack/placement/placement/requestlog.py:55}}
Aug 30 01:44:32.893996 n-d-854441-9 devstack@placement-api.service[114835]: [pid: 114835|app: 0|req: 57/108] 10.222.0.26 () {60 vars in 1380 bytes} [Tue Aug 30 01:44:32 2022] GET /placement/allocations/3b188e68-50b6-4c09-9de3-9a016120b5c4 => generated 19 bytes in 20 msecs (HTTP/1.1 200) 8 headers in 295 bytes (1 switches on core 0)
Aug 30 01:44:33.077334 n-d-854441-9 devstack@placement-api.service[114836]: DEBUG placement.handlers.allocation [req-ee1564b6-ce45-44ca-b1ce-61f0138ead04 req-a8373666-2a91-45aa-a681-65bbc25141ca service placement] Successfully wrote allocations [, , , , , ] {{(pid=114836) _update_consumers_and_create_allocations /opt/stack/placement/placement/handlers/allocation.py:572}}
Aug 30 01:44:33.183835 n-d-854441-9 devstack@placement-api.service[114836]: INFO placement.requestlog [req-ee1564b6-ce45-44ca-b1ce-61f0138ead04 req-a8373666-2a91-45aa-a681-65bbc25141ca service placement] 10.222.0.26 "POST /placement/allocations" status: 204 len: 0 microversion: 1.28
Aug 30 01:44:33.184763 n-d-854441-9 devstack@placement-api.service[114836]: [pid: 114836|app: 0|req: 52/109] 10.222.0.26 () {64 vars in 1323 bytes} [Tue Aug 30 01:44:32 2022] POST /placement/allocations => generated 0 bytes in 298 msecs (HTTP/1.1 204) 5 headers in 199 bytes (2 switches on core 0)
Aug 30 01:44:33.231286 n-d-854441-9 devstack@placement-api.service[114835]: DEBUG placement.requestlog [req-ee1564b6-ce45-44ca-b1ce-61f0138ead04 req-664e8e18-d4b4-407a-880a-e3f73a780802 None None] Starting request: 10.222.0.26 "GET /placement/allocations/3c6cca9d-f418-4722-9fed-41f799d61c3e" {{(pid=114835) __call__ /opt/stack/placement/placement/requestlog.py:55}}
Aug 30 01:44:33.242930 n-d-854441-9 devstack@placement-api.service[114835]: INFO placement.requestlog [req-ee1564b6-ce45-44ca-b1ce-61f0138ead04 req-664e8e18-d4b4-407a-880a-e3f73a780802 service placement] 10.222.0.26 "GET /placement/allocations/3c6cca9d-f418-4722-9fed-41f799d61c3e" status: 200 len: 19 microversion: 1.28
Aug 30 01:44:33.243289 n-d-854441-9 devstack@placement-api.service[114835]: [pid: 114835|app: 0|req: 58/110] 10.222.0.26 () {60 vars in 1380 bytes} [Tue Aug 30 01:44:33 2022] GET /placement/allocations/3c6cca9d-f418-4722-9fed-41f799d61c3e => generated 19 bytes in 12 msecs (HTTP/1.1 200) 8 headers in 295 bytes (1 switches on core 0)
Aug 30 01:44:33.250008 n-d-854441-9 devstack@placement-api.service[114836]: DEBUG placement.requestlog [req-ee1564b6-ce45-44ca-b1ce-61f0138ead04 req-2a6cb6f3-7d5c-47e1-8c0f-a8f0c8244c45 None None] Starting request: 10.222.0.26 "PUT /placement/allocations/3c6cca9d-f418-4722-9fed-41f799d61c3e" {{(pid=114836) __call__ /opt/stack/placement/placement/requestlog.py:55}}
Aug 30 01:44:33.280767 n-d-854441-9 devstack@placement-api.service[114836]: DEBUG dbcounter [-] [114836] Writing DB stats placement:SELECT=83,placement:INSERT=9,placement:UPDATE=5,placement:DELETE=3 {{(pid=114836) stat_writer /usr/local/lib/python3.8/dist-packages/dbcounter.py:114}}
Aug 30 01:44:33.394437 n-d-854441-9 devstack@placement-api.service[114836]: DEBUG placement.handlers.allocation [req-ee1564b6-ce45-44ca-b1ce-61f0138ead04 req-2a6cb6f3-7d5c-47e1-8c0f-a8f0c8244c45 service placement] Successfully wrote allocations [, , ] {{(pid=114836) _update_consumers_and_create_allocations /opt/stack/placement/placement/handlers/allocation.py:462}}
Aug 30 01:44:33.502126 n-d-854441-9 devstack@placement-api.service[114836]: INFO placement.requestlog [req-ee1564b6-ce45-44ca-b1ce-61f0138ead04 req-2a6cb6f3-7d5c-47e1-8c0f-a8f0c8244c45 service placement] 10.222.0.26 "PUT /placement/allocations/3c6cca9d-f418-4722-9fed-41f799d61c3e" status: 204 len: 0 microversion: 1.28
Aug 30 01:44:33.504691 n-d-854441-9 devstack@placement-api.service[114836]: [pid: 114836|app: 0|req: 53/111] 10.222.0.26 () {64 vars in 1433 bytes} [Tue Aug 30 01:44:33 2022] PUT /placement/allocations/3c6cca9d-f418-4722-9fed-41f799d61c3e => generated 0 bytes in 253 msecs (HTTP/1.1 204) 5 headers in 199 bytes (2 switches on core 0)
Aug 30 01:44:33.801900 n-d-854441-9 devstack@placement-api.service[114835]: DEBUG placement.requestlog [req-ee1564b6-ce45-44ca-b1ce-61f0138ead04 req-4263b634-ee09-48d1-9eac-2051ef6ff4f6 None None] Starting request: 10.222.0.39 "GET /placement/allocations/3c6cca9d-f418-4722-9fed-41f799d61c3e" {{(pid=114835) __call__ /opt/stack/placement/placement/requestlog.py:55}}
Aug 30 01:44:33.830338 n-d-854441-9 devstack@placement-api.service[114835]: INFO placement.requestlog [req-ee1564b6-ce45-44ca-b1ce-61f0138ead04 req-4263b634-ee09-48d1-9eac-2051ef6ff4f6 service placement] 10.222.0.39 "GET /placement/allocations/3c6cca9d-f418-4722-9fed-41f799d61c3e" status: 200 len: 258 microversion: 1.28
Aug 30 01:44:33.831482 n-d-854441-9 devstack@placement-api.service[114835]: [pid: 114835|app: 0|req: 59/112] 10.222.0.39 () {60 vars in 1377 bytes} [Tue Aug 30 01:44:33 2022] GET /placement/allocations/3c6cca9d-f418-4722-9fed-41f799d61c3e => generated 258 bytes in 30 msecs (HTTP/1.1 200) 8 headers in 296 bytes (1 switches on core 0)
Aug 30 01:44:36.459397 n-d-854441-9 devstack@placement-api.service[114836]: DEBUG placement.requestlog [req-c3cac07c-a224-4471-9247-544dceedd07a req-bb1fd9d1-8d81-474e-96ca-fd706cca34f0 None None] Starting request: 10.222.0.26 "GET /placement/resource_providers?name=n-h2-854441-9" {{(pid=114836) __call__ /opt/stack/placement/placement/requestlog.py:55}}
Aug 30 01:44:36.479254 n-d-854441-9 devstack@placement-api.service[114836]: INFO placement.requestlog [req-c3cac07c-a224-4471-9247-544dceedd07a req-bb1fd9d1-8d81-474e-96ca-fd706cca34f0 service placement] 10.222.0.26 "GET /placement/resource_providers?name=n-h2-854441-9" status: 200 len: 441 microversion: 1.0
Aug 30 01:44:36.480595 n-d-854441-9 devstack@placement-api.service[114836]: [pid: 114836|app: 0|req: 54/113] 10.222.0.26 () {58 vars in 1274 bytes} [Tue Aug 30 01:44:36 2022] GET /placement/resource_providers?name=n-h2-854441-9 => generated 441 bytes in 22 msecs (HTTP/1.1 200) 6 headers in 224 bytes (1 switches on core 0)
Aug 30 01:44:36.487356 n-d-854441-9 devstack@placement-api.service[114835]: DEBUG placement.requestlog [req-c3cac07c-a224-4471-9247-544dceedd07a req-df8909fe-2653-4d4b-97a8-7d5618f465db None None] Starting request: 10.222.0.26 "GET /placement/resource_providers/8cac5b6a-9c24-4e9b-b295-b53aafcc447a/aggregates" {{(pid=114835) __call__ /opt/stack/placement/placement/requestlog.py:55}}
Aug 30 01:44:36.509645 n-d-854441-9 devstack@placement-api.service[114835]: INFO placement.requestlog [req-c3cac07c-a224-4471-9247-544dceedd07a req-df8909fe-2653-4d4b-97a8-7d5618f465db service placement] 10.222.0.26 "GET /placement/resource_providers/8cac5b6a-9c24-4e9b-b295-b53aafcc447a/aggregates" status: 200 len: 54 microversion: 1.19
Aug 30 01:44:36.510401 n-d-854441-9 devstack@placement-api.service[114835]: [pid: 114835|app: 0|req: 60/114] 10.222.0.26 () {60 vars in 1425 bytes} [Tue Aug 30 01:44:36 2022] GET /placement/resource_providers/8cac5b6a-9c24-4e9b-b295-b53aafcc447a/aggregates => generated 54 bytes in 23 msecs (HTTP/1.1 200) 8 headers in 295 bytes (1 switches on core 0)
Aug 30 01:44:36.517561 n-d-854441-9 devstack@placement-api.service[114836]: DEBUG placement.requestlog [req-c3cac07c-a224-4471-9247-544dceedd07a req-2e54bada-5174-451e-a71a-d74b2db6970d None None] Starting request: 10.222.0.26 "PUT /placement/resource_providers/8cac5b6a-9c24-4e9b-b295-b53aafcc447a/aggregates" {{(pid=114836) __call__ /opt/stack/placement/placement/requestlog.py:55}}
Aug 30 01:44:36.544344 n-d-854441-9 devstack@placement-api.service[114836]: DEBUG placement.objects.resource_provider [req-c3cac07c-a224-4471-9247-544dceedd07a req-2e54bada-5174-451e-a71a-d74b2db6970d service placement] _ensure_aggregate() did not find aggregate 2aaa9ce0-0666-475b-976c-70186080b24a. Attempting to create it. {{(pid=114836) _ensure_aggregate /opt/stack/placement/placement/objects/resource_provider.py:321}}
Aug 30 01:44:36.546055 n-d-854441-9 devstack@placement-api.service[114836]: DEBUG placement.objects.resource_provider [req-c3cac07c-a224-4471-9247-544dceedd07a req-2e54bada-5174-451e-a71a-d74b2db6970d service placement] _ensure_aggregate() created new aggregate 2aaa9ce0-0666-475b-976c-70186080b24a (id=5). {{(pid=114836) _ensure_aggregate /opt/stack/placement/placement/objects/resource_provider.py:327}}
Aug 30 01:44:36.547925 n-d-854441-9 devstack@placement-api.service[114836]: DEBUG placement.objects.resource_provider [req-c3cac07c-a224-4471-9247-544dceedd07a req-2e54bada-5174-451e-a71a-d74b2db6970d service placement] Setting aggregates for provider 8cac5b6a-9c24-4e9b-b295-b53aafcc447a. Successfully associated aggregate 2aaa9ce0-0666-475b-976c-70186080b24a. {{(pid=114836) _set_aggregates /opt/stack/placement/placement/objects/resource_provider.py:389}}
Aug 30 01:44:36.684372 n-d-854441-9 devstack@placement-api.service[114836]: INFO placement.requestlog [req-c3cac07c-a224-4471-9247-544dceedd07a req-2e54bada-5174-451e-a71a-d74b2db6970d service placement] 10.222.0.26 "PUT /placement/resource_providers/8cac5b6a-9c24-4e9b-b295-b53aafcc447a/aggregates" status: 200 len: 92 microversion: 1.19
Aug 30 01:44:36.685547 n-d-854441-9 devstack@placement-api.service[114836]: [pid: 114836|app: 0|req: 55/115] 10.222.0.26 () {64 vars in 1477 bytes} [Tue Aug 30 01:44:36 2022] PUT /placement/resource_providers/8cac5b6a-9c24-4e9b-b295-b53aafcc447a/aggregates => generated 92 bytes in 168 msecs (HTTP/1.1 200) 8 headers in 295 bytes (1 switches on core 0)
Aug 30 01:44:36.749245 n-d-854441-9 devstack@placement-api.service[114835]: DEBUG placement.requestlog [req-e9c4883e-fe6a-48b4-bd2c-91432a26ba7a req-340e4ea9-87b5-42d0-bc4d-edc6b7d3d1aa None None] Starting request: 10.222.0.26 "GET /placement/resource_providers?name=n-h2-854441-9" {{(pid=114835) __call__ /opt/stack/placement/placement/requestlog.py:55}}
Aug 30 01:44:36.761441 n-d-854441-9 devstack@placement-api.service[114835]: DEBUG dbcounter [-] [114835] Writing DB stats placement:SELECT=88,placement:INSERT=3,placement:UPDATE=5,placement:DELETE=4 {{(pid=114835) stat_writer /usr/local/lib/python3.8/dist-packages/dbcounter.py:114}}
Aug 30 01:44:36.765182 n-d-854441-9 devstack@placement-api.service[114835]: INFO placement.requestlog [req-e9c4883e-fe6a-48b4-bd2c-91432a26ba7a req-340e4ea9-87b5-42d0-bc4d-edc6b7d3d1aa service placement] 10.222.0.26 "GET /placement/resource_providers?name=n-h2-854441-9" status: 200 len: 441 microversion: 1.0
Aug 30 01:44:36.765714 n-d-854441-9 devstack@placement-api.service[114835]: [pid: 114835|app: 0|req: 61/116] 10.222.0.26 () {58 vars in 1274 bytes} [Tue Aug 30 01:44:36 2022] GET /placement/resource_providers?name=n-h2-854441-9 => generated 441 bytes in 17 msecs (HTTP/1.1 200) 6 headers in 224 bytes (1 switches on core 0)
Aug 30 01:44:36.772962 n-d-854441-9 devstack@placement-api.service[114836]: DEBUG placement.requestlog [req-e9c4883e-fe6a-48b4-bd2c-91432a26ba7a req-94540b3f-46c6-4958-812c-ddca573589eb None None] Starting request: 10.222.0.26 "GET /placement/resource_providers/8cac5b6a-9c24-4e9b-b295-b53aafcc447a/aggregates" {{(pid=114836) __call__ /opt/stack/placement/placement/requestlog.py:55}}
Aug 30 01:44:36.788466 n-d-854441-9 devstack@placement-api.service[114836]: INFO placement.requestlog [req-e9c4883e-fe6a-48b4-bd2c-91432a26ba7a req-94540b3f-46c6-4958-812c-ddca573589eb service placement] 10.222.0.26 "GET /placement/resource_providers/8cac5b6a-9c24-4e9b-b295-b53aafcc447a/aggregates" status: 200 len: 92 microversion: 1.19
Aug 30 01:44:36.789068 n-d-854441-9 devstack@placement-api.service[114836]: [pid: 114836|app: 0|req: 56/117] 10.222.0.26 () {60 vars in 1425 bytes} [Tue Aug 30 01:44:36 2022] GET /placement/resource_providers/8cac5b6a-9c24-4e9b-b295-b53aafcc447a/aggregates => generated 92 bytes in 16 msecs (HTTP/1.1 200) 8 headers in 295 bytes (1 switches on core 0)
Aug 30 01:44:36.795850 n-d-854441-9 devstack@placement-api.service[114835]: DEBUG placement.requestlog [req-e9c4883e-fe6a-48b4-bd2c-91432a26ba7a req-61084d46-28c1-49e4-85f1-b79320dec9ba None None] Starting request: 10.222.0.26 "PUT /placement/resource_providers/8cac5b6a-9c24-4e9b-b295-b53aafcc447a/aggregates" {{(pid=114835) __call__ /opt/stack/placement/placement/requestlog.py:55}}
Aug 30 01:44:36.817039 n-d-854441-9 devstack@placement-api.service[114835]: DEBUG placement.objects.resource_provider [req-e9c4883e-fe6a-48b4-bd2c-91432a26ba7a req-61084d46-28c1-49e4-85f1-b79320dec9ba service placement] Setting aggregates for provider 8cac5b6a-9c24-4e9b-b295-b53aafcc447a. Successfully disassociated aggregate 2aaa9ce0-0666-475b-976c-70186080b24a. {{(pid=114835) _set_aggregates /opt/stack/placement/placement/objects/resource_provider.py:404}}
Aug 30 01:44:36.916110 n-d-854441-9 devstack@placement-api.service[114836]: DEBUG placement.requestlog [req-31eb4c8d-e2f5-4b08-bd06-5a33a9dac8df req-fa47f396-a4e9-40b0-90ff-92a52327da1b None None] Starting request: 10.222.0.62 "GET /placement/resource_providers/8cac5b6a-9c24-4e9b-b295-b53aafcc447a/allocations" {{(pid=114836) __call__ /opt/stack/placement/placement/requestlog.py:55}}
Aug 30 01:44:36.933290 n-d-854441-9 devstack@placement-api.service[114835]: INFO placement.requestlog [req-e9c4883e-fe6a-48b4-bd2c-91432a26ba7a req-61084d46-28c1-49e4-85f1-b79320dec9ba service placement] 10.222.0.26 "PUT /placement/resource_providers/8cac5b6a-9c24-4e9b-b295-b53aafcc447a/aggregates" status: 200 len: 54 microversion: 1.19
Aug 30 01:44:36.933935 n-d-854441-9 devstack@placement-api.service[114835]: [pid: 114835|app: 0|req: 62/118] 10.222.0.26 () {64 vars in 1477 bytes} [Tue Aug 30 01:44:36 2022] PUT /placement/resource_providers/8cac5b6a-9c24-4e9b-b295-b53aafcc447a/aggregates => generated 54 bytes in 138 msecs (HTTP/1.1 200) 8 headers in 295 bytes (1 switches on core 0)
Aug 30 01:44:36.971929 n-d-854441-9 devstack@placement-api.service[114836]: INFO placement.requestlog [req-31eb4c8d-e2f5-4b08-bd06-5a33a9dac8df req-fa47f396-a4e9-40b0-90ff-92a52327da1b service placement] 10.222.0.62 "GET /placement/resource_providers/8cac5b6a-9c24-4e9b-b295-b53aafcc447a/allocations" status: 200 len: 255 microversion: 1.0
Aug 30 01:44:36.973282 n-d-854441-9 devstack@placement-api.service[114836]: [pid: 114836|app: 0|req: 57/119] 10.222.0.62 () {58 vars in 1390 bytes} [Tue Aug 30 01:44:36 2022] GET /placement/resource_providers/8cac5b6a-9c24-4e9b-b295-b53aafcc447a/allocations => generated 255 bytes in 58 msecs (HTTP/1.1 200) 6 headers in 224 bytes (2 switches on core 0)
Aug 30 01:44:36.980989 n-d-854441-9 devstack@placement-api.service[114835]: DEBUG placement.requestlog [req-31eb4c8d-e2f5-4b08-bd06-5a33a9dac8df req-b5d73263-9de2-441a-afcb-68dafede2b0d None None] Starting request: 10.222.0.62 "GET /placement/allocations/74309dd8-9b2f-4be9-8997-e9cdaa740b26" {{(pid=114835) __call__ /opt/stack/placement/placement/requestlog.py:55}}
Aug 30 01:44:37.012876 n-d-854441-9 devstack@placement-api.service[114835]: INFO placement.requestlog [req-31eb4c8d-e2f5-4b08-bd06-5a33a9dac8df req-b5d73263-9de2-441a-afcb-68dafede2b0d service placement] 10.222.0.62 "GET /placement/allocations/74309dd8-9b2f-4be9-8997-e9cdaa740b26" status: 200 len: 259 microversion: 1.28
Aug 30 01:44:37.014081 n-d-854441-9 devstack@placement-api.service[114835]: [pid: 114835|app: 0|req: 63/120] 10.222.0.62 () {60 vars in 1377 bytes} [Tue Aug 30 01:44:36 2022] GET /placement/allocations/74309dd8-9b2f-4be9-8997-e9cdaa740b26 => generated 259 bytes in 33 msecs (HTTP/1.1 200) 8 headers in 296 bytes (1 switches on core 0)
Aug 30 01:44:37.023463 n-d-854441-9 devstack@placement-api.service[114836]: DEBUG placement.requestlog [req-31eb4c8d-e2f5-4b08-bd06-5a33a9dac8df req-7d61e4a1-11ad-4769-97e5-93fde77ba873 None None] Starting request: 10.222.0.62 "GET /placement/allocations/3b188e68-50b6-4c09-9de3-9a016120b5c4" {{(pid=114836) __call__ /opt/stack/placement/placement/requestlog.py:55}}
Aug 30 01:44:37.076060 n-d-854441-9 devstack@placement-api.service[114836]: INFO placement.requestlog [req-31eb4c8d-e2f5-4b08-bd06-5a33a9dac8df req-7d61e4a1-11ad-4769-97e5-93fde77ba873 service placement] 10.222.0.62 "GET /placement/allocations/3b188e68-50b6-4c09-9de3-9a016120b5c4" status: 200 len: 259 microversion: 1.28
Aug 30 01:44:37.076829 n-d-854441-9 devstack@placement-api.service[114836]: [pid: 114836|app: 0|req: 58/121] 10.222.0.62 () {60 vars in 1377 bytes} [Tue Aug 30 01:44:37 2022] GET /placement/allocations/3b188e68-50b6-4c09-9de3-9a016120b5c4 => generated 259 bytes in 54 msecs (HTTP/1.1 200) 8 headers in 296 bytes (1 switches on core 0)
Aug 30 01:44:37.437996 n-d-854441-9 devstack@placement-api.service[114835]: DEBUG placement.requestlog [req-31eb4c8d-e2f5-4b08-bd06-5a33a9dac8df req-68b48fa6-03d3-43e5-b14a-ca8a745894c1 None None] Starting request: 10.222.0.62 "DELETE /placement/allocations/74309dd8-9b2f-4be9-8997-e9cdaa740b26" {{(pid=114835) __call__ /opt/stack/placement/placement/requestlog.py:55}}
Aug 30 01:44:37.657962 n-d-854441-9 devstack@placement-api.service[114835]: DEBUG placement.handlers.allocation [req-31eb4c8d-e2f5-4b08-bd06-5a33a9dac8df req-68b48fa6-03d3-43e5-b14a-ca8a745894c1 service placement] Successfully deleted allocations [, , ] {{(pid=114835) delete_allocations /opt/stack/placement/placement/handlers/allocation.py:627}}
Aug 30 01:44:37.658587 n-d-854441-9 devstack@placement-api.service[114835]: INFO placement.requestlog [req-31eb4c8d-e2f5-4b08-bd06-5a33a9dac8df req-68b48fa6-03d3-43e5-b14a-ca8a745894c1 service placement] 10.222.0.62 "DELETE /placement/allocations/74309dd8-9b2f-4be9-8997-e9cdaa740b26" status: 204 len: 0 microversion: 1.0
Aug 30 01:44:37.659073 n-d-854441-9 devstack@placement-api.service[114835]: [pid: 114835|app: 0|req: 64/122] 10.222.0.62 () {60 vars in 1355 bytes} [Tue Aug 30 01:44:37 2022] DELETE /placement/allocations/74309dd8-9b2f-4be9-8997-e9cdaa740b26 => generated 0 bytes in 221 msecs (HTTP/1.1 204) 5 headers in 198 bytes (1 switches on core 0)
Aug 30 01:44:47.067193 n-d-854441-9 devstack@placement-api.service[114836]: DEBUG dbcounter [-] [114836] Writing DB stats placement:SELECT=27,placement:DELETE=2,placement:INSERT=5,placement:UPDATE=3 {{(pid=114836) stat_writer /usr/local/lib/python3.8/dist-packages/dbcounter.py:114}}
Aug 30 01:44:47.389099 n-d-854441-9 devstack@placement-api.service[114836]: DEBUG placement.requestlog [req-3de54a45-c8a5-420c-a67c-78075db70257 req-ba4c75d2-f699-494a-84ed-25b2f93e60b6 None None] Starting request: 10.222.0.26 "GET /placement/allocation_candidates?limit=1000&resources=DISK_GB%3A1%2CMEMORY_MB%3A1024%2CVCPU%3A1&root_required=%21COMPUTE_STATUS_DISABLED" {{(pid=114836) __call__ /opt/stack/placement/placement/requestlog.py:55}}
Aug 30 01:44:47.457362 n-d-854441-9 devstack@placement-api.service[114836]: DEBUG placement.objects.research_context [req-3de54a45-c8a5-420c-a67c-78075db70257 req-ba4c75d2-f699-494a-84ed-25b2f93e60b6 service placement] getting providers with 1 DISK_GB {{(pid=114836) __init__ /opt/stack/placement/placement/objects/research_context.py:136}}
Aug 30 01:44:47.469229 n-d-854441-9 devstack@placement-api.service[114836]: DEBUG placement.objects.research_context [req-3de54a45-c8a5-420c-a67c-78075db70257 req-ba4c75d2-f699-494a-84ed-25b2f93e60b6 service placement] getting providers with 1024 MEMORY_MB {{(pid=114836) __init__ /opt/stack/placement/placement/objects/research_context.py:136}}
Aug 30 01:44:47.476832 n-d-854441-9 devstack@placement-api.service[114836]: DEBUG placement.objects.research_context [req-3de54a45-c8a5-420c-a67c-78075db70257 req-ba4c75d2-f699-494a-84ed-25b2f93e60b6 service placement] getting providers with 1 VCPU {{(pid=114836) __init__ /opt/stack/placement/placement/objects/research_context.py:136}}
Aug 30 01:44:47.477001 n-d-854441-9 devstack@placement-api.service[114835]: DEBUG placement.requestlog [req-70cbb0fc-5118-42db-87ac-486050a17d92 req-7e25693e-b211-4f07-bf51-09118e660b63 None None] Starting request: 10.222.0.26 "GET /placement/resource_providers?name=n-h2-854441-9" {{(pid=114835) __call__ /opt/stack/placement/placement/requestlog.py:55}}
Aug 30 01:44:47.500293 n-d-854441-9 devstack@placement-api.service[114835]: INFO placement.requestlog [req-70cbb0fc-5118-42db-87ac-486050a17d92 req-7e25693e-b211-4f07-bf51-09118e660b63 service placement] 10.222.0.26 "GET /placement/resource_providers?name=n-h2-854441-9" status: 200 len: 441 microversion: 1.0
Aug 30 01:44:47.502020 n-d-854441-9 devstack@placement-api.service[114835]: [pid: 114835|app: 0|req: 65/123] 10.222.0.26 () {58 vars in 1274 bytes} [Tue Aug 30 01:44:47 2022] GET /placement/resource_providers?name=n-h2-854441-9 => generated 441 bytes in 25 msecs (HTTP/1.1 200) 6 headers in 224 bytes (2 switches on core 0)
Aug 30 01:44:47.508825 n-d-854441-9 devstack@placement-api.service[114836]: DEBUG placement.objects.research_context [req-3de54a45-c8a5-420c-a67c-78075db70257 req-ba4c75d2-f699-494a-84ed-25b2f93e60b6 service placement] found 2 providers with available 1 DISK_GB {{(pid=114836) get_provider_ids_matching /opt/stack/placement/placement/objects/research_context.py:563}}
Aug 30 01:44:47.509308 n-d-854441-9 devstack@placement-api.service[114836]: DEBUG placement.objects.research_context [req-3de54a45-c8a5-420c-a67c-78075db70257 req-ba4c75d2-f699-494a-84ed-25b2f93e60b6 service placement] found 2 providers with available 1024 MEMORY_MB {{(pid=114836) get_provider_ids_matching /opt/stack/placement/placement/objects/research_context.py:563}}
Aug 30 01:44:47.509751 n-d-854441-9 devstack@placement-api.service[114836]: DEBUG placement.objects.research_context [req-3de54a45-c8a5-420c-a67c-78075db70257 req-ba4c75d2-f699-494a-84ed-25b2f93e60b6 service placement] found 2 providers after filtering by previous result {{(pid=114836) get_provider_ids_matching /opt/stack/placement/placement/objects/research_context.py:594}}
Aug 30 01:44:47.509920 n-d-854441-9 devstack@placement-api.service[114835]: DEBUG placement.requestlog [req-70cbb0fc-5118-42db-87ac-486050a17d92 req-b73c2d88-72e2-4b4b-91a2-4ecb89c85d75 None None] Starting request: 10.222.0.26 "GET /placement/resource_providers/8cac5b6a-9c24-4e9b-b295-b53aafcc447a/aggregates" {{(pid=114835) __call__ /opt/stack/placement/placement/requestlog.py:55}}
Aug 30 01:44:47.510338 n-d-854441-9 devstack@placement-api.service[114836]: DEBUG placement.objects.research_context [req-3de54a45-c8a5-420c-a67c-78075db70257 req-ba4c75d2-f699-494a-84ed-25b2f93e60b6 service placement] found 2 providers with available 1 VCPU {{(pid=114836) get_provider_ids_matching /opt/stack/placement/placement/objects/research_context.py:563}}
Aug 30 01:44:47.510811 n-d-854441-9 devstack@placement-api.service[114836]: DEBUG placement.objects.research_context [req-3de54a45-c8a5-420c-a67c-78075db70257 req-ba4c75d2-f699-494a-84ed-25b2f93e60b6 service placement] found 2 providers after filtering by previous result {{(pid=114836) get_provider_ids_matching /opt/stack/placement/placement/objects/research_context.py:594}}
Aug 30 01:44:47.537138 n-d-854441-9 devstack@placement-api.service[114836]: DEBUG placement.objects.allocation_candidate [req-3de54a45-c8a5-420c-a67c-78075db70257 req-ba4c75d2-f699-494a-84ed-25b2f93e60b6 service placement] RequestGroup(use_same_provider=False, resources={DISK_GB:1, MEMORY_MB:1024, VCPU:1}, traits=(), aggregates=[]) (suffix '') returned 2 matches {{(pid=114836) _get_by_requests /opt/stack/placement/placement/objects/allocation_candidate.py:156}}
Aug 30 01:44:47.537758 n-d-854441-9 devstack@placement-api.service[114836]: DEBUG placement.objects.allocation_candidate [req-3de54a45-c8a5-420c-a67c-78075db70257 req-ba4c75d2-f699-494a-84ed-25b2f93e60b6 service placement] Merging candidates yields 2 allocation requests and 2 provider summaries {{(pid=114836) _merge_candidates /opt/stack/placement/placement/objects/allocation_candidate.py:809}}
Aug 30 01:44:47.539800 n-d-854441-9 devstack@placement-api.service[114836]: INFO placement.requestlog [req-3de54a45-c8a5-420c-a67c-78075db70257 req-ba4c75d2-f699-494a-84ed-25b2f93e60b6 service placement] 10.222.0.26 "GET /placement/allocation_candidates?limit=1000&resources=DISK_GB%3A1%2CMEMORY_MB%3A1024%2CVCPU%3A1&root_required=%21COMPUTE_STATUS_DISABLED" status: 200 len: 1309 microversion: 1.36
Aug 30 01:44:47.553001 n-d-854441-9 devstack@placement-api.service[114836]: [pid: 114836|app: 0|req: 59/124] 10.222.0.26 () {60 vars in 1506 bytes} [Tue Aug 30 01:44:47 2022] GET /placement/allocation_candidates?limit=1000&resources=DISK_GB%3A1%2CMEMORY_MB%3A1024%2CVCPU%3A1&root_required=%21COMPUTE_STATUS_DISABLED => generated 1309 bytes in 163 msecs (HTTP/1.1 200) 8 headers in 297 bytes (1 switches on core 0)
Aug 30 01:44:47.614883 n-d-854441-9 devstack@placement-api.service[114835]: INFO placement.requestlog [req-70cbb0fc-5118-42db-87ac-486050a17d92 req-b73c2d88-72e2-4b4b-91a2-4ecb89c85d75 service placement] 10.222.0.26 "GET /placement/resource_providers/8cac5b6a-9c24-4e9b-b295-b53aafcc447a/aggregates" status: 200 len: 54 microversion: 1.19
Aug 30 01:44:47.615605 n-d-854441-9 devstack@placement-api.service[114835]: [pid: 114835|app: 0|req: 66/125] 10.222.0.26 () {60 vars in 1425 bytes} [Tue Aug 30 01:44:47 2022] GET /placement/resource_providers/8cac5b6a-9c24-4e9b-b295-b53aafcc447a/aggregates => generated 54 bytes in 106 msecs (HTTP/1.1 200) 8 headers in 295 bytes (1 switches on core 0)
Aug 30 01:44:47.622678 n-d-854441-9 devstack@placement-api.service[114836]: DEBUG placement.requestlog [req-70cbb0fc-5118-42db-87ac-486050a17d92 req-f0b552d4-9950-4616-843e-e4c6fd0e54d6 None None] Starting request: 10.222.0.26 "PUT /placement/resource_providers/8cac5b6a-9c24-4e9b-b295-b53aafcc447a/aggregates" {{(pid=114836) __call__ /opt/stack/placement/placement/requestlog.py:55}}
Aug 30 01:44:47.643016 n-d-854441-9 devstack@placement-api.service[114835]: DEBUG placement.requestlog [req-3de54a45-c8a5-420c-a67c-78075db70257 req-be9e2f21-052a-4d3f-9745-6e8cdf1b738e None None] Starting request: 10.222.0.26 "GET /placement/allocations/1a34bfc4-5742-48c6-90c0-9118614e1257" {{(pid=114835) __call__ /opt/stack/placement/placement/requestlog.py:55}}
Aug 30 01:44:47.649291 n-d-854441-9 devstack@placement-api.service[114836]: DEBUG placement.objects.resource_provider [req-70cbb0fc-5118-42db-87ac-486050a17d92 req-f0b552d4-9950-4616-843e-e4c6fd0e54d6 service placement] _ensure_aggregate() did not find aggregate 228afa66-352a-4578-90d8-852bccc527b1. Attempting to create it. {{(pid=114836) _ensure_aggregate /opt/stack/placement/placement/objects/resource_provider.py:321}}
Aug 30 01:44:47.650848 n-d-854441-9 devstack@placement-api.service[114836]: DEBUG placement.objects.resource_provider [req-70cbb0fc-5118-42db-87ac-486050a17d92 req-f0b552d4-9950-4616-843e-e4c6fd0e54d6 service placement] _ensure_aggregate() created new aggregate 228afa66-352a-4578-90d8-852bccc527b1 (id=6). {{(pid=114836) _ensure_aggregate /opt/stack/placement/placement/objects/resource_provider.py:327}}
Aug 30 01:44:47.652309 n-d-854441-9 devstack@placement-api.service[114836]: DEBUG placement.objects.resource_provider [req-70cbb0fc-5118-42db-87ac-486050a17d92 req-f0b552d4-9950-4616-843e-e4c6fd0e54d6 service placement] Setting aggregates for provider 8cac5b6a-9c24-4e9b-b295-b53aafcc447a. Successfully associated aggregate 228afa66-352a-4578-90d8-852bccc527b1. {{(pid=114836) _set_aggregates /opt/stack/placement/placement/objects/resource_provider.py:389}}
Aug 30 01:44:47.655540 n-d-854441-9 devstack@placement-api.service[114835]: INFO placement.requestlog [req-3de54a45-c8a5-420c-a67c-78075db70257 req-be9e2f21-052a-4d3f-9745-6e8cdf1b738e service placement] 10.222.0.26 "GET /placement/allocations/1a34bfc4-5742-48c6-90c0-9118614e1257" status: 200 len: 19 microversion: 1.28
Aug 30 01:44:47.655895 n-d-854441-9 devstack@placement-api.service[114835]: [pid: 114835|app: 0|req: 67/126] 10.222.0.26 () {60 vars in 1380 bytes} [Tue Aug 30 01:44:47 2022] GET /placement/allocations/1a34bfc4-5742-48c6-90c0-9118614e1257 => generated 19 bytes in 13 msecs (HTTP/1.1 200) 8 headers in 295 bytes (2 switches on core 0)
Aug 30 01:44:47.668632 n-d-854441-9 devstack@placement-api.service[114835]: DEBUG placement.requestlog [req-3de54a45-c8a5-420c-a67c-78075db70257 req-81cbc028-35d7-4d44-ab1d-07b277e03219 None None] Starting request: 10.222.0.26 "PUT /placement/allocations/1a34bfc4-5742-48c6-90c0-9118614e1257" {{(pid=114835) __call__ /opt/stack/placement/placement/requestlog.py:55}}
Aug 30 01:44:47.697758 n-d-854441-9 devstack@placement-api.service[114836]: INFO placement.requestlog [req-70cbb0fc-5118-42db-87ac-486050a17d92 req-f0b552d4-9950-4616-843e-e4c6fd0e54d6 service placement] 10.222.0.26 "PUT /placement/resource_providers/8cac5b6a-9c24-4e9b-b295-b53aafcc447a/aggregates" status: 200 len: 92 microversion: 1.19
Aug 30 01:44:47.698500 n-d-854441-9 devstack@placement-api.service[114836]: [pid: 114836|app: 0|req: 60/127] 10.222.0.26 () {64 vars in 1477 bytes} [Tue Aug 30 01:44:47 2022] PUT /placement/resource_providers/8cac5b6a-9c24-4e9b-b295-b53aafcc447a/aggregates => generated 92 bytes in 76 msecs (HTTP/1.1 200) 8 headers in 295 bytes (2 switches on core 0)
Aug 30 01:44:47.993201 n-d-854441-9 devstack@placement-api.service[114835]: DEBUG placement.handlers.allocation [req-3de54a45-c8a5-420c-a67c-78075db70257 req-81cbc028-35d7-4d44-ab1d-07b277e03219 service placement] Successfully wrote allocations [, , ] {{(pid=114835) _update_consumers_and_create_allocations /opt/stack/placement/placement/handlers/allocation.py:462}}
Aug 30 01:44:48.126459 n-d-854441-9 devstack@placement-api.service[114835]: INFO placement.requestlog [req-3de54a45-c8a5-420c-a67c-78075db70257 req-81cbc028-35d7-4d44-ab1d-07b277e03219 service placement] 10.222.0.26 "PUT /placement/allocations/1a34bfc4-5742-48c6-90c0-9118614e1257" status: 204 len: 0 microversion: 1.36
Aug 30 01:44:48.126946 n-d-854441-9 devstack@placement-api.service[114835]: [pid: 114835|app: 0|req: 68/128] 10.222.0.26 () {64 vars in 1433 bytes} [Tue Aug 30 01:44:47 2022] PUT /placement/allocations/1a34bfc4-5742-48c6-90c0-9118614e1257 => generated 0 bytes in 459 msecs (HTTP/1.1 204) 5 headers in 199 bytes (1 switches on core 0)
Aug 30 01:44:48.426242 n-d-854441-9 devstack@placement-api.service[114836]: DEBUG placement.requestlog [req-ee1564b6-ce45-44ca-b1ce-61f0138ead04 req-15c18175-bdaa-4271-ad43-4cce8cc16193 None None] Starting request: 10.222.0.62 "GET /placement/resource_providers/8cac5b6a-9c24-4e9b-b295-b53aafcc447a/allocations" {{(pid=114836) __call__ /opt/stack/placement/placement/requestlog.py:55}}
Aug 30 01:44:48.446745 n-d-854441-9 devstack@placement-api.service[114836]: INFO placement.requestlog [req-ee1564b6-ce45-44ca-b1ce-61f0138ead04 req-15c18175-bdaa-4271-ad43-4cce8cc16193 service placement] 10.222.0.62 "GET /placement/resource_providers/8cac5b6a-9c24-4e9b-b295-b53aafcc447a/allocations" status: 200 len: 154 microversion: 1.0
Aug 30 01:44:48.447091 n-d-854441-9 devstack@placement-api.service[114836]: [pid: 114836|app: 0|req: 61/129] 10.222.0.62 () {58 vars in 1390 bytes} [Tue Aug 30 01:44:48 2022] GET /placement/resource_providers/8cac5b6a-9c24-4e9b-b295-b53aafcc447a/allocations => generated 154 bytes in 21 msecs (HTTP/1.1 200) 6 headers in 224 bytes (1 switches on core 0)
Aug 30 01:44:48.456128 n-d-854441-9 devstack@placement-api.service[114835]: DEBUG placement.requestlog [req-ee1564b6-ce45-44ca-b1ce-61f0138ead04 req-df9d00ab-a30c-4166-931c-44d72764b307 None None] Starting request: 10.222.0.62 "GET /placement/resource_providers/8cac5b6a-9c24-4e9b-b295-b53aafcc447a/allocations" {{(pid=114835) __call__ /opt/stack/placement/placement/requestlog.py:55}}
Aug 30 01:44:48.476314 n-d-854441-9 devstack@placement-api.service[114835]: INFO placement.requestlog [req-ee1564b6-ce45-44ca-b1ce-61f0138ead04 req-df9d00ab-a30c-4166-931c-44d72764b307 service placement] 10.222.0.62 "GET /placement/resource_providers/8cac5b6a-9c24-4e9b-b295-b53aafcc447a/allocations" status: 200 len: 154 microversion: 1.0
Aug 30 01:44:48.476648 n-d-854441-9 devstack@placement-api.service[114835]: [pid: 114835|app: 0|req: 69/130] 10.222.0.62 () {58 vars in 1390 bytes} [Tue Aug 30 01:44:48 2022] GET /placement/resource_providers/8cac5b6a-9c24-4e9b-b295-b53aafcc447a/allocations => generated 154 bytes in 21 msecs (HTTP/1.1 200) 6 headers in 224 bytes (1 switches on core 0)
Aug 30 01:44:48.483400 n-d-854441-9 devstack@placement-api.service[114836]: DEBUG placement.requestlog [req-ee1564b6-ce45-44ca-b1ce-61f0138ead04 req-2e319fb3-ebe9-4fa9-bae1-90f1faf47858 None None] Starting request: 10.222.0.62 "GET /placement/allocations/3b188e68-50b6-4c09-9de3-9a016120b5c4" {{(pid=114836) __call__ /opt/stack/placement/placement/requestlog.py:55}}
Aug 30 01:44:48.497824 n-d-854441-9 devstack@placement-api.service[114836]: INFO placement.requestlog [req-ee1564b6-ce45-44ca-b1ce-61f0138ead04 req-2e319fb3-ebe9-4fa9-bae1-90f1faf47858 service placement] 10.222.0.62 "GET /placement/allocations/3b188e68-50b6-4c09-9de3-9a016120b5c4" status: 200 len: 259 microversion: 1.28
Aug 30 01:44:48.498154 n-d-854441-9 devstack@placement-api.service[114836]: [pid: 114836|app: 0|req: 62/131] 10.222.0.62 () {60 vars in 1377 bytes} [Tue Aug 30 01:44:48 2022] GET /placement/allocations/3b188e68-50b6-4c09-9de3-9a016120b5c4 => generated 259 bytes in 15 msecs (HTTP/1.1 200) 8 headers in 296 bytes (2 switches on core 0)
Aug 30 01:44:48.617412 n-d-854441-9 devstack@placement-api.service[114835]: DEBUG placement.requestlog [req-4d3a178c-414d-4174-baab-49bb971c0a1a req-661f30eb-4930-4c50-bb80-4fa249abdfb5 None None] Starting request: 10.222.0.26 "GET /placement/allocation_candidates?limit=1000&resources=DISK_GB%3A1%2CMEMORY_MB%3A1024%2CVCPU%3A1&root_required=%21COMPUTE_STATUS_DISABLED" {{(pid=114835) __call__ /opt/stack/placement/placement/requestlog.py:55}}
Aug 30 01:44:48.628170 n-d-854441-9 devstack@placement-api.service[114836]: DEBUG placement.requestlog [req-ff1978a1-eada-401f-bff0-5cda81e0a52e req-87be1b76-d69b-4c7f-8ab2-6896a1f62a17 None None] Starting request: 10.222.0.26 "GET /placement/resource_providers?name=n-h2-854441-9" {{(pid=114836) __call__ /opt/stack/placement/placement/requestlog.py:55}}
Aug 30 01:44:48.644979 n-d-854441-9 devstack@placement-api.service[114836]: INFO placement.requestlog [req-ff1978a1-eada-401f-bff0-5cda81e0a52e req-87be1b76-d69b-4c7f-8ab2-6896a1f62a17 service placement] 10.222.0.26 "GET /placement/resource_providers?name=n-h2-854441-9" status: 200 len: 441 microversion: 1.0
Aug 30 01:44:48.645394 n-d-854441-9 devstack@placement-api.service[114836]: [pid: 114836|app: 0|req: 63/132] 10.222.0.26 () {58 vars in 1274 bytes} [Tue Aug 30 01:44:48 2022] GET /placement/resource_providers?name=n-h2-854441-9 => generated 441 bytes in 17 msecs (HTTP/1.1 200) 6 headers in 224 bytes (2 switches on core 0)
Aug 30 01:44:48.652725 n-d-854441-9 devstack@placement-api.service[114836]: DEBUG placement.requestlog [req-ff1978a1-eada-401f-bff0-5cda81e0a52e req-b459dda0-6d78-43a4-b11e-633ead96b711 None None] Starting request: 10.222.0.26 "GET /placement/resource_providers/8cac5b6a-9c24-4e9b-b295-b53aafcc447a/aggregates" {{(pid=114836) __call__ /opt/stack/placement/placement/requestlog.py:55}}
Aug 30 01:44:48.664522 n-d-854441-9 devstack@placement-api.service[114835]: DEBUG placement.objects.research_context [req-4d3a178c-414d-4174-baab-49bb971c0a1a req-661f30eb-4930-4c50-bb80-4fa249abdfb5 service placement] getting providers with 1 DISK_GB {{(pid=114835) __init__ /opt/stack/placement/placement/objects/research_context.py:136}}
Aug 30 01:44:48.670559 n-d-854441-9 devstack@placement-api.service[114835]: DEBUG placement.objects.research_context [req-4d3a178c-414d-4174-baab-49bb971c0a1a req-661f30eb-4930-4c50-bb80-4fa249abdfb5 service placement] getting providers with 1024 MEMORY_MB {{(pid=114835) __init__ /opt/stack/placement/placement/objects/research_context.py:136}}
