Aug 26 22:14:04.782443 n-d-854441-4 devstack@placement-api.service[108304]: INFO placement.requestlog [req-8f67baa9-637b-4213-81e4-34eca134bd1e req-c3d2e215-69bd-4822-8c8f-07a1b1d9d0ea service placement] 10.222.0.57 "GET /placement/allocations/342cc1cb-acba-4f8f-bb6e-8fe3019fa36d" status: 200 len: 259 microversion: 1.28
Aug 26 22:14:04.782807 n-d-854441-4 devstack@placement-api.service[108304]: [pid: 108304|app: 0|req: 484/981] 10.222.0.57 () {60 vars in 1377 bytes} [Fri Aug 26 22:14:04 2022] GET /placement/allocations/342cc1cb-acba-4f8f-bb6e-8fe3019fa36d => generated 259 bytes in 16 msecs (HTTP/1.1 200) 8 headers in 296 bytes (2 switches on core 0)
Aug 26 22:14:04.790476 n-d-854441-4 devstack@placement-api.service[108305]: DEBUG placement.requestlog [req-8f67baa9-637b-4213-81e4-34eca134bd1e req-f33cdd6c-2409-4a7c-a946-6e94aed982e8 None None] Starting request: 10.222.0.57 "GET /placement/allocations/63ee74fa-08b8-4081-9fbd-6af2f56bd37b" {{(pid=108305) __call__ /opt/stack/placement/placement/requestlog.py:55}}
Aug 26 22:14:04.806295 n-d-854441-4 devstack@placement-api.service[108305]: INFO placement.requestlog [req-8f67baa9-637b-4213-81e4-34eca134bd1e req-f33cdd6c-2409-4a7c-a946-6e94aed982e8 service placement] 10.222.0.57 "GET /placement/allocations/63ee74fa-08b8-4081-9fbd-6af2f56bd37b" status: 200 len: 259 microversion: 1.28
Aug 26 22:14:04.806718 n-d-854441-4 devstack@placement-api.service[108305]: [pid: 108305|app: 0|req: 498/982] 10.222.0.57 () {60 vars in 1377 bytes} [Fri Aug 26 22:14:04 2022] GET /placement/allocations/63ee74fa-08b8-4081-9fbd-6af2f56bd37b => generated 259 bytes in 17 msecs (HTTP/1.1 200) 8 headers in 296 bytes (2 switches on core 0)
Aug 26 22:14:04.813165 n-d-854441-4 devstack@placement-api.service[108304]: DEBUG placement.requestlog [req-8f67baa9-637b-4213-81e4-34eca134bd1e req-f92ec34c-298d-4ebb-979b-50de47a7f145 None None] Starting request: 10.222.0.57 "GET /placement/allocations/636deb84-9593-40d2-aaa3-91cb3007c14c" {{(pid=108304) __call__ /opt/stack/placement/placement/requestlog.py:55}}
Aug 26 22:14:04.829043 n-d-854441-4 devstack@placement-api.service[108304]: INFO placement.requestlog [req-8f67baa9-637b-4213-81e4-34eca134bd1e req-f92ec34c-298d-4ebb-979b-50de47a7f145 service placement] 10.222.0.57 "GET /placement/allocations/636deb84-9593-40d2-aaa3-91cb3007c14c" status: 200 len: 259 microversion: 1.28
Aug 26 22:14:04.829436 n-d-854441-4 devstack@placement-api.service[108304]: [pid: 108304|app: 0|req: 485/983] 10.222.0.57 () {60 vars in 1377 bytes} [Fri Aug 26 22:14:04 2022] GET /placement/allocations/636deb84-9593-40d2-aaa3-91cb3007c14c => generated 259 bytes in 17 msecs (HTTP/1.1 200) 8 headers in 296 bytes (1 switches on core 0)
Aug 26 22:14:04.836687 n-d-854441-4 devstack@placement-api.service[108305]: DEBUG placement.requestlog [req-8f67baa9-637b-4213-81e4-34eca134bd1e req-d4a1ec15-77ee-4d0b-a4fa-22bd86e72b4e None None] Starting request: 10.222.0.57 "GET /placement/allocations/89a89759-dd2d-4d98-9c59-da840da87040" {{(pid=108305) __call__ /opt/stack/placement/placement/requestlog.py:55}}
Aug 26 22:14:04.852420 n-d-854441-4 devstack@placement-api.service[108305]: INFO placement.requestlog [req-8f67baa9-637b-4213-81e4-34eca134bd1e req-d4a1ec15-77ee-4d0b-a4fa-22bd86e72b4e service placement] 10.222.0.57 "GET /placement/allocations/89a89759-dd2d-4d98-9c59-da840da87040" status: 200 len: 259 microversion: 1.28
Aug 26 22:14:04.852882 n-d-854441-4 devstack@placement-api.service[108305]: [pid: 108305|app: 0|req: 499/984] 10.222.0.57 () {60 vars in 1377 bytes} [Fri Aug 26 22:14:04 2022] GET /placement/allocations/89a89759-dd2d-4d98-9c59-da840da87040 => generated 259 bytes in 17 msecs (HTTP/1.1 200) 8 headers in 296 bytes (1 switches on core 0)
Aug 26 22:14:06.613473 n-d-854441-4 devstack@placement-api.service[108304]: DEBUG placement.requestlog [None req-8c35caf6-b567-46b3-afcb-3641ef5cd4e1 None None] Starting request: 10.222.0.16 "GET /placement/resource_providers/408ce988-d604-4718-af22-0bd9bb30bc44/aggregates" {{(pid=108304) __call__ /opt/stack/placement/placement/requestlog.py:55}}
Aug 26 22:14:06.622027 n-d-854441-4 devstack@placement-api.service[108305]: DEBUG placement.requestlog [req-25e43f29-aa2b-483f-8f15-4a0607f2b90a req-71b3ae2d-9c7d-46d7-a645-62f4925ce4f6 None None] Starting request: 10.222.0.30 "DELETE /placement/allocations/e178ec6d-0c17-4c94-b868-0158c3711e16" {{(pid=108305) __call__ /opt/stack/placement/placement/requestlog.py:55}}
Aug 26 22:14:06.868193 n-d-854441-4 devstack@placement-api.service[108304]: INFO placement.requestlog [None req-8c35caf6-b567-46b3-afcb-3641ef5cd4e1 service placement] 10.222.0.16 "GET /placement/resource_providers/408ce988-d604-4718-af22-0bd9bb30bc44/aggregates" status: 404 len: 235 microversion: 1.1
Aug 26 22:14:06.868454 n-d-854441-4 devstack@placement-api.service[108304]: [pid: 108304|app: 0|req: 486/985] 10.222.0.16 () {58 vars in 1362 bytes} [Fri Aug 26 22:14:06 2022] GET /placement/resource_providers/408ce988-d604-4718-af22-0bd9bb30bc44/aggregates => generated 235 bytes in 255 msecs (HTTP/1.1 404) 5 headers in 202 bytes (1 switches on core 0)
Aug 26 22:14:06.921635 n-d-854441-4 devstack@placement-api.service[108304]: DEBUG placement.requestlog [None req-e4efe4b1-c709-4b2e-88c8-47ea4374f1fa None None] Starting request: 10.222.0.16 "DELETE /placement/resource_providers/408ce988-d604-4718-af22-0bd9bb30bc44" {{(pid=108304) __call__ /opt/stack/placement/placement/requestlog.py:55}}
Aug 26 22:14:06.942037 n-d-854441-4 devstack@placement-api.service[108304]: DEBUG placement.wsgi_wrapper [None req-e4efe4b1-c709-4b2e-88c8-47ea4374f1fa service placement] Placement API returning an error response: No resource provider with uuid 408ce988-d604-4718-af22-0bd9bb30bc44 found for delete {{(pid=108304) call_func /opt/stack/placement/placement/wsgi_wrapper.py:31}}
Aug 26 22:14:06.942940 n-d-854441-4 devstack@placement-api.service[108304]: INFO placement.requestlog [None req-e4efe4b1-c709-4b2e-88c8-47ea4374f1fa service placement] 10.222.0.16 "DELETE /placement/resource_providers/408ce988-d604-4718-af22-0bd9bb30bc44" status: 404 len: 246 microversion: 1.1
Aug 26 22:14:06.943631 n-d-854441-4 devstack@placement-api.service[108304]: [pid: 108304|app: 0|req: 487/986] 10.222.0.16 () {60 vars in 1351 bytes} [Fri Aug 26 22:14:06 2022] DELETE /placement/resource_providers/408ce988-d604-4718-af22-0bd9bb30bc44 => generated 246 bytes in 23 msecs (HTTP/1.1 404) 6 headers in 231 bytes (1 switches on core 0)
Aug 26 22:14:06.989836 n-d-854441-4 devstack@placement-api.service[108305]: DEBUG placement.handlers.allocation [req-25e43f29-aa2b-483f-8f15-4a0607f2b90a req-71b3ae2d-9c7d-46d7-a645-62f4925ce4f6 service placement] Successfully deleted allocations [, , ] {{(pid=108305) delete_allocations /opt/stack/placement/placement/handlers/allocation.py:627}}
Aug 26 22:14:06.990581 n-d-854441-4 devstack@placement-api.service[108305]: INFO placement.requestlog [req-25e43f29-aa2b-483f-8f15-4a0607f2b90a req-71b3ae2d-9c7d-46d7-a645-62f4925ce4f6 service placement] 10.222.0.30 "DELETE /placement/allocations/e178ec6d-0c17-4c94-b868-0158c3711e16" status: 204 len: 0 microversion: 1.0
Aug 26 22:14:06.991161 n-d-854441-4 devstack@placement-api.service[108305]: [pid: 108305|app: 0|req: 500/987] 10.222.0.30 () {60 vars in 1355 bytes} [Fri Aug 26 22:14:06 2022] DELETE /placement/allocations/e178ec6d-0c17-4c94-b868-0158c3711e16 => generated 0 bytes in 369 msecs (HTTP/1.1 204) 5 headers in 198 bytes (2 switches on core 0)
Aug 26 22:14:09.775105 n-d-854441-4 devstack@placement-api.service[108304]: DEBUG placement.requestlog [req-60f9f599-5c1a-494e-92ff-6222fcdd1017 req-4b65ff78-0814-4855-92c8-a76d73c710ca None None] Starting request: 10.222.0.30 "DELETE /placement/allocations/9da1558b-4f15-442a-8f54-9e7d857129a7" {{(pid=108304) __call__ /opt/stack/placement/placement/requestlog.py:55}}
Aug 26 22:14:10.258633 n-d-854441-4 devstack@placement-api.service[108304]: DEBUG placement.handlers.allocation [req-60f9f599-5c1a-494e-92ff-6222fcdd1017 req-4b65ff78-0814-4855-92c8-a76d73c710ca service placement] Successfully deleted allocations [, , ] {{(pid=108304) delete_allocations /opt/stack/placement/placement/handlers/allocation.py:627}}
Aug 26 22:14:10.259722 n-d-854441-4 devstack@placement-api.service[108304]: INFO placement.requestlog [req-60f9f599-5c1a-494e-92ff-6222fcdd1017 req-4b65ff78-0814-4855-92c8-a76d73c710ca service placement] 10.222.0.30 "DELETE /placement/allocations/9da1558b-4f15-442a-8f54-9e7d857129a7" status: 204 len: 0 microversion: 1.0
Aug 26 22:14:10.259964 n-d-854441-4 devstack@placement-api.service[108304]: [pid: 108304|app: 0|req: 488/988] 10.222.0.30 () {60 vars in 1355 bytes} [Fri Aug 26 22:14:09 2022] DELETE /placement/allocations/9da1558b-4f15-442a-8f54-9e7d857129a7 => generated 0 bytes in 485 msecs (HTTP/1.1 204) 5 headers in 198 bytes (1 switches on core 0)
Aug 26 22:14:12.138356 n-d-854441-4 devstack@placement-api.service[108305]: DEBUG placement.requestlog [req-0d2c4208-2179-4944-a5a1-c9deb4a89eee req-cc522a66-383b-454a-b587-a6704611581a None None] Starting request: 10.222.0.16 "DELETE /placement/allocations/9da1558b-4f15-442a-8f54-9e7d857129a7" {{(pid=108305) __call__ /opt/stack/placement/placement/requestlog.py:55}}
Aug 26 22:14:12.376152 n-d-854441-4 devstack@placement-api.service[108305]: DEBUG placement.wsgi_wrapper [req-0d2c4208-2179-4944-a5a1-c9deb4a89eee req-cc522a66-383b-454a-b587-a6704611581a service placement] Placement API returning an error response: No allocations for consumer '9da1558b-4f15-442a-8f54-9e7d857129a7' {{(pid=108305) call_func /opt/stack/placement/placement/wsgi_wrapper.py:31}}
Aug 26 22:14:12.377499 n-d-854441-4 devstack@placement-api.service[108305]: INFO placement.requestlog [req-0d2c4208-2179-4944-a5a1-c9deb4a89eee req-cc522a66-383b-454a-b587-a6704611581a service placement] 10.222.0.16 "DELETE /placement/allocations/9da1558b-4f15-442a-8f54-9e7d857129a7" status: 404 len: 228 microversion: 1.0
Aug 26 22:14:12.378166 n-d-854441-4 devstack@placement-api.service[108305]: [pid: 108305|app: 0|req: 501/989] 10.222.0.16 () {60 vars in 1349 bytes} [Fri Aug 26 22:14:12 2022] DELETE /placement/allocations/9da1558b-4f15-442a-8f54-9e7d857129a7 => generated 228 bytes in 240 msecs (HTTP/1.1 404) 6 headers in 231 bytes (2 switches on core 0)
Aug 26 22:14:12.495156 n-d-854441-4 devstack@placement-api.service[108304]: DEBUG placement.requestlog [req-73008d2b-3fa2-4227-b050-4dbd516dd142 req-19f2763a-0d59-4089-bf46-a0ab49d5ae97 None None] Starting request: 10.222.0.16 "GET /placement/allocations/c4930d9f-8e5c-488e-9c88-76bd3d8b2c6c" {{(pid=108304) __call__ /opt/stack/placement/placement/requestlog.py:55}}
Aug 26 22:14:12.630164 n-d-854441-4 devstack@placement-api.service[108304]: INFO placement.requestlog [req-73008d2b-3fa2-4227-b050-4dbd516dd142 req-19f2763a-0d59-4089-bf46-a0ab49d5ae97 service placement] 10.222.0.16 "GET /placement/allocations/c4930d9f-8e5c-488e-9c88-76bd3d8b2c6c" status: 200 len: 259 microversion: 1.28
Aug 26 22:14:12.631330 n-d-854441-4 devstack@placement-api.service[108304]: [pid: 108304|app: 0|req: 489/990] 10.222.0.16 () {60 vars in 1380 bytes} [Fri Aug 26 22:14:12 2022] GET /placement/allocations/c4930d9f-8e5c-488e-9c88-76bd3d8b2c6c => generated 259 bytes in 136 msecs (HTTP/1.1 200) 8 headers in 296 bytes (1 switches on core 0)
Aug 26 22:14:12.637302 n-d-854441-4 devstack@placement-api.service[108305]: DEBUG placement.requestlog [req-73008d2b-3fa2-4227-b050-4dbd516dd142 req-cff86bc6-7000-4c61-a6d2-038cd45d2d32 None None] Starting request: 10.222.0.16 "GET /placement/allocations/c4930d9f-8e5c-488e-9c88-76bd3d8b2c6c" {{(pid=108305) __call__ /opt/stack/placement/placement/requestlog.py:55}}
Aug 26 22:14:12.665795 n-d-854441-4 devstack@placement-api.service[108305]: INFO placement.requestlog [req-73008d2b-3fa2-4227-b050-4dbd516dd142 req-cff86bc6-7000-4c61-a6d2-038cd45d2d32 service placement] 10.222.0.16 "GET /placement/allocations/c4930d9f-8e5c-488e-9c88-76bd3d8b2c6c" status: 200 len: 259 microversion: 1.28
Aug 26 22:14:12.672197 n-d-854441-4 devstack@placement-api.service[108305]: [pid: 108305|app: 0|req: 502/991] 10.222.0.16 () {60 vars in 1380 bytes} [Fri Aug 26 22:14:12 2022] GET /placement/allocations/c4930d9f-8e5c-488e-9c88-76bd3d8b2c6c => generated 259 bytes in 35 msecs (HTTP/1.1 200) 8 headers in 296 bytes (1 switches on core 0)
Aug 26 22:14:12.678539 n-d-854441-4 devstack@placement-api.service[108304]: DEBUG placement.requestlog [req-73008d2b-3fa2-4227-b050-4dbd516dd142 req-16951f58-de31-4771-8e36-49ba51ec7cad None None] Starting request: 10.222.0.16 "GET /placement/allocations/d996bf64-76c3-4754-9a8b-a6ffbf660f47" {{(pid=108304) __call__ /opt/stack/placement/placement/requestlog.py:55}}
Aug 26 22:14:12.690994 n-d-854441-4 devstack@placement-api.service[108304]: INFO placement.requestlog [req-73008d2b-3fa2-4227-b050-4dbd516dd142 req-16951f58-de31-4771-8e36-49ba51ec7cad service placement] 10.222.0.16 "GET /placement/allocations/d996bf64-76c3-4754-9a8b-a6ffbf660f47" status: 200 len: 19 microversion: 1.28
Aug 26 22:14:12.700415 n-d-854441-4 devstack@placement-api.service[108304]: [pid: 108304|app: 0|req: 490/992] 10.222.0.16 () {60 vars in 1380 bytes} [Fri Aug 26 22:14:12 2022] GET /placement/allocations/d996bf64-76c3-4754-9a8b-a6ffbf660f47 => generated 19 bytes in 22 msecs (HTTP/1.1 200) 8 headers in 295 bytes (1 switches on core 0)
Aug 26 22:14:12.702091 n-d-854441-4 devstack@placement-api.service[108305]: DEBUG placement.requestlog [req-73008d2b-3fa2-4227-b050-4dbd516dd142 req-0682f84c-3335-4454-9816-1a37fe745c8c None None] Starting request: 10.222.0.16 "POST /placement/allocations" {{(pid=108305) __call__ /opt/stack/placement/placement/requestlog.py:55}}
Aug 26 22:14:12.991686 n-d-854441-4 devstack@placement-api.service[108305]: DEBUG placement.handlers.allocation [req-73008d2b-3fa2-4227-b050-4dbd516dd142 req-0682f84c-3335-4454-9816-1a37fe745c8c service placement] Successfully wrote allocations [, , , , , ] {{(pid=108305) _update_consumers_and_create_allocations /opt/stack/placement/placement/handlers/allocation.py:572}}
Aug 26 22:14:13.133026 n-d-854441-4 devstack@placement-api.service[108305]: INFO placement.requestlog [req-73008d2b-3fa2-4227-b050-4dbd516dd142 req-0682f84c-3335-4454-9816-1a37fe745c8c service placement] 10.222.0.16 "POST /placement/allocations" status: 204 len: 0 microversion: 1.28
Aug 26 22:14:13.136510 n-d-854441-4 devstack@placement-api.service[108305]: [pid: 108305|app: 0|req: 503/993] 10.222.0.16 () {64 vars in 1323 bytes} [Fri Aug 26 22:14:12 2022] POST /placement/allocations => generated 0 bytes in 432 msecs (HTTP/1.1 204) 5 headers in 199 bytes (1 switches on core 0)
Aug 26 22:14:13.207708 n-d-854441-4 devstack@placement-api.service[108304]: DEBUG placement.requestlog [req-73008d2b-3fa2-4227-b050-4dbd516dd142 req-b47c07d2-9ea0-46aa-aac6-bcc75ee447ef None None] Starting request: 10.222.0.16 "GET /placement/allocations/c4930d9f-8e5c-488e-9c88-76bd3d8b2c6c" {{(pid=108304) __call__ /opt/stack/placement/placement/requestlog.py:55}}
Aug 26 22:14:13.228035 n-d-854441-4 devstack@placement-api.service[108304]: INFO placement.requestlog [req-73008d2b-3fa2-4227-b050-4dbd516dd142 req-b47c07d2-9ea0-46aa-aac6-bcc75ee447ef service placement] 10.222.0.16 "GET /placement/allocations/c4930d9f-8e5c-488e-9c88-76bd3d8b2c6c" status: 200 len: 19 microversion: 1.28
Aug 26 22:14:13.229538 n-d-854441-4 devstack@placement-api.service[108304]: [pid: 108304|app: 0|req: 491/994] 10.222.0.16 () {60 vars in 1380 bytes} [Fri Aug 26 22:14:13 2022] GET /placement/allocations/c4930d9f-8e5c-488e-9c88-76bd3d8b2c6c => generated 19 bytes in 22 msecs (HTTP/1.1 200) 8 headers in 295 bytes (1 switches on core 0)
Aug 26 22:14:13.235448 n-d-854441-4 devstack@placement-api.service[108305]: DEBUG placement.requestlog [req-73008d2b-3fa2-4227-b050-4dbd516dd142 req-aa9e4845-ac00-4b37-a416-e990a9dbf706 None None] Starting request: 10.222.0.16 "PUT /placement/allocations/c4930d9f-8e5c-488e-9c88-76bd3d8b2c6c" {{(pid=108305) __call__ /opt/stack/placement/placement/requestlog.py:55}}
Aug 26 22:14:13.483740 n-d-854441-4 devstack@placement-api.service[108305]: DEBUG placement.handlers.allocation [req-73008d2b-3fa2-4227-b050-4dbd516dd142 req-aa9e4845-ac00-4b37-a416-e990a9dbf706 service placement] Successfully wrote allocations [, , ] {{(pid=108305) _update_consumers_and_create_allocations /opt/stack/placement/placement/handlers/allocation.py:462}}
Aug 26 22:14:13.619262 n-d-854441-4 devstack@placement-api.service[108305]: INFO placement.requestlog [req-73008d2b-3fa2-4227-b050-4dbd516dd142 req-aa9e4845-ac00-4b37-a416-e990a9dbf706 service placement] 10.222.0.16 "PUT /placement/allocations/c4930d9f-8e5c-488e-9c88-76bd3d8b2c6c" status: 204 len: 0 microversion: 1.28
Aug 26 22:14:13.623235 n-d-854441-4 devstack@placement-api.service[108305]: [pid: 108305|app: 0|req: 504/995] 10.222.0.16 () {64 vars in 1433 bytes} [Fri Aug 26 22:14:13 2022] PUT /placement/allocations/c4930d9f-8e5c-488e-9c88-76bd3d8b2c6c => generated 0 bytes in 385 msecs (HTTP/1.1 204) 5 headers in 199 bytes (1 switches on core 0)
Aug 26 22:14:13.713180 n-d-854441-4 devstack@placement-api.service[108304]: DEBUG placement.requestlog [req-8b0aa3a1-be37-4bc8-ae33-bb275a678ab0 req-e06e0f04-6ac2-4a33-b359-7a3ac7872a02 None None] Starting request: 10.222.0.30 "GET /placement/resource_providers/0414d340-743d-4e27-b0e9-74dd37eb16d4/allocations" {{(pid=108304) __call__ /opt/stack/placement/placement/requestlog.py:55}}
Aug 26 22:14:13.778199 n-d-854441-4 devstack@placement-api.service[108304]: INFO placement.requestlog [req-8b0aa3a1-be37-4bc8-ae33-bb275a678ab0 req-e06e0f04-6ac2-4a33-b359-7a3ac7872a02 service placement] 10.222.0.30 "GET /placement/resource_providers/0414d340-743d-4e27-b0e9-74dd37eb16d4/allocations" status: 200 len: 1049 microversion: 1.0
Aug 26 22:14:13.782589 n-d-854441-4 devstack@placement-api.service[108304]: [pid: 108304|app: 0|req: 492/996] 10.222.0.30 () {58 vars in 1390 bytes} [Fri Aug 26 22:14:13 2022] GET /placement/resource_providers/0414d340-743d-4e27-b0e9-74dd37eb16d4/allocations => generated 1049 bytes in 66 msecs (HTTP/1.1 200) 6 headers in 225 bytes (1 switches on core 0)
Aug 26 22:14:13.790805 n-d-854441-4 devstack@placement-api.service[108305]: DEBUG placement.requestlog [req-8b0aa3a1-be37-4bc8-ae33-bb275a678ab0 req-dacc96ec-7e66-45f1-aea7-d85d1dfc581d None None] Starting request: 10.222.0.30 "GET /placement/allocations/fb1e291a-d0a3-46f8-bf57-2688940558bd" {{(pid=108305) __call__ /opt/stack/placement/placement/requestlog.py:55}}
Aug 26 22:14:13.829536 n-d-854441-4 devstack@placement-api.service[108305]: INFO placement.requestlog [req-8b0aa3a1-be37-4bc8-ae33-bb275a678ab0 req-dacc96ec-7e66-45f1-aea7-d85d1dfc581d service placement] 10.222.0.30 "GET /placement/allocations/fb1e291a-d0a3-46f8-bf57-2688940558bd" status: 200 len: 259 microversion: 1.28
Aug 26 22:14:13.832428 n-d-854441-4 devstack@placement-api.service[108305]: [pid: 108305|app: 0|req: 505/997] 10.222.0.30 () {60 vars in 1377 bytes} [Fri Aug 26 22:14:13 2022] GET /placement/allocations/fb1e291a-d0a3-46f8-bf57-2688940558bd => generated 259 bytes in 42 msecs (HTTP/1.1 200) 8 headers in 296 bytes (1 switches on core 0)
Aug 26 22:14:13.839533 n-d-854441-4 devstack@placement-api.service[108304]: DEBUG placement.requestlog [req-8b0aa3a1-be37-4bc8-ae33-bb275a678ab0 req-0f6abe8a-1ab9-4f76-b568-7d68234c584b None None] Starting request: 10.222.0.30 "GET /placement/allocations/812c3317-8c4a-4c6d-9532-dd8bd9afb744" {{(pid=108304) __call__ /opt/stack/placement/placement/requestlog.py:55}}
Aug 26 22:14:13.864601 n-d-854441-4 devstack@placement-api.service[108304]: INFO placement.requestlog [req-8b0aa3a1-be37-4bc8-ae33-bb275a678ab0 req-0f6abe8a-1ab9-4f76-b568-7d68234c584b service placement] 10.222.0.30 "GET /placement/allocations/812c3317-8c4a-4c6d-9532-dd8bd9afb744" status: 200 len: 259 microversion: 1.28
Aug 26 22:14:13.864988 n-d-854441-4 devstack@placement-api.service[108304]: [pid: 108304|app: 0|req: 493/998] 10.222.0.30 () {60 vars in 1377 bytes} [Fri Aug 26 22:14:13 2022] GET /placement/allocations/812c3317-8c4a-4c6d-9532-dd8bd9afb744 => generated 259 bytes in 26 msecs (HTTP/1.1 200) 8 headers in 296 bytes (1 switches on core 0)
Aug 26 22:14:13.873387 n-d-854441-4 devstack@placement-api.service[108305]: DEBUG placement.requestlog [req-8b0aa3a1-be37-4bc8-ae33-bb275a678ab0 req-15d01214-7510-47d5-b256-7e3358ceaa4a None None] Starting request: 10.222.0.30 "GET /placement/allocations/053b10ef-4b68-4b9a-a90c-381de2cafb3d" {{(pid=108305) __call__ /opt/stack/placement/placement/requestlog.py:55}}
Aug 26 22:14:13.895523 n-d-854441-4 devstack@placement-api.service[108305]: INFO placement.requestlog [req-8b0aa3a1-be37-4bc8-ae33-bb275a678ab0 req-15d01214-7510-47d5-b256-7e3358ceaa4a service placement] 10.222.0.30 "GET /placement/allocations/053b10ef-4b68-4b9a-a90c-381de2cafb3d" status: 200 len: 259 microversion: 1.28
Aug 26 22:14:13.896213 n-d-854441-4 devstack@placement-api.service[108305]: [pid: 108305|app: 0|req: 506/999] 10.222.0.30 () {60 vars in 1377 bytes} [Fri Aug 26 22:14:13 2022] GET /placement/allocations/053b10ef-4b68-4b9a-a90c-381de2cafb3d => generated 259 bytes in 23 msecs (HTTP/1.1 200) 8 headers in 296 bytes (1 switches on core 0)
Aug 26 22:14:13.903152 n-d-854441-4 devstack@placement-api.service[108304]: DEBUG placement.requestlog [req-8b0aa3a1-be37-4bc8-ae33-bb275a678ab0 req-ad9786c3-19a5-4feb-a033-3ef68d8bed18 None None] Starting request: 10.222.0.30 "GET /placement/allocations/bdadc993-3fe0-4f3d-97f7-77dd72e96dff" {{(pid=108304) __call__ /opt/stack/placement/placement/requestlog.py:55}}
Aug 26 22:14:13.916211 n-d-854441-4 devstack@placement-api.service[108305]: DEBUG placement.requestlog [req-73008d2b-3fa2-4227-b050-4dbd516dd142 req-27425131-2ddc-4a61-ae1a-fdf91677f66a None None] Starting request: 10.222.0.57 "GET /placement/allocations/c4930d9f-8e5c-488e-9c88-76bd3d8b2c6c" {{(pid=108305) __call__ /opt/stack/placement/placement/requestlog.py:55}}
Aug 26 22:14:13.936665 n-d-854441-4 devstack@placement-api.service[108305]: DEBUG dbcounter [-] [108305] Writing DB stats placement:SELECT=80,placement:DELETE=7,placement:INSERT=8,placement:UPDATE=5 {{(pid=108305) stat_writer /usr/local/lib/python3.8/dist-packages/dbcounter.py:114}}
Aug 26 22:14:13.941163 n-d-854441-4 devstack@placement-api.service[108304]: INFO placement.requestlog [req-8b0aa3a1-be37-4bc8-ae33-bb275a678ab0 req-ad9786c3-19a5-4feb-a033-3ef68d8bed18 service placement] 10.222.0.30 "GET /placement/allocations/bdadc993-3fe0-4f3d-97f7-77dd72e96dff" status: 200 len: 259 microversion: 1.28
Aug 26 22:14:13.941827 n-d-854441-4 devstack@placement-api.service[108304]: [pid: 108304|app: 0|req: 494/1000] 10.222.0.30 () {60 vars in 1377 bytes} [Fri Aug 26 22:14:13 2022] GET /placement/allocations/bdadc993-3fe0-4f3d-97f7-77dd72e96dff => generated 259 bytes in 39 msecs (HTTP/1.1 200) 8 headers in 296 bytes (1 switches on core 0)
Aug 26 22:14:13.949383 n-d-854441-4 devstack@placement-api.service[108304]: DEBUG placement.requestlog [req-8b0aa3a1-be37-4bc8-ae33-bb275a678ab0 req-057becae-7173-4ebb-9b09-0678c7bd99d2 None None] Starting request: 10.222.0.30 "GET /placement/allocations/b6bbe25d-9c81-4d84-920f-556dd4e16193" {{(pid=108304) __call__ /opt/stack/placement/placement/requestlog.py:55}}
Aug 26 22:14:13.949610 n-d-854441-4 devstack@placement-api.service[108305]: INFO placement.requestlog [req-73008d2b-3fa2-4227-b050-4dbd516dd142 req-27425131-2ddc-4a61-ae1a-fdf91677f66a service placement] 10.222.0.57 "GET /placement/allocations/c4930d9f-8e5c-488e-9c88-76bd3d8b2c6c" status: 200 len: 259 microversion: 1.28
Aug 26 22:14:13.950590 n-d-854441-4 devstack@placement-api.service[108305]: [pid: 108305|app: 0|req: 507/1001] 10.222.0.57 () {60 vars in 1377 bytes} [Fri Aug 26 22:14:13 2022] GET /placement/allocations/c4930d9f-8e5c-488e-9c88-76bd3d8b2c6c => generated 259 bytes in 36 msecs (HTTP/1.1 200) 8 headers in 296 bytes (1 switches on core 0)
Aug 26 22:14:13.967467 n-d-854441-4 devstack@placement-api.service[108304]: INFO placement.requestlog [req-8b0aa3a1-be37-4bc8-ae33-bb275a678ab0 req-057becae-7173-4ebb-9b09-0678c7bd99d2 service placement] 10.222.0.30 "GET /placement/allocations/b6bbe25d-9c81-4d84-920f-556dd4e16193" status: 200 len: 245 microversion: 1.28
Aug 26 22:14:13.968372 n-d-854441-4 devstack@placement-api.service[108304]: [pid: 108304|app: 0|req: 495/1002] 10.222.0.30 () {60 vars in 1377 bytes} [Fri Aug 26 22:14:13 2022] GET /placement/allocations/b6bbe25d-9c81-4d84-920f-556dd4e16193 => generated 245 bytes in 19 msecs (HTTP/1.1 200) 8 headers in 296 bytes (1 switches on core 0)
Aug 26 22:14:13.975829 n-d-854441-4 devstack@placement-api.service[108305]: DEBUG placement.requestlog [req-8b0aa3a1-be37-4bc8-ae33-bb275a678ab0 req-0f55b338-43b2-402f-834c-ac5940d38579 None None] Starting request: 10.222.0.30 "GET /placement/allocations/d996bf64-76c3-4754-9a8b-a6ffbf660f47" {{(pid=108305) __call__ /opt/stack/placement/placement/requestlog.py:55}}
Aug 26 22:14:13.995698 n-d-854441-4 devstack@placement-api.service[108305]: INFO placement.requestlog [req-8b0aa3a1-be37-4bc8-ae33-bb275a678ab0 req-0f55b338-43b2-402f-834c-ac5940d38579 service placement] 10.222.0.30 "GET /placement/allocations/d996bf64-76c3-4754-9a8b-a6ffbf660f47" status: 200 len: 259 microversion: 1.28
Aug 26 22:14:13.996030 n-d-854441-4 devstack@placement-api.service[108305]: [pid: 108305|app: 0|req: 508/1003] 10.222.0.30 () {60 vars in 1377 bytes} [Fri Aug 26 22:14:13 2022] GET /placement/allocations/d996bf64-76c3-4754-9a8b-a6ffbf660f47 => generated 259 bytes in 20 msecs (HTTP/1.1 200) 8 headers in 296 bytes (2 switches on core 0)
Aug 26 22:14:14.003417 n-d-854441-4 devstack@placement-api.service[108304]: DEBUG placement.requestlog [req-8b0aa3a1-be37-4bc8-ae33-bb275a678ab0 req-06423f09-a8ad-414f-9078-541a0542b1a7 None None] Starting request: 10.222.0.30 "GET /placement/allocations/f5bdbb2c-25ba-497a-ab14-e762256f7ab2" {{(pid=108304) __call__ /opt/stack/placement/placement/requestlog.py:55}}
Aug 26 22:14:14.070622 n-d-854441-4 devstack@placement-api.service[108304]: INFO placement.requestlog [req-8b0aa3a1-be37-4bc8-ae33-bb275a678ab0 req-06423f09-a8ad-414f-9078-541a0542b1a7 service placement] 10.222.0.30 "GET /placement/allocations/f5bdbb2c-25ba-497a-ab14-e762256f7ab2" status: 200 len: 259 microversion: 1.28
Aug 26 22:14:14.070622 n-d-854441-4 devstack@placement-api.service[108304]: [pid: 108304|app: 0|req: 496/1004] 10.222.0.30 () {60 vars in 1377 bytes} [Fri Aug 26 22:14:14 2022] GET /placement/allocations/f5bdbb2c-25ba-497a-ab14-e762256f7ab2 => generated 259 bytes in 65 msecs (HTTP/1.1 200) 8 headers in 296 bytes (2 switches on core 0)
Aug 26 22:14:14.075935 n-d-854441-4 devstack@placement-api.service[108305]: DEBUG placement.requestlog [req-8b0aa3a1-be37-4bc8-ae33-bb275a678ab0 req-6bc50282-c78d-4ca0-bee1-5ee7c386684c None None] Starting request: 10.222.0.30 "GET /placement/allocations/a095ad79-e582-4f60-8d1a-eacd2e7b4a9b" {{(pid=108305) __call__ /opt/stack/placement/placement/requestlog.py:55}}
Aug 26 22:14:14.098078 n-d-854441-4 devstack@placement-api.service[108305]: INFO placement.requestlog [req-8b0aa3a1-be37-4bc8-ae33-bb275a678ab0 req-6bc50282-c78d-4ca0-bee1-5ee7c386684c service placement] 10.222.0.30 "GET /placement/allocations/a095ad79-e582-4f60-8d1a-eacd2e7b4a9b" status: 200 len: 259 microversion: 1.28
Aug 26 22:14:14.099592 n-d-854441-4 devstack@placement-api.service[108305]: [pid: 108305|app: 0|req: 509/1005] 10.222.0.30 () {60 vars in 1377 bytes} [Fri Aug 26 22:14:14 2022] GET /placement/allocations/a095ad79-e582-4f60-8d1a-eacd2e7b4a9b => generated 259 bytes in 24 msecs (HTTP/1.1 200) 8 headers in 296 bytes (1 switches on core 0)
Aug 26 22:14:14.106572 n-d-854441-4 devstack@placement-api.service[108304]: DEBUG placement.requestlog [req-8b0aa3a1-be37-4bc8-ae33-bb275a678ab0 req-30e0c9c9-61e7-4ae2-842e-7b51bb6ed748 None None] Starting request: 10.222.0.30 "GET /placement/allocations/67129601-bfae-47b1-bf17-c72ee1d1741b" {{(pid=108304) __call__ /opt/stack/placement/placement/requestlog.py:55}}
Aug 26 22:14:14.130942 n-d-854441-4 devstack@placement-api.service[108304]: INFO placement.requestlog [req-8b0aa3a1-be37-4bc8-ae33-bb275a678ab0 req-30e0c9c9-61e7-4ae2-842e-7b51bb6ed748 service placement] 10.222.0.30 "GET /placement/allocations/67129601-bfae-47b1-bf17-c72ee1d1741b" status: 200 len: 259 microversion: 1.28
Aug 26 22:14:14.133704 n-d-854441-4 devstack@placement-api.service[108304]: [pid: 108304|app: 0|req: 497/1006] 10.222.0.30 () {60 vars in 1377 bytes} [Fri Aug 26 22:14:14 2022] GET /placement/allocations/67129601-bfae-47b1-bf17-c72ee1d1741b => generated 259 bytes in 25 msecs (HTTP/1.1 200) 8 headers in 296 bytes (1 switches on core 0)
Aug 26 22:14:14.139487 n-d-854441-4 devstack@placement-api.service[108305]: DEBUG placement.requestlog [req-8b0aa3a1-be37-4bc8-ae33-bb275a678ab0 req-4b744237-d2c7-4e5a-8bf8-65e3cfc0d79a None None] Starting request: 10.222.0.30 "GET /placement/allocations/b58b40cb-dbec-4d93-a215-450771b93ea4" {{(pid=108305) __call__ /opt/stack/placement/placement/requestlog.py:55}}
Aug 26 22:14:14.178149 n-d-854441-4 devstack@placement-api.service[108305]: INFO placement.requestlog [req-8b0aa3a1-be37-4bc8-ae33-bb275a678ab0 req-4b744237-d2c7-4e5a-8bf8-65e3cfc0d79a service placement] 10.222.0.30 "GET /placement/allocations/b58b40cb-dbec-4d93-a215-450771b93ea4" status: 200 len: 259 microversion: 1.28
Aug 26 22:14:14.178588 n-d-854441-4 devstack@placement-api.service[108305]: [pid: 108305|app: 0|req: 510/1007] 10.222.0.30 () {60 vars in 1377 bytes} [Fri Aug 26 22:14:14 2022] GET /placement/allocations/b58b40cb-dbec-4d93-a215-450771b93ea4 => generated 259 bytes in 40 msecs (HTTP/1.1 200) 8 headers in 296 bytes (1 switches on core 0)
Aug 26 22:14:14.254113 n-d-854441-4 devstack@placement-api.service[108304]: DEBUG placement.requestlog [None req-c9821418-befb-438f-a6ed-229f4a530daa None None] Starting request: 10.222.0.16 "GET /placement/resource_providers/00c5a99b-00c6-4699-9f2d-7d3a4ebbd2f4/aggregates" {{(pid=108304) __call__ /opt/stack/placement/placement/requestlog.py:55}}
Aug 26 22:14:14.265133 n-d-854441-4 devstack@placement-api.service[108304]: INFO placement.requestlog [None req-c9821418-befb-438f-a6ed-229f4a530daa service placement] 10.222.0.16 "GET /placement/resource_providers/00c5a99b-00c6-4699-9f2d-7d3a4ebbd2f4/aggregates" status: 404 len: 235 microversion: 1.1
Aug 26 22:14:14.266709 n-d-854441-4 devstack@placement-api.service[108304]: [pid: 108304|app: 0|req: 498/1008] 10.222.0.16 () {58 vars in 1362 bytes} [Fri Aug 26 22:14:14 2022] GET /placement/resource_providers/00c5a99b-00c6-4699-9f2d-7d3a4ebbd2f4/aggregates => generated 235 bytes in 13 msecs (HTTP/1.1 404) 5 headers in 202 bytes (1 switches on core 0)
Aug 26 22:14:14.557510 n-d-854441-4 devstack@placement-api.service[108305]: DEBUG placement.requestlog [req-8b0aa3a1-be37-4bc8-ae33-bb275a678ab0 req-94b8e0f6-cec4-4f80-ac19-237fe66ff753 None None] Starting request: 10.222.0.30 "DELETE /placement/allocations/b6bbe25d-9c81-4d84-920f-556dd4e16193" {{(pid=108305) __call__ /opt/stack/placement/placement/requestlog.py:55}}
Aug 26 22:14:14.616669 n-d-854441-4 devstack@placement-api.service[108304]: DEBUG placement.requestlog [None req-ab956ec6-c3db-461c-9708-26e740782ec8 None None] Starting request: 10.222.0.16 "DELETE /placement/resource_providers/00c5a99b-00c6-4699-9f2d-7d3a4ebbd2f4" {{(pid=108304) __call__ /opt/stack/placement/placement/requestlog.py:55}}
Aug 26 22:14:14.628284 n-d-854441-4 devstack@placement-api.service[108304]: DEBUG placement.wsgi_wrapper [None req-ab956ec6-c3db-461c-9708-26e740782ec8 service placement] Placement API returning an error response: No resource provider with uuid 00c5a99b-00c6-4699-9f2d-7d3a4ebbd2f4 found for delete {{(pid=108304) call_func /opt/stack/placement/placement/wsgi_wrapper.py:31}}
Aug 26 22:14:14.631374 n-d-854441-4 devstack@placement-api.service[108304]: INFO placement.requestlog [None req-ab956ec6-c3db-461c-9708-26e740782ec8 service placement] 10.222.0.16 "DELETE /placement/resource_providers/00c5a99b-00c6-4699-9f2d-7d3a4ebbd2f4" status: 404 len: 246 microversion: 1.1
Aug 26 22:14:14.632884 n-d-854441-4 devstack@placement-api.service[108304]: [pid: 108304|app: 0|req: 499/1009] 10.222.0.16 () {60 vars in 1351 bytes} [Fri Aug 26 22:14:14 2022] DELETE /placement/resource_providers/00c5a99b-00c6-4699-9f2d-7d3a4ebbd2f4 => generated 246 bytes in 17 msecs (HTTP/1.1 404) 6 headers in 231 bytes (2 switches on core 0)
Aug 26 22:14:15.128314 n-d-854441-4 devstack@placement-api.service[108305]: DEBUG placement.handlers.allocation [req-8b0aa3a1-be37-4bc8-ae33-bb275a678ab0 req-94b8e0f6-cec4-4f80-ac19-237fe66ff753 service placement] Successfully deleted allocations [, ] {{(pid=108305) delete_allocations /opt/stack/placement/placement/handlers/allocation.py:627}}
Aug 26 22:14:15.129480 n-d-854441-4 devstack@placement-api.service[108305]: INFO placement.requestlog [req-8b0aa3a1-be37-4bc8-ae33-bb275a678ab0 req-94b8e0f6-cec4-4f80-ac19-237fe66ff753 service placement] 10.222.0.30 "DELETE /placement/allocations/b6bbe25d-9c81-4d84-920f-556dd4e16193" status: 204 len: 0 microversion: 1.0
Aug 26 22:14:15.129896 n-d-854441-4 devstack@placement-api.service[108305]: [pid: 108305|app: 0|req: 511/1010] 10.222.0.30 () {60 vars in 1355 bytes} [Fri Aug 26 22:14:14 2022] DELETE /placement/allocations/b6bbe25d-9c81-4d84-920f-556dd4e16193 => generated 0 bytes in 573 msecs (HTTP/1.1 204) 5 headers in 198 bytes (1 switches on core 0)
Aug 26 22:14:15.293765 n-d-854441-4 devstack@placement-api.service[108304]: DEBUG placement.requestlog [req-f844e611-fb4d-4342-830c-2533c0bc6280 req-efa43035-bf17-4e74-a69e-91125b9e7c37 None None] Starting request: 10.222.0.16 "GET /placement/allocation_candidates?resources=DISK_GB%3A1%2CMEMORY_MB%3A1024%2CVCPU%3A1&root_required=%21COMPUTE_STATUS_DISABLED" {{(pid=108304) __call__ /opt/stack/placement/placement/requestlog.py:55}}
Aug 26 22:14:15.372758 n-d-854441-4 devstack@placement-api.service[108304]: DEBUG placement.objects.research_context [req-f844e611-fb4d-4342-830c-2533c0bc6280 req-efa43035-bf17-4e74-a69e-91125b9e7c37 service placement] getting providers with 1 DISK_GB {{(pid=108304) __init__ /opt/stack/placement/placement/objects/research_context.py:136}}
Aug 26 22:14:15.386248 n-d-854441-4 devstack@placement-api.service[108304]: DEBUG placement.objects.research_context [req-f844e611-fb4d-4342-830c-2533c0bc6280 req-efa43035-bf17-4e74-a69e-91125b9e7c37 service placement] getting providers with 1024 MEMORY_MB {{(pid=108304) __init__ /opt/stack/placement/placement/objects/research_context.py:136}}
Aug 26 22:14:15.395847 n-d-854441-4 devstack@placement-api.service[108304]: DEBUG placement.objects.research_context [req-f844e611-fb4d-4342-830c-2533c0bc6280 req-efa43035-bf17-4e74-a69e-91125b9e7c37 service placement] getting providers with 1 VCPU {{(pid=108304) __init__ /opt/stack/placement/placement/objects/research_context.py:136}}
Aug 26 22:14:15.409752 n-d-854441-4 devstack@placement-api.service[108304]: DEBUG placement.objects.research_context [req-f844e611-fb4d-4342-830c-2533c0bc6280 req-efa43035-bf17-4e74-a69e-91125b9e7c37 service placement] found 2 providers with available 1 DISK_GB {{(pid=108304) get_provider_ids_matching /opt/stack/placement/placement/objects/research_context.py:563}}
Aug 26 22:14:15.410275 n-d-854441-4 devstack@placement-api.service[108304]: DEBUG placement.objects.research_context [req-f844e611-fb4d-4342-830c-2533c0bc6280 req-efa43035-bf17-4e74-a69e-91125b9e7c37 service placement] found 2 providers with available 1024 MEMORY_MB {{(pid=108304) get_provider_ids_matching /opt/stack/placement/placement/objects/research_context.py:563}}
Aug 26 22:14:15.410790 n-d-854441-4 devstack@placement-api.service[108304]: DEBUG placement.objects.research_context [req-f844e611-fb4d-4342-830c-2533c0bc6280 req-efa43035-bf17-4e74-a69e-91125b9e7c37 service placement] found 2 providers after filtering by previous result {{(pid=108304) get_provider_ids_matching /opt/stack/placement/placement/objects/research_context.py:594}}
Aug 26 22:14:15.411292 n-d-854441-4 devstack@placement-api.service[108304]: DEBUG placement.objects.research_context [req-f844e611-fb4d-4342-830c-2533c0bc6280 req-efa43035-bf17-4e74-a69e-91125b9e7c37 service placement] found 2 providers with available 1 VCPU {{(pid=108304) get_provider_ids_matching /opt/stack/placement/placement/objects/research_context.py:563}}
Aug 26 22:14:15.411671 n-d-854441-4 devstack@placement-api.service[108304]: DEBUG placement.objects.research_context [req-f844e611-fb4d-4342-830c-2533c0bc6280 req-efa43035-bf17-4e74-a69e-91125b9e7c37 service placement] found 2 providers after filtering by previous result {{(pid=108304) get_provider_ids_matching /opt/stack/placement/placement/objects/research_context.py:594}}
Aug 26 22:14:15.423752 n-d-854441-4 devstack@placement-api.service[108304]: DEBUG placement.objects.allocation_candidate [req-f844e611-fb4d-4342-830c-2533c0bc6280 req-efa43035-bf17-4e74-a69e-91125b9e7c37 service placement] RequestGroup(use_same_provider=False, resources={DISK_GB:1, MEMORY_MB:1024, VCPU:1}, traits=(), aggregates=[]) (suffix '') returned 2 matches {{(pid=108304) _get_by_requests /opt/stack/placement/placement/objects/allocation_candidate.py:156}}
Aug 26 22:14:15.424350 n-d-854441-4 devstack@placement-api.service[108304]: DEBUG placement.objects.allocation_candidate [req-f844e611-fb4d-4342-830c-2533c0bc6280 req-efa43035-bf17-4e74-a69e-91125b9e7c37 service placement] Merging candidates yields 2 allocation requests and 2 provider summaries {{(pid=108304) _merge_candidates /opt/stack/placement/placement/objects/allocation_candidate.py:809}}
Aug 26 22:14:15.440358 n-d-854441-4 devstack@placement-api.service[108304]: INFO placement.requestlog [req-f844e611-fb4d-4342-830c-2533c0bc6280 req-efa43035-bf17-4e74-a69e-91125b9e7c37 service placement] 10.222.0.16 "GET /placement/allocation_candidates?resources=DISK_GB%3A1%2CMEMORY_MB%3A1024%2CVCPU%3A1&root_required=%21COMPUTE_STATUS_DISABLED" status: 200 len: 1309 microversion: 1.36
Aug 26 22:14:15.442569 n-d-854441-4 devstack@placement-api.service[108304]: [pid: 108304|app: 0|req: 500/1011] 10.222.0.16 () {60 vars in 1484 bytes} [Fri Aug 26 22:14:15 2022] GET /placement/allocation_candidates?resources=DISK_GB%3A1%2CMEMORY_MB%3A1024%2CVCPU%3A1&root_required=%21COMPUTE_STATUS_DISABLED => generated 1309 bytes in 149 msecs (HTTP/1.1 200) 8 headers in 297 bytes (1 switches on core 0)
Aug 26 22:14:15.534722 n-d-854441-4 devstack@placement-api.service[108305]: DEBUG placement.requestlog [req-f844e611-fb4d-4342-830c-2533c0bc6280 req-9320a705-c00a-4e3b-98c9-0a36ebc81f0e None None] Starting request: 10.222.0.16 "GET /placement/allocations/594d4663-4199-410f-857a-e5e1837cb968" {{(pid=108305) __call__ /opt/stack/placement/placement/requestlog.py:55}}
Aug 26 22:14:15.552169 n-d-854441-4 devstack@placement-api.service[108305]: INFO placement.requestlog [req-f844e611-fb4d-4342-830c-2533c0bc6280 req-9320a705-c00a-4e3b-98c9-0a36ebc81f0e service placement] 10.222.0.16 "GET /placement/allocations/594d4663-4199-410f-857a-e5e1837cb968" status: 200 len: 19 microversion: 1.28
Aug 26 22:14:15.559065 n-d-854441-4 devstack@placement-api.service[108305]: [pid: 108305|app: 0|req: 512/1012] 10.222.0.16 () {60 vars in 1380 bytes} [Fri Aug 26 22:14:15 2022] GET /placement/allocations/594d4663-4199-410f-857a-e5e1837cb968 => generated 19 bytes in 26 msecs (HTTP/1.1 200) 8 headers in 295 bytes (1 switches on core 0)
Aug 26 22:14:15.564206 n-d-854441-4 devstack@placement-api.service[108304]: DEBUG placement.requestlog [req-f844e611-fb4d-4342-830c-2533c0bc6280 req-1b090108-0ed4-4fa4-961b-82cbeae83b55 None None] Starting request: 10.222.0.16 "PUT /placement/allocations/594d4663-4199-410f-857a-e5e1837cb968" {{(pid=108304) __call__ /opt/stack/placement/placement/requestlog.py:55}}
Aug 26 22:14:15.847807 n-d-854441-4 devstack@placement-api.service[108304]: DEBUG placement.handlers.allocation [req-f844e611-fb4d-4342-830c-2533c0bc6280 req-1b090108-0ed4-4fa4-961b-82cbeae83b55 service placement] Successfully wrote allocations [, , ] {{(pid=108304) _update_consumers_and_create_allocations /opt/stack/placement/placement/handlers/allocation.py:462}}
Aug 26 22:14:16.134545 n-d-854441-4 devstack@placement-api.service[108304]: INFO placement.requestlog [req-f844e611-fb4d-4342-830c-2533c0bc6280 req-1b090108-0ed4-4fa4-961b-82cbeae83b55 service placement] 10.222.0.16 "PUT /placement/allocations/594d4663-4199-410f-857a-e5e1837cb968" status: 204 len: 0 microversion: 1.36
Aug 26 22:14:16.135241 n-d-854441-4 devstack@placement-api.service[108304]: [pid: 108304|app: 0|req: 501/1013] 10.222.0.16 () {64 vars in 1433 bytes} [Fri Aug 26 22:14:15 2022] PUT /placement/allocations/594d4663-4199-410f-857a-e5e1837cb968 => generated 0 bytes in 571 msecs (HTTP/1.1 204) 5 headers in 199 bytes (2 switches on core 0)
Aug 26 22:14:16.613515 n-d-854441-4 devstack@placement-api.service[108305]: DEBUG placement.requestlog [req-feda2865-af09-49f3-9905-1b23b6321083 req-70717923-0cd8-43d5-bfc4-502e86940e60 None None] Starting request: 10.222.0.30 "GET /placement/resource_providers/0414d340-743d-4e27-b0e9-74dd37eb16d4/allocations" {{(pid=108305) __call__ /opt/stack/placement/placement/requestlog.py:55}}
Aug 26 22:14:16.645155 n-d-854441-4 devstack@placement-api.service[108305]: INFO placement.requestlog [req-feda2865-af09-49f3-9905-1b23b6321083 req-70717923-0cd8-43d5-bfc4-502e86940e60 service placement] 10.222.0.30 "GET /placement/resource_providers/0414d340-743d-4e27-b0e9-74dd37eb16d4/allocations" status: 200 len: 962 microversion: 1.0
Aug 26 22:14:16.646229 n-d-854441-4 devstack@placement-api.service[108305]: [pid: 108305|app: 0|req: 513/1014] 10.222.0.30 () {58 vars in 1390 bytes} [Fri Aug 26 22:14:16 2022] GET /placement/resource_providers/0414d340-743d-4e27-b0e9-74dd37eb16d4/allocations => generated 962 bytes in 33 msecs (HTTP/1.1 200) 6 headers in 224 bytes (1 switches on core 0)
Aug 26 22:14:16.940970 n-d-854441-4 devstack@placement-api.service[108304]: DEBUG placement.requestlog [req-feda2865-af09-49f3-9905-1b23b6321083 req-21455b4f-2d84-4f48-95b3-d1cf2bb9b4cb None None] Starting request: 10.222.0.30 "GET /placement/resource_providers/0414d340-743d-4e27-b0e9-74dd37eb16d4/allocations" {{(pid=108304) __call__ /opt/stack/placement/placement/requestlog.py:55}}
Aug 26 22:14:17.016008 n-d-854441-4 devstack@placement-api.service[108304]: INFO placement.requestlog [req-feda2865-af09-49f3-9905-1b23b6321083 req-21455b4f-2d84-4f48-95b3-d1cf2bb9b4cb service placement] 10.222.0.30 "GET /placement/resource_providers/0414d340-743d-4e27-b0e9-74dd37eb16d4/allocations" status: 200 len: 962 microversion: 1.0
Aug 26 22:14:17.017012 n-d-854441-4 devstack@placement-api.service[108304]: [pid: 108304|app: 0|req: 502/1015] 10.222.0.30 () {58 vars in 1390 bytes} [Fri Aug 26 22:14:16 2022] GET /placement/resource_providers/0414d340-743d-4e27-b0e9-74dd37eb16d4/allocations => generated 962 bytes in 76 msecs (HTTP/1.1 200) 6 headers in 224 bytes (1 switches on core 0)
Aug 26 22:14:17.039056 n-d-854441-4 devstack@placement-api.service[108305]: DEBUG placement.requestlog [req-feda2865-af09-49f3-9905-1b23b6321083 req-9620bdf3-88bf-4882-bc2a-2fc65bae23fd None None] Starting request: 10.222.0.30 "GET /placement/allocations/fb1e291a-d0a3-46f8-bf57-2688940558bd" {{(pid=108305) __call__ /opt/stack/placement/placement/requestlog.py:55}}
Aug 26 22:14:17.057275 n-d-854441-4 devstack@placement-api.service[108305]: INFO placement.requestlog [req-feda2865-af09-49f3-9905-1b23b6321083 req-9620bdf3-88bf-4882-bc2a-2fc65bae23fd service placement] 10.222.0.30 "GET /placement/allocations/fb1e291a-d0a3-46f8-bf57-2688940558bd" status: 200 len: 259 microversion: 1.28
Aug 26 22:14:17.061948 n-d-854441-4 devstack@placement-api.service[108305]: [pid: 108305|app: 0|req: 514/1016] 10.222.0.30 () {60 vars in 1377 bytes} [Fri Aug 26 22:14:17 2022] GET /placement/allocations/fb1e291a-d0a3-46f8-bf57-2688940558bd => generated 259 bytes in 23 msecs (HTTP/1.1 200) 8 headers in 296 bytes (1 switches on core 0)
Aug 26 22:14:17.071574 n-d-854441-4 devstack@placement-api.service[108304]: DEBUG placement.requestlog [req-feda2865-af09-49f3-9905-1b23b6321083 req-212965c5-35cc-48c8-a8d3-cff210817f0b None None] Starting request: 10.222.0.30 "GET /placement/allocations/812c3317-8c4a-4c6d-9532-dd8bd9afb744" {{(pid=108304) __call__ /opt/stack/placement/placement/requestlog.py:55}}
Aug 26 22:14:17.080968 n-d-854441-4 devstack@placement-api.service[108304]: DEBUG dbcounter [-] [108304] Writing DB stats placement:SELECT=90,placement:DELETE=4,placement:INSERT=4,placement:UPDATE=2 {{(pid=108304) stat_writer /usr/local/lib/python3.8/dist-packages/dbcounter.py:114}}
Aug 26 22:14:17.098853 n-d-854441-4 devstack@placement-api.service[108304]: INFO placement.requestlog [req-feda2865-af09-49f3-9905-1b23b6321083 req-212965c5-35cc-48c8-a8d3-cff210817f0b service placement] 10.222.0.30 "GET /placement/allocations/812c3317-8c4a-4c6d-9532-dd8bd9afb744" status: 200 len: 259 microversion: 1.28
Aug 26 22:14:17.099569 n-d-854441-4 devstack@placement-api.service[108304]: [pid: 108304|app: 0|req: 503/1017] 10.222.0.30 () {60 vars in 1377 bytes} [Fri Aug 26 22:14:17 2022] GET /placement/allocations/812c3317-8c4a-4c6d-9532-dd8bd9afb744 => generated 259 bytes in 29 msecs (HTTP/1.1 200) 8 headers in 296 bytes (1 switches on core 0)
Aug 26 22:14:17.106771 n-d-854441-4 devstack@placement-api.service[108305]: DEBUG placement.requestlog [req-feda2865-af09-49f3-9905-1b23b6321083 req-252febb1-6c82-4cfc-902b-24b1788ff50c None None] Starting request: 10.222.0.30 "GET /placement/allocations/053b10ef-4b68-4b9a-a90c-381de2cafb3d" {{(pid=108305) __call__ /opt/stack/placement/placement/requestlog.py:55}}
Aug 26 22:14:17.138515 n-d-854441-4 devstack@placement-api.service[108305]: INFO placement.requestlog [req-feda2865-af09-49f3-9905-1b23b6321083 req-252febb1-6c82-4cfc-902b-24b1788ff50c service placement] 10.222.0.30 "GET /placement/allocations/053b10ef-4b68-4b9a-a90c-381de2cafb3d" status: 200 len: 259 microversion: 1.28
Aug 26 22:14:17.139252 n-d-854441-4 devstack@placement-api.service[108305]: [pid: 108305|app: 0|req: 515/1018] 10.222.0.30 () {60 vars in 1377 bytes} [Fri Aug 26 22:14:17 2022] GET /placement/allocations/053b10ef-4b68-4b9a-a90c-381de2cafb3d => generated 259 bytes in 33 msecs (HTTP/1.1 200) 8 headers in 296 bytes (2 switches on core 0)
Aug 26 22:14:17.153769 n-d-854441-4 devstack@placement-api.service[108304]: DEBUG placement.requestlog [req-feda2865-af09-49f3-9905-1b23b6321083 req-270ba682-a223-483c-9f8d-de9dc0b56a77 None None] Starting request: 10.222.0.30 "GET /placement/allocations/bdadc993-3fe0-4f3d-97f7-77dd72e96dff" {{(pid=108304) __call__ /opt/stack/placement/placement/requestlog.py:55}}
Aug 26 22:14:17.191854 n-d-854441-4 devstack@placement-api.service[108304]: INFO placement.requestlog [req-feda2865-af09-49f3-9905-1b23b6321083 req-270ba682-a223-483c-9f8d-de9dc0b56a77 service placement] 10.222.0.30 "GET /placement/allocations/bdadc993-3fe0-4f3d-97f7-77dd72e96dff" status: 200 len: 259 microversion: 1.28
Aug 26 22:14:17.196562 n-d-854441-4 devstack@placement-api.service[108304]: [pid: 108304|app: 0|req: 504/1019] 10.222.0.30 () {60 vars in 1377 bytes} [Fri Aug 26 22:14:17 2022] GET /placement/allocations/bdadc993-3fe0-4f3d-97f7-77dd72e96dff => generated 259 bytes in 47 msecs (HTTP/1.1 200) 8 headers in 296 bytes (1 switches on core 0)
Aug 26 22:14:17.202823 n-d-854441-4 devstack@placement-api.service[108305]: DEBUG placement.requestlog [req-feda2865-af09-49f3-9905-1b23b6321083 req-d7ba7fcc-90e2-4626-a094-ebb08d03afc1 None None] Starting request: 10.222.0.30 "GET /placement/allocations/d996bf64-76c3-4754-9a8b-a6ffbf660f47" {{(pid=108305) __call__ /opt/stack/placement/placement/requestlog.py:55}}
Aug 26 22:14:17.229279 n-d-854441-4 devstack@placement-api.service[108305]: INFO placement.requestlog [req-feda2865-af09-49f3-9905-1b23b6321083 req-d7ba7fcc-90e2-4626-a094-ebb08d03afc1 service placement] 10.222.0.30 "GET /placement/allocations/d996bf64-76c3-4754-9a8b-a6ffbf660f47" status: 200 len: 259 microversion: 1.28
Aug 26 22:14:17.231543 n-d-854441-4 devstack@placement-api.service[108305]: [pid: 108305|app: 0|req: 516/1020] 10.222.0.30 () {60 vars in 1377 bytes} [Fri Aug 26 22:14:17 2022] GET /placement/allocations/d996bf64-76c3-4754-9a8b-a6ffbf660f47 => generated 259 bytes in 29 msecs (HTTP/1.1 200) 8 headers in 296 bytes (1 switches on core 0)
Aug 26 22:14:17.243429 n-d-854441-4 devstack@placement-api.service[108304]: DEBUG placement.requestlog [req-feda2865-af09-49f3-9905-1b23b6321083 req-2cee72b8-c7fa-4200-9d61-1c30b1e32ab4 None None] Starting request: 10.222.0.30 "GET /placement/allocations/f5bdbb2c-25ba-497a-ab14-e762256f7ab2" {{(pid=108304) __call__ /opt/stack/placement/placement/requestlog.py:55}}
Aug 26 22:14:17.274500 n-d-854441-4 devstack@placement-api.service[108304]: INFO placement.requestlog [req-feda2865-af09-49f3-9905-1b23b6321083 req-2cee72b8-c7fa-4200-9d61-1c30b1e32ab4 service placement] 10.222.0.30 "GET /placement/allocations/f5bdbb2c-25ba-497a-ab14-e762256f7ab2" status: 200 len: 259 microversion: 1.28
Aug 26 22:14:17.275079 n-d-854441-4 devstack@placement-api.service[108304]: [pid: 108304|app: 0|req: 505/1021] 10.222.0.30 () {60 vars in 1377 bytes} [Fri Aug 26 22:14:17 2022] GET /placement/allocations/f5bdbb2c-25ba-497a-ab14-e762256f7ab2 => generated 259 bytes in 32 msecs (HTTP/1.1 200) 8 headers in 296 bytes (2 switches on core 0)
Aug 26 22:14:17.295335 n-d-854441-4 devstack@placement-api.service[108305]: DEBUG placement.requestlog [req-feda2865-af09-49f3-9905-1b23b6321083 req-d9badd68-c9cf-4071-a9c7-779c585f5499 None None] Starting request: 10.222.0.30 "GET /placement/allocations/a095ad79-e582-4f60-8d1a-eacd2e7b4a9b" {{(pid=108305) __call__ /opt/stack/placement/placement/requestlog.py:55}}
