Aug 28 19:07:31.438345 n-d-854440-4 devstack@placement-api.service[120064]: [pid: 120064|app: 0|req: 701/1398] 10.222.0.76 () {60 vars in 1377 bytes} [Sun Aug 28 19:07:31 2022] GET /placement/allocations/cb739c96-f222-45e5-9e7e-eafc8b1562c2 => generated 259 bytes in 21 msecs (HTTP/1.1 200) 8 headers in 296 bytes (1 switches on core 0)
Aug 28 19:07:31.446158 n-d-854440-4 devstack@placement-api.service[120063]: DEBUG placement.requestlog [req-bc0cc91a-1dcf-4cc8-a672-ce2ef7dddb6c req-a150d27c-b752-47f4-ad0f-5cdbf381225d None None] Starting request: 10.222.0.76 "GET /placement/allocations/3b8c630c-8a2a-4207-99ff-f171bff95146" {{(pid=120063) __call__ /opt/stack/placement/placement/requestlog.py:55}}
Aug 28 19:07:31.468099 n-d-854440-4 devstack@placement-api.service[120063]: INFO placement.requestlog [req-bc0cc91a-1dcf-4cc8-a672-ce2ef7dddb6c req-a150d27c-b752-47f4-ad0f-5cdbf381225d service placement] 10.222.0.76 "GET /placement/allocations/3b8c630c-8a2a-4207-99ff-f171bff95146" status: 200 len: 259 microversion: 1.28
Aug 28 19:07:31.468939 n-d-854440-4 devstack@placement-api.service[120063]: [pid: 120063|app: 0|req: 698/1399] 10.222.0.76 () {60 vars in 1377 bytes} [Sun Aug 28 19:07:31 2022] GET /placement/allocations/3b8c630c-8a2a-4207-99ff-f171bff95146 => generated 259 bytes in 24 msecs (HTTP/1.1 200) 8 headers in 296 bytes (1 switches on core 0)
Aug 28 19:07:31.859301 n-d-854440-4 devstack@placement-api.service[120064]: DEBUG placement.requestlog [req-bc0cc91a-1dcf-4cc8-a672-ce2ef7dddb6c req-13dddf6b-ad36-4672-a4a2-4cb0bdbd88d3 None None] Starting request: 10.222.0.76 "DELETE /placement/allocations/45aa22d4-6f7f-4067-9ce9-993b9159d02a" {{(pid=120064) __call__ /opt/stack/placement/placement/requestlog.py:55}}
Aug 28 19:07:32.128263 n-d-854440-4 devstack@placement-api.service[120064]: DEBUG placement.handlers.allocation [req-bc0cc91a-1dcf-4cc8-a672-ce2ef7dddb6c req-13dddf6b-ad36-4672-a4a2-4cb0bdbd88d3 service placement] Successfully deleted allocations [, , ] {{(pid=120064) delete_allocations /opt/stack/placement/placement/handlers/allocation.py:627}}
Aug 28 19:07:32.128818 n-d-854440-4 devstack@placement-api.service[120064]: INFO placement.requestlog [req-bc0cc91a-1dcf-4cc8-a672-ce2ef7dddb6c req-13dddf6b-ad36-4672-a4a2-4cb0bdbd88d3 service placement] 10.222.0.76 "DELETE /placement/allocations/45aa22d4-6f7f-4067-9ce9-993b9159d02a" status: 204 len: 0 microversion: 1.0
Aug 28 19:07:32.129333 n-d-854440-4 devstack@placement-api.service[120064]: [pid: 120064|app: 0|req: 702/1400] 10.222.0.76 () {60 vars in 1355 bytes} [Sun Aug 28 19:07:31 2022] DELETE /placement/allocations/45aa22d4-6f7f-4067-9ce9-993b9159d02a => generated 0 bytes in 270 msecs (HTTP/1.1 204) 5 headers in 198 bytes (1 switches on core 0)
Aug 28 19:07:32.314737 n-d-854440-4 devstack@placement-api.service[120063]: DEBUG placement.requestlog [req-a7196095-7133-4445-bc2d-880696d82560 req-3e30f631-f600-48c7-8fd0-7641c54c8daf None None] Starting request: 10.222.0.81 "GET /placement/allocations/187c750f-84b8-4e51-b0e1-37ef3a8e83cc" {{(pid=120063) __call__ /opt/stack/placement/placement/requestlog.py:55}}
Aug 28 19:07:32.358952 n-d-854440-4 devstack@placement-api.service[120063]: INFO placement.requestlog [req-a7196095-7133-4445-bc2d-880696d82560 req-3e30f631-f600-48c7-8fd0-7641c54c8daf service placement] 10.222.0.81 "GET /placement/allocations/187c750f-84b8-4e51-b0e1-37ef3a8e83cc" status: 200 len: 259 microversion: 1.28
Aug 28 19:07:32.359610 n-d-854440-4 devstack@placement-api.service[120063]: [pid: 120063|app: 0|req: 699/1401] 10.222.0.81 () {60 vars in 1377 bytes} [Sun Aug 28 19:07:32 2022] GET /placement/allocations/187c750f-84b8-4e51-b0e1-37ef3a8e83cc => generated 259 bytes in 45 msecs (HTTP/1.1 200) 8 headers in 296 bytes (1 switches on core 0)
Aug 28 19:07:32.755843 n-d-854440-4 devstack@placement-api.service[120064]: DEBUG placement.requestlog [req-a7196095-7133-4445-bc2d-880696d82560 req-1ba2b21c-2f3a-4a1f-b116-2d50b1023592 None None] Starting request: 10.222.0.81 "GET /placement/resource_providers/af927791-c275-44f6-b96c-75d29525f302/allocations" {{(pid=120064) __call__ /opt/stack/placement/placement/requestlog.py:55}}
Aug 28 19:07:32.802305 n-d-854440-4 devstack@placement-api.service[120064]: DEBUG dbcounter [-] [120064] Writing DB stats placement:SELECT=86,placement:INSERT=4,placement:DELETE=8,placement:UPDATE=2 {{(pid=120064) stat_writer /usr/local/lib/python3.8/dist-packages/dbcounter.py:114}}
Aug 28 19:07:32.806253 n-d-854440-4 devstack@placement-api.service[120064]: INFO placement.requestlog [req-a7196095-7133-4445-bc2d-880696d82560 req-1ba2b21c-2f3a-4a1f-b116-2d50b1023592 service placement] 10.222.0.81 "GET /placement/resource_providers/af927791-c275-44f6-b96c-75d29525f302/allocations" status: 200 len: 443 microversion: 1.0
Aug 28 19:07:32.806749 n-d-854440-4 devstack@placement-api.service[120064]: [pid: 120064|app: 0|req: 703/1402] 10.222.0.81 () {58 vars in 1390 bytes} [Sun Aug 28 19:07:32 2022] GET /placement/resource_providers/af927791-c275-44f6-b96c-75d29525f302/allocations => generated 443 bytes in 52 msecs (HTTP/1.1 200) 6 headers in 224 bytes (1 switches on core 0)
Aug 28 19:07:32.816182 n-d-854440-4 devstack@placement-api.service[120063]: DEBUG placement.requestlog [req-a7196095-7133-4445-bc2d-880696d82560 req-2e26d95f-af16-4097-a943-713d1c9fb79a None None] Starting request: 10.222.0.81 "GET /placement/allocations/fa0f477d-4480-4c33-a291-faa7c00f5754" {{(pid=120063) __call__ /opt/stack/placement/placement/requestlog.py:55}}
Aug 28 19:07:32.835944 n-d-854440-4 devstack@placement-api.service[120063]: INFO placement.requestlog [req-a7196095-7133-4445-bc2d-880696d82560 req-2e26d95f-af16-4097-a943-713d1c9fb79a service placement] 10.222.0.81 "GET /placement/allocations/fa0f477d-4480-4c33-a291-faa7c00f5754" status: 200 len: 259 microversion: 1.28
Aug 28 19:07:32.837018 n-d-854440-4 devstack@placement-api.service[120063]: [pid: 120063|app: 0|req: 700/1403] 10.222.0.81 () {60 vars in 1377 bytes} [Sun Aug 28 19:07:32 2022] GET /placement/allocations/fa0f477d-4480-4c33-a291-faa7c00f5754 => generated 259 bytes in 21 msecs (HTTP/1.1 200) 8 headers in 296 bytes (1 switches on core 0)
Aug 28 19:07:32.853814 n-d-854440-4 devstack@placement-api.service[120064]: DEBUG placement.requestlog [req-a7196095-7133-4445-bc2d-880696d82560 req-381de34c-b0c1-4c48-8c42-650a68da391e None None] Starting request: 10.222.0.81 "GET /placement/allocations/187c750f-84b8-4e51-b0e1-37ef3a8e83cc" {{(pid=120064) __call__ /opt/stack/placement/placement/requestlog.py:55}}
Aug 28 19:07:32.898327 n-d-854440-4 devstack@placement-api.service[120064]: INFO placement.requestlog [req-a7196095-7133-4445-bc2d-880696d82560 req-381de34c-b0c1-4c48-8c42-650a68da391e service placement] 10.222.0.81 "GET /placement/allocations/187c750f-84b8-4e51-b0e1-37ef3a8e83cc" status: 200 len: 259 microversion: 1.28
Aug 28 19:07:32.898327 n-d-854440-4 devstack@placement-api.service[120064]: [pid: 120064|app: 0|req: 704/1404] 10.222.0.81 () {60 vars in 1377 bytes} [Sun Aug 28 19:07:32 2022] GET /placement/allocations/187c750f-84b8-4e51-b0e1-37ef3a8e83cc => generated 259 bytes in 41 msecs (HTTP/1.1 200) 8 headers in 296 bytes (1 switches on core 0)
Aug 28 19:07:32.905524 n-d-854440-4 devstack@placement-api.service[120063]: DEBUG placement.requestlog [req-a7196095-7133-4445-bc2d-880696d82560 req-b510e383-1901-492d-bee3-943d1b20a4b2 None None] Starting request: 10.222.0.81 "GET /placement/allocations/2008bf2e-fe99-4f95-a19e-bd3ab3837d1b" {{(pid=120063) __call__ /opt/stack/placement/placement/requestlog.py:55}}
Aug 28 19:07:32.955615 n-d-854440-4 devstack@placement-api.service[120063]: DEBUG dbcounter [-] [120063] Writing DB stats placement:SELECT=92,placement:INSERT=4,placement:DELETE=2,placement:UPDATE=2 {{(pid=120063) stat_writer /usr/local/lib/python3.8/dist-packages/dbcounter.py:114}}
Aug 28 19:07:32.965493 n-d-854440-4 devstack@placement-api.service[120063]: INFO placement.requestlog [req-a7196095-7133-4445-bc2d-880696d82560 req-b510e383-1901-492d-bee3-943d1b20a4b2 service placement] 10.222.0.81 "GET /placement/allocations/2008bf2e-fe99-4f95-a19e-bd3ab3837d1b" status: 200 len: 259 microversion: 1.28
Aug 28 19:07:32.969405 n-d-854440-4 devstack@placement-api.service[120063]: [pid: 120063|app: 0|req: 701/1405] 10.222.0.81 () {60 vars in 1377 bytes} [Sun Aug 28 19:07:32 2022] GET /placement/allocations/2008bf2e-fe99-4f95-a19e-bd3ab3837d1b => generated 259 bytes in 64 msecs (HTTP/1.1 200) 8 headers in 296 bytes (1 switches on core 0)
Aug 28 19:07:32.977289 n-d-854440-4 devstack@placement-api.service[120064]: DEBUG placement.requestlog [req-a7196095-7133-4445-bc2d-880696d82560 req-7ef4fe73-00f9-4c42-a9e9-5713db26e0f9 None None] Starting request: 10.222.0.81 "GET /placement/allocations/e29f0775-aa26-4a93-a6e1-4a718fa96048" {{(pid=120064) __call__ /opt/stack/placement/placement/requestlog.py:55}}
Aug 28 19:07:33.021223 n-d-854440-4 devstack@placement-api.service[120064]: INFO placement.requestlog [req-a7196095-7133-4445-bc2d-880696d82560 req-7ef4fe73-00f9-4c42-a9e9-5713db26e0f9 service placement] 10.222.0.81 "GET /placement/allocations/e29f0775-aa26-4a93-a6e1-4a718fa96048" status: 200 len: 245 microversion: 1.28
Aug 28 19:07:33.021629 n-d-854440-4 devstack@placement-api.service[120064]: [pid: 120064|app: 0|req: 705/1406] 10.222.0.81 () {60 vars in 1377 bytes} [Sun Aug 28 19:07:32 2022] GET /placement/allocations/e29f0775-aa26-4a93-a6e1-4a718fa96048 => generated 245 bytes in 45 msecs (HTTP/1.1 200) 8 headers in 296 bytes (1 switches on core 0)
Aug 28 19:07:34.773597 n-d-854440-4 devstack@placement-api.service[120063]: DEBUG placement.requestlog [None req-94a426ea-7669-4ed4-bd9e-d3604b8845be None None] Starting request: 10.222.0.79 "GET /placement/resource_providers/6c0f376c-1bcf-4180-a2d5-de0f114cc985/aggregates" {{(pid=120063) __call__ /opt/stack/placement/placement/requestlog.py:55}}
Aug 28 19:07:34.790561 n-d-854440-4 devstack@placement-api.service[120063]: INFO placement.requestlog [None req-94a426ea-7669-4ed4-bd9e-d3604b8845be service placement] 10.222.0.79 "GET /placement/resource_providers/6c0f376c-1bcf-4180-a2d5-de0f114cc985/aggregates" status: 404 len: 235 microversion: 1.1
Aug 28 19:07:34.791677 n-d-854440-4 devstack@placement-api.service[120063]: [pid: 120063|app: 0|req: 702/1407] 10.222.0.79 () {58 vars in 1362 bytes} [Sun Aug 28 19:07:34 2022] GET /placement/resource_providers/6c0f376c-1bcf-4180-a2d5-de0f114cc985/aggregates => generated 235 bytes in 18 msecs (HTTP/1.1 404) 5 headers in 202 bytes (1 switches on core 0)
Aug 28 19:07:34.827028 n-d-854440-4 devstack@placement-api.service[120064]: DEBUG placement.requestlog [None req-ed8d7e44-b870-42b0-ab2a-2496ca7bd533 None None] Starting request: 10.222.0.79 "DELETE /placement/resource_providers/6c0f376c-1bcf-4180-a2d5-de0f114cc985" {{(pid=120064) __call__ /opt/stack/placement/placement/requestlog.py:55}}
Aug 28 19:07:34.843201 n-d-854440-4 devstack@placement-api.service[120064]: DEBUG placement.wsgi_wrapper [None req-ed8d7e44-b870-42b0-ab2a-2496ca7bd533 service placement] Placement API returning an error response: No resource provider with uuid 6c0f376c-1bcf-4180-a2d5-de0f114cc985 found for delete {{(pid=120064) call_func /opt/stack/placement/placement/wsgi_wrapper.py:31}}
Aug 28 19:07:34.844339 n-d-854440-4 devstack@placement-api.service[120064]: INFO placement.requestlog [None req-ed8d7e44-b870-42b0-ab2a-2496ca7bd533 service placement] 10.222.0.79 "DELETE /placement/resource_providers/6c0f376c-1bcf-4180-a2d5-de0f114cc985" status: 404 len: 246 microversion: 1.1
Aug 28 19:07:34.845222 n-d-854440-4 devstack@placement-api.service[120064]: [pid: 120064|app: 0|req: 706/1408] 10.222.0.79 () {60 vars in 1351 bytes} [Sun Aug 28 19:07:34 2022] DELETE /placement/resource_providers/6c0f376c-1bcf-4180-a2d5-de0f114cc985 => generated 246 bytes in 18 msecs (HTTP/1.1 404) 6 headers in 231 bytes (1 switches on core 0)
Aug 28 19:07:36.294640 n-d-854440-4 devstack@placement-api.service[120063]: DEBUG placement.requestlog [req-fe5eaa22-e75a-407b-8f99-50e2c00eac34 req-e62e6344-f7cd-4220-ab36-671d7d54d852 None None] Starting request: 10.222.0.81 "GET /placement/resource_providers/af927791-c275-44f6-b96c-75d29525f302/allocations" {{(pid=120063) __call__ /opt/stack/placement/placement/requestlog.py:55}}
Aug 28 19:07:36.332166 n-d-854440-4 devstack@placement-api.service[120063]: INFO placement.requestlog [req-fe5eaa22-e75a-407b-8f99-50e2c00eac34 req-e62e6344-f7cd-4220-ab36-671d7d54d852 service placement] 10.222.0.81 "GET /placement/resource_providers/af927791-c275-44f6-b96c-75d29525f302/allocations" status: 200 len: 443 microversion: 1.0
Aug 28 19:07:36.332866 n-d-854440-4 devstack@placement-api.service[120063]: [pid: 120063|app: 0|req: 703/1409] 10.222.0.81 () {58 vars in 1390 bytes} [Sun Aug 28 19:07:36 2022] GET /placement/resource_providers/af927791-c275-44f6-b96c-75d29525f302/allocations => generated 443 bytes in 38 msecs (HTTP/1.1 200) 6 headers in 224 bytes (1 switches on core 0)
Aug 28 19:07:36.416009 n-d-854440-4 devstack@placement-api.service[120064]: DEBUG placement.requestlog [req-48066823-64e4-48a2-81ea-af8578b643bf req-ca20f5c1-7071-4dfd-90ff-f667193a4a71 None None] Starting request: 10.222.0.76 "GET /placement/resource_providers/b2974bdc-81d0-4239-b246-8db5c66c323f/allocations" {{(pid=120064) __call__ /opt/stack/placement/placement/requestlog.py:55}}
Aug 28 19:07:36.448062 n-d-854440-4 devstack@placement-api.service[120063]: DEBUG placement.requestlog [req-fe5eaa22-e75a-407b-8f99-50e2c00eac34 req-6872224e-d76a-42f9-a5df-d06e73ace532 None None] Starting request: 10.222.0.81 "GET /placement/allocations/fa0f477d-4480-4c33-a291-faa7c00f5754" {{(pid=120063) __call__ /opt/stack/placement/placement/requestlog.py:55}}
Aug 28 19:07:36.471856 n-d-854440-4 devstack@placement-api.service[120064]: INFO placement.requestlog [req-48066823-64e4-48a2-81ea-af8578b643bf req-ca20f5c1-7071-4dfd-90ff-f667193a4a71 service placement] 10.222.0.76 "GET /placement/resource_providers/b2974bdc-81d0-4239-b246-8db5c66c323f/allocations" status: 200 len: 255 microversion: 1.0
Aug 28 19:07:36.472561 n-d-854440-4 devstack@placement-api.service[120064]: [pid: 120064|app: 0|req: 707/1410] 10.222.0.76 () {58 vars in 1390 bytes} [Sun Aug 28 19:07:36 2022] GET /placement/resource_providers/b2974bdc-81d0-4239-b246-8db5c66c323f/allocations => generated 255 bytes in 57 msecs (HTTP/1.1 200) 6 headers in 224 bytes (1 switches on core 0)
Aug 28 19:07:36.480220 n-d-854440-4 devstack@placement-api.service[120063]: INFO placement.requestlog [req-fe5eaa22-e75a-407b-8f99-50e2c00eac34 req-6872224e-d76a-42f9-a5df-d06e73ace532 service placement] 10.222.0.81 "GET /placement/allocations/fa0f477d-4480-4c33-a291-faa7c00f5754" status: 200 len: 259 microversion: 1.28
Aug 28 19:07:36.480863 n-d-854440-4 devstack@placement-api.service[120064]: DEBUG placement.requestlog [req-48066823-64e4-48a2-81ea-af8578b643bf req-99621179-949a-433b-926e-364e7b29bcce None None] Starting request: 10.222.0.76 "GET /placement/allocations/cb739c96-f222-45e5-9e7e-eafc8b1562c2" {{(pid=120064) __call__ /opt/stack/placement/placement/requestlog.py:55}}
Aug 28 19:07:36.481214 n-d-854440-4 devstack@placement-api.service[120063]: [pid: 120063|app: 0|req: 704/1411] 10.222.0.81 () {60 vars in 1377 bytes} [Sun Aug 28 19:07:36 2022] GET /placement/allocations/fa0f477d-4480-4c33-a291-faa7c00f5754 => generated 259 bytes in 33 msecs (HTTP/1.1 200) 8 headers in 296 bytes (2 switches on core 0)
Aug 28 19:07:36.512986 n-d-854440-4 devstack@placement-api.service[120064]: INFO placement.requestlog [req-48066823-64e4-48a2-81ea-af8578b643bf req-99621179-949a-433b-926e-364e7b29bcce service placement] 10.222.0.76 "GET /placement/allocations/cb739c96-f222-45e5-9e7e-eafc8b1562c2" status: 200 len: 259 microversion: 1.28
Aug 28 19:07:36.513854 n-d-854440-4 devstack@placement-api.service[120064]: [pid: 120064|app: 0|req: 708/1412] 10.222.0.76 () {60 vars in 1377 bytes} [Sun Aug 28 19:07:36 2022] GET /placement/allocations/cb739c96-f222-45e5-9e7e-eafc8b1562c2 => generated 259 bytes in 33 msecs (HTTP/1.1 200) 8 headers in 296 bytes (2 switches on core 0)
Aug 28 19:07:36.520931 n-d-854440-4 devstack@placement-api.service[120063]: DEBUG placement.requestlog [req-48066823-64e4-48a2-81ea-af8578b643bf req-85531499-5c17-49d0-9495-698c752ee902 None None] Starting request: 10.222.0.76 "GET /placement/allocations/3b8c630c-8a2a-4207-99ff-f171bff95146" {{(pid=120063) __call__ /opt/stack/placement/placement/requestlog.py:55}}
Aug 28 19:07:36.523804 n-d-854440-4 devstack@placement-api.service[120064]: DEBUG placement.requestlog [req-fe5eaa22-e75a-407b-8f99-50e2c00eac34 req-e2aee689-6ae2-4273-af51-307a96018962 None None] Starting request: 10.222.0.81 "GET /placement/allocations/187c750f-84b8-4e51-b0e1-37ef3a8e83cc" {{(pid=120064) __call__ /opt/stack/placement/placement/requestlog.py:55}}
Aug 28 19:07:36.548440 n-d-854440-4 devstack@placement-api.service[120063]: INFO placement.requestlog [req-48066823-64e4-48a2-81ea-af8578b643bf req-85531499-5c17-49d0-9495-698c752ee902 service placement] 10.222.0.76 "GET /placement/allocations/3b8c630c-8a2a-4207-99ff-f171bff95146" status: 200 len: 259 microversion: 1.28
Aug 28 19:07:36.549409 n-d-854440-4 devstack@placement-api.service[120063]: [pid: 120063|app: 0|req: 705/1413] 10.222.0.76 () {60 vars in 1377 bytes} [Sun Aug 28 19:07:36 2022] GET /placement/allocations/3b8c630c-8a2a-4207-99ff-f171bff95146 => generated 259 bytes in 29 msecs (HTTP/1.1 200) 8 headers in 296 bytes (1 switches on core 0)
Aug 28 19:07:36.576768 n-d-854440-4 devstack@placement-api.service[120064]: INFO placement.requestlog [req-fe5eaa22-e75a-407b-8f99-50e2c00eac34 req-e2aee689-6ae2-4273-af51-307a96018962 service placement] 10.222.0.81 "GET /placement/allocations/187c750f-84b8-4e51-b0e1-37ef3a8e83cc" status: 200 len: 259 microversion: 1.28
Aug 28 19:07:36.578281 n-d-854440-4 devstack@placement-api.service[120064]: [pid: 120064|app: 0|req: 709/1414] 10.222.0.81 () {60 vars in 1377 bytes} [Sun Aug 28 19:07:36 2022] GET /placement/allocations/187c750f-84b8-4e51-b0e1-37ef3a8e83cc => generated 259 bytes in 54 msecs (HTTP/1.1 200) 8 headers in 296 bytes (1 switches on core 0)
Aug 28 19:07:36.634511 n-d-854440-4 devstack@placement-api.service[120063]: DEBUG placement.requestlog [req-fe5eaa22-e75a-407b-8f99-50e2c00eac34 req-5b25f974-c400-433d-88da-eea47eaee25a None None] Starting request: 10.222.0.81 "GET /placement/allocations/2008bf2e-fe99-4f95-a19e-bd3ab3837d1b" {{(pid=120063) __call__ /opt/stack/placement/placement/requestlog.py:55}}
Aug 28 19:07:36.666948 n-d-854440-4 devstack@placement-api.service[120063]: INFO placement.requestlog [req-fe5eaa22-e75a-407b-8f99-50e2c00eac34 req-5b25f974-c400-433d-88da-eea47eaee25a service placement] 10.222.0.81 "GET /placement/allocations/2008bf2e-fe99-4f95-a19e-bd3ab3837d1b" status: 200 len: 259 microversion: 1.28
Aug 28 19:07:36.667669 n-d-854440-4 devstack@placement-api.service[120063]: [pid: 120063|app: 0|req: 706/1415] 10.222.0.81 () {60 vars in 1377 bytes} [Sun Aug 28 19:07:36 2022] GET /placement/allocations/2008bf2e-fe99-4f95-a19e-bd3ab3837d1b => generated 259 bytes in 34 msecs (HTTP/1.1 200) 8 headers in 296 bytes (1 switches on core 0)
Aug 28 19:07:36.680279 n-d-854440-4 devstack@placement-api.service[120064]: DEBUG placement.requestlog [req-fe5eaa22-e75a-407b-8f99-50e2c00eac34 req-4d696e4d-68e2-41ca-b5d1-1f502878d156 None None] Starting request: 10.222.0.81 "GET /placement/allocations/e29f0775-aa26-4a93-a6e1-4a718fa96048" {{(pid=120064) __call__ /opt/stack/placement/placement/requestlog.py:55}}
Aug 28 19:07:36.698492 n-d-854440-4 devstack@placement-api.service[120064]: INFO placement.requestlog [req-fe5eaa22-e75a-407b-8f99-50e2c00eac34 req-4d696e4d-68e2-41ca-b5d1-1f502878d156 service placement] 10.222.0.81 "GET /placement/allocations/e29f0775-aa26-4a93-a6e1-4a718fa96048" status: 200 len: 245 microversion: 1.28
Aug 28 19:07:36.699534 n-d-854440-4 devstack@placement-api.service[120064]: [pid: 120064|app: 0|req: 710/1416] 10.222.0.81 () {60 vars in 1377 bytes} [Sun Aug 28 19:07:36 2022] GET /placement/allocations/e29f0775-aa26-4a93-a6e1-4a718fa96048 => generated 245 bytes in 23 msecs (HTTP/1.1 200) 8 headers in 296 bytes (1 switches on core 0)
Aug 28 19:07:36.781748 n-d-854440-4 devstack@placement-api.service[120063]: DEBUG placement.requestlog [req-48066823-64e4-48a2-81ea-af8578b643bf req-671c32b6-d5eb-4243-9ed5-843612bf60f7 None None] Starting request: 10.222.0.76 "DELETE /placement/allocations/cb739c96-f222-45e5-9e7e-eafc8b1562c2" {{(pid=120063) __call__ /opt/stack/placement/placement/requestlog.py:55}}
Aug 28 19:07:36.953780 n-d-854440-4 devstack@placement-api.service[120064]: DEBUG placement.requestlog [req-fe5eaa22-e75a-407b-8f99-50e2c00eac34 req-47b0f202-3d9f-4970-ba94-800d782b23df None None] Starting request: 10.222.0.81 "DELETE /placement/allocations/2008bf2e-fe99-4f95-a19e-bd3ab3837d1b" {{(pid=120064) __call__ /opt/stack/placement/placement/requestlog.py:55}}
Aug 28 19:07:36.993788 n-d-854440-4 devstack@placement-api.service[120063]: DEBUG placement.handlers.allocation [req-48066823-64e4-48a2-81ea-af8578b643bf req-671c32b6-d5eb-4243-9ed5-843612bf60f7 service placement] Successfully deleted allocations [, , ] {{(pid=120063) delete_allocations /opt/stack/placement/placement/handlers/allocation.py:627}}
Aug 28 19:07:36.994568 n-d-854440-4 devstack@placement-api.service[120063]: INFO placement.requestlog [req-48066823-64e4-48a2-81ea-af8578b643bf req-671c32b6-d5eb-4243-9ed5-843612bf60f7 service placement] 10.222.0.76 "DELETE /placement/allocations/cb739c96-f222-45e5-9e7e-eafc8b1562c2" status: 204 len: 0 microversion: 1.0
Aug 28 19:07:36.999209 n-d-854440-4 devstack@placement-api.service[120063]: [pid: 120063|app: 0|req: 707/1417] 10.222.0.76 () {60 vars in 1355 bytes} [Sun Aug 28 19:07:36 2022] DELETE /placement/allocations/cb739c96-f222-45e5-9e7e-eafc8b1562c2 => generated 0 bytes in 217 msecs (HTTP/1.1 204) 5 headers in 198 bytes (1 switches on core 0)
Aug 28 19:07:37.189449 n-d-854440-4 devstack@placement-api.service[120064]: DEBUG placement.handlers.allocation [req-fe5eaa22-e75a-407b-8f99-50e2c00eac34 req-47b0f202-3d9f-4970-ba94-800d782b23df service placement] Successfully deleted allocations [, , ] {{(pid=120064) delete_allocations /opt/stack/placement/placement/handlers/allocation.py:627}}
Aug 28 19:07:37.189946 n-d-854440-4 devstack@placement-api.service[120064]: INFO placement.requestlog [req-fe5eaa22-e75a-407b-8f99-50e2c00eac34 req-47b0f202-3d9f-4970-ba94-800d782b23df service placement] 10.222.0.81 "DELETE /placement/allocations/2008bf2e-fe99-4f95-a19e-bd3ab3837d1b" status: 204 len: 0 microversion: 1.0
Aug 28 19:07:37.190557 n-d-854440-4 devstack@placement-api.service[120064]: [pid: 120064|app: 0|req: 711/1418] 10.222.0.81 () {60 vars in 1355 bytes} [Sun Aug 28 19:07:36 2022] DELETE /placement/allocations/2008bf2e-fe99-4f95-a19e-bd3ab3837d1b => generated 0 bytes in 237 msecs (HTTP/1.1 204) 5 headers in 198 bytes (2 switches on core 0)
Aug 28 19:07:37.861038 n-d-854440-4 devstack@placement-api.service[120063]: DEBUG placement.requestlog [req-65626ade-8f96-44d5-9590-92efe30afe60 req-431a2e42-7311-4034-b2f9-a9cc47fa42c3 None None] Starting request: 10.222.0.79 "GET /placement/allocation_candidates?limit=1000&resources=DISK_GB%3A1%2CMEMORY_MB%3A1024%2CVCPU%3A1&root_required=%21COMPUTE_STATUS_DISABLED" {{(pid=120063) __call__ /opt/stack/placement/placement/requestlog.py:55}}
Aug 28 19:07:37.929045 n-d-854440-4 devstack@placement-api.service[120063]: DEBUG placement.objects.research_context [req-65626ade-8f96-44d5-9590-92efe30afe60 req-431a2e42-7311-4034-b2f9-a9cc47fa42c3 service placement] getting providers with 1 DISK_GB {{(pid=120063) __init__ /opt/stack/placement/placement/objects/research_context.py:136}}
Aug 28 19:07:37.934836 n-d-854440-4 devstack@placement-api.service[120063]: DEBUG placement.objects.research_context [req-65626ade-8f96-44d5-9590-92efe30afe60 req-431a2e42-7311-4034-b2f9-a9cc47fa42c3 service placement] getting providers with 1024 MEMORY_MB {{(pid=120063) __init__ /opt/stack/placement/placement/objects/research_context.py:136}}
Aug 28 19:07:37.941413 n-d-854440-4 devstack@placement-api.service[120063]: DEBUG placement.objects.research_context [req-65626ade-8f96-44d5-9590-92efe30afe60 req-431a2e42-7311-4034-b2f9-a9cc47fa42c3 service placement] getting providers with 1 VCPU {{(pid=120063) __init__ /opt/stack/placement/placement/objects/research_context.py:136}}
Aug 28 19:07:37.947474 n-d-854440-4 devstack@placement-api.service[120063]: DEBUG placement.objects.research_context [req-65626ade-8f96-44d5-9590-92efe30afe60 req-431a2e42-7311-4034-b2f9-a9cc47fa42c3 service placement] found 2 providers with available 1 DISK_GB {{(pid=120063) get_provider_ids_matching /opt/stack/placement/placement/objects/research_context.py:563}}
Aug 28 19:07:37.947752 n-d-854440-4 devstack@placement-api.service[120063]: DEBUG placement.objects.research_context [req-65626ade-8f96-44d5-9590-92efe30afe60 req-431a2e42-7311-4034-b2f9-a9cc47fa42c3 service placement] found 2 providers with available 1024 MEMORY_MB {{(pid=120063) get_provider_ids_matching /opt/stack/placement/placement/objects/research_context.py:563}}
Aug 28 19:07:37.948051 n-d-854440-4 devstack@placement-api.service[120063]: DEBUG placement.objects.research_context [req-65626ade-8f96-44d5-9590-92efe30afe60 req-431a2e42-7311-4034-b2f9-a9cc47fa42c3 service placement] found 2 providers after filtering by previous result {{(pid=120063) get_provider_ids_matching /opt/stack/placement/placement/objects/research_context.py:594}}
Aug 28 19:07:37.948348 n-d-854440-4 devstack@placement-api.service[120063]: DEBUG placement.objects.research_context [req-65626ade-8f96-44d5-9590-92efe30afe60 req-431a2e42-7311-4034-b2f9-a9cc47fa42c3 service placement] found 2 providers with available 1 VCPU {{(pid=120063) get_provider_ids_matching /opt/stack/placement/placement/objects/research_context.py:563}}
Aug 28 19:07:37.948609 n-d-854440-4 devstack@placement-api.service[120063]: DEBUG placement.objects.research_context [req-65626ade-8f96-44d5-9590-92efe30afe60 req-431a2e42-7311-4034-b2f9-a9cc47fa42c3 service placement] found 2 providers after filtering by previous result {{(pid=120063) get_provider_ids_matching /opt/stack/placement/placement/objects/research_context.py:594}}
Aug 28 19:07:37.964524 n-d-854440-4 devstack@placement-api.service[120063]: DEBUG placement.objects.allocation_candidate [req-65626ade-8f96-44d5-9590-92efe30afe60 req-431a2e42-7311-4034-b2f9-a9cc47fa42c3 service placement] RequestGroup(use_same_provider=False, resources={DISK_GB:1, MEMORY_MB:1024, VCPU:1}, traits=(), aggregates=[]) (suffix '') returned 2 matches {{(pid=120063) _get_by_requests /opt/stack/placement/placement/objects/allocation_candidate.py:156}}
Aug 28 19:07:37.965174 n-d-854440-4 devstack@placement-api.service[120063]: DEBUG placement.objects.allocation_candidate [req-65626ade-8f96-44d5-9590-92efe30afe60 req-431a2e42-7311-4034-b2f9-a9cc47fa42c3 service placement] Merging candidates yields 2 allocation requests and 2 provider summaries {{(pid=120063) _merge_candidates /opt/stack/placement/placement/objects/allocation_candidate.py:809}}
Aug 28 19:07:37.967754 n-d-854440-4 devstack@placement-api.service[120063]: INFO placement.requestlog [req-65626ade-8f96-44d5-9590-92efe30afe60 req-431a2e42-7311-4034-b2f9-a9cc47fa42c3 service placement] 10.222.0.79 "GET /placement/allocation_candidates?limit=1000&resources=DISK_GB%3A1%2CMEMORY_MB%3A1024%2CVCPU%3A1&root_required=%21COMPUTE_STATUS_DISABLED" status: 200 len: 1309 microversion: 1.36
Aug 28 19:07:37.968185 n-d-854440-4 devstack@placement-api.service[120063]: [pid: 120063|app: 0|req: 708/1419] 10.222.0.79 () {60 vars in 1506 bytes} [Sun Aug 28 19:07:37 2022] GET /placement/allocation_candidates?limit=1000&resources=DISK_GB%3A1%2CMEMORY_MB%3A1024%2CVCPU%3A1&root_required=%21COMPUTE_STATUS_DISABLED => generated 1309 bytes in 108 msecs (HTTP/1.1 200) 8 headers in 297 bytes (1 switches on core 0)
Aug 28 19:07:38.127969 n-d-854440-4 devstack@placement-api.service[120064]: DEBUG placement.requestlog [req-65626ade-8f96-44d5-9590-92efe30afe60 req-760ee19d-95b8-4c80-812a-afe06297df0b None None] Starting request: 10.222.0.79 "GET /placement/allocations/752e3e0d-0cbe-4c58-b6fc-f905cf16bf01" {{(pid=120064) __call__ /opt/stack/placement/placement/requestlog.py:55}}
Aug 28 19:07:38.150044 n-d-854440-4 devstack@placement-api.service[120064]: INFO placement.requestlog [req-65626ade-8f96-44d5-9590-92efe30afe60 req-760ee19d-95b8-4c80-812a-afe06297df0b service placement] 10.222.0.79 "GET /placement/allocations/752e3e0d-0cbe-4c58-b6fc-f905cf16bf01" status: 200 len: 19 microversion: 1.28
Aug 28 19:07:38.150780 n-d-854440-4 devstack@placement-api.service[120064]: [pid: 120064|app: 0|req: 712/1420] 10.222.0.79 () {60 vars in 1380 bytes} [Sun Aug 28 19:07:38 2022] GET /placement/allocations/752e3e0d-0cbe-4c58-b6fc-f905cf16bf01 => generated 19 bytes in 23 msecs (HTTP/1.1 200) 8 headers in 295 bytes (1 switches on core 0)
Aug 28 19:07:38.158789 n-d-854440-4 devstack@placement-api.service[120063]: DEBUG placement.requestlog [req-65626ade-8f96-44d5-9590-92efe30afe60 req-8a468623-d6d6-4210-b430-752b61cabd26 None None] Starting request: 10.222.0.79 "PUT /placement/allocations/752e3e0d-0cbe-4c58-b6fc-f905cf16bf01" {{(pid=120063) __call__ /opt/stack/placement/placement/requestlog.py:55}}
Aug 28 19:07:38.509937 n-d-854440-4 devstack@placement-api.service[120063]: DEBUG placement.handlers.allocation [req-65626ade-8f96-44d5-9590-92efe30afe60 req-8a468623-d6d6-4210-b430-752b61cabd26 service placement] Successfully wrote allocations [, , ] {{(pid=120063) _update_consumers_and_create_allocations /opt/stack/placement/placement/handlers/allocation.py:462}}
Aug 28 19:07:38.616955 n-d-854440-4 devstack@placement-api.service[120063]: INFO placement.requestlog [req-65626ade-8f96-44d5-9590-92efe30afe60 req-8a468623-d6d6-4210-b430-752b61cabd26 service placement] 10.222.0.79 "PUT /placement/allocations/752e3e0d-0cbe-4c58-b6fc-f905cf16bf01" status: 204 len: 0 microversion: 1.36
Aug 28 19:07:38.618401 n-d-854440-4 devstack@placement-api.service[120063]: [pid: 120063|app: 0|req: 709/1421] 10.222.0.79 () {64 vars in 1433 bytes} [Sun Aug 28 19:07:38 2022] PUT /placement/allocations/752e3e0d-0cbe-4c58-b6fc-f905cf16bf01 => generated 0 bytes in 460 msecs (HTTP/1.1 204) 5 headers in 199 bytes (1 switches on core 0)
Aug 28 19:07:38.948998 n-d-854440-4 devstack@placement-api.service[120064]: DEBUG placement.requestlog [req-24e00175-6f2a-4a99-bc8b-63b85e63d08b req-c431fdab-2ffa-44ff-9237-74d625097b2b None None] Starting request: 10.222.0.79 "GET /placement/allocation_candidates?limit=1000&resources=DISK_GB%3A1%2CMEMORY_MB%3A1024%2CVCPU%3A1&root_required=%21COMPUTE_STATUS_DISABLED" {{(pid=120064) __call__ /opt/stack/placement/placement/requestlog.py:55}}
Aug 28 19:07:39.062472 n-d-854440-4 devstack@placement-api.service[120064]: DEBUG placement.objects.research_context [req-24e00175-6f2a-4a99-bc8b-63b85e63d08b req-c431fdab-2ffa-44ff-9237-74d625097b2b service placement] getting providers with 1 DISK_GB {{(pid=120064) __init__ /opt/stack/placement/placement/objects/research_context.py:136}}
Aug 28 19:07:39.093003 n-d-854440-4 devstack@placement-api.service[120064]: DEBUG placement.objects.research_context [req-24e00175-6f2a-4a99-bc8b-63b85e63d08b req-c431fdab-2ffa-44ff-9237-74d625097b2b service placement] getting providers with 1024 MEMORY_MB {{(pid=120064) __init__ /opt/stack/placement/placement/objects/research_context.py:136}}
Aug 28 19:07:39.100082 n-d-854440-4 devstack@placement-api.service[120064]: DEBUG placement.objects.research_context [req-24e00175-6f2a-4a99-bc8b-63b85e63d08b req-c431fdab-2ffa-44ff-9237-74d625097b2b service placement] getting providers with 1 VCPU {{(pid=120064) __init__ /opt/stack/placement/placement/objects/research_context.py:136}}
Aug 28 19:07:39.112990 n-d-854440-4 devstack@placement-api.service[120064]: DEBUG placement.objects.research_context [req-24e00175-6f2a-4a99-bc8b-63b85e63d08b req-c431fdab-2ffa-44ff-9237-74d625097b2b service placement] found 2 providers with available 1 DISK_GB {{(pid=120064) get_provider_ids_matching /opt/stack/placement/placement/objects/research_context.py:563}}
Aug 28 19:07:39.113273 n-d-854440-4 devstack@placement-api.service[120064]: DEBUG placement.objects.research_context [req-24e00175-6f2a-4a99-bc8b-63b85e63d08b req-c431fdab-2ffa-44ff-9237-74d625097b2b service placement] found 2 providers with available 1024 MEMORY_MB {{(pid=120064) get_provider_ids_matching /opt/stack/placement/placement/objects/research_context.py:563}}
Aug 28 19:07:39.113551 n-d-854440-4 devstack@placement-api.service[120064]: DEBUG placement.objects.research_context [req-24e00175-6f2a-4a99-bc8b-63b85e63d08b req-c431fdab-2ffa-44ff-9237-74d625097b2b service placement] found 2 providers after filtering by previous result {{(pid=120064) get_provider_ids_matching /opt/stack/placement/placement/objects/research_context.py:594}}
Aug 28 19:07:39.113810 n-d-854440-4 devstack@placement-api.service[120064]: DEBUG placement.objects.research_context [req-24e00175-6f2a-4a99-bc8b-63b85e63d08b req-c431fdab-2ffa-44ff-9237-74d625097b2b service placement] found 2 providers with available 1 VCPU {{(pid=120064) get_provider_ids_matching /opt/stack/placement/placement/objects/research_context.py:563}}
Aug 28 19:07:39.114158 n-d-854440-4 devstack@placement-api.service[120064]: DEBUG placement.objects.research_context [req-24e00175-6f2a-4a99-bc8b-63b85e63d08b req-c431fdab-2ffa-44ff-9237-74d625097b2b service placement] found 2 providers after filtering by previous result {{(pid=120064) get_provider_ids_matching /opt/stack/placement/placement/objects/research_context.py:594}}
Aug 28 19:07:39.133260 n-d-854440-4 devstack@placement-api.service[120064]: DEBUG placement.objects.allocation_candidate [req-24e00175-6f2a-4a99-bc8b-63b85e63d08b req-c431fdab-2ffa-44ff-9237-74d625097b2b service placement] RequestGroup(use_same_provider=False, resources={DISK_GB:1, MEMORY_MB:1024, VCPU:1}, traits=(), aggregates=[]) (suffix '') returned 2 matches {{(pid=120064) _get_by_requests /opt/stack/placement/placement/objects/allocation_candidate.py:156}}
Aug 28 19:07:39.134633 n-d-854440-4 devstack@placement-api.service[120064]: DEBUG placement.objects.allocation_candidate [req-24e00175-6f2a-4a99-bc8b-63b85e63d08b req-c431fdab-2ffa-44ff-9237-74d625097b2b service placement] Merging candidates yields 2 allocation requests and 2 provider summaries {{(pid=120064) _merge_candidates /opt/stack/placement/placement/objects/allocation_candidate.py:809}}
Aug 28 19:07:39.137232 n-d-854440-4 devstack@placement-api.service[120064]: INFO placement.requestlog [req-24e00175-6f2a-4a99-bc8b-63b85e63d08b req-c431fdab-2ffa-44ff-9237-74d625097b2b service placement] 10.222.0.79 "GET /placement/allocation_candidates?limit=1000&resources=DISK_GB%3A1%2CMEMORY_MB%3A1024%2CVCPU%3A1&root_required=%21COMPUTE_STATUS_DISABLED" status: 200 len: 1309 microversion: 1.36
Aug 28 19:07:39.139023 n-d-854440-4 devstack@placement-api.service[120064]: [pid: 120064|app: 0|req: 713/1422] 10.222.0.79 () {60 vars in 1506 bytes} [Sun Aug 28 19:07:38 2022] GET /placement/allocation_candidates?limit=1000&resources=DISK_GB%3A1%2CMEMORY_MB%3A1024%2CVCPU%3A1&root_required=%21COMPUTE_STATUS_DISABLED => generated 1309 bytes in 190 msecs (HTTP/1.1 200) 8 headers in 297 bytes (1 switches on core 0)
Aug 28 19:07:39.225450 n-d-854440-4 devstack@placement-api.service[120063]: DEBUG placement.requestlog [req-24e00175-6f2a-4a99-bc8b-63b85e63d08b req-52f06b54-5992-4917-8265-042b905d7827 None None] Starting request: 10.222.0.79 "GET /placement/allocations/086adec7-9543-4611-b8b5-660371f0f2a3" {{(pid=120063) __call__ /opt/stack/placement/placement/requestlog.py:55}}
Aug 28 19:07:39.243132 n-d-854440-4 devstack@placement-api.service[120063]: INFO placement.requestlog [req-24e00175-6f2a-4a99-bc8b-63b85e63d08b req-52f06b54-5992-4917-8265-042b905d7827 service placement] 10.222.0.79 "GET /placement/allocations/086adec7-9543-4611-b8b5-660371f0f2a3" status: 200 len: 19 microversion: 1.28
Aug 28 19:07:39.244095 n-d-854440-4 devstack@placement-api.service[120063]: [pid: 120063|app: 0|req: 710/1423] 10.222.0.79 () {60 vars in 1380 bytes} [Sun Aug 28 19:07:39 2022] GET /placement/allocations/086adec7-9543-4611-b8b5-660371f0f2a3 => generated 19 bytes in 19 msecs (HTTP/1.1 200) 8 headers in 295 bytes (1 switches on core 0)
Aug 28 19:07:39.251929 n-d-854440-4 devstack@placement-api.service[120064]: DEBUG placement.requestlog [req-24e00175-6f2a-4a99-bc8b-63b85e63d08b req-82cce274-61c8-4faf-9169-c43e791d8af1 None None] Starting request: 10.222.0.79 "PUT /placement/allocations/086adec7-9543-4611-b8b5-660371f0f2a3" {{(pid=120064) __call__ /opt/stack/placement/placement/requestlog.py:55}}
Aug 28 19:07:39.503168 n-d-854440-4 devstack@placement-api.service[120064]: DEBUG placement.handlers.allocation [req-24e00175-6f2a-4a99-bc8b-63b85e63d08b req-82cce274-61c8-4faf-9169-c43e791d8af1 service placement] Successfully wrote allocations [, , ] {{(pid=120064) _update_consumers_and_create_allocations /opt/stack/placement/placement/handlers/allocation.py:462}}
Aug 28 19:07:39.589111 n-d-854440-4 devstack@placement-api.service[120064]: INFO placement.requestlog [req-24e00175-6f2a-4a99-bc8b-63b85e63d08b req-82cce274-61c8-4faf-9169-c43e791d8af1 service placement] 10.222.0.79 "PUT /placement/allocations/086adec7-9543-4611-b8b5-660371f0f2a3" status: 204 len: 0 microversion: 1.36
Aug 28 19:07:39.589796 n-d-854440-4 devstack@placement-api.service[120064]: [pid: 120064|app: 0|req: 714/1424] 10.222.0.79 () {64 vars in 1433 bytes} [Sun Aug 28 19:07:39 2022] PUT /placement/allocations/086adec7-9543-4611-b8b5-660371f0f2a3 => generated 0 bytes in 338 msecs (HTTP/1.1 204) 5 headers in 199 bytes (2 switches on core 0)
Aug 28 19:07:39.897524 n-d-854440-4 devstack@placement-api.service[120063]: DEBUG placement.requestlog [req-65626ade-8f96-44d5-9590-92efe30afe60 req-c64f2034-e212-4089-b772-18498470692b None None] Starting request: 10.222.0.76 "GET /placement/allocations/752e3e0d-0cbe-4c58-b6fc-f905cf16bf01" {{(pid=120063) __call__ /opt/stack/placement/placement/requestlog.py:55}}
Aug 28 19:07:39.915107 n-d-854440-4 devstack@placement-api.service[120063]: INFO placement.requestlog [req-65626ade-8f96-44d5-9590-92efe30afe60 req-c64f2034-e212-4089-b772-18498470692b service placement] 10.222.0.76 "GET /placement/allocations/752e3e0d-0cbe-4c58-b6fc-f905cf16bf01" status: 200 len: 259 microversion: 1.28
Aug 28 19:07:39.916059 n-d-854440-4 devstack@placement-api.service[120063]: [pid: 120063|app: 0|req: 711/1425] 10.222.0.76 () {60 vars in 1377 bytes} [Sun Aug 28 19:07:39 2022] GET /placement/allocations/752e3e0d-0cbe-4c58-b6fc-f905cf16bf01 => generated 259 bytes in 19 msecs (HTTP/1.1 200) 8 headers in 296 bytes (1 switches on core 0)
Aug 28 19:07:40.293416 n-d-854440-4 devstack@placement-api.service[120064]: DEBUG placement.requestlog [req-65626ade-8f96-44d5-9590-92efe30afe60 req-5502c1a7-233b-49cf-8fdf-55b7a7477f6f None None] Starting request: 10.222.0.76 "GET /placement/resource_providers/b2974bdc-81d0-4239-b246-8db5c66c323f/allocations" {{(pid=120064) __call__ /opt/stack/placement/placement/requestlog.py:55}}
Aug 28 19:07:40.317303 n-d-854440-4 devstack@placement-api.service[120064]: INFO placement.requestlog [req-65626ade-8f96-44d5-9590-92efe30afe60 req-5502c1a7-233b-49cf-8fdf-55b7a7477f6f service placement] 10.222.0.76 "GET /placement/resource_providers/b2974bdc-81d0-4239-b246-8db5c66c323f/allocations" status: 200 len: 356 microversion: 1.0
Aug 28 19:07:40.317963 n-d-854440-4 devstack@placement-api.service[120064]: [pid: 120064|app: 0|req: 715/1426] 10.222.0.76 () {58 vars in 1390 bytes} [Sun Aug 28 19:07:40 2022] GET /placement/resource_providers/b2974bdc-81d0-4239-b246-8db5c66c323f/allocations => generated 356 bytes in 25 msecs (HTTP/1.1 200) 6 headers in 224 bytes (2 switches on core 0)
Aug 28 19:07:40.324579 n-d-854440-4 devstack@placement-api.service[120063]: DEBUG placement.requestlog [req-65626ade-8f96-44d5-9590-92efe30afe60 req-cf68ba77-71cc-433d-93bb-5423049d36eb None None] Starting request: 10.222.0.76 "GET /placement/allocations/086adec7-9543-4611-b8b5-660371f0f2a3" {{(pid=120063) __call__ /opt/stack/placement/placement/requestlog.py:55}}
Aug 28 19:07:40.360287 n-d-854440-4 devstack@placement-api.service[120063]: INFO placement.requestlog [req-65626ade-8f96-44d5-9590-92efe30afe60 req-cf68ba77-71cc-433d-93bb-5423049d36eb service placement] 10.222.0.76 "GET /placement/allocations/086adec7-9543-4611-b8b5-660371f0f2a3" status: 200 len: 259 microversion: 1.28
Aug 28 19:07:40.361179 n-d-854440-4 devstack@placement-api.service[120063]: [pid: 120063|app: 0|req: 712/1427] 10.222.0.76 () {60 vars in 1377 bytes} [Sun Aug 28 19:07:40 2022] GET /placement/allocations/086adec7-9543-4611-b8b5-660371f0f2a3 => generated 259 bytes in 37 msecs (HTTP/1.1 200) 8 headers in 296 bytes (1 switches on core 0)
Aug 28 19:07:40.381426 n-d-854440-4 devstack@placement-api.service[120064]: DEBUG placement.requestlog [req-65626ade-8f96-44d5-9590-92efe30afe60 req-a8cbec7b-e7df-4fff-b240-a01bc17599da None None] Starting request: 10.222.0.76 "GET /placement/allocations/752e3e0d-0cbe-4c58-b6fc-f905cf16bf01" {{(pid=120064) __call__ /opt/stack/placement/placement/requestlog.py:55}}
Aug 28 19:07:40.422907 n-d-854440-4 devstack@placement-api.service[120064]: INFO placement.requestlog [req-65626ade-8f96-44d5-9590-92efe30afe60 req-a8cbec7b-e7df-4fff-b240-a01bc17599da service placement] 10.222.0.76 "GET /placement/allocations/752e3e0d-0cbe-4c58-b6fc-f905cf16bf01" status: 200 len: 259 microversion: 1.28
Aug 28 19:07:40.425153 n-d-854440-4 devstack@placement-api.service[120064]: [pid: 120064|app: 0|req: 716/1428] 10.222.0.76 () {60 vars in 1377 bytes} [Sun Aug 28 19:07:40 2022] GET /placement/allocations/752e3e0d-0cbe-4c58-b6fc-f905cf16bf01 => generated 259 bytes in 45 msecs (HTTP/1.1 200) 8 headers in 296 bytes (1 switches on core 0)
Aug 28 19:07:40.431818 n-d-854440-4 devstack@placement-api.service[120063]: DEBUG placement.requestlog [req-65626ade-8f96-44d5-9590-92efe30afe60 req-6624ee56-533d-43a5-880d-edd838ad26df None None] Starting request: 10.222.0.76 "GET /placement/allocations/3b8c630c-8a2a-4207-99ff-f171bff95146" {{(pid=120063) __call__ /opt/stack/placement/placement/requestlog.py:55}}
Aug 28 19:07:40.449816 n-d-854440-4 devstack@placement-api.service[120063]: INFO placement.requestlog [req-65626ade-8f96-44d5-9590-92efe30afe60 req-6624ee56-533d-43a5-880d-edd838ad26df service placement] 10.222.0.76 "GET /placement/allocations/3b8c630c-8a2a-4207-99ff-f171bff95146" status: 200 len: 259 microversion: 1.28
Aug 28 19:07:40.450940 n-d-854440-4 devstack@placement-api.service[120063]: [pid: 120063|app: 0|req: 713/1429] 10.222.0.76 () {60 vars in 1377 bytes} [Sun Aug 28 19:07:40 2022] GET /placement/allocations/3b8c630c-8a2a-4207-99ff-f171bff95146 => generated 259 bytes in 19 msecs (HTTP/1.1 200) 8 headers in 296 bytes (1 switches on core 0)
Aug 28 19:07:40.793406 n-d-854440-4 devstack@placement-api.service[120064]: DEBUG placement.requestlog [req-24e00175-6f2a-4a99-bc8b-63b85e63d08b req-16efa9a4-a02e-4cea-bcb5-a534c54cf258 None None] Starting request: 10.222.0.76 "GET /placement/allocations/086adec7-9543-4611-b8b5-660371f0f2a3" {{(pid=120064) __call__ /opt/stack/placement/placement/requestlog.py:55}}
Aug 28 19:07:40.837573 n-d-854440-4 devstack@placement-api.service[120064]: INFO placement.requestlog [req-24e00175-6f2a-4a99-bc8b-63b85e63d08b req-16efa9a4-a02e-4cea-bcb5-a534c54cf258 service placement] 10.222.0.76 "GET /placement/allocations/086adec7-9543-4611-b8b5-660371f0f2a3" status: 200 len: 259 microversion: 1.28
Aug 28 19:07:40.838241 n-d-854440-4 devstack@placement-api.service[120064]: [pid: 120064|app: 0|req: 717/1430] 10.222.0.76 () {60 vars in 1377 bytes} [Sun Aug 28 19:07:40 2022] GET /placement/allocations/086adec7-9543-4611-b8b5-660371f0f2a3 => generated 259 bytes in 45 msecs (HTTP/1.1 200) 8 headers in 296 bytes (1 switches on core 0)
Aug 28 19:07:41.292855 n-d-854440-4 devstack@placement-api.service[120063]: DEBUG placement.requestlog [req-24e00175-6f2a-4a99-bc8b-63b85e63d08b req-cc8b645c-55f8-4db7-b6cb-f6f58e32d898 None None] Starting request: 10.222.0.76 "GET /placement/resource_providers/b2974bdc-81d0-4239-b246-8db5c66c323f/allocations" {{(pid=120063) __call__ /opt/stack/placement/placement/requestlog.py:55}}
Aug 28 19:07:41.317241 n-d-854440-4 devstack@placement-api.service[120063]: INFO placement.requestlog [req-24e00175-6f2a-4a99-bc8b-63b85e63d08b req-cc8b645c-55f8-4db7-b6cb-f6f58e32d898 service placement] 10.222.0.76 "GET /placement/resource_providers/b2974bdc-81d0-4239-b246-8db5c66c323f/allocations" status: 200 len: 356 microversion: 1.0
Aug 28 19:07:41.318191 n-d-854440-4 devstack@placement-api.service[120063]: [pid: 120063|app: 0|req: 714/1431] 10.222.0.76 () {58 vars in 1390 bytes} [Sun Aug 28 19:07:41 2022] GET /placement/resource_providers/b2974bdc-81d0-4239-b246-8db5c66c323f/allocations => generated 356 bytes in 26 msecs (HTTP/1.1 200) 6 headers in 224 bytes (1 switches on core 0)
Aug 28 19:07:41.324531 n-d-854440-4 devstack@placement-api.service[120064]: DEBUG placement.requestlog [req-24e00175-6f2a-4a99-bc8b-63b85e63d08b req-2cdc5e75-a5b4-490c-9efe-360f35f08567 None None] Starting request: 10.222.0.76 "GET /placement/allocations/086adec7-9543-4611-b8b5-660371f0f2a3" {{(pid=120064) __call__ /opt/stack/placement/placement/requestlog.py:55}}
Aug 28 19:07:41.345110 n-d-854440-4 devstack@placement-api.service[120064]: INFO placement.requestlog [req-24e00175-6f2a-4a99-bc8b-63b85e63d08b req-2cdc5e75-a5b4-490c-9efe-360f35f08567 service placement] 10.222.0.76 "GET /placement/allocations/086adec7-9543-4611-b8b5-660371f0f2a3" status: 200 len: 259 microversion: 1.28
Aug 28 19:07:41.345962 n-d-854440-4 devstack@placement-api.service[120064]: [pid: 120064|app: 0|req: 718/1432] 10.222.0.76 () {60 vars in 1377 bytes} [Sun Aug 28 19:07:41 2022] GET /placement/allocations/086adec7-9543-4611-b8b5-660371f0f2a3 => generated 259 bytes in 22 msecs (HTTP/1.1 200) 8 headers in 296 bytes (1 switches on core 0)
Aug 28 19:07:41.352385 n-d-854440-4 devstack@placement-api.service[120063]: DEBUG placement.requestlog [req-24e00175-6f2a-4a99-bc8b-63b85e63d08b req-1dccaebf-1f9f-4707-8373-ea09f44e86de None None] Starting request: 10.222.0.76 "GET /placement/allocations/752e3e0d-0cbe-4c58-b6fc-f905cf16bf01" {{(pid=120063) __call__ /opt/stack/placement/placement/requestlog.py:55}}
Aug 28 19:07:41.376356 n-d-854440-4 devstack@placement-api.service[120063]: INFO placement.requestlog [req-24e00175-6f2a-4a99-bc8b-63b85e63d08b req-1dccaebf-1f9f-4707-8373-ea09f44e86de service placement] 10.222.0.76 "GET /placement/allocations/752e3e0d-0cbe-4c58-b6fc-f905cf16bf01" status: 200 len: 259 microversion: 1.28
Aug 28 19:07:41.377359 n-d-854440-4 devstack@placement-api.service[120063]: [pid: 120063|app: 0|req: 715/1433] 10.222.0.76 () {60 vars in 1377 bytes} [Sun Aug 28 19:07:41 2022] GET /placement/allocations/752e3e0d-0cbe-4c58-b6fc-f905cf16bf01 => generated 259 bytes in 25 msecs (HTTP/1.1 200) 8 headers in 296 bytes (1 switches on core 0)
Aug 28 19:07:41.384733 n-d-854440-4 devstack@placement-api.service[120064]: DEBUG placement.requestlog [req-24e00175-6f2a-4a99-bc8b-63b85e63d08b req-77461568-f905-44b1-86dd-78c63847912e None None] Starting request: 10.222.0.76 "GET /placement/allocations/3b8c630c-8a2a-4207-99ff-f171bff95146" {{(pid=120064) __call__ /opt/stack/placement/placement/requestlog.py:55}}
Aug 28 19:07:41.403448 n-d-854440-4 devstack@placement-api.service[120064]: INFO placement.requestlog [req-24e00175-6f2a-4a99-bc8b-63b85e63d08b req-77461568-f905-44b1-86dd-78c63847912e service placement] 10.222.0.76 "GET /placement/allocations/3b8c630c-8a2a-4207-99ff-f171bff95146" status: 200 len: 259 microversion: 1.28
Aug 28 19:07:41.409817 n-d-854440-4 devstack@placement-api.service[120064]: [pid: 120064|app: 0|req: 719/1434] 10.222.0.76 () {60 vars in 1377 bytes} [Sun Aug 28 19:07:41 2022] GET /placement/allocations/3b8c630c-8a2a-4207-99ff-f171bff95146 => generated 259 bytes in 24 msecs (HTTP/1.1 200) 8 headers in 296 bytes (1 switches on core 0)
Aug 28 19:07:42.226407 n-d-854440-4 devstack@placement-api.service[120063]: DEBUG placement.requestlog [req-1c4d8773-5a78-4ad0-b367-29bb85f1e3af req-c31d170f-ee9d-4419-8369-f13586f81d4f None None] Starting request: 10.222.0.76 "GET /placement/resource_providers/b2974bdc-81d0-4239-b246-8db5c66c323f/allocations" {{(pid=120063) __call__ /opt/stack/placement/placement/requestlog.py:55}}
Aug 28 19:07:42.267049 n-d-854440-4 devstack@placement-api.service[120063]: INFO placement.requestlog [req-1c4d8773-5a78-4ad0-b367-29bb85f1e3af req-c31d170f-ee9d-4419-8369-f13586f81d4f service placement] 10.222.0.76 "GET /placement/resource_providers/b2974bdc-81d0-4239-b246-8db5c66c323f/allocations" status: 200 len: 356 microversion: 1.0
Aug 28 19:07:42.267977 n-d-854440-4 devstack@placement-api.service[120063]: [pid: 120063|app: 0|req: 716/1435] 10.222.0.76 () {58 vars in 1390 bytes} [Sun Aug 28 19:07:42 2022] GET /placement/resource_providers/b2974bdc-81d0-4239-b246-8db5c66c323f/allocations => generated 356 bytes in 42 msecs (HTTP/1.1 200) 6 headers in 224 bytes (1 switches on core 0)
Aug 28 19:07:42.468645 n-d-854440-4 devstack@placement-api.service[120064]: DEBUG placement.requestlog [req-1c4d8773-5a78-4ad0-b367-29bb85f1e3af req-c51a7ee4-23b0-4667-9c10-807d0af26035 None None] Starting request: 10.222.0.76 "GET /placement/resource_providers/b2974bdc-81d0-4239-b246-8db5c66c323f/allocations" {{(pid=120064) __call__ /opt/stack/placement/placement/requestlog.py:55}}
Aug 28 19:07:42.545324 n-d-854440-4 devstack@placement-api.service[120064]: DEBUG dbcounter [-] [120064] Writing DB stats placement:SELECT=90,placement:DELETE=4,placement:INSERT=4,placement:UPDATE=2 {{(pid=120064) stat_writer /usr/local/lib/python3.8/dist-packages/dbcounter.py:114}}
