Aug 28 18:55:46.746575 n-d-854440-4 devstack@n-api.service[135015]: DEBUG oslo_db.sqlalchemy.engines [None req-83860e6a-88cd-4002-8fd1-61acad62a8ca None None] MySQL server mode set to STRICT_TRANS_TABLES,STRICT_ALL_TABLES,NO_ZERO_IN_DATE,NO_ZERO_DATE,ERROR_FOR_DIVISION_BY_ZERO,TRADITIONAL,NO_ENGINE_SUBSTITUTION {{(pid=135015) _check_effective_sql_mode /usr/local/lib/python3.8/dist-packages/oslo_db/sqlalchemy/engines.py:314}}
Aug 28 18:55:46.753932 n-d-854440-4 devstack@n-api.service[135015]: DEBUG dbcounter [-] [135015] Writer thread running {{(pid=135015) stat_writer /usr/local/lib/python3.8/dist-packages/dbcounter.py:99}}
Aug 28 18:55:46.799613 n-d-854440-4 devstack@n-api.service[135016]: DEBUG nova.context [None req-094e75b3-e69a-49c0-a2be-fd92576ab11c None None] Found 2 cells: 00000000-0000-0000-0000-000000000000(cell0),10c91652-175a-48d8-87a2-8535c3c566db(cell1) {{(pid=135016) load_cells /opt/stack/nova/nova/context.py:464}}
Aug 28 18:55:46.803868 n-d-854440-4 devstack@n-api.service[135016]: DEBUG oslo_concurrency.lockutils [None req-094e75b3-e69a-49c0-a2be-fd92576ab11c None None] Acquiring lock "00000000-0000-0000-0000-000000000000" by "nova.context.set_target_cell..get_or_set_cached_cell_and_set_connections" {{(pid=135016) inner /usr/local/lib/python3.8/dist-packages/oslo_concurrency/lockutils.py:385}}
Aug 28 18:55:46.805329 n-d-854440-4 devstack@n-api.service[135016]: DEBUG oslo_concurrency.lockutils [None req-094e75b3-e69a-49c0-a2be-fd92576ab11c None None] Lock "00000000-0000-0000-0000-000000000000" acquired by "nova.context.set_target_cell..get_or_set_cached_cell_and_set_connections" :: waited 0.001s {{(pid=135016) inner /usr/local/lib/python3.8/dist-packages/oslo_concurrency/lockutils.py:390}}
Aug 28 18:55:46.807121 n-d-854440-4 devstack@n-api.service[135016]: DEBUG oslo_concurrency.lockutils [None req-094e75b3-e69a-49c0-a2be-fd92576ab11c None None] Lock "00000000-0000-0000-0000-000000000000" "released" by "nova.context.set_target_cell..get_or_set_cached_cell_and_set_connections" :: held 0.002s {{(pid=135016) inner /usr/local/lib/python3.8/dist-packages/oslo_concurrency/lockutils.py:404}}
Aug 28 18:55:46.808094 n-d-854440-4 devstack@n-api.service[135016]: DEBUG oslo_concurrency.lockutils [None req-094e75b3-e69a-49c0-a2be-fd92576ab11c None None] Acquiring lock "10c91652-175a-48d8-87a2-8535c3c566db" by "nova.context.set_target_cell..get_or_set_cached_cell_and_set_connections" {{(pid=135016) inner /usr/local/lib/python3.8/dist-packages/oslo_concurrency/lockutils.py:385}}
Aug 28 18:55:46.808750 n-d-854440-4 devstack@n-api.service[135016]: DEBUG oslo_concurrency.lockutils [None req-094e75b3-e69a-49c0-a2be-fd92576ab11c None None] Lock "10c91652-175a-48d8-87a2-8535c3c566db" acquired by "nova.context.set_target_cell..get_or_set_cached_cell_and_set_connections" :: waited 0.001s {{(pid=135016) inner /usr/local/lib/python3.8/dist-packages/oslo_concurrency/lockutils.py:390}}
Aug 28 18:55:46.810985 n-d-854440-4 devstack@n-api.service[135016]: DEBUG oslo_concurrency.lockutils [None req-094e75b3-e69a-49c0-a2be-fd92576ab11c None None] Lock "10c91652-175a-48d8-87a2-8535c3c566db" "released" by "nova.context.set_target_cell..get_or_set_cached_cell_and_set_connections" :: held 0.002s {{(pid=135016) inner /usr/local/lib/python3.8/dist-packages/oslo_concurrency/lockutils.py:404}}
Aug 28 18:55:46.813327 n-d-854440-4 devstack@n-api.service[135016]: INFO dbcounter [None req-094e75b3-e69a-49c0-a2be-fd92576ab11c None None] Registered counter for database nova_cell0
Aug 28 18:55:46.816326 n-d-854440-4 devstack@n-api.service[135015]: DEBUG nova.context [None req-83860e6a-88cd-4002-8fd1-61acad62a8ca None None] Found 2 cells: 00000000-0000-0000-0000-000000000000(cell0),10c91652-175a-48d8-87a2-8535c3c566db(cell1) {{(pid=135015) load_cells /opt/stack/nova/nova/context.py:464}}
Aug 28 18:55:46.818230 n-d-854440-4 devstack@n-api.service[135016]: INFO dbcounter [None req-094e75b3-e69a-49c0-a2be-fd92576ab11c None None] Registered counter for database nova_cell1
Aug 28 18:55:46.821391 n-d-854440-4 devstack@n-api.service[135015]: DEBUG oslo_concurrency.lockutils [None req-83860e6a-88cd-4002-8fd1-61acad62a8ca None None] Acquiring lock "00000000-0000-0000-0000-000000000000" by "nova.context.set_target_cell..get_or_set_cached_cell_and_set_connections" {{(pid=135015) inner /usr/local/lib/python3.8/dist-packages/oslo_concurrency/lockutils.py:385}}
Aug 28 18:55:46.821896 n-d-854440-4 devstack@n-api.service[135015]: DEBUG oslo_concurrency.lockutils [None req-83860e6a-88cd-4002-8fd1-61acad62a8ca None None] Lock "00000000-0000-0000-0000-000000000000" acquired by "nova.context.set_target_cell..get_or_set_cached_cell_and_set_connections" :: waited 0.001s {{(pid=135015) inner /usr/local/lib/python3.8/dist-packages/oslo_concurrency/lockutils.py:390}}
Aug 28 18:55:46.823529 n-d-854440-4 devstack@n-api.service[135015]: DEBUG oslo_concurrency.lockutils [None req-83860e6a-88cd-4002-8fd1-61acad62a8ca None None] Lock "00000000-0000-0000-0000-000000000000" "released" by "nova.context.set_target_cell..get_or_set_cached_cell_and_set_connections" :: held 0.002s {{(pid=135015) inner /usr/local/lib/python3.8/dist-packages/oslo_concurrency/lockutils.py:404}}
Aug 28 18:55:46.824361 n-d-854440-4 devstack@n-api.service[135015]: DEBUG oslo_concurrency.lockutils [None req-83860e6a-88cd-4002-8fd1-61acad62a8ca None None] Acquiring lock "10c91652-175a-48d8-87a2-8535c3c566db" by "nova.context.set_target_cell..get_or_set_cached_cell_and_set_connections" {{(pid=135015) inner /usr/local/lib/python3.8/dist-packages/oslo_concurrency/lockutils.py:385}}
Aug 28 18:55:46.824824 n-d-854440-4 devstack@n-api.service[135015]: DEBUG oslo_concurrency.lockutils [None req-83860e6a-88cd-4002-8fd1-61acad62a8ca None None] Lock "10c91652-175a-48d8-87a2-8535c3c566db" acquired by "nova.context.set_target_cell..get_or_set_cached_cell_and_set_connections" :: waited 0.001s {{(pid=135015) inner /usr/local/lib/python3.8/dist-packages/oslo_concurrency/lockutils.py:390}}
Aug 28 18:55:46.826662 n-d-854440-4 devstack@n-api.service[135016]: DEBUG oslo_db.sqlalchemy.engines [None req-094e75b3-e69a-49c0-a2be-fd92576ab11c None None] MySQL server mode set to STRICT_TRANS_TABLES,STRICT_ALL_TABLES,NO_ZERO_IN_DATE,NO_ZERO_DATE,ERROR_FOR_DIVISION_BY_ZERO,TRADITIONAL,NO_ENGINE_SUBSTITUTION {{(pid=135016) _check_effective_sql_mode /usr/local/lib/python3.8/dist-packages/oslo_db/sqlalchemy/engines.py:314}}
Aug 28 18:55:46.827000 n-d-854440-4 devstack@n-api.service[135015]: DEBUG oslo_concurrency.lockutils [None req-83860e6a-88cd-4002-8fd1-61acad62a8ca None None] Lock "10c91652-175a-48d8-87a2-8535c3c566db" "released" by "nova.context.set_target_cell..get_or_set_cached_cell_and_set_connections" :: held 0.002s {{(pid=135015) inner /usr/local/lib/python3.8/dist-packages/oslo_concurrency/lockutils.py:404}}
Aug 28 18:55:46.829561 n-d-854440-4 devstack@n-api.service[135015]: INFO dbcounter [None req-83860e6a-88cd-4002-8fd1-61acad62a8ca None None] Registered counter for database nova_cell0
Aug 28 18:55:46.832540 n-d-854440-4 devstack@n-api.service[135016]: DEBUG oslo_db.sqlalchemy.engines [None req-094e75b3-e69a-49c0-a2be-fd92576ab11c None None] MySQL server mode set to STRICT_TRANS_TABLES,STRICT_ALL_TABLES,NO_ZERO_IN_DATE,NO_ZERO_DATE,ERROR_FOR_DIVISION_BY_ZERO,TRADITIONAL,NO_ENGINE_SUBSTITUTION {{(pid=135016) _check_effective_sql_mode /usr/local/lib/python3.8/dist-packages/oslo_db/sqlalchemy/engines.py:314}}
Aug 28 18:55:46.834131 n-d-854440-4 devstack@n-api.service[135015]: INFO dbcounter [None req-83860e6a-88cd-4002-8fd1-61acad62a8ca None None] Registered counter for database nova_cell1
Aug 28 18:55:46.842210 n-d-854440-4 devstack@n-api.service[135016]: DEBUG dbcounter [-] [135016] Writer thread running {{(pid=135016) stat_writer /usr/local/lib/python3.8/dist-packages/dbcounter.py:99}}
Aug 28 18:55:46.843795 n-d-854440-4 devstack@n-api.service[135015]: DEBUG oslo_db.sqlalchemy.engines [None req-83860e6a-88cd-4002-8fd1-61acad62a8ca None None] MySQL server mode set to STRICT_TRANS_TABLES,STRICT_ALL_TABLES,NO_ZERO_IN_DATE,NO_ZERO_DATE,ERROR_FOR_DIVISION_BY_ZERO,TRADITIONAL,NO_ENGINE_SUBSTITUTION {{(pid=135015) _check_effective_sql_mode /usr/local/lib/python3.8/dist-packages/oslo_db/sqlalchemy/engines.py:314}}
Aug 28 18:55:46.846948 n-d-854440-4 devstack@n-api.service[135015]: DEBUG oslo_db.sqlalchemy.engines [None req-83860e6a-88cd-4002-8fd1-61acad62a8ca None None] MySQL server mode set to STRICT_TRANS_TABLES,STRICT_ALL_TABLES,NO_ZERO_IN_DATE,NO_ZERO_DATE,ERROR_FOR_DIVISION_BY_ZERO,TRADITIONAL,NO_ENGINE_SUBSTITUTION {{(pid=135015) _check_effective_sql_mode /usr/local/lib/python3.8/dist-packages/oslo_db/sqlalchemy/engines.py:314}}
Aug 28 18:55:46.856481 n-d-854440-4 devstack@n-api.service[135015]: DEBUG dbcounter [-] [135015] Writer thread running {{(pid=135015) stat_writer /usr/local/lib/python3.8/dist-packages/dbcounter.py:99}}
Aug 28 18:55:46.858199 n-d-854440-4 devstack@n-api.service[135015]: DEBUG dbcounter [-] [135015] Writer thread running {{(pid=135015) stat_writer /usr/local/lib/python3.8/dist-packages/dbcounter.py:99}}
Aug 28 18:55:47.001386 n-d-854440-4 devstack@n-api.service[135016]: DEBUG dbcounter [-] [135016] Writer thread running {{(pid=135016) stat_writer /usr/local/lib/python3.8/dist-packages/dbcounter.py:99}}
Aug 28 18:55:47.015284 n-d-854440-4 devstack@n-api.service[135016]: INFO dbcounter [None req-094e75b3-e69a-49c0-a2be-fd92576ab11c None None] Registered counter for database nova_cell0
Aug 28 18:55:47.028102 n-d-854440-4 devstack@n-api.service[135016]: DEBUG oslo_db.sqlalchemy.engines [None req-094e75b3-e69a-49c0-a2be-fd92576ab11c None None] MySQL server mode set to STRICT_TRANS_TABLES,STRICT_ALL_TABLES,NO_ZERO_IN_DATE,NO_ZERO_DATE,ERROR_FOR_DIVISION_BY_ZERO,TRADITIONAL,NO_ENGINE_SUBSTITUTION {{(pid=135016) _check_effective_sql_mode /usr/local/lib/python3.8/dist-packages/oslo_db/sqlalchemy/engines.py:314}}
Aug 28 18:55:47.033444 n-d-854440-4 devstack@n-api.service[135015]: INFO dbcounter [None req-83860e6a-88cd-4002-8fd1-61acad62a8ca None None] Registered counter for database nova_cell0
Aug 28 18:55:47.035420 n-d-854440-4 devstack@n-api.service[135016]: DEBUG dbcounter [-] [135016] Writer thread running {{(pid=135016) stat_writer /usr/local/lib/python3.8/dist-packages/dbcounter.py:99}}
Aug 28 18:55:47.042367 n-d-854440-4 devstack@n-api.service[135015]: DEBUG oslo_db.sqlalchemy.engines [None req-83860e6a-88cd-4002-8fd1-61acad62a8ca None None] MySQL server mode set to STRICT_TRANS_TABLES,STRICT_ALL_TABLES,NO_ZERO_IN_DATE,NO_ZERO_DATE,ERROR_FOR_DIVISION_BY_ZERO,TRADITIONAL,NO_ENGINE_SUBSTITUTION {{(pid=135015) _check_effective_sql_mode /usr/local/lib/python3.8/dist-packages/oslo_db/sqlalchemy/engines.py:314}}
Aug 28 18:55:47.047763 n-d-854440-4 devstack@n-api.service[135015]: DEBUG dbcounter [-] [135015] Writer thread running {{(pid=135015) stat_writer /usr/local/lib/python3.8/dist-packages/dbcounter.py:99}}
Aug 28 18:55:47.376707 n-d-854440-4 devstack@n-api.service[135015]: WARNING keystonemiddleware.auth_token [None req-83860e6a-88cd-4002-8fd1-61acad62a8ca None None] AuthToken middleware is set with keystone_authtoken.service_token_roles_required set to False. This is backwards compatible but deprecated behaviour. Please set this to True.
Aug 28 18:55:47.384628 n-d-854440-4 devstack@n-api.service[135015]: WARNING keystonemiddleware.auth_token [None req-83860e6a-88cd-4002-8fd1-61acad62a8ca None None] Configuring www_authenticate_uri to point to the public identity endpoint is required; clients may not be able to authenticate against an admin endpoint
Aug 28 18:55:47.397167 n-d-854440-4 devstack@n-api.service[135016]: WARNING keystonemiddleware.auth_token [None req-094e75b3-e69a-49c0-a2be-fd92576ab11c None None] AuthToken middleware is set with keystone_authtoken.service_token_roles_required set to False. This is backwards compatible but deprecated behaviour. Please set this to True.
Aug 28 18:55:47.405540 n-d-854440-4 devstack@n-api.service[135016]: WARNING keystonemiddleware.auth_token [None req-094e75b3-e69a-49c0-a2be-fd92576ab11c None None] Configuring www_authenticate_uri to point to the public identity endpoint is required; clients may not be able to authenticate against an admin endpoint
Aug 28 18:55:47.732314 n-d-854440-4 devstack@n-api.service[135015]: WARNING keystonemiddleware.auth_token [None req-83860e6a-88cd-4002-8fd1-61acad62a8ca None None] AuthToken middleware is set with keystone_authtoken.service_token_roles_required set to False. This is backwards compatible but deprecated behaviour. Please set this to True.
Aug 28 18:55:47.738445 n-d-854440-4 devstack@n-api.service[135015]: WARNING keystonemiddleware.auth_token [None req-83860e6a-88cd-4002-8fd1-61acad62a8ca None None] Configuring www_authenticate_uri to point to the public identity endpoint is required; clients may not be able to authenticate against an admin endpoint
Aug 28 18:55:47.744364 n-d-854440-4 devstack@n-api.service[135015]: WSGI app 0 (mountpoint='') ready in 6 seconds on interpreter 0x5637d4bd69c0 pid: 135015 (default app)
Aug 28 18:55:47.751627 n-d-854440-4 devstack@n-api.service[135016]: WARNING keystonemiddleware.auth_token [None req-094e75b3-e69a-49c0-a2be-fd92576ab11c None None] AuthToken middleware is set with keystone_authtoken.service_token_roles_required set to False. This is backwards compatible but deprecated behaviour. Please set this to True.
Aug 28 18:55:47.758362 n-d-854440-4 devstack@n-api.service[135016]: WARNING keystonemiddleware.auth_token [None req-094e75b3-e69a-49c0-a2be-fd92576ab11c None None] Configuring www_authenticate_uri to point to the public identity endpoint is required; clients may not be able to authenticate against an admin endpoint
Aug 28 18:55:47.763630 n-d-854440-4 devstack@n-api.service[135016]: WSGI app 0 (mountpoint='') ready in 6 seconds on interpreter 0x5637d4bd69c0 pid: 135016 (default app)
Aug 28 18:56:30.330946 n-d-854440-4 devstack@n-api.service[135015]: DEBUG dbcounter [-] [135015] Writing DB stats nova_api:SELECT=3 {{(pid=135015) stat_writer /usr/local/lib/python3.8/dist-packages/dbcounter.py:114}}
Aug 28 18:56:30.332164 n-d-854440-4 devstack@n-api.service[135015]: DEBUG dbcounter [-] [135015] Writing DB stats nova_cell0:SELECT=3 {{(pid=135015) stat_writer /usr/local/lib/python3.8/dist-packages/dbcounter.py:114}}
Aug 28 18:56:30.333111 n-d-854440-4 devstack@n-api.service[135015]: DEBUG dbcounter [-] [135015] Writing DB stats nova_cell1:SELECT=3 {{(pid=135015) stat_writer /usr/local/lib/python3.8/dist-packages/dbcounter.py:114}}
Aug 28 18:56:30.333859 n-d-854440-4 devstack@n-api.service[135015]: DEBUG dbcounter [-] [135015] Writing DB stats nova_cell0:SELECT=3 {{(pid=135015) stat_writer /usr/local/lib/python3.8/dist-packages/dbcounter.py:114}}
Aug 28 18:56:31.812226 n-d-854440-4 devstack@n-api.service[135016]: DEBUG dbcounter [-] [135016] Writing DB stats nova_api:SELECT=3 {{(pid=135016) stat_writer /usr/local/lib/python3.8/dist-packages/dbcounter.py:114}}
Aug 28 18:56:31.818434 n-d-854440-4 devstack@n-api.service[135016]: DEBUG dbcounter [-] [135016] Writing DB stats nova_cell1:SELECT=3 {{(pid=135016) stat_writer /usr/local/lib/python3.8/dist-packages/dbcounter.py:114}}
Aug 28 18:56:31.818434 n-d-854440-4 devstack@n-api.service[135016]: DEBUG dbcounter [-] [135016] Writing DB stats nova_cell0:SELECT=3 {{(pid=135016) stat_writer /usr/local/lib/python3.8/dist-packages/dbcounter.py:114}}
Aug 28 18:56:31.818434 n-d-854440-4 devstack@n-api.service[135016]: DEBUG dbcounter [-] [135016] Writing DB stats nova_cell0:SELECT=3 {{(pid=135016) stat_writer /usr/local/lib/python3.8/dist-packages/dbcounter.py:114}}
Aug 28 18:56:32.511732 n-d-854440-4 devstack@n-api.service[135015]: DEBUG nova.api.openstack.wsgi [None req-25b936d1-6c5d-4f35-a4cd-769705895e63 tempest-AggregatesAdminNegativeTestJSON-1660694247 tempest-AggregatesAdminNegativeTestJSON-1660694247-project-admin] Calling method '>' {{(pid=135015) _process_stack /opt/stack/nova/nova/api/openstack/wsgi.py:513}}
Aug 28 18:56:32.517245 n-d-854440-4 devstack@n-api.service[135015]: DEBUG oslo_concurrency.lockutils [None req-25b936d1-6c5d-4f35-a4cd-769705895e63 tempest-AggregatesAdminNegativeTestJSON-1660694247 tempest-AggregatesAdminNegativeTestJSON-1660694247-project-admin] Acquiring lock "00000000-0000-0000-0000-000000000000" by "nova.context.set_target_cell..get_or_set_cached_cell_and_set_connections" {{(pid=135015) inner /usr/local/lib/python3.8/dist-packages/oslo_concurrency/lockutils.py:385}}
Aug 28 18:56:32.518416 n-d-854440-4 devstack@n-api.service[135015]: DEBUG oslo_concurrency.lockutils [None req-25b936d1-6c5d-4f35-a4cd-769705895e63 tempest-AggregatesAdminNegativeTestJSON-1660694247 tempest-AggregatesAdminNegativeTestJSON-1660694247-project-admin] Lock "00000000-0000-0000-0000-000000000000" acquired by "nova.context.set_target_cell..get_or_set_cached_cell_and_set_connections" :: waited 0.001s {{(pid=135015) inner /usr/local/lib/python3.8/dist-packages/oslo_concurrency/lockutils.py:390}}
Aug 28 18:56:32.518416 n-d-854440-4 devstack@n-api.service[135015]: DEBUG oslo_concurrency.lockutils [None req-25b936d1-6c5d-4f35-a4cd-769705895e63 tempest-AggregatesAdminNegativeTestJSON-1660694247 tempest-AggregatesAdminNegativeTestJSON-1660694247-project-admin] Lock "00000000-0000-0000-0000-000000000000" "released" by "nova.context.set_target_cell..get_or_set_cached_cell_and_set_connections" :: held 0.000s {{(pid=135015) inner /usr/local/lib/python3.8/dist-packages/oslo_concurrency/lockutils.py:404}}
Aug 28 18:56:32.519724 n-d-854440-4 devstack@n-api.service[135015]: DEBUG oslo_concurrency.lockutils [None req-25b936d1-6c5d-4f35-a4cd-769705895e63 tempest-AggregatesAdminNegativeTestJSON-1660694247 tempest-AggregatesAdminNegativeTestJSON-1660694247-project-admin] Acquiring lock "10c91652-175a-48d8-87a2-8535c3c566db" by "nova.context.set_target_cell..get_or_set_cached_cell_and_set_connections" {{(pid=135015) inner /usr/local/lib/python3.8/dist-packages/oslo_concurrency/lockutils.py:385}}
Aug 28 18:56:32.521182 n-d-854440-4 devstack@n-api.service[135015]: DEBUG oslo_concurrency.lockutils [None req-25b936d1-6c5d-4f35-a4cd-769705895e63 tempest-AggregatesAdminNegativeTestJSON-1660694247 tempest-AggregatesAdminNegativeTestJSON-1660694247-project-admin] Lock "10c91652-175a-48d8-87a2-8535c3c566db" acquired by "nova.context.set_target_cell..get_or_set_cached_cell_and_set_connections" :: waited 0.001s {{(pid=135015) inner /usr/local/lib/python3.8/dist-packages/oslo_concurrency/lockutils.py:390}}
Aug 28 18:56:32.522077 n-d-854440-4 devstack@n-api.service[135015]: DEBUG oslo_concurrency.lockutils [None req-25b936d1-6c5d-4f35-a4cd-769705895e63 tempest-AggregatesAdminNegativeTestJSON-1660694247 tempest-AggregatesAdminNegativeTestJSON-1660694247-project-admin] Lock "10c91652-175a-48d8-87a2-8535c3c566db" "released" by "nova.context.set_target_cell..get_or_set_cached_cell_and_set_connections" :: held 0.001s {{(pid=135015) inner /usr/local/lib/python3.8/dist-packages/oslo_concurrency/lockutils.py:404}}
Aug 28 18:56:32.580790 n-d-854440-4 devstack@n-api.service[135015]: INFO nova.api.openstack.requestlog [None req-25b936d1-6c5d-4f35-a4cd-769705895e63 tempest-AggregatesAdminNegativeTestJSON-1660694247 tempest-AggregatesAdminNegativeTestJSON-1660694247-project-admin] 10.222.0.79 "GET /compute/v2.1/os-services?binary=nova-compute" status: 200 len: 380 microversion: 2.1 time: 2.257062
Aug 28 18:56:32.581752 n-d-854440-4 devstack@n-api.service[135015]: [pid: 135015|app: 0|req: 1/1] 10.222.0.79 () {58 vars in 1176 bytes} [Sun Aug 28 18:56:30 2022] GET /compute/v2.1/os-services?binary=nova-compute => generated 380 bytes in 2260 msecs (HTTP/1.1 200) 9 headers in 357 bytes (1 switches on core 0)
Aug 28 18:56:32.826160 n-d-854440-4 devstack@n-api.service[135015]: DEBUG nova.api.openstack.wsgi [None req-3f497fe4-ad14-45f7-abc5-a872f2642d06 tempest-AZAdminNegativeTestJSON-1074491051 tempest-AZAdminNegativeTestJSON-1074491051-project] Calling method '>' {{(pid=135015) _process_stack /opt/stack/nova/nova/api/openstack/wsgi.py:513}}
Aug 28 18:56:32.827651 n-d-854440-4 devstack@n-api.service[135015]: DEBUG nova.policy [None req-3f497fe4-ad14-45f7-abc5-a872f2642d06 tempest-AZAdminNegativeTestJSON-1074491051 tempest-AZAdminNegativeTestJSON-1074491051-project] Policy check for os_compute_api:os-availability-zone:detail failed with credentials {'is_admin': False, 'user_id': 'c5da21cb12a04646bc9895d2259d8a46', 'user_domain_id': 'default', 'system_scope': None, 'domain_id': None, 'project_id': '2b46869240e0407f9a184fe5f645fc9e', 'project_domain_id': 'default', 'roles': ['reader', 'member'], 'is_admin_project': True, 'service_user_id': None, 'service_user_domain_id': None, 'service_project_id': None, 'service_project_domain_id': None, 'service_roles': []} {{(pid=135015) authorize /opt/stack/nova/nova/policy.py:199}}
Aug 28 18:56:32.837013 n-d-854440-4 devstack@n-api.service[135015]: DEBUG nova.api.openstack.wsgi [None req-3f497fe4-ad14-45f7-abc5-a872f2642d06 tempest-AZAdminNegativeTestJSON-1074491051 tempest-AZAdminNegativeTestJSON-1074491051-project] Request method failure captured:
Aug 28 18:56:32.837013 n-d-854440-4 devstack@n-api.service[135015]: request: GET /compute/v2.1/os-availability-zone/detail HTTP/1.1
Aug 28 18:56:32.837013 n-d-854440-4 devstack@n-api.service[135015]: Accept: application/json
Aug 28 18:56:32.837013 n-d-854440-4 devstack@n-api.service[135015]: Accept-Encoding: identity
Aug 28 18:56:32.837013 n-d-854440-4 devstack@n-api.service[135015]: Connection: close
Aug 28 18:56:32.837013 n-d-854440-4 devstack@n-api.service[135015]: Content-Length: 0
Aug 28 18:56:32.837013 n-d-854440-4 devstack@n-api.service[135015]: Content-Type: application/json
Aug 28 18:56:32.837013 n-d-854440-4 devstack@n-api.service[135015]: Host: 10.222.0.79
Aug 28 18:56:32.837013 n-d-854440-4 devstack@n-api.service[135015]: Openstack-System-Scope: None
Aug 28 18:56:32.837013 n-d-854440-4 devstack@n-api.service[135015]: User-Agent: python-urllib3/1.26.11
Aug 28 18:56:32.837013 n-d-854440-4 devstack@n-api.service[135015]: X-Auth-Token: gAAAAABjC7pc-06FOPhIzqztvfx6PjaQKMF7NEC_bPAfHp0F8iNL1UsXgiyVpO06HFVmgid8huSFWInpyLnXkpTNc2C3mvpI2JcciMQ_YpKVTBZGblbUX9CUxR5VzsQbjoBqcgDPl_AvpNfeF4emJWlQu09aRM1gdXynjuSs0Ht5rEivbfWMqV0
Aug 28 18:56:32.837013 n-d-854440-4 devstack@n-api.service[135015]: X-Domain-Id: None
Aug 28 18:56:32.837013 n-d-854440-4 devstack@n-api.service[135015]: X-Domain-Name: None
Aug 28 18:56:32.837013 n-d-854440-4 devstack@n-api.service[135015]: X-Identity-Status: Confirmed
Aug 28 18:56:32.837013 n-d-854440-4 devstack@n-api.service[135015]: X-Is-Admin-Project: True
Aug 28 18:56:32.837013 n-d-854440-4 devstack@n-api.service[135015]: X-Project-Domain-Id: default
Aug 28 18:56:32.837013 n-d-854440-4 devstack@n-api.service[135015]: X-Project-Domain-Name: Default
Aug 28 18:56:32.837013 n-d-854440-4 devstack@n-api.service[135015]: X-Project-Id: 2b46869240e0407f9a184fe5f645fc9e
Aug 28 18:56:32.837013 n-d-854440-4 devstack@n-api.service[135015]: X-Project-Name: tempest-AZAdminNegativeTestJSON-1074491051
Aug 28 18:56:32.837013 n-d-854440-4 devstack@n-api.service[135015]: X-Role: reader,member
Aug 28 18:56:32.837013 n-d-854440-4 devstack@n-api.service[135015]: X-Roles: reader,member
Aug 28 18:56:32.839596 n-d-854440-4 devstack@n-api.service[135015]: X-Service-Catalog: [{"type": "block-storage", "name": "cinder", "endpoints": [{"region": "RegionOne", "publicURL": "http://10.222.0.79/volume/v3/2b46869240e0407f9a184fe5f645fc9e"}]}, {"type": "network", "name": "neutron", "endpoints": [{"region": "RegionOne", "publicURL": "http://10.222.0.79:9696/networking"}]}, {"type": "placement", "name": "placement", "endpoints": [{"region": "RegionOne", "publicURL": "http://10.222.0.79/placement"}]}, {"type": "image", "name": "glance", "endpoints": [{"region": "RegionOne", "publicURL": "http://10.222.0.79/image"}]}, {"type": "object-store", "name": "swift", "endpoints": [{"region": "RegionOne", "adminURL": "http://10.222.0.79:8080", "publicURL": "http://10.222.0.79:8080/v1/AUTH_2b46869240e0407f9a184fe5f645fc9e"}]}, {"type": "compute_legacy", "name": "nova_legacy", "endpoints": [{"region": "RegionOne", "publicURL": "http://10.222.0.79/compute/v2/2b46869240e0407f9a184fe5f645fc9e"}]}, {"type": "identity", "name": "keystone", "endpoints": [{"region": "RegionOne", "publicURL": "http://10.222.0.79/identity"}]}, {"type": "compute", "name": "nova", "endpoints": [{"region": "RegionOne", "publicURL": "http://10.222.0.79/compute/v2.1"}]}, {"type": "volumev3", "name": "cinderv3", "endpoints": [{"region": "RegionOne", "publicURL": "http://10.222.0.79/volume/v3/2b46869240e0407f9a184fe5f645fc9e"}]}]
Aug 28 18:56:32.839596 n-d-854440-4 devstack@n-api.service[135015]: X-Tenant: tempest-AZAdminNegativeTestJSON-1074491051
Aug 28 18:56:32.839596 n-d-854440-4 devstack@n-api.service[135015]: X-Tenant-Id: 2b46869240e0407f9a184fe5f645fc9e
Aug 28 18:56:32.839596 n-d-854440-4 devstack@n-api.service[135015]: X-Tenant-Name: tempest-AZAdminNegativeTestJSON-1074491051
Aug 28 18:56:32.839596 n-d-854440-4 devstack@n-api.service[135015]: X-User: tempest-AZAdminNegativeTestJSON-1074491051-project
Aug 28 18:56:32.839596 n-d-854440-4 devstack@n-api.service[135015]: X-User-Domain-Id: default
Aug 28 18:56:32.839596 n-d-854440-4 devstack@n-api.service[135015]: X-User-Domain-Name: Default
Aug 28 18:56:32.839596 n-d-854440-4 devstack@n-api.service[135015]: X-User-Id: c5da21cb12a04646bc9895d2259d8a46
Aug 28 18:56:32.839596 n-d-854440-4 devstack@n-api.service[135015]: X-User-Name: tempest-AZAdminNegativeTestJSON-1074491051-project
Aug 28 18:56:32.839596 n-d-854440-4 devstack@n-api.service[135015]: method: > Aug 28 18:56:32.839596 n-d-854440-4 devstack@n-api.service[135015]: exception: Policy doesn't allow os_compute_api:os-availability-zone:detail to be performed.
Aug 28 18:56:32.839596 n-d-854440-4 devstack@n-api.service[135015]: action_args: {}
Aug 28 18:56:32.841187 n-d-854440-4 devstack@n-api.service[135015]: {{(pid=135015) _process_stack /opt/stack/nova/nova/api/openstack/wsgi.py:541}}
Aug 28 18:56:32.841187 n-d-854440-4 devstack@n-api.service[135015]: ERROR nova.api.openstack.wsgi
Traceback (most recent call last):
Aug 28 18:56:32.841187 n-d-854440-4 devstack@n-api.service[135015]: ERROR nova.api.openstack.wsgi
File "/opt/stack/nova/nova/api/openstack/wsgi.py", line 539, in _process_stack
Aug 28 18:56:32.841187 n-d-854440-4 devstack@n-api.service[135015]: ERROR nova.api.openstack.wsgi action_result = self.dispatch(meth, request, action_args)
Aug 28 18:56:32.841187 n-d-854440-4 devstack@n-api.service[135015]: ERROR nova.api.openstack.wsgi
File "/opt/stack/nova/nova/api/openstack/wsgi.py", line 630, in dispatch
Aug 28 18:56:32.841187 n-d-854440-4 devstack@n-api.service[135015]: ERROR nova.api.openstack.wsgi return method(req=request, **action_args)
Aug 28 18:56:32.841187 n-d-854440-4 devstack@n-api.service[135015]: ERROR nova.api.openstack.wsgi
File "/opt/stack/nova/nova/api/openstack/wsgi.py", line 664, in wrapped
Aug 28 18:56:32.841187 n-d-854440-4 devstack@n-api.service[135015]: ERROR nova.api.openstack.wsgi return f(*args, **kwargs)
Aug 28 18:56:32.841187 n-d-854440-4 devstack@n-api.service[135015]: ERROR nova.api.openstack.wsgi
File "/opt/stack/nova/nova/api/openstack/compute/availability_zone.py", line 117, in detail
Aug 28 18:56:32.841187 n-d-854440-4 devstack@n-api.service[135015]: ERROR nova.api.openstack.wsgi context.can(az_policies.POLICY_ROOT % 'detail', target={})
Aug 28 18:56:32.841187 n-d-854440-4 devstack@n-api.service[135015]: ERROR nova.api.openstack.wsgi
File "/opt/stack/nova/nova/context.py", line 240, in can
Aug 28 18:56:32.841187 n-d-854440-4 devstack@n-api.service[135015]: ERROR nova.api.openstack.wsgi return policy.authorize(self, action, target)
Aug 28 18:56:32.841187 n-d-854440-4 devstack@n-api.service[135015]: ERROR nova.api.openstack.wsgi
File "/opt/stack/nova/nova/policy.py", line 199, in authorize
Aug 28 18:56:32.841187 n-d-854440-4 devstack@n-api.service[135015]: ERROR nova.api.openstack.wsgi LOG.debug('Policy check for %(action)s failed with credentials '
Aug 28 18:56:32.841187 n-d-854440-4 devstack@n-api.service[135015]: ERROR nova.api.openstack.wsgi
File "/usr/local/lib/python3.8/dist-packages/oslo_utils/excutils.py", line 227, in __exit__
Aug 28 18:56:32.841187 n-d-854440-4 devstack@n-api.service[135015]: ERROR nova.api.openstack.wsgi self.force_reraise()
Aug 28 18:56:32.841187 n-d-854440-4 devstack@n-api.service[135015]: ERROR nova.api.openstack.wsgi
File "/usr/local/lib/python3.8/dist-packages/oslo_utils/excutils.py", line 200, in force_reraise
Aug 28 18:56:32.841187 n-d-854440-4 devstack@n-api.service[135015]: ERROR nova.api.openstack.wsgi raise self.value
Aug 28 18:56:32.841187 n-d-854440-4 devstack@n-api.service[135015]: ERROR nova.api.openstack.wsgi
File "/opt/stack/nova/nova/policy.py", line 186, in authorize
Aug 28 18:56:32.842478 n-d-854440-4 devstack@n-api.service[135015]: ERROR nova.api.openstack.wsgi result = _ENFORCER.authorize(action, target, context,
Aug 28 18:56:32.842478 n-d-854440-4 devstack@n-api.service[135015]: ERROR nova.api.openstack.wsgi
File "/usr/local/lib/python3.8/dist-packages/oslo_policy/policy.py", line 1184, in authorize
Aug 28 18:56:32.842478 n-d-854440-4 devstack@n-api.service[135015]: ERROR nova.api.openstack.wsgi return self.enforce(
Aug 28 18:56:32.842478 n-d-854440-4 devstack@n-api.service[135015]: ERROR nova.api.openstack.wsgi
File "/usr/local/lib/python3.8/dist-packages/oslo_policy/policy.py", line 1088, in enforce
Aug 28 18:56:32.842478 n-d-854440-4 devstack@n-api.service[135015]: ERROR nova.api.openstack.wsgi raise exc(*args, **kwargs)
Aug 28 18:56:32.842478 n-d-854440-4 devstack@n-api.service[135015]: ERROR nova.api.openstack.wsgi nova.exception.PolicyNotAuthorized: Policy doesn't allow os_compute_api:os-availability-zone:detail to be performed.
Aug 28 18:56:32.842478 n-d-854440-4 devstack@n-api.service[135015]: ERROR nova.api.openstack.wsgi
Aug 28 18:56:32.842478 n-d-854440-4 devstack@n-api.service[135015]: ERROR nova.api.openstack.wsgi During handling of the above exception, another exception occurred:
Aug 28 18:56:32.842478 n-d-854440-4 devstack@n-api.service[135015]: ERROR nova.api.openstack.wsgi
Aug 28 18:56:32.842478 n-d-854440-4 devstack@n-api.service[135015]: ERROR nova.api.openstack.wsgi
Traceback (most recent call last):
Aug 28 18:56:32.842478 n-d-854440-4 devstack@n-api.service[135015]: ERROR nova.api.openstack.wsgi
File "/opt/stack/nova/nova/api/openstack/wsgi.py", line 539, in _process_stack
Aug 28 18:56:32.842478 n-d-854440-4 devstack@n-api.service[135015]: ERROR nova.api.openstack.wsgi action_result = self.dispatch(meth, request, action_args)
Aug 28 18:56:32.842478 n-d-854440-4 devstack@n-api.service[135015]: ERROR nova.api.openstack.wsgi
File "/opt/stack/nova/nova/api/openstack/wsgi.py", line 354, in __exit__
Aug 28 18:56:32.842478 n-d-854440-4 devstack@n-api.service[135015]: ERROR nova.api.openstack.wsgi raise Fault(webob.exc.HTTPForbidden(
Aug 28 18:56:32.842478 n-d-854440-4 devstack@n-api.service[135015]: ERROR nova.api.openstack.wsgi nova.api.openstack.wsgi.Fault: Policy doesn't allow os_compute_api:os-availability-zone:detail to be performed.
Aug 28 18:56:32.842478 n-d-854440-4 devstack@n-api.service[135015]: ERROR nova.api.openstack.wsgi
Aug 28 18:56:32.842478 n-d-854440-4 devstack@n-api.service[135015]: DEBUG nova.api.openstack.wsgi [None req-3f497fe4-ad14-45f7-abc5-a872f2642d06 tempest-AZAdminNegativeTestJSON-1074491051 tempest-AZAdminNegativeTestJSON-1074491051-project] Returning 403 to user: Policy doesn't allow os_compute_api:os-availability-zone:detail to be performed. {{(pid=135015) __call__ /opt/stack/nova/nova/api/openstack/wsgi.py:942}}
Aug 28 18:56:32.844331 n-d-854440-4 devstack@n-api.service[135015]: INFO nova.api.openstack.requestlog [None req-3f497fe4-ad14-45f7-abc5-a872f2642d06 tempest-AZAdminNegativeTestJSON-1074491051 tempest-AZAdminNegativeTestJSON-1074491051-project] 10.222.0.79 "GET /compute/v2.1/os-availability-zone/detail" status: 403 len: 123 microversion: 2.1 time: 0.257640
Aug 28 18:56:32.847898 n-d-854440-4 devstack@n-api.service[135015]: [pid: 135015|app: 0|req: 2/2] 10.222.0.79 () {58 vars in 1185 bytes} [Sun Aug 28 18:56:32 2022] GET /compute/v2.1/os-availability-zone/detail => generated 123 bytes in 265 msecs (HTTP/1.1 403) 9 headers in 379 bytes (1 switches on core 0)
Aug 28 18:56:33.133739 n-d-854440-4 devstack@n-api.service[135016]: DEBUG nova.api.openstack.wsgi [None req-26cc16e5-7be0-4cc6-9a52-4bde16ad97a8 tempest-FlavorsV255TestJSON-453359399 tempest-FlavorsV255TestJSON-453359399-project-admin] Action: 'create', calling method: >, body: {"flavor": {"ram": 512, "vcpus": 1, "disk": 10, "name": "tempest-FlavorsV255TestJSON-flavor-1674009322", "id": 34508784, "os-flavor-access:is_public": "True"}} {{(pid=135016) _process_stack /opt/stack/nova/nova/api/openstack/wsgi.py:511}}
Aug 28 18:56:33.271104 n-d-854440-4 devstack@n-api.service[135016]: INFO nova.api.openstack.requestlog [None req-26cc16e5-7be0-4cc6-9a52-4bde16ad97a8 tempest-FlavorsV255TestJSON-453359399 tempest-FlavorsV255TestJSON-453359399-project-admin] 10.222.0.79 "POST /compute/v2.1/flavors" status: 200 len: 443 microversion: 2.55 time: 1.467601
Aug 28 18:56:33.271636 n-d-854440-4 devstack@n-api.service[135016]: [pid: 135016|app: 0|req: 1/3] 10.222.0.79 () {62 vars in 1188 bytes} [Sun Aug 28 18:56:31 2022] POST /compute/v2.1/flavors => generated 443 bytes in 1470 msecs (HTTP/1.1 200) 9 headers in 359 bytes (1 switches on core 0)
Aug 28 18:56:33.710834 n-d-854440-4 devstack@n-api.service[135016]: DEBUG nova.api.openstack.wsgi [None req-04664636-7c4d-4775-8dac-08397b12e691 tempest-AggregatesAdminTestJSON-1105962361 tempest-AggregatesAdminTestJSON-1105962361-project-admin] Calling method '.version_select at 0x7f7ce33d2c10>' {{(pid=135016) _process_stack /opt/stack/nova/nova/api/openstack/wsgi.py:513}}
Aug 28 18:56:33.713241 n-d-854440-4 devstack@n-api.service[135016]: DEBUG nova.compute.api [None req-04664636-7c4d-4775-8dac-08397b12e691 tempest-AggregatesAdminTestJSON-1105962361 tempest-AggregatesAdminTestJSON-1105962361-project-admin] Found 2 cells: 00000000-0000-0000-0000-000000000000(cell0),10c91652-175a-48d8-87a2-8535c3c566db(cell1) {{(pid=135016) load_cells /opt/stack/nova/nova/compute/api.py:319}}
Aug 28 18:56:33.714509 n-d-854440-4 devstack@n-api.service[135016]: DEBUG oslo_concurrency.lockutils [None req-04664636-7c4d-4775-8dac-08397b12e691 tempest-AggregatesAdminTestJSON-1105962361 tempest-AggregatesAdminTestJSON-1105962361-project-admin] Acquiring lock "10c91652-175a-48d8-87a2-8535c3c566db" by "nova.context.set_target_cell..get_or_set_cached_cell_and_set_connections" {{(pid=135016) inner /usr/local/lib/python3.8/dist-packages/oslo_concurrency/lockutils.py:385}}
Aug 28 18:56:33.715217 n-d-854440-4 devstack@n-api.service[135016]: DEBUG oslo_concurrency.lockutils [None req-04664636-7c4d-4775-8dac-08397b12e691 tempest-AggregatesAdminTestJSON-1105962361 tempest-AggregatesAdminTestJSON-1105962361-project-admin] Lock "10c91652-175a-48d8-87a2-8535c3c566db" acquired by "nova.context.set_target_cell..get_or_set_cached_cell_and_set_connections" :: waited 0.001s {{(pid=135016) inner /usr/local/lib/python3.8/dist-packages/oslo_concurrency/lockutils.py:390}}
Aug 28 18:56:33.716158 n-d-854440-4 devstack@n-api.service[135016]: DEBUG oslo_concurrency.lockutils [None req-04664636-7c4d-4775-8dac-08397b12e691 tempest-AggregatesAdminTestJSON-1105962361 tempest-AggregatesAdminTestJSON-1105962361-project-admin] Lock "10c91652-175a-48d8-87a2-8535c3c566db" "released" by "nova.context.set_target_cell..get_or_set_cached_cell_and_set_connections" :: held 0.001s {{(pid=135016) inner /usr/local/lib/python3.8/dist-packages/oslo_concurrency/lockutils.py:404}}
Aug 28 18:56:33.745837 n-d-854440-4 devstack@n-api.service[135015]: DEBUG nova.api.openstack.wsgi [None req-23a653f0-ef9e-4465-8048-34bbc541e26c tempest-FlavorsAdminTestJSON-1696496721 tempest-FlavorsAdminTestJSON-1696496721-project-admin] Action: 'create', calling method: >, body: {"flavor": {"ram": "1024", "vcpus": 1, "disk": 10, "name": "tempest-FlavorsAdminTestJSON-flavor-596032068", "id": 1711321385, "os-flavor-access:is_public": "True"}} {{(pid=135015) _process_stack /opt/stack/nova/nova/api/openstack/wsgi.py:511}}
Aug 28 18:56:33.749096 n-d-854440-4 devstack@n-api.service[135016]: DEBUG oslo_concurrency.lockutils [None req-04664636-7c4d-4775-8dac-08397b12e691 tempest-AggregatesAdminTestJSON-1105962361 tempest-AggregatesAdminTestJSON-1105962361-project-admin] Acquiring lock "10c91652-175a-48d8-87a2-8535c3c566db" by "nova.context.set_target_cell..get_or_set_cached_cell_and_set_connections" {{(pid=135016) inner /usr/local/lib/python3.8/dist-packages/oslo_concurrency/lockutils.py:385}}
Aug 28 18:56:33.749591 n-d-854440-4 devstack@n-api.service[135016]: DEBUG oslo_concurrency.lockutils [None req-04664636-7c4d-4775-8dac-08397b12e691 tempest-AggregatesAdminTestJSON-1105962361 tempest-AggregatesAdminTestJSON-1105962361-project-admin] Lock "10c91652-175a-48d8-87a2-8535c3c566db" acquired by "nova.context.set_target_cell..get_or_set_cached_cell_and_set_connections" :: waited 0.001s {{(pid=135016) inner /usr/local/lib/python3.8/dist-packages/oslo_concurrency/lockutils.py:390}}
Aug 28 18:56:33.750188 n-d-854440-4 devstack@n-api.service[135016]: DEBUG oslo_concurrency.lockutils [None req-04664636-7c4d-4775-8dac-08397b12e691 tempest-AggregatesAdminTestJSON-1105962361 tempest-AggregatesAdminTestJSON-1105962361-project-admin] Lock "10c91652-175a-48d8-87a2-8535c3c566db" "released" by "nova.context.set_target_cell..get_or_set_cached_cell_and_set_connections" :: held 0.001s {{(pid=135016) inner /usr/local/lib/python3.8/dist-packages/oslo_concurrency/lockutils.py:404}}
Aug 28 18:56:33.765568 n-d-854440-4 devstack@n-api.service[135016]: DEBUG oslo_concurrency.lockutils [None req-04664636-7c4d-4775-8dac-08397b12e691 tempest-AggregatesAdminTestJSON-1105962361 tempest-AggregatesAdminTestJSON-1105962361-project-admin] Acquiring lock "10c91652-175a-48d8-87a2-8535c3c566db" by "nova.context.set_target_cell..get_or_set_cached_cell_and_set_connections" {{(pid=135016) inner /usr/local/lib/python3.8/dist-packages/oslo_concurrency/lockutils.py:385}}
Aug 28 18:56:33.766288 n-d-854440-4 devstack@n-api.service[135016]: DEBUG oslo_concurrency.lockutils [None req-04664636-7c4d-4775-8dac-08397b12e691 tempest-AggregatesAdminTestJSON-1105962361 tempest-AggregatesAdminTestJSON-1105962361-project-admin] Lock "10c91652-175a-48d8-87a2-8535c3c566db" acquired by "nova.context.set_target_cell..get_or_set_cached_cell_and_set_connections" :: waited 0.001s {{(pid=135016) inner /usr/local/lib/python3.8/dist-packages/oslo_concurrency/lockutils.py:390}}
Aug 28 18:56:33.766868 n-d-854440-4 devstack@n-api.service[135016]: DEBUG oslo_concurrency.lockutils [None req-04664636-7c4d-4775-8dac-08397b12e691 tempest-AggregatesAdminTestJSON-1105962361 tempest-AggregatesAdminTestJSON-1105962361-project-admin] Lock "10c91652-175a-48d8-87a2-8535c3c566db" "released" by "nova.context.set_target_cell..get_or_set_cached_cell_and_set_connections" :: held 0.001s {{(pid=135016) inner /usr/local/lib/python3.8/dist-packages/oslo_concurrency/lockutils.py:404}}
Aug 28 18:56:33.775745 n-d-854440-4 devstack@n-api.service[135016]: INFO nova.api.openstack.requestlog [None req-04664636-7c4d-4775-8dac-08397b12e691 tempest-AggregatesAdminTestJSON-1105962361 tempest-AggregatesAdminTestJSON-1105962361-project-admin] 10.222.0.79 "GET /compute/v2.1/os-hypervisors/detail" status: 200 len: 1503 microversion: 2.1 time: 0.487976
Aug 28 18:56:33.783855 n-d-854440-4 devstack@n-api.service[135016]: [pid: 135016|app: 0|req: 2/4] 10.222.0.79 () {58 vars in 1167 bytes} [Sun Aug 28 18:56:33 2022] GET /compute/v2.1/os-hypervisors/detail => generated 1503 bytes in 512 msecs (HTTP/1.1 200) 9 headers in 358 bytes (1 switches on core 0)
Aug 28 18:56:33.902082 n-d-854440-4 devstack@n-api.service[135015]: INFO nova.api.openstack.requestlog [None req-23a653f0-ef9e-4465-8048-34bbc541e26c tempest-FlavorsAdminTestJSON-1696496721 tempest-FlavorsAdminTestJSON-1696496721-project-admin] 10.222.0.79 "POST /compute/v2.1/flavors" status: 200 len: 429 microversion: 2.1 time: 1.052918
Aug 28 18:56:33.906771 n-d-854440-4 devstack@n-api.service[135015]: [pid: 135015|app: 0|req: 3/5] 10.222.0.79 () {60 vars in 1147 bytes} [Sun Aug 28 18:56:32 2022] POST /compute/v2.1/flavors => generated 429 bytes in 1058 msecs (HTTP/1.1 200) 9 headers in 357 bytes (1 switches on core 0)
Aug 28 18:56:33.921650 n-d-854440-4 devstack@n-api.service[135015]: DEBUG nova.api.openstack.wsgi [None req-1e54f810-8e88-41da-a06c-017e0cd9d90e tempest-AggregatesAdminNegativeTestJSON-1660694247 tempest-AggregatesAdminNegativeTestJSON-1660694247-project-admin] Action: 'create', calling method: >, body: {"aggregate": {"name": "tempest-test_aggregate-1957130678"}} {{(pid=135015) _process_stack /opt/stack/nova/nova/api/openstack/wsgi.py:511}}
Aug 28 18:56:33.929089 n-d-854440-4 devstack@n-api.service[135015]: DEBUG nova.objects.aggregate [None req-1e54f810-8e88-41da-a06c-017e0cd9d90e tempest-AggregatesAdminNegativeTestJSON-1660694247 tempest-AggregatesAdminNegativeTestJSON-1660694247-project-admin] Generated uuid c1829b37-ba92-44ca-b015-5aac7496c5a6 for aggregate {{(pid=135015) create /opt/stack/nova/nova/objects/aggregate.py:298}}
Aug 28 18:56:34.014094 n-d-854440-4 devstack@n-api.service[135016]: DEBUG nova.api.openstack.wsgi [None req-5391fd8f-584a-42e9-bc93-1f3f62ba4c22 tempest-FlavorsV261TestJSON-1458832180 tempest-FlavorsV261TestJSON-1458832180-project-admin] Action: 'create', calling method: >, body: {"flavor": {"ram": 512, "vcpus": 1, "disk": 10, "name": "tempest-FlavorsV261TestJSON-flavor-1875305018", "id": 970853358, "os-flavor-access:is_public": "True"}} {{(pid=135016) _process_stack /opt/stack/nova/nova/api/openstack/wsgi.py:511}}
Aug 28 18:56:34.140422 n-d-854440-4 devstack@n-api.service[135015]: INFO nova.api.openstack.requestlog [None req-1e54f810-8e88-41da-a06c-017e0cd9d90e tempest-AggregatesAdminNegativeTestJSON-1660694247 tempest-AggregatesAdminNegativeTestJSON-1660694247-project-admin] 10.222.0.79 "POST /compute/v2.1/os-aggregates" status: 200 len: 198 microversion: 2.1 time: 0.232213
Aug 28 18:56:34.148021 n-d-854440-4 devstack@n-api.service[135015]: [pid: 135015|app: 0|req: 4/6] 10.222.0.79 () {60 vars in 1164 bytes} [Sun Aug 28 18:56:33 2022] POST /compute/v2.1/os-aggregates => generated 198 bytes in 235 msecs (HTTP/1.1 200) 9 headers in 357 bytes (1 switches on core 0)
Aug 28 18:56:34.155674 n-d-854440-4 devstack@n-api.service[135016]: INFO nova.api.openstack.requestlog [None req-5391fd8f-584a-42e9-bc93-1f3f62ba4c22 tempest-FlavorsV261TestJSON-1458832180 tempest-FlavorsV261TestJSON-1458832180-project-admin] 10.222.0.79 "POST /compute/v2.1/flavors" status: 200 len: 465 microversion: 2.61 time: 0.367342
Aug 28 18:56:34.156313 n-d-854440-4 devstack@n-api.service[135016]: [pid: 135016|app: 0|req: 3/7] 10.222.0.79 () {62 vars in 1188 bytes} [Sun Aug 28 18:56:33 2022] POST /compute/v2.1/flavors => generated 465 bytes in 370 msecs (HTTP/1.1 200) 9 headers in 359 bytes (1 switches on core 0)
Aug 28 18:56:34.168625 n-d-854440-4 devstack@n-api.service[135016]: DEBUG nova.api.openstack.wsgi [None req-f029b8e8-2cb5-4c3a-885f-110f3122dafb tempest-FlavorsAdminTestJSON-1696496721 tempest-FlavorsAdminTestJSON-1696496721-project-admin] Calling method '>' {{(pid=135016) _process_stack /opt/stack/nova/nova/api/openstack/wsgi.py:513}}
Aug 28 18:56:34.258781 n-d-854440-4 devstack@n-api.service[135016]: INFO nova.api.openstack.requestlog [None req-f029b8e8-2cb5-4c3a-885f-110f3122dafb tempest-FlavorsAdminTestJSON-1696496721 tempest-FlavorsAdminTestJSON-1696496721-project-admin] 10.222.0.79 "DELETE /compute/v2.1/flavors/1711321385" status: 202 len: 0 microversion: 2.1 time: 0.101146
Aug 28 18:56:34.260402 n-d-854440-4 devstack@n-api.service[135016]: [pid: 135016|app: 0|req: 4/8] 10.222.0.79 () {58 vars in 1161 bytes} [Sun Aug 28 18:56:34 2022] DELETE /compute/v2.1/flavors/1711321385 => generated 0 bytes in 103 msecs (HTTP/1.1 202) 9 headers in 361 bytes (1 switches on core 0)
Aug 28 18:56:34.266806 n-d-854440-4 devstack@n-api.service[135016]: DEBUG nova.api.openstack.wsgi [None req-bf81eebb-22c1-4934-a043-1bae1c5f34b9 tempest-AggregatesAdminNegativeTestJSON-1660694247 tempest-AggregatesAdminNegativeTestJSON-1660694247-project-admin] Action: 'action', calling method: >, body: {"add_host": {"host": "n-h2-854440-4"}} {{(pid=135016) _process_stack /opt/stack/nova/nova/api/openstack/wsgi.py:511}}
Aug 28 18:56:34.320103 n-d-854440-4 devstack@n-api.service[135016]: DEBUG oslo_concurrency.lockutils [None req-bf81eebb-22c1-4934-a043-1bae1c5f34b9 tempest-AggregatesAdminNegativeTestJSON-1660694247 tempest-AggregatesAdminNegativeTestJSON-1660694247-project-admin] Acquiring lock "10c91652-175a-48d8-87a2-8535c3c566db" by "nova.context.set_target_cell..get_or_set_cached_cell_and_set_connections" {{(pid=135016) inner /usr/local/lib/python3.8/dist-packages/oslo_concurrency/lockutils.py:385}}
Aug 28 18:56:34.321541 n-d-854440-4 devstack@n-api.service[135016]: DEBUG oslo_concurrency.lockutils [None req-bf81eebb-22c1-4934-a043-1bae1c5f34b9 tempest-AggregatesAdminNegativeTestJSON-1660694247 tempest-AggregatesAdminNegativeTestJSON-1660694247-project-admin] Lock "10c91652-175a-48d8-87a2-8535c3c566db" acquired by "nova.context.set_target_cell..get_or_set_cached_cell_and_set_connections" :: waited 0.001s {{(pid=135016) inner /usr/local/lib/python3.8/dist-packages/oslo_concurrency/lockutils.py:390}}
Aug 28 18:56:34.323592 n-d-854440-4 devstack@n-api.service[135016]: DEBUG oslo_concurrency.lockutils [None req-bf81eebb-22c1-4934-a043-1bae1c5f34b9 tempest-AggregatesAdminNegativeTestJSON-1660694247 tempest-AggregatesAdminNegativeTestJSON-1660694247-project-admin] Lock "10c91652-175a-48d8-87a2-8535c3c566db" "released" by "nova.context.set_target_cell..get_or_set_cached_cell_and_set_connections" :: held 0.003s {{(pid=135016) inner /usr/local/lib/python3.8/dist-packages/oslo_concurrency/lockutils.py:404}}
Aug 28 18:56:34.378406 n-d-854440-4 devstack@n-api.service[135015]: DEBUG nova.api.openstack.wsgi [None req-4a204817-cc10-43ad-95cb-89b8c9d781ab tempest-FlavorsV255TestJSON-1633141778 tempest-FlavorsV255TestJSON-1633141778-project] Calling method '>' {{(pid=135015) _process_stack /opt/stack/nova/nova/api/openstack/wsgi.py:513}}
Aug 28 18:56:34.409720 n-d-854440-4 devstack@n-api.service[135015]: INFO nova.api.openstack.requestlog [None req-4a204817-cc10-43ad-95cb-89b8c9d781ab tempest-FlavorsV255TestJSON-1633141778 tempest-FlavorsV255TestJSON-1633141778-project] 10.222.0.79 "GET /compute/v2.1/flavors/34508784" status: 200 len: 443 microversion: 2.55 time: 0.265825
Aug 28 18:56:34.412447 n-d-854440-4 devstack@n-api.service[135015]: [pid: 135015|app: 0|req: 5/9] 10.222.0.79 () {60 vars in 1193 bytes} [Sun Aug 28 18:56:34 2022] GET /compute/v2.1/flavors/34508784 => generated 443 bytes in 269 msecs (HTTP/1.1 200) 9 headers in 359 bytes (1 switches on core 0)
Aug 28 18:56:34.784293 n-d-854440-4 devstack@n-api.service[135015]: DEBUG nova.api.openstack.wsgi [None req-35131d3d-712c-472d-b6c0-ebe20ecaf6b3 tempest-FlavorsV261TestJSON-802208762 tempest-FlavorsV261TestJSON-802208762-project] Calling method '>' {{(pid=135015) _process_stack /opt/stack/nova/nova/api/openstack/wsgi.py:513}}
Aug 28 18:56:34.812897 n-d-854440-4 devstack@n-api.service[135015]: INFO nova.api.openstack.requestlog [None req-35131d3d-712c-472d-b6c0-ebe20ecaf6b3 tempest-FlavorsV261TestJSON-802208762 tempest-FlavorsV261TestJSON-802208762-project] 10.222.0.79 "GET /compute/v2.1/flavors/970853358" status: 200 len: 465 microversion: 2.61 time: 0.387429
Aug 28 18:56:34.812897 n-d-854440-4 devstack@n-api.service[135015]: [pid: 135015|app: 0|req: 6/10] 10.222.0.79 () {60 vars in 1196 bytes} [Sun Aug 28 18:56:34 2022] GET /compute/v2.1/flavors/970853358 => generated 465 bytes in 389 msecs (HTTP/1.1 200) 9 headers in 359 bytes (1 switches on core 0)
Aug 28 18:56:34.819854 n-d-854440-4 devstack@n-api.service[135015]: DEBUG nova.api.openstack.wsgi [None req-3043b44d-89ea-4270-94db-f7ff96db239a tempest-FlavorsAdminTestJSON-1696496721 tempest-FlavorsAdminTestJSON-1696496721-project-admin] Calling method '>' {{(pid=135015) _process_stack /opt/stack/nova/nova/api/openstack/wsgi.py:513}}
Aug 28 18:56:34.881670 n-d-854440-4 devstack@n-api.service[135015]: INFO nova.api.openstack.requestlog [None req-3043b44d-89ea-4270-94db-f7ff96db239a tempest-FlavorsAdminTestJSON-1696496721 tempest-FlavorsAdminTestJSON-1696496721-project-admin] 10.222.0.79 "GET /compute/v2.1/flavors/detail" status: 200 len: 5818 microversion: 2.1 time: 0.067875
Aug 28 18:56:34.882485 n-d-854440-4 devstack@n-api.service[135015]: [pid: 135015|app: 0|req: 7/11] 10.222.0.79 () {58 vars in 1146 bytes} [Sun Aug 28 18:56:34 2022] GET /compute/v2.1/flavors/detail => generated 5818 bytes in 80 msecs (HTTP/1.1 200) 9 headers in 358 bytes (1 switches on core 0)
Aug 28 18:56:34.888317 n-d-854440-4 devstack@n-api.service[135015]: DEBUG nova.api.openstack.wsgi [None req-ece5ea94-0f2c-4189-bbbd-ed43a3eeb42a tempest-FlavorsV255TestJSON-453359399 tempest-FlavorsV255TestJSON-453359399-project-admin] Action: 'update', calling method: .version_select at 0x7f7ce37fdd30>, body: {"flavor": {"description": "new"}} {{(pid=135015) _process_stack /opt/stack/nova/nova/api/openstack/wsgi.py:511}}
Aug 28 18:56:35.044849 n-d-854440-4 devstack@n-api.service[135015]: INFO nova.api.openstack.requestlog [None req-ece5ea94-0f2c-4189-bbbd-ed43a3eeb42a tempest-FlavorsV255TestJSON-453359399 tempest-FlavorsV255TestJSON-453359399-project-admin] 10.222.0.79 "PUT /compute/v2.1/flavors/34508784" status: 200 len: 444 microversion: 2.55 time: 0.159149
