Oct 05 16:35:00.923453 n-d-854355-5 devstack@placement-api.service[107619]: DEBUG placement.requestlog [req-a0287152-9009-447e-aa32-ab827cfd1ce1 req-3c2d9b74-cd87-44a6-afac-47139cf68823 None None] Starting request: 10.222.0.26 "GET /placement/allocations/fe27256e-69e3-43a9-95cf-3d475e7cb999" {{(pid=107619) __call__ /opt/stack/placement/placement/requestlog.py:55}}
Oct 05 16:35:00.973814 n-d-854355-5 devstack@placement-api.service[107619]: INFO placement.requestlog [req-a0287152-9009-447e-aa32-ab827cfd1ce1 req-3c2d9b74-cd87-44a6-afac-47139cf68823 service placement] 10.222.0.26 "GET /placement/allocations/fe27256e-69e3-43a9-95cf-3d475e7cb999" status: 200 len: 259 microversion: 1.28
Oct 05 16:35:00.976932 n-d-854355-5 devstack@placement-api.service[107619]: [pid: 107619|app: 0|req: 625/1265] 10.222.0.26 () {60 vars in 1377 bytes} [Wed Oct 5 16:35:00 2022] GET /placement/allocations/fe27256e-69e3-43a9-95cf-3d475e7cb999 => generated 259 bytes in 56 msecs (HTTP/1.1 200) 8 headers in 296 bytes (1 switches on core 0)
Oct 05 16:35:00.989708 n-d-854355-5 devstack@placement-api.service[107620]: DEBUG placement.requestlog [req-a0287152-9009-447e-aa32-ab827cfd1ce1 req-6cd2e6f0-0d0b-46ba-a188-8547fe4e7da7 None None] Starting request: 10.222.0.26 "GET /placement/allocations/6305f976-efde-411f-a8b4-b9284f93de39" {{(pid=107620) __call__ /opt/stack/placement/placement/requestlog.py:55}}
Oct 05 16:35:01.010011 n-d-854355-5 devstack@placement-api.service[107620]: INFO placement.requestlog [req-a0287152-9009-447e-aa32-ab827cfd1ce1 req-6cd2e6f0-0d0b-46ba-a188-8547fe4e7da7 service placement] 10.222.0.26 "GET /placement/allocations/6305f976-efde-411f-a8b4-b9284f93de39" status: 200 len: 245 microversion: 1.28
Oct 05 16:35:01.010762 n-d-854355-5 devstack@placement-api.service[107620]: [pid: 107620|app: 0|req: 641/1266] 10.222.0.26 () {60 vars in 1377 bytes} [Wed Oct 5 16:35:00 2022] GET /placement/allocations/6305f976-efde-411f-a8b4-b9284f93de39 => generated 245 bytes in 22 msecs (HTTP/1.1 200) 8 headers in 296 bytes (1 switches on core 0)
Oct 05 16:35:01.017482 n-d-854355-5 devstack@placement-api.service[107619]: DEBUG placement.requestlog [req-a0287152-9009-447e-aa32-ab827cfd1ce1 req-7a4d401c-d213-4379-9c27-b249f7555603 None None] Starting request: 10.222.0.26 "GET /placement/allocations/32bb319e-dddb-4047-af38-40d0985f85c6" {{(pid=107619) __call__ /opt/stack/placement/placement/requestlog.py:55}}
Oct 05 16:35:01.036498 n-d-854355-5 devstack@placement-api.service[107619]: INFO placement.requestlog [req-a0287152-9009-447e-aa32-ab827cfd1ce1 req-7a4d401c-d213-4379-9c27-b249f7555603 service placement] 10.222.0.26 "GET /placement/allocations/32bb319e-dddb-4047-af38-40d0985f85c6" status: 200 len: 259 microversion: 1.28
Oct 05 16:35:01.037350 n-d-854355-5 devstack@placement-api.service[107619]: [pid: 107619|app: 0|req: 626/1267] 10.222.0.26 () {60 vars in 1377 bytes} [Wed Oct 5 16:35:01 2022] GET /placement/allocations/32bb319e-dddb-4047-af38-40d0985f85c6 => generated 259 bytes in 20 msecs (HTTP/1.1 200) 8 headers in 296 bytes (2 switches on core 0)
Oct 05 16:35:01.045345 n-d-854355-5 devstack@placement-api.service[107620]: DEBUG placement.requestlog [req-a0287152-9009-447e-aa32-ab827cfd1ce1 req-0494d159-cfa1-4a10-b2e1-9d6e4fa5dc6a None None] Starting request: 10.222.0.26 "GET /placement/allocations/8f935bbf-47cc-4f92-ac37-642893bb7d89" {{(pid=107620) __call__ /opt/stack/placement/placement/requestlog.py:55}}
Oct 05 16:35:01.061759 n-d-854355-5 devstack@placement-api.service[107620]: INFO placement.requestlog [req-a0287152-9009-447e-aa32-ab827cfd1ce1 req-0494d159-cfa1-4a10-b2e1-9d6e4fa5dc6a service placement] 10.222.0.26 "GET /placement/allocations/8f935bbf-47cc-4f92-ac37-642893bb7d89" status: 200 len: 259 microversion: 1.28
Oct 05 16:35:01.062643 n-d-854355-5 devstack@placement-api.service[107620]: [pid: 107620|app: 0|req: 642/1268] 10.222.0.26 () {60 vars in 1377 bytes} [Wed Oct 5 16:35:01 2022] GET /placement/allocations/8f935bbf-47cc-4f92-ac37-642893bb7d89 => generated 259 bytes in 17 msecs (HTTP/1.1 200) 8 headers in 296 bytes (1 switches on core 0)
Oct 05 16:35:01.352778 n-d-854355-5 devstack@placement-api.service[107619]: DEBUG placement.requestlog [req-a0287152-9009-447e-aa32-ab827cfd1ce1 req-12900ab3-e7a1-46c6-a61c-eaf0a511f1ea None None] Starting request: 10.222.0.26 "DELETE /placement/allocations/8f935bbf-47cc-4f92-ac37-642893bb7d89" {{(pid=107619) __call__ /opt/stack/placement/placement/requestlog.py:55}}
Oct 05 16:35:01.435277 n-d-854355-5 devstack@placement-api.service[107619]: DEBUG placement.handlers.allocation [req-a0287152-9009-447e-aa32-ab827cfd1ce1 req-12900ab3-e7a1-46c6-a61c-eaf0a511f1ea service placement] Successfully deleted allocations [, , ] {{(pid=107619) delete_allocations /opt/stack/placement/placement/handlers/allocation.py:627}}
Oct 05 16:35:01.435925 n-d-854355-5 devstack@placement-api.service[107619]: INFO placement.requestlog [req-a0287152-9009-447e-aa32-ab827cfd1ce1 req-12900ab3-e7a1-46c6-a61c-eaf0a511f1ea service placement] 10.222.0.26 "DELETE /placement/allocations/8f935bbf-47cc-4f92-ac37-642893bb7d89" status: 204 len: 0 microversion: 1.0
Oct 05 16:35:01.436828 n-d-854355-5 devstack@placement-api.service[107619]: [pid: 107619|app: 0|req: 627/1269] 10.222.0.26 () {60 vars in 1355 bytes} [Wed Oct 5 16:35:01 2022] DELETE /placement/allocations/8f935bbf-47cc-4f92-ac37-642893bb7d89 => generated 0 bytes in 84 msecs (HTTP/1.1 204) 5 headers in 198 bytes (1 switches on core 0)
Oct 05 16:35:04.566997 n-d-854355-5 devstack@placement-api.service[107620]: DEBUG placement.requestlog [req-de199aa6-8665-4a2c-97cf-f7100fec171d req-435aaa93-0254-4a32-b3e5-45a2084eeace None None] Starting request: 10.222.0.18 "GET /placement/allocation_candidates?limit=1000&resources=DISK_GB%3A1%2CMEMORY_MB%3A1024%2CVCPU%3A1&root_required=%21COMPUTE_STATUS_DISABLED" {{(pid=107620) __call__ /opt/stack/placement/placement/requestlog.py:55}}
Oct 05 16:35:04.657849 n-d-854355-5 devstack@placement-api.service[107620]: DEBUG placement.objects.research_context [req-de199aa6-8665-4a2c-97cf-f7100fec171d req-435aaa93-0254-4a32-b3e5-45a2084eeace service placement] getting providers with 1 DISK_GB {{(pid=107620) __init__ /opt/stack/placement/placement/objects/research_context.py:136}}
Oct 05 16:35:04.668185 n-d-854355-5 devstack@placement-api.service[107620]: DEBUG placement.objects.research_context [req-de199aa6-8665-4a2c-97cf-f7100fec171d req-435aaa93-0254-4a32-b3e5-45a2084eeace service placement] getting providers with 1024 MEMORY_MB {{(pid=107620) __init__ /opt/stack/placement/placement/objects/research_context.py:136}}
Oct 05 16:35:04.688854 n-d-854355-5 devstack@placement-api.service[107620]: DEBUG placement.objects.research_context [req-de199aa6-8665-4a2c-97cf-f7100fec171d req-435aaa93-0254-4a32-b3e5-45a2084eeace service placement] getting providers with 1 VCPU {{(pid=107620) __init__ /opt/stack/placement/placement/objects/research_context.py:136}}
Oct 05 16:35:04.697129 n-d-854355-5 devstack@placement-api.service[107620]: DEBUG placement.objects.research_context [req-de199aa6-8665-4a2c-97cf-f7100fec171d req-435aaa93-0254-4a32-b3e5-45a2084eeace service placement] found 2 providers with available 1 DISK_GB {{(pid=107620) get_provider_ids_matching /opt/stack/placement/placement/objects/research_context.py:563}}
Oct 05 16:35:04.697763 n-d-854355-5 devstack@placement-api.service[107620]: DEBUG placement.objects.research_context [req-de199aa6-8665-4a2c-97cf-f7100fec171d req-435aaa93-0254-4a32-b3e5-45a2084eeace service placement] found 2 providers with available 1024 MEMORY_MB {{(pid=107620) get_provider_ids_matching /opt/stack/placement/placement/objects/research_context.py:563}}
Oct 05 16:35:04.698091 n-d-854355-5 devstack@placement-api.service[107620]: DEBUG placement.objects.research_context [req-de199aa6-8665-4a2c-97cf-f7100fec171d req-435aaa93-0254-4a32-b3e5-45a2084eeace service placement] found 2 providers after filtering by previous result {{(pid=107620) get_provider_ids_matching /opt/stack/placement/placement/objects/research_context.py:594}}
Oct 05 16:35:04.698300 n-d-854355-5 devstack@placement-api.service[107620]: DEBUG placement.objects.research_context [req-de199aa6-8665-4a2c-97cf-f7100fec171d req-435aaa93-0254-4a32-b3e5-45a2084eeace service placement] found 2 providers with available 1 VCPU {{(pid=107620) get_provider_ids_matching /opt/stack/placement/placement/objects/research_context.py:563}}
Oct 05 16:35:04.700366 n-d-854355-5 devstack@placement-api.service[107620]: DEBUG placement.objects.research_context [req-de199aa6-8665-4a2c-97cf-f7100fec171d req-435aaa93-0254-4a32-b3e5-45a2084eeace service placement] found 2 providers after filtering by previous result {{(pid=107620) get_provider_ids_matching /opt/stack/placement/placement/objects/research_context.py:594}}
Oct 05 16:35:04.718474 n-d-854355-5 devstack@placement-api.service[107620]: DEBUG placement.objects.allocation_candidate [req-de199aa6-8665-4a2c-97cf-f7100fec171d req-435aaa93-0254-4a32-b3e5-45a2084eeace service placement] RequestGroup(use_same_provider=False, resources={DISK_GB:1, MEMORY_MB:1024, VCPU:1}, traits=(), aggregates=[]) (suffix '') returned 2 matches {{(pid=107620) _get_by_requests /opt/stack/placement/placement/objects/allocation_candidate.py:156}}
Oct 05 16:35:04.719301 n-d-854355-5 devstack@placement-api.service[107620]: DEBUG placement.objects.allocation_candidate [req-de199aa6-8665-4a2c-97cf-f7100fec171d req-435aaa93-0254-4a32-b3e5-45a2084eeace service placement] Merging candidates yields 2 allocation requests and 2 provider summaries {{(pid=107620) _merge_candidates /opt/stack/placement/placement/objects/allocation_candidate.py:809}}
Oct 05 16:35:04.721177 n-d-854355-5 devstack@placement-api.service[107620]: INFO placement.requestlog [req-de199aa6-8665-4a2c-97cf-f7100fec171d req-435aaa93-0254-4a32-b3e5-45a2084eeace service placement] 10.222.0.18 "GET /placement/allocation_candidates?limit=1000&resources=DISK_GB%3A1%2CMEMORY_MB%3A1024%2CVCPU%3A1&root_required=%21COMPUTE_STATUS_DISABLED" status: 200 len: 1309 microversion: 1.36
Oct 05 16:35:04.722274 n-d-854355-5 devstack@placement-api.service[107620]: [pid: 107620|app: 0|req: 643/1270] 10.222.0.18 () {60 vars in 1506 bytes} [Wed Oct 5 16:35:04 2022] GET /placement/allocation_candidates?limit=1000&resources=DISK_GB%3A1%2CMEMORY_MB%3A1024%2CVCPU%3A1&root_required=%21COMPUTE_STATUS_DISABLED => generated 1309 bytes in 155 msecs (HTTP/1.1 200) 8 headers in 297 bytes (1 switches on core 0)
Oct 05 16:35:04.907791 n-d-854355-5 devstack@placement-api.service[107619]: DEBUG placement.requestlog [req-de199aa6-8665-4a2c-97cf-f7100fec171d req-7dd02397-0230-4222-9546-e9b21f9ac11b None None] Starting request: 10.222.0.18 "GET /placement/allocations/ee8c7988-7575-4b4d-b097-2de55df61e59" {{(pid=107619) __call__ /opt/stack/placement/placement/requestlog.py:55}}
Oct 05 16:35:04.929529 n-d-854355-5 devstack@placement-api.service[107619]: INFO placement.requestlog [req-de199aa6-8665-4a2c-97cf-f7100fec171d req-7dd02397-0230-4222-9546-e9b21f9ac11b service placement] 10.222.0.18 "GET /placement/allocations/ee8c7988-7575-4b4d-b097-2de55df61e59" status: 200 len: 19 microversion: 1.28
Oct 05 16:35:04.934981 n-d-854355-5 devstack@placement-api.service[107619]: [pid: 107619|app: 0|req: 628/1271] 10.222.0.18 () {60 vars in 1380 bytes} [Wed Oct 5 16:35:04 2022] GET /placement/allocations/ee8c7988-7575-4b4d-b097-2de55df61e59 => generated 19 bytes in 28 msecs (HTTP/1.1 200) 8 headers in 295 bytes (2 switches on core 0)
Oct 05 16:35:04.952671 n-d-854355-5 devstack@placement-api.service[107620]: DEBUG placement.requestlog [req-de199aa6-8665-4a2c-97cf-f7100fec171d req-0421dcc7-e15b-4ac9-96dc-f79482565a04 None None] Starting request: 10.222.0.18 "PUT /placement/allocations/ee8c7988-7575-4b4d-b097-2de55df61e59" {{(pid=107620) __call__ /opt/stack/placement/placement/requestlog.py:55}}
Oct 05 16:35:05.107589 n-d-854355-5 devstack@placement-api.service[107620]: DEBUG placement.handlers.allocation [req-de199aa6-8665-4a2c-97cf-f7100fec171d req-0421dcc7-e15b-4ac9-96dc-f79482565a04 service placement] Successfully wrote allocations [, , ] {{(pid=107620) _update_consumers_and_create_allocations /opt/stack/placement/placement/handlers/allocation.py:462}}
Oct 05 16:35:05.113261 n-d-854355-5 devstack@placement-api.service[107620]: INFO placement.requestlog [req-de199aa6-8665-4a2c-97cf-f7100fec171d req-0421dcc7-e15b-4ac9-96dc-f79482565a04 service placement] 10.222.0.18 "PUT /placement/allocations/ee8c7988-7575-4b4d-b097-2de55df61e59" status: 204 len: 0 microversion: 1.36
Oct 05 16:35:05.114758 n-d-854355-5 devstack@placement-api.service[107620]: [pid: 107620|app: 0|req: 644/1272] 10.222.0.18 () {64 vars in 1433 bytes} [Wed Oct 5 16:35:04 2022] PUT /placement/allocations/ee8c7988-7575-4b4d-b097-2de55df61e59 => generated 0 bytes in 162 msecs (HTTP/1.1 204) 5 headers in 199 bytes (1 switches on core 0)
Oct 05 16:35:05.750211 n-d-854355-5 devstack@placement-api.service[107619]: DEBUG placement.requestlog [req-de199aa6-8665-4a2c-97cf-f7100fec171d req-3db76004-881e-4df8-a84e-afd8d310b0bf None None] Starting request: 10.222.0.45 "GET /placement/allocations/ee8c7988-7575-4b4d-b097-2de55df61e59" {{(pid=107619) __call__ /opt/stack/placement/placement/requestlog.py:55}}
Oct 05 16:35:05.787558 n-d-854355-5 devstack@placement-api.service[107619]: INFO placement.requestlog [req-de199aa6-8665-4a2c-97cf-f7100fec171d req-3db76004-881e-4df8-a84e-afd8d310b0bf service placement] 10.222.0.45 "GET /placement/allocations/ee8c7988-7575-4b4d-b097-2de55df61e59" status: 200 len: 259 microversion: 1.28
Oct 05 16:35:05.789707 n-d-854355-5 devstack@placement-api.service[107619]: [pid: 107619|app: 0|req: 629/1273] 10.222.0.45 () {60 vars in 1377 bytes} [Wed Oct 5 16:35:05 2022] GET /placement/allocations/ee8c7988-7575-4b4d-b097-2de55df61e59 => generated 259 bytes in 40 msecs (HTTP/1.1 200) 8 headers in 296 bytes (1 switches on core 0)
Oct 05 16:35:05.813493 n-d-854355-5 devstack@placement-api.service[107620]: DEBUG placement.requestlog [req-ab5111b7-625a-4db1-9640-fbc08189271e req-68cb0df3-529c-4a73-aa5d-042d45ec7dc5 None None] Starting request: 10.222.0.26 "GET /placement/resource_providers/b96588b0-aa49-40b6-aead-3286270f9f73/allocations" {{(pid=107620) __call__ /opt/stack/placement/placement/requestlog.py:55}}
Oct 05 16:35:05.860541 n-d-854355-5 devstack@placement-api.service[107620]: INFO placement.requestlog [req-ab5111b7-625a-4db1-9640-fbc08189271e req-68cb0df3-529c-4a73-aa5d-042d45ec7dc5 service placement] 10.222.0.26 "GET /placement/resource_providers/b96588b0-aa49-40b6-aead-3286270f9f73/allocations" status: 200 len: 443 microversion: 1.0
Oct 05 16:35:05.861249 n-d-854355-5 devstack@placement-api.service[107620]: [pid: 107620|app: 0|req: 645/1274] 10.222.0.26 () {58 vars in 1390 bytes} [Wed Oct 5 16:35:05 2022] GET /placement/resource_providers/b96588b0-aa49-40b6-aead-3286270f9f73/allocations => generated 443 bytes in 48 msecs (HTTP/1.1 200) 6 headers in 224 bytes (1 switches on core 0)
Oct 05 16:35:05.869984 n-d-854355-5 devstack@placement-api.service[107619]: DEBUG placement.requestlog [req-ab5111b7-625a-4db1-9640-fbc08189271e req-9c6249b2-d63a-4b73-aae7-e883f23c1455 None None] Starting request: 10.222.0.26 "GET /placement/allocations/d4c3559c-ea92-424f-b0e6-d4ffdc0661a6" {{(pid=107619) __call__ /opt/stack/placement/placement/requestlog.py:55}}
Oct 05 16:35:05.889716 n-d-854355-5 devstack@placement-api.service[107619]: INFO placement.requestlog [req-ab5111b7-625a-4db1-9640-fbc08189271e req-9c6249b2-d63a-4b73-aae7-e883f23c1455 service placement] 10.222.0.26 "GET /placement/allocations/d4c3559c-ea92-424f-b0e6-d4ffdc0661a6" status: 200 len: 259 microversion: 1.28
Oct 05 16:35:05.890775 n-d-854355-5 devstack@placement-api.service[107619]: [pid: 107619|app: 0|req: 630/1275] 10.222.0.26 () {60 vars in 1377 bytes} [Wed Oct 5 16:35:05 2022] GET /placement/allocations/d4c3559c-ea92-424f-b0e6-d4ffdc0661a6 => generated 259 bytes in 21 msecs (HTTP/1.1 200) 8 headers in 296 bytes (1 switches on core 0)
Oct 05 16:35:05.899300 n-d-854355-5 devstack@placement-api.service[107620]: DEBUG placement.requestlog [req-ab5111b7-625a-4db1-9640-fbc08189271e req-a50ca8c5-8c7c-4ecc-9cc1-f3d134ee8b7b None None] Starting request: 10.222.0.26 "GET /placement/allocations/fe27256e-69e3-43a9-95cf-3d475e7cb999" {{(pid=107620) __call__ /opt/stack/placement/placement/requestlog.py:55}}
Oct 05 16:35:05.920556 n-d-854355-5 devstack@placement-api.service[107620]: INFO placement.requestlog [req-ab5111b7-625a-4db1-9640-fbc08189271e req-a50ca8c5-8c7c-4ecc-9cc1-f3d134ee8b7b service placement] 10.222.0.26 "GET /placement/allocations/fe27256e-69e3-43a9-95cf-3d475e7cb999" status: 200 len: 259 microversion: 1.28
Oct 05 16:35:05.921212 n-d-854355-5 devstack@placement-api.service[107620]: [pid: 107620|app: 0|req: 646/1276] 10.222.0.26 () {60 vars in 1377 bytes} [Wed Oct 5 16:35:05 2022] GET /placement/allocations/fe27256e-69e3-43a9-95cf-3d475e7cb999 => generated 259 bytes in 22 msecs (HTTP/1.1 200) 8 headers in 296 bytes (1 switches on core 0)
Oct 05 16:35:05.929674 n-d-854355-5 devstack@placement-api.service[107619]: DEBUG placement.requestlog [req-ab5111b7-625a-4db1-9640-fbc08189271e req-714a7b00-f01a-4003-a9f9-ca7efbce1db0 None None] Starting request: 10.222.0.26 "GET /placement/allocations/6305f976-efde-411f-a8b4-b9284f93de39" {{(pid=107619) __call__ /opt/stack/placement/placement/requestlog.py:55}}
Oct 05 16:35:05.951874 n-d-854355-5 devstack@placement-api.service[107619]: INFO placement.requestlog [req-ab5111b7-625a-4db1-9640-fbc08189271e req-714a7b00-f01a-4003-a9f9-ca7efbce1db0 service placement] 10.222.0.26 "GET /placement/allocations/6305f976-efde-411f-a8b4-b9284f93de39" status: 200 len: 245 microversion: 1.28
Oct 05 16:35:05.975487 n-d-854355-5 devstack@placement-api.service[107619]: [pid: 107619|app: 0|req: 631/1277] 10.222.0.26 () {60 vars in 1377 bytes} [Wed Oct 5 16:35:05 2022] GET /placement/allocations/6305f976-efde-411f-a8b4-b9284f93de39 => generated 245 bytes in 46 msecs (HTTP/1.1 200) 8 headers in 296 bytes (1 switches on core 0)
Oct 05 16:35:05.982643 n-d-854355-5 devstack@placement-api.service[107620]: DEBUG placement.requestlog [req-ab5111b7-625a-4db1-9640-fbc08189271e req-fb942f2c-e36e-4f87-8172-70a092503a5c None None] Starting request: 10.222.0.26 "GET /placement/allocations/32bb319e-dddb-4047-af38-40d0985f85c6" {{(pid=107620) __call__ /opt/stack/placement/placement/requestlog.py:55}}
Oct 05 16:35:05.996546 n-d-854355-5 devstack@placement-api.service[107620]: DEBUG dbcounter [-] [107620] Writing DB stats placement:SELECT=88,placement:DELETE=6,placement:INSERT=4,placement:UPDATE=2 {{(pid=107620) stat_writer /usr/local/lib/python3.8/dist-packages/dbcounter.py:114}}
Oct 05 16:35:06.020379 n-d-854355-5 devstack@placement-api.service[107619]: DEBUG placement.requestlog [req-de199aa6-8665-4a2c-97cf-f7100fec171d req-42c88619-10e5-4ccf-95de-7aada72ee330 None None] Starting request: 10.222.0.45 "GET /placement/resource_providers?in_tree=fc72f0c8-f11e-4a30-8943-778096208570" {{(pid=107619) __call__ /opt/stack/placement/placement/requestlog.py:55}}
Oct 05 16:35:06.054470 n-d-854355-5 devstack@placement-api.service[107620]: INFO placement.requestlog [req-ab5111b7-625a-4db1-9640-fbc08189271e req-fb942f2c-e36e-4f87-8172-70a092503a5c service placement] 10.222.0.26 "GET /placement/allocations/32bb319e-dddb-4047-af38-40d0985f85c6" status: 200 len: 259 microversion: 1.28
Oct 05 16:35:06.064327 n-d-854355-5 devstack@placement-api.service[107620]: [pid: 107620|app: 0|req: 647/1278] 10.222.0.26 () {60 vars in 1377 bytes} [Wed Oct 5 16:35:05 2022] GET /placement/allocations/32bb319e-dddb-4047-af38-40d0985f85c6 => generated 259 bytes in 81 msecs (HTTP/1.1 200) 8 headers in 296 bytes (1 switches on core 0)
Oct 05 16:35:06.097722 n-d-854355-5 devstack@placement-api.service[107619]: INFO placement.requestlog [req-de199aa6-8665-4a2c-97cf-f7100fec171d req-42c88619-10e5-4ccf-95de-7aada72ee330 service placement] 10.222.0.45 "GET /placement/resource_providers?in_tree=fc72f0c8-f11e-4a30-8943-778096208570" status: 200 len: 863 microversion: 1.14
Oct 05 16:35:06.098415 n-d-854355-5 devstack@placement-api.service[107619]: [pid: 107619|app: 0|req: 632/1279] 10.222.0.45 () {60 vars in 1376 bytes} [Wed Oct 5 16:35:06 2022] GET /placement/resource_providers?in_tree=fc72f0c8-f11e-4a30-8943-778096208570 => generated 863 bytes in 79 msecs (HTTP/1.1 200) 6 headers in 225 bytes (2 switches on core 0)
Oct 05 16:35:06.109228 n-d-854355-5 devstack@placement-api.service[107620]: DEBUG placement.requestlog [req-de199aa6-8665-4a2c-97cf-f7100fec171d req-9896b7ae-3ef5-42c5-83b5-c03815274b6e None None] Starting request: 10.222.0.45 "GET /placement/resource_providers/fc72f0c8-f11e-4a30-8943-778096208570/inventories" {{(pid=107620) __call__ /opt/stack/placement/placement/requestlog.py:55}}
Oct 05 16:35:06.132489 n-d-854355-5 devstack@placement-api.service[107620]: INFO placement.requestlog [req-de199aa6-8665-4a2c-97cf-f7100fec171d req-9896b7ae-3ef5-42c5-83b5-c03815274b6e service placement] 10.222.0.45 "GET /placement/resource_providers/fc72f0c8-f11e-4a30-8943-778096208570/inventories" status: 200 len: 398 microversion: 1.0
Oct 05 16:35:06.134409 n-d-854355-5 devstack@placement-api.service[107620]: [pid: 107620|app: 0|req: 648/1280] 10.222.0.45 () {58 vars in 1390 bytes} [Wed Oct 5 16:35:06 2022] GET /placement/resource_providers/fc72f0c8-f11e-4a30-8943-778096208570/inventories => generated 398 bytes in 25 msecs (HTTP/1.1 200) 6 headers in 224 bytes (1 switches on core 0)
Oct 05 16:35:06.145882 n-d-854355-5 devstack@placement-api.service[107619]: DEBUG placement.requestlog [None req-efbbd382-67b3-4b64-84c6-0cd14ce4e19a None None] Starting request: 10.222.0.18 "GET /placement/resource_providers/64bbbca4-0806-4814-9d14-26fc23ff1673/aggregates" {{(pid=107619) __call__ /opt/stack/placement/placement/requestlog.py:55}}
Oct 05 16:35:06.147881 n-d-854355-5 devstack@placement-api.service[107620]: DEBUG placement.requestlog [req-de199aa6-8665-4a2c-97cf-f7100fec171d req-a4843342-ccf1-4a69-a4da-b584f451dc43 None None] Starting request: 10.222.0.45 "GET /placement/resource_providers/fc72f0c8-f11e-4a30-8943-778096208570/aggregates" {{(pid=107620) __call__ /opt/stack/placement/placement/requestlog.py:55}}
Oct 05 16:35:06.192683 n-d-854355-5 devstack@placement-api.service[107620]: INFO placement.requestlog [req-de199aa6-8665-4a2c-97cf-f7100fec171d req-a4843342-ccf1-4a69-a4da-b584f451dc43 service placement] 10.222.0.45 "GET /placement/resource_providers/fc72f0c8-f11e-4a30-8943-778096208570/aggregates" status: 200 len: 54 microversion: 1.19
Oct 05 16:35:06.193351 n-d-854355-5 devstack@placement-api.service[107620]: [pid: 107620|app: 0|req: 649/1281] 10.222.0.45 () {60 vars in 1431 bytes} [Wed Oct 5 16:35:06 2022] GET /placement/resource_providers/fc72f0c8-f11e-4a30-8943-778096208570/aggregates => generated 54 bytes in 46 msecs (HTTP/1.1 200) 8 headers in 295 bytes (1 switches on core 0)
Oct 05 16:35:06.203920 n-d-854355-5 devstack@placement-api.service[107620]: DEBUG placement.requestlog [req-de199aa6-8665-4a2c-97cf-f7100fec171d req-f8b3e9e8-e9e5-4c7b-a732-e6fce625ef51 None None] Starting request: 10.222.0.45 "GET /placement/resource_providers/fc72f0c8-f11e-4a30-8943-778096208570/traits" {{(pid=107620) __call__ /opt/stack/placement/placement/requestlog.py:55}}
Oct 05 16:35:06.245919 n-d-854355-5 devstack@placement-api.service[107620]: INFO placement.requestlog [req-de199aa6-8665-4a2c-97cf-f7100fec171d req-f8b3e9e8-e9e5-4c7b-a732-e6fce625ef51 service placement] 10.222.0.45 "GET /placement/resource_providers/fc72f0c8-f11e-4a30-8943-778096208570/traits" status: 200 len: 212 microversion: 1.6
Oct 05 16:35:06.246942 n-d-854355-5 devstack@placement-api.service[107620]: [pid: 107620|app: 0|req: 650/1282] 10.222.0.45 () {60 vars in 1418 bytes} [Wed Oct 5 16:35:06 2022] GET /placement/resource_providers/fc72f0c8-f11e-4a30-8943-778096208570/traits => generated 212 bytes in 43 msecs (HTTP/1.1 200) 6 headers in 224 bytes (1 switches on core 0)
Oct 05 16:35:06.257945 n-d-854355-5 devstack@placement-api.service[107620]: DEBUG placement.requestlog [req-de199aa6-8665-4a2c-97cf-f7100fec171d req-c59adbe0-d019-48a7-a585-131165e33ce0 None None] Starting request: 10.222.0.45 "GET /placement/resource_providers/fc72f0c8-f11e-4a30-8943-778096208570/allocations" {{(pid=107620) __call__ /opt/stack/placement/placement/requestlog.py:55}}
Oct 05 16:35:06.301110 n-d-854355-5 devstack@placement-api.service[107619]: INFO placement.requestlog [None req-efbbd382-67b3-4b64-84c6-0cd14ce4e19a service placement] 10.222.0.18 "GET /placement/resource_providers/64bbbca4-0806-4814-9d14-26fc23ff1673/aggregates" status: 404 len: 235 microversion: 1.1
Oct 05 16:35:06.301422 n-d-854355-5 devstack@placement-api.service[107619]: [pid: 107619|app: 0|req: 633/1283] 10.222.0.18 () {58 vars in 1362 bytes} [Wed Oct 5 16:35:06 2022] GET /placement/resource_providers/64bbbca4-0806-4814-9d14-26fc23ff1673/aggregates => generated 235 bytes in 157 msecs (HTTP/1.1 404) 5 headers in 202 bytes (1 switches on core 0)
Oct 05 16:35:06.317328 n-d-854355-5 devstack@placement-api.service[107620]: INFO placement.requestlog [req-de199aa6-8665-4a2c-97cf-f7100fec171d req-c59adbe0-d019-48a7-a585-131165e33ce0 service placement] 10.222.0.45 "GET /placement/resource_providers/fc72f0c8-f11e-4a30-8943-778096208570/allocations" status: 200 len: 558 microversion: 1.0
Oct 05 16:35:06.317937 n-d-854355-5 devstack@placement-api.service[107620]: [pid: 107620|app: 0|req: 651/1284] 10.222.0.45 () {58 vars in 1390 bytes} [Wed Oct 5 16:35:06 2022] GET /placement/resource_providers/fc72f0c8-f11e-4a30-8943-778096208570/allocations => generated 558 bytes in 60 msecs (HTTP/1.1 200) 6 headers in 224 bytes (2 switches on core 0)
Oct 05 16:35:06.318846 n-d-854355-5 devstack@placement-api.service[107619]: DEBUG placement.requestlog [None req-5b95784f-3923-446a-81f7-bdbc86170249 None None] Starting request: 10.222.0.18 "DELETE /placement/resource_providers/64bbbca4-0806-4814-9d14-26fc23ff1673" {{(pid=107619) __call__ /opt/stack/placement/placement/requestlog.py:55}}
Oct 05 16:35:06.326189 n-d-854355-5 devstack@placement-api.service[107620]: DEBUG placement.requestlog [req-de199aa6-8665-4a2c-97cf-f7100fec171d req-99e5f0a2-b2e3-4e73-84f8-fea41f67dbb7 None None] Starting request: 10.222.0.45 "GET /placement/allocations/c337caea-0467-4951-99dd-87fdc6b9c82b" {{(pid=107620) __call__ /opt/stack/placement/placement/requestlog.py:55}}
Oct 05 16:35:06.346195 n-d-854355-5 devstack@placement-api.service[107619]: DEBUG placement.wsgi_wrapper [None req-5b95784f-3923-446a-81f7-bdbc86170249 service placement] Placement API returning an error response: No resource provider with uuid 64bbbca4-0806-4814-9d14-26fc23ff1673 found for delete {{(pid=107619) call_func /opt/stack/placement/placement/wsgi_wrapper.py:31}}
Oct 05 16:35:06.347261 n-d-854355-5 devstack@placement-api.service[107619]: INFO placement.requestlog [None req-5b95784f-3923-446a-81f7-bdbc86170249 service placement] 10.222.0.18 "DELETE /placement/resource_providers/64bbbca4-0806-4814-9d14-26fc23ff1673" status: 404 len: 246 microversion: 1.1
Oct 05 16:35:06.348124 n-d-854355-5 devstack@placement-api.service[107619]: [pid: 107619|app: 0|req: 634/1285] 10.222.0.18 () {60 vars in 1351 bytes} [Wed Oct 5 16:35:06 2022] DELETE /placement/resource_providers/64bbbca4-0806-4814-9d14-26fc23ff1673 => generated 246 bytes in 29 msecs (HTTP/1.1 404) 6 headers in 231 bytes (1 switches on core 0)
Oct 05 16:35:06.348740 n-d-854355-5 devstack@placement-api.service[107619]: DEBUG placement.requestlog [req-ab5111b7-625a-4db1-9640-fbc08189271e req-ea716b10-fff2-4e55-8a80-fbe6cba2365a None None] Starting request: 10.222.0.26 "DELETE /placement/allocations/32bb319e-dddb-4047-af38-40d0985f85c6" {{(pid=107619) __call__ /opt/stack/placement/placement/requestlog.py:55}}
Oct 05 16:35:06.351941 n-d-854355-5 devstack@placement-api.service[107620]: INFO placement.requestlog [req-de199aa6-8665-4a2c-97cf-f7100fec171d req-99e5f0a2-b2e3-4e73-84f8-fea41f67dbb7 service placement] 10.222.0.45 "GET /placement/allocations/c337caea-0467-4951-99dd-87fdc6b9c82b" status: 200 len: 259 microversion: 1.28
Oct 05 16:35:06.353572 n-d-854355-5 devstack@placement-api.service[107620]: [pid: 107620|app: 0|req: 652/1286] 10.222.0.45 () {60 vars in 1377 bytes} [Wed Oct 5 16:35:06 2022] GET /placement/allocations/c337caea-0467-4951-99dd-87fdc6b9c82b => generated 259 bytes in 28 msecs (HTTP/1.1 200) 8 headers in 296 bytes (2 switches on core 0)
Oct 05 16:35:06.364251 n-d-854355-5 devstack@placement-api.service[107620]: DEBUG placement.requestlog [req-de199aa6-8665-4a2c-97cf-f7100fec171d req-bcd74bf0-d9a8-4b15-90c3-3febe89a1bff None None] Starting request: 10.222.0.45 "GET /placement/allocations/3940b4e5-c7a3-46fd-aa6e-5dad661357dc" {{(pid=107620) __call__ /opt/stack/placement/placement/requestlog.py:55}}
Oct 05 16:35:06.386281 n-d-854355-5 devstack@placement-api.service[107619]: DEBUG placement.handlers.allocation [req-ab5111b7-625a-4db1-9640-fbc08189271e req-ea716b10-fff2-4e55-8a80-fbe6cba2365a service placement] Successfully deleted allocations [, , ] {{(pid=107619) delete_allocations /opt/stack/placement/placement/handlers/allocation.py:627}}
Oct 05 16:35:06.386974 n-d-854355-5 devstack@placement-api.service[107619]: INFO placement.requestlog [req-ab5111b7-625a-4db1-9640-fbc08189271e req-ea716b10-fff2-4e55-8a80-fbe6cba2365a service placement] 10.222.0.26 "DELETE /placement/allocations/32bb319e-dddb-4047-af38-40d0985f85c6" status: 204 len: 0 microversion: 1.0
Oct 05 16:35:06.387693 n-d-854355-5 devstack@placement-api.service[107620]: INFO placement.requestlog [req-de199aa6-8665-4a2c-97cf-f7100fec171d req-bcd74bf0-d9a8-4b15-90c3-3febe89a1bff service placement] 10.222.0.45 "GET /placement/allocations/3940b4e5-c7a3-46fd-aa6e-5dad661357dc" status: 200 len: 259 microversion: 1.28
Oct 05 16:35:06.388176 n-d-854355-5 devstack@placement-api.service[107619]: [pid: 107619|app: 0|req: 635/1287] 10.222.0.26 () {60 vars in 1355 bytes} [Wed Oct 5 16:35:06 2022] DELETE /placement/allocations/32bb319e-dddb-4047-af38-40d0985f85c6 => generated 0 bytes in 39 msecs (HTTP/1.1 204) 5 headers in 198 bytes (1 switches on core 0)
Oct 05 16:35:06.389071 n-d-854355-5 devstack@placement-api.service[107620]: [pid: 107620|app: 0|req: 653/1288] 10.222.0.45 () {60 vars in 1377 bytes} [Wed Oct 5 16:35:06 2022] GET /placement/allocations/3940b4e5-c7a3-46fd-aa6e-5dad661357dc => generated 259 bytes in 25 msecs (HTTP/1.1 200) 8 headers in 296 bytes (1 switches on core 0)
Oct 05 16:35:06.396026 n-d-854355-5 devstack@placement-api.service[107619]: DEBUG placement.requestlog [req-de199aa6-8665-4a2c-97cf-f7100fec171d req-edce21af-5dd6-4806-99e0-50f04b9556d3 None None] Starting request: 10.222.0.45 "GET /placement/allocations/538064e9-9c6d-4f9c-a35d-c9702c4dc83a" {{(pid=107619) __call__ /opt/stack/placement/placement/requestlog.py:55}}
Oct 05 16:35:06.414318 n-d-854355-5 devstack@placement-api.service[107619]: INFO placement.requestlog [req-de199aa6-8665-4a2c-97cf-f7100fec171d req-edce21af-5dd6-4806-99e0-50f04b9556d3 service placement] 10.222.0.45 "GET /placement/allocations/538064e9-9c6d-4f9c-a35d-c9702c4dc83a" status: 200 len: 259 microversion: 1.28
Oct 05 16:35:06.415440 n-d-854355-5 devstack@placement-api.service[107619]: [pid: 107619|app: 0|req: 636/1289] 10.222.0.45 () {60 vars in 1377 bytes} [Wed Oct 5 16:35:06 2022] GET /placement/allocations/538064e9-9c6d-4f9c-a35d-c9702c4dc83a => generated 259 bytes in 20 msecs (HTTP/1.1 200) 8 headers in 296 bytes (1 switches on core 0)
Oct 05 16:35:06.431727 n-d-854355-5 devstack@placement-api.service[107620]: DEBUG placement.requestlog [req-de199aa6-8665-4a2c-97cf-f7100fec171d req-59a65d92-1809-4e88-b2be-bc681fa1e5c3 None None] Starting request: 10.222.0.45 "GET /placement/allocations/8a236b58-a137-4b58-9ab8-551b78338f3c" {{(pid=107620) __call__ /opt/stack/placement/placement/requestlog.py:55}}
Oct 05 16:35:06.450008 n-d-854355-5 devstack@placement-api.service[107620]: INFO placement.requestlog [req-de199aa6-8665-4a2c-97cf-f7100fec171d req-59a65d92-1809-4e88-b2be-bc681fa1e5c3 service placement] 10.222.0.45 "GET /placement/allocations/8a236b58-a137-4b58-9ab8-551b78338f3c" status: 200 len: 259 microversion: 1.28
Oct 05 16:35:06.450945 n-d-854355-5 devstack@placement-api.service[107620]: [pid: 107620|app: 0|req: 654/1290] 10.222.0.45 () {60 vars in 1377 bytes} [Wed Oct 5 16:35:06 2022] GET /placement/allocations/8a236b58-a137-4b58-9ab8-551b78338f3c => generated 259 bytes in 22 msecs (HTTP/1.1 200) 8 headers in 296 bytes (1 switches on core 0)
Oct 05 16:35:06.490579 n-d-854355-5 devstack@placement-api.service[107619]: DEBUG placement.requestlog [req-de199aa6-8665-4a2c-97cf-f7100fec171d req-96e87f95-4ee7-4acd-adb1-826f5bcb90f8 None None] Starting request: 10.222.0.45 "GET /placement/allocations/ee8c7988-7575-4b4d-b097-2de55df61e59" {{(pid=107619) __call__ /opt/stack/placement/placement/requestlog.py:55}}
Oct 05 16:35:06.512307 n-d-854355-5 devstack@placement-api.service[107619]: INFO placement.requestlog [req-de199aa6-8665-4a2c-97cf-f7100fec171d req-96e87f95-4ee7-4acd-adb1-826f5bcb90f8 service placement] 10.222.0.45 "GET /placement/allocations/ee8c7988-7575-4b4d-b097-2de55df61e59" status: 200 len: 259 microversion: 1.28
Oct 05 16:35:06.513271 n-d-854355-5 devstack@placement-api.service[107619]: [pid: 107619|app: 0|req: 637/1291] 10.222.0.45 () {60 vars in 1377 bytes} [Wed Oct 5 16:35:06 2022] GET /placement/allocations/ee8c7988-7575-4b4d-b097-2de55df61e59 => generated 259 bytes in 23 msecs (HTTP/1.1 200) 8 headers in 296 bytes (2 switches on core 0)
Oct 05 16:35:06.716108 n-d-854355-5 devstack@placement-api.service[107620]: DEBUG placement.requestlog [req-44cdb105-69ae-4e36-81db-772a8252eb3b req-e49e086f-f573-45f2-9165-58c27b0b0a12 None None] Starting request: 10.222.0.18 "GET /placement/allocation_candidates?limit=1000&resources=DISK_GB%3A1%2CMEMORY_MB%3A1024%2CVCPU%3A1&root_required=%21COMPUTE_STATUS_DISABLED" {{(pid=107620) __call__ /opt/stack/placement/placement/requestlog.py:55}}
Oct 05 16:35:06.878559 n-d-854355-5 devstack@placement-api.service[107620]: DEBUG placement.objects.research_context [req-44cdb105-69ae-4e36-81db-772a8252eb3b req-e49e086f-f573-45f2-9165-58c27b0b0a12 service placement] getting providers with 1 DISK_GB {{(pid=107620) __init__ /opt/stack/placement/placement/objects/research_context.py:136}}
Oct 05 16:35:06.922567 n-d-854355-5 devstack@placement-api.service[107620]: DEBUG placement.objects.research_context [req-44cdb105-69ae-4e36-81db-772a8252eb3b req-e49e086f-f573-45f2-9165-58c27b0b0a12 service placement] getting providers with 1024 MEMORY_MB {{(pid=107620) __init__ /opt/stack/placement/placement/objects/research_context.py:136}}
Oct 05 16:35:06.948317 n-d-854355-5 devstack@placement-api.service[107620]: DEBUG placement.objects.research_context [req-44cdb105-69ae-4e36-81db-772a8252eb3b req-e49e086f-f573-45f2-9165-58c27b0b0a12 service placement] getting providers with 1 VCPU {{(pid=107620) __init__ /opt/stack/placement/placement/objects/research_context.py:136}}
Oct 05 16:35:06.961340 n-d-854355-5 devstack@placement-api.service[107620]: DEBUG placement.objects.research_context [req-44cdb105-69ae-4e36-81db-772a8252eb3b req-e49e086f-f573-45f2-9165-58c27b0b0a12 service placement] found 2 providers with available 1 DISK_GB {{(pid=107620) get_provider_ids_matching /opt/stack/placement/placement/objects/research_context.py:563}}
Oct 05 16:35:06.961769 n-d-854355-5 devstack@placement-api.service[107620]: DEBUG placement.objects.research_context [req-44cdb105-69ae-4e36-81db-772a8252eb3b req-e49e086f-f573-45f2-9165-58c27b0b0a12 service placement] found 2 providers with available 1024 MEMORY_MB {{(pid=107620) get_provider_ids_matching /opt/stack/placement/placement/objects/research_context.py:563}}
Oct 05 16:35:06.963030 n-d-854355-5 devstack@placement-api.service[107620]: DEBUG placement.objects.research_context [req-44cdb105-69ae-4e36-81db-772a8252eb3b req-e49e086f-f573-45f2-9165-58c27b0b0a12 service placement] found 2 providers after filtering by previous result {{(pid=107620) get_provider_ids_matching /opt/stack/placement/placement/objects/research_context.py:594}}
Oct 05 16:35:06.963499 n-d-854355-5 devstack@placement-api.service[107620]: DEBUG placement.objects.research_context [req-44cdb105-69ae-4e36-81db-772a8252eb3b req-e49e086f-f573-45f2-9165-58c27b0b0a12 service placement] found 2 providers with available 1 VCPU {{(pid=107620) get_provider_ids_matching /opt/stack/placement/placement/objects/research_context.py:563}}
Oct 05 16:35:06.963988 n-d-854355-5 devstack@placement-api.service[107620]: DEBUG placement.objects.research_context [req-44cdb105-69ae-4e36-81db-772a8252eb3b req-e49e086f-f573-45f2-9165-58c27b0b0a12 service placement] found 2 providers after filtering by previous result {{(pid=107620) get_provider_ids_matching /opt/stack/placement/placement/objects/research_context.py:594}}
Oct 05 16:35:06.979831 n-d-854355-5 devstack@placement-api.service[107620]: DEBUG placement.objects.allocation_candidate [req-44cdb105-69ae-4e36-81db-772a8252eb3b req-e49e086f-f573-45f2-9165-58c27b0b0a12 service placement] RequestGroup(use_same_provider=False, resources={DISK_GB:1, MEMORY_MB:1024, VCPU:1}, traits=(), aggregates=[]) (suffix '') returned 2 matches {{(pid=107620) _get_by_requests /opt/stack/placement/placement/objects/allocation_candidate.py:156}}
Oct 05 16:35:06.980662 n-d-854355-5 devstack@placement-api.service[107620]: DEBUG placement.objects.allocation_candidate [req-44cdb105-69ae-4e36-81db-772a8252eb3b req-e49e086f-f573-45f2-9165-58c27b0b0a12 service placement] Merging candidates yields 2 allocation requests and 2 provider summaries {{(pid=107620) _merge_candidates /opt/stack/placement/placement/objects/allocation_candidate.py:809}}
Oct 05 16:35:06.984629 n-d-854355-5 devstack@placement-api.service[107620]: INFO placement.requestlog [req-44cdb105-69ae-4e36-81db-772a8252eb3b req-e49e086f-f573-45f2-9165-58c27b0b0a12 service placement] 10.222.0.18 "GET /placement/allocation_candidates?limit=1000&resources=DISK_GB%3A1%2CMEMORY_MB%3A1024%2CVCPU%3A1&root_required=%21COMPUTE_STATUS_DISABLED" status: 200 len: 1309 microversion: 1.36
Oct 05 16:35:06.991575 n-d-854355-5 devstack@placement-api.service[107620]: [pid: 107620|app: 0|req: 655/1292] 10.222.0.18 () {60 vars in 1506 bytes} [Wed Oct 5 16:35:06 2022] GET /placement/allocation_candidates?limit=1000&resources=DISK_GB%3A1%2CMEMORY_MB%3A1024%2CVCPU%3A1&root_required=%21COMPUTE_STATUS_DISABLED => generated 1309 bytes in 276 msecs (HTTP/1.1 200) 8 headers in 297 bytes (1 switches on core 0)
Oct 05 16:35:07.086217 n-d-854355-5 devstack@placement-api.service[107619]: DEBUG placement.requestlog [req-44cdb105-69ae-4e36-81db-772a8252eb3b req-fc2796f6-8997-4ab2-93fe-f6fb13177db9 None None] Starting request: 10.222.0.18 "GET /placement/allocations/aad3c061-3181-4474-9bba-1ae8c91dd255" {{(pid=107619) __call__ /opt/stack/placement/placement/requestlog.py:55}}
Oct 05 16:35:07.101582 n-d-854355-5 devstack@placement-api.service[107619]: INFO placement.requestlog [req-44cdb105-69ae-4e36-81db-772a8252eb3b req-fc2796f6-8997-4ab2-93fe-f6fb13177db9 service placement] 10.222.0.18 "GET /placement/allocations/aad3c061-3181-4474-9bba-1ae8c91dd255" status: 200 len: 19 microversion: 1.28
Oct 05 16:35:07.109513 n-d-854355-5 devstack@placement-api.service[107619]: [pid: 107619|app: 0|req: 638/1293] 10.222.0.18 () {60 vars in 1380 bytes} [Wed Oct 5 16:35:07 2022] GET /placement/allocations/aad3c061-3181-4474-9bba-1ae8c91dd255 => generated 19 bytes in 23 msecs (HTTP/1.1 200) 8 headers in 295 bytes (1 switches on core 0)
Oct 05 16:35:07.110957 n-d-854355-5 devstack@placement-api.service[107620]: DEBUG placement.requestlog [req-44cdb105-69ae-4e36-81db-772a8252eb3b req-78d48de2-8f2f-4566-839e-26fddb48dddf None None] Starting request: 10.222.0.18 "PUT /placement/allocations/aad3c061-3181-4474-9bba-1ae8c91dd255" {{(pid=107620) __call__ /opt/stack/placement/placement/requestlog.py:55}}
Oct 05 16:35:07.130956 n-d-854355-5 devstack@placement-api.service[107619]: DEBUG placement.requestlog [req-bc3e68f4-7c0b-4ec9-b681-de9682e2f859 req-6e3fff71-6b9a-4113-b4f8-72b9a5d012c0 None None] Starting request: 10.222.0.45 "GET /placement/resource_providers/fc72f0c8-f11e-4a30-8943-778096208570/allocations" {{(pid=107619) __call__ /opt/stack/placement/placement/requestlog.py:55}}
Oct 05 16:35:07.196813 n-d-854355-5 devstack@placement-api.service[107619]: INFO placement.requestlog [req-bc3e68f4-7c0b-4ec9-b681-de9682e2f859 req-6e3fff71-6b9a-4113-b4f8-72b9a5d012c0 service placement] 10.222.0.45 "GET /placement/resource_providers/fc72f0c8-f11e-4a30-8943-778096208570/allocations" status: 200 len: 558 microversion: 1.0
Oct 05 16:35:07.197213 n-d-854355-5 devstack@placement-api.service[107619]: [pid: 107619|app: 0|req: 639/1294] 10.222.0.45 () {58 vars in 1390 bytes} [Wed Oct 5 16:35:07 2022] GET /placement/resource_providers/fc72f0c8-f11e-4a30-8943-778096208570/allocations => generated 558 bytes in 67 msecs (HTTP/1.1 200) 6 headers in 224 bytes (2 switches on core 0)
Oct 05 16:35:07.205146 n-d-854355-5 devstack@placement-api.service[107619]: DEBUG placement.requestlog [req-bc3e68f4-7c0b-4ec9-b681-de9682e2f859 req-88a6c20c-a7ea-453f-823e-ce681aef35ef None None] Starting request: 10.222.0.45 "GET /placement/allocations/c337caea-0467-4951-99dd-87fdc6b9c82b" {{(pid=107619) __call__ /opt/stack/placement/placement/requestlog.py:55}}
Oct 05 16:35:07.233630 n-d-854355-5 devstack@placement-api.service[107619]: INFO placement.requestlog [req-bc3e68f4-7c0b-4ec9-b681-de9682e2f859 req-88a6c20c-a7ea-453f-823e-ce681aef35ef service placement] 10.222.0.45 "GET /placement/allocations/c337caea-0467-4951-99dd-87fdc6b9c82b" status: 200 len: 259 microversion: 1.28
Oct 05 16:35:07.234139 n-d-854355-5 devstack@placement-api.service[107619]: [pid: 107619|app: 0|req: 640/1295] 10.222.0.45 () {60 vars in 1377 bytes} [Wed Oct 5 16:35:07 2022] GET /placement/allocations/c337caea-0467-4951-99dd-87fdc6b9c82b => generated 259 bytes in 29 msecs (HTTP/1.1 200) 8 headers in 296 bytes (2 switches on core 0)
Oct 05 16:35:07.242296 n-d-854355-5 devstack@placement-api.service[107619]: DEBUG placement.requestlog [req-bc3e68f4-7c0b-4ec9-b681-de9682e2f859 req-c0b36772-a743-40ae-9c21-f2a8104d9604 None None] Starting request: 10.222.0.45 "GET /placement/allocations/3940b4e5-c7a3-46fd-aa6e-5dad661357dc" {{(pid=107619) __call__ /opt/stack/placement/placement/requestlog.py:55}}
Oct 05 16:35:07.272082 n-d-854355-5 devstack@placement-api.service[107619]: INFO placement.requestlog [req-bc3e68f4-7c0b-4ec9-b681-de9682e2f859 req-c0b36772-a743-40ae-9c21-f2a8104d9604 service placement] 10.222.0.45 "GET /placement/allocations/3940b4e5-c7a3-46fd-aa6e-5dad661357dc" status: 200 len: 259 microversion: 1.28
Oct 05 16:35:07.274671 n-d-854355-5 devstack@placement-api.service[107619]: [pid: 107619|app: 0|req: 641/1296] 10.222.0.45 () {60 vars in 1377 bytes} [Wed Oct 5 16:35:07 2022] GET /placement/allocations/3940b4e5-c7a3-46fd-aa6e-5dad661357dc => generated 259 bytes in 32 msecs (HTTP/1.1 200) 8 headers in 296 bytes (2 switches on core 0)
Oct 05 16:35:07.278629 n-d-854355-5 devstack@placement-api.service[107620]: DEBUG placement.handlers.allocation [req-44cdb105-69ae-4e36-81db-772a8252eb3b req-78d48de2-8f2f-4566-839e-26fddb48dddf service placement] Successfully wrote allocations [, , ] {{(pid=107620) _update_consumers_and_create_allocations /opt/stack/placement/placement/handlers/allocation.py:462}}
Oct 05 16:35:07.283073 n-d-854355-5 devstack@placement-api.service[107619]: DEBUG placement.requestlog [req-bc3e68f4-7c0b-4ec9-b681-de9682e2f859 req-6ea242bf-88b0-413f-b7c9-69df21103717 None None] Starting request: 10.222.0.45 "GET /placement/allocations/538064e9-9c6d-4f9c-a35d-c9702c4dc83a" {{(pid=107619) __call__ /opt/stack/placement/placement/requestlog.py:55}}
Oct 05 16:35:07.295357 n-d-854355-5 devstack@placement-api.service[107620]: INFO placement.requestlog [req-44cdb105-69ae-4e36-81db-772a8252eb3b req-78d48de2-8f2f-4566-839e-26fddb48dddf service placement] 10.222.0.18 "PUT /placement/allocations/aad3c061-3181-4474-9bba-1ae8c91dd255" status: 204 len: 0 microversion: 1.36
Oct 05 16:35:07.296169 n-d-854355-5 devstack@placement-api.service[107620]: [pid: 107620|app: 0|req: 656/1297] 10.222.0.18 () {64 vars in 1433 bytes} [Wed Oct 5 16:35:07 2022] PUT /placement/allocations/aad3c061-3181-4474-9bba-1ae8c91dd255 => generated 0 bytes in 186 msecs (HTTP/1.1 204) 5 headers in 199 bytes (1 switches on core 0)
Oct 05 16:35:07.296926 n-d-854355-5 devstack@placement-api.service[107619]: DEBUG dbcounter [-] [107619] Writing DB stats placement:SELECT=96,placement:DELETE=4 {{(pid=107619) stat_writer /usr/local/lib/python3.8/dist-packages/dbcounter.py:114}}
Oct 05 16:35:07.309057 n-d-854355-5 devstack@placement-api.service[107619]: INFO placement.requestlog [req-bc3e68f4-7c0b-4ec9-b681-de9682e2f859 req-6ea242bf-88b0-413f-b7c9-69df21103717 service placement] 10.222.0.45 "GET /placement/allocations/538064e9-9c6d-4f9c-a35d-c9702c4dc83a" status: 200 len: 259 microversion: 1.28
Oct 05 16:35:07.309799 n-d-854355-5 devstack@placement-api.service[107619]: [pid: 107619|app: 0|req: 642/1298] 10.222.0.45 () {60 vars in 1377 bytes} [Wed Oct 5 16:35:07 2022] GET /placement/allocations/538064e9-9c6d-4f9c-a35d-c9702c4dc83a => generated 259 bytes in 28 msecs (HTTP/1.1 200) 8 headers in 296 bytes (1 switches on core 0)
Oct 05 16:35:07.328613 n-d-854355-5 devstack@placement-api.service[107620]: DEBUG placement.requestlog [req-bc3e68f4-7c0b-4ec9-b681-de9682e2f859 req-427f09ff-a05a-4046-a380-1afcb27d77f8 None None] Starting request: 10.222.0.45 "GET /placement/allocations/8a236b58-a137-4b58-9ab8-551b78338f3c" {{(pid=107620) __call__ /opt/stack/placement/placement/requestlog.py:55}}
Oct 05 16:35:07.369576 n-d-854355-5 devstack@placement-api.service[107620]: INFO placement.requestlog [req-bc3e68f4-7c0b-4ec9-b681-de9682e2f859 req-427f09ff-a05a-4046-a380-1afcb27d77f8 service placement] 10.222.0.45 "GET /placement/allocations/8a236b58-a137-4b58-9ab8-551b78338f3c" status: 200 len: 259 microversion: 1.28
Oct 05 16:35:07.370892 n-d-854355-5 devstack@placement-api.service[107620]: [pid: 107620|app: 0|req: 657/1299] 10.222.0.45 () {60 vars in 1377 bytes} [Wed Oct 5 16:35:07 2022] GET /placement/allocations/8a236b58-a137-4b58-9ab8-551b78338f3c => generated 259 bytes in 43 msecs (HTTP/1.1 200) 8 headers in 296 bytes (1 switches on core 0)
Oct 05 16:35:07.378433 n-d-854355-5 devstack@placement-api.service[107619]: DEBUG placement.requestlog [req-bc3e68f4-7c0b-4ec9-b681-de9682e2f859 req-8f0c0b37-f1e1-4328-8744-92fa1b23d755 None None] Starting request: 10.222.0.45 "GET /placement/allocations/ee8c7988-7575-4b4d-b097-2de55df61e59" {{(pid=107619) __call__ /opt/stack/placement/placement/requestlog.py:55}}
Oct 05 16:35:07.407210 n-d-854355-5 devstack@placement-api.service[107619]: INFO placement.requestlog [req-bc3e68f4-7c0b-4ec9-b681-de9682e2f859 req-8f0c0b37-f1e1-4328-8744-92fa1b23d755 service placement] 10.222.0.45 "GET /placement/allocations/ee8c7988-7575-4b4d-b097-2de55df61e59" status: 200 len: 259 microversion: 1.28
Oct 05 16:35:07.407900 n-d-854355-5 devstack@placement-api.service[107619]: [pid: 107619|app: 0|req: 643/1300] 10.222.0.45 () {60 vars in 1377 bytes} [Wed Oct 5 16:35:07 2022] GET /placement/allocations/ee8c7988-7575-4b4d-b097-2de55df61e59 => generated 259 bytes in 30 msecs (HTTP/1.1 200) 8 headers in 296 bytes (1 switches on core 0)
Oct 05 16:35:07.666656 n-d-854355-5 devstack@placement-api.service[107620]: DEBUG placement.requestlog [req-bc3e68f4-7c0b-4ec9-b681-de9682e2f859 req-13c0db3b-97e1-4e90-8028-c0b6de34c679 None None] Starting request: 10.222.0.45 "DELETE /placement/allocations/8a236b58-a137-4b58-9ab8-551b78338f3c" {{(pid=107620) __call__ /opt/stack/placement/placement/requestlog.py:55}}
Oct 05 16:35:07.737619 n-d-854355-5 devstack@placement-api.service[107620]: DEBUG placement.handlers.allocation [req-bc3e68f4-7c0b-4ec9-b681-de9682e2f859 req-13c0db3b-97e1-4e90-8028-c0b6de34c679 service placement] Successfully deleted allocations [, , ] {{(pid=107620) delete_allocations /opt/stack/placement/placement/handlers/allocation.py:627}}
Oct 05 16:35:07.739321 n-d-854355-5 devstack@placement-api.service[107620]: INFO placement.requestlog [req-bc3e68f4-7c0b-4ec9-b681-de9682e2f859 req-13c0db3b-97e1-4e90-8028-c0b6de34c679 service placement] 10.222.0.45 "DELETE /placement/allocations/8a236b58-a137-4b58-9ab8-551b78338f3c" status: 204 len: 0 microversion: 1.0
Oct 05 16:35:07.741917 n-d-854355-5 devstack@placement-api.service[107620]: [pid: 107620|app: 0|req: 658/1301] 10.222.0.45 () {60 vars in 1355 bytes} [Wed Oct 5 16:35:07 2022] DELETE /placement/allocations/8a236b58-a137-4b58-9ab8-551b78338f3c => generated 0 bytes in 77 msecs (HTTP/1.1 204) 5 headers in 198 bytes (1 switches on core 0)
Oct 05 16:35:07.889382 n-d-854355-5 devstack@placement-api.service[107619]: DEBUG placement.requestlog [req-44cdb105-69ae-4e36-81db-772a8252eb3b req-9d71a38c-1840-4c21-9ed0-caf87b3988c5 None None] Starting request: 10.222.0.45 "GET /placement/allocations/aad3c061-3181-4474-9bba-1ae8c91dd255" {{(pid=107619) __call__ /opt/stack/placement/placement/requestlog.py:55}}
Oct 05 16:35:07.973055 n-d-854355-5 devstack@placement-api.service[107619]: INFO placement.requestlog [req-44cdb105-69ae-4e36-81db-772a8252eb3b req-9d71a38c-1840-4c21-9ed0-caf87b3988c5 service placement] 10.222.0.45 "GET /placement/allocations/aad3c061-3181-4474-9bba-1ae8c91dd255" status: 200 len: 259 microversion: 1.28
Oct 05 16:35:07.977786 n-d-854355-5 devstack@placement-api.service[107619]: [pid: 107619|app: 0|req: 644/1302] 10.222.0.45 () {60 vars in 1377 bytes} [Wed Oct 5 16:35:07 2022] GET /placement/allocations/aad3c061-3181-4474-9bba-1ae8c91dd255 => generated 259 bytes in 89 msecs (HTTP/1.1 200) 8 headers in 296 bytes (1 switches on core 0)
