Oct 05 16:29:48.717152 n-d-854355-5 devstack@placement-api.service[107619]: DEBUG placement.requestlog [req-3bc986bc-a74b-4405-b780-dab32f053021 req-62b37d1e-cf5c-4fe8-9706-c91b5ad77579 None None] Starting request: 10.222.0.45 "GET /placement/resource_providers/fc72f0c8-f11e-4a30-8943-778096208570/aggregates" {{(pid=107619) __call__ /opt/stack/placement/placement/requestlog.py:55}}
Oct 05 16:29:48.746733 n-d-854355-5 devstack@placement-api.service[107619]: INFO placement.requestlog [req-3bc986bc-a74b-4405-b780-dab32f053021 req-62b37d1e-cf5c-4fe8-9706-c91b5ad77579 service placement] 10.222.0.45 "GET /placement/resource_providers/fc72f0c8-f11e-4a30-8943-778096208570/aggregates" status: 200 len: 54 microversion: 1.19
Oct 05 16:29:48.747131 n-d-854355-5 devstack@placement-api.service[107619]: [pid: 107619|app: 0|req: 239/481] 10.222.0.45 () {60 vars in 1431 bytes} [Wed Oct 5 16:29:48 2022] GET /placement/resource_providers/fc72f0c8-f11e-4a30-8943-778096208570/aggregates => generated 54 bytes in 31 msecs (HTTP/1.1 200) 8 headers in 295 bytes (1 switches on core 0)
Oct 05 16:29:48.810049 n-d-854355-5 devstack@placement-api.service[107620]: DEBUG placement.requestlog [req-3bc986bc-a74b-4405-b780-dab32f053021 req-53b8c153-5301-45ac-8c60-32ab08acb4f4 None None] Starting request: 10.222.0.45 "GET /placement/resource_providers/fc72f0c8-f11e-4a30-8943-778096208570/traits" {{(pid=107620) __call__ /opt/stack/placement/placement/requestlog.py:55}}
Oct 05 16:29:48.891099 n-d-854355-5 devstack@placement-api.service[107620]: INFO placement.requestlog [req-3bc986bc-a74b-4405-b780-dab32f053021 req-53b8c153-5301-45ac-8c60-32ab08acb4f4 service placement] 10.222.0.45 "GET /placement/resource_providers/fc72f0c8-f11e-4a30-8943-778096208570/traits" status: 200 len: 212 microversion: 1.6
Oct 05 16:29:48.895197 n-d-854355-5 devstack@placement-api.service[107620]: [pid: 107620|app: 0|req: 243/482] 10.222.0.45 () {60 vars in 1418 bytes} [Wed Oct 5 16:29:48 2022] GET /placement/resource_providers/fc72f0c8-f11e-4a30-8943-778096208570/traits => generated 212 bytes in 85 msecs (HTTP/1.1 200) 6 headers in 224 bytes (1 switches on core 0)
Oct 05 16:29:48.982043 n-d-854355-5 devstack@placement-api.service[107619]: DEBUG placement.requestlog [req-3bc986bc-a74b-4405-b780-dab32f053021 req-bb2a7be3-412f-4775-84f9-07daf8b14229 None None] Starting request: 10.222.0.45 "GET /placement/resource_providers/fc72f0c8-f11e-4a30-8943-778096208570/allocations" {{(pid=107619) __call__ /opt/stack/placement/placement/requestlog.py:55}}
Oct 05 16:29:49.020547 n-d-854355-5 devstack@placement-api.service[107619]: INFO placement.requestlog [req-3bc986bc-a74b-4405-b780-dab32f053021 req-bb2a7be3-412f-4775-84f9-07daf8b14229 service placement] 10.222.0.45 "GET /placement/resource_providers/fc72f0c8-f11e-4a30-8943-778096208570/allocations" status: 200 len: 861 microversion: 1.0
Oct 05 16:29:49.022976 n-d-854355-5 devstack@placement-api.service[107619]: [pid: 107619|app: 0|req: 240/483] 10.222.0.45 () {58 vars in 1390 bytes} [Wed Oct 5 16:29:48 2022] GET /placement/resource_providers/fc72f0c8-f11e-4a30-8943-778096208570/allocations => generated 861 bytes in 41 msecs (HTTP/1.1 200) 6 headers in 224 bytes (1 switches on core 0)
Oct 05 16:29:49.035361 n-d-854355-5 devstack@placement-api.service[107620]: DEBUG placement.requestlog [req-3bc986bc-a74b-4405-b780-dab32f053021 req-1f566d87-c860-4a25-9466-65bdee9aa27d None None] Starting request: 10.222.0.45 "GET /placement/allocations/0dd80643-c7e6-484a-b267-27518c9b6f8e" {{(pid=107620) __call__ /opt/stack/placement/placement/requestlog.py:55}}
Oct 05 16:29:49.063526 n-d-854355-5 devstack@placement-api.service[107620]: INFO placement.requestlog [req-3bc986bc-a74b-4405-b780-dab32f053021 req-1f566d87-c860-4a25-9466-65bdee9aa27d service placement] 10.222.0.45 "GET /placement/allocations/0dd80643-c7e6-484a-b267-27518c9b6f8e" status: 200 len: 259 microversion: 1.28
Oct 05 16:29:49.064152 n-d-854355-5 devstack@placement-api.service[107620]: [pid: 107620|app: 0|req: 244/484] 10.222.0.45 () {60 vars in 1377 bytes} [Wed Oct 5 16:29:49 2022] GET /placement/allocations/0dd80643-c7e6-484a-b267-27518c9b6f8e => generated 259 bytes in 29 msecs (HTTP/1.1 200) 8 headers in 296 bytes (1 switches on core 0)
Oct 05 16:29:50.277015 n-d-854355-5 devstack@placement-api.service[107619]: DEBUG placement.requestlog [req-3bc986bc-a74b-4405-b780-dab32f053021 req-88dbbb9d-a219-4eec-973c-f0bf4a9feb75 None None] Starting request: 10.222.0.45 "GET /placement/allocations/a13868d1-3cd1-450a-8a2e-bd41349df3b8" {{(pid=107619) __call__ /opt/stack/placement/placement/requestlog.py:55}}
Oct 05 16:29:50.298362 n-d-854355-5 devstack@placement-api.service[107619]: INFO placement.requestlog [req-3bc986bc-a74b-4405-b780-dab32f053021 req-88dbbb9d-a219-4eec-973c-f0bf4a9feb75 service placement] 10.222.0.45 "GET /placement/allocations/a13868d1-3cd1-450a-8a2e-bd41349df3b8" status: 200 len: 259 microversion: 1.28
Oct 05 16:29:50.301242 n-d-854355-5 devstack@placement-api.service[107619]: [pid: 107619|app: 0|req: 241/485] 10.222.0.45 () {60 vars in 1377 bytes} [Wed Oct 5 16:29:50 2022] GET /placement/allocations/a13868d1-3cd1-450a-8a2e-bd41349df3b8 => generated 259 bytes in 24 msecs (HTTP/1.1 200) 8 headers in 296 bytes (1 switches on core 0)
Oct 05 16:29:50.310497 n-d-854355-5 devstack@placement-api.service[107620]: DEBUG placement.requestlog [req-3bc986bc-a74b-4405-b780-dab32f053021 req-bf351777-e680-4820-a192-f3d3ec122386 None None] Starting request: 10.222.0.45 "GET /placement/allocations/1ac36c66-a56d-4416-89b9-694e8e59abe5" {{(pid=107620) __call__ /opt/stack/placement/placement/requestlog.py:55}}
Oct 05 16:29:50.326709 n-d-854355-5 devstack@placement-api.service[107620]: INFO placement.requestlog [req-3bc986bc-a74b-4405-b780-dab32f053021 req-bf351777-e680-4820-a192-f3d3ec122386 service placement] 10.222.0.45 "GET /placement/allocations/1ac36c66-a56d-4416-89b9-694e8e59abe5" status: 200 len: 259 microversion: 1.28
Oct 05 16:29:50.327771 n-d-854355-5 devstack@placement-api.service[107620]: [pid: 107620|app: 0|req: 245/486] 10.222.0.45 () {60 vars in 1377 bytes} [Wed Oct 5 16:29:50 2022] GET /placement/allocations/1ac36c66-a56d-4416-89b9-694e8e59abe5 => generated 259 bytes in 17 msecs (HTTP/1.1 200) 8 headers in 296 bytes (1 switches on core 0)
Oct 05 16:29:50.335437 n-d-854355-5 devstack@placement-api.service[107619]: DEBUG placement.requestlog [req-3bc986bc-a74b-4405-b780-dab32f053021 req-3770db04-682c-4834-8ea1-12f9af6c86a0 None None] Starting request: 10.222.0.45 "GET /placement/allocations/09c1857b-285f-417e-9390-4dc360355bf2" {{(pid=107619) __call__ /opt/stack/placement/placement/requestlog.py:55}}
Oct 05 16:29:50.356212 n-d-854355-5 devstack@placement-api.service[107619]: INFO placement.requestlog [req-3bc986bc-a74b-4405-b780-dab32f053021 req-3770db04-682c-4834-8ea1-12f9af6c86a0 service placement] 10.222.0.45 "GET /placement/allocations/09c1857b-285f-417e-9390-4dc360355bf2" status: 200 len: 259 microversion: 1.28
Oct 05 16:29:50.357967 n-d-854355-5 devstack@placement-api.service[107619]: [pid: 107619|app: 0|req: 242/487] 10.222.0.45 () {60 vars in 1377 bytes} [Wed Oct 5 16:29:50 2022] GET /placement/allocations/09c1857b-285f-417e-9390-4dc360355bf2 => generated 259 bytes in 23 msecs (HTTP/1.1 200) 8 headers in 296 bytes (1 switches on core 0)
Oct 05 16:29:50.374791 n-d-854355-5 devstack@placement-api.service[107620]: DEBUG placement.requestlog [req-3bc986bc-a74b-4405-b780-dab32f053021 req-8d620e50-3dfb-40f2-8e47-8f5f3aa50f81 None None] Starting request: 10.222.0.45 "GET /placement/allocations/ae98bf47-541d-4300-8cc5-90c6fd270868" {{(pid=107620) __call__ /opt/stack/placement/placement/requestlog.py:55}}
Oct 05 16:29:50.400828 n-d-854355-5 devstack@placement-api.service[107620]: INFO placement.requestlog [req-3bc986bc-a74b-4405-b780-dab32f053021 req-8d620e50-3dfb-40f2-8e47-8f5f3aa50f81 service placement] 10.222.0.45 "GET /placement/allocations/ae98bf47-541d-4300-8cc5-90c6fd270868" status: 200 len: 259 microversion: 1.28
Oct 05 16:29:50.401585 n-d-854355-5 devstack@placement-api.service[107620]: [pid: 107620|app: 0|req: 246/488] 10.222.0.45 () {60 vars in 1377 bytes} [Wed Oct 5 16:29:50 2022] GET /placement/allocations/ae98bf47-541d-4300-8cc5-90c6fd270868 => generated 259 bytes in 28 msecs (HTTP/1.1 200) 8 headers in 296 bytes (1 switches on core 0)
Oct 05 16:29:50.410965 n-d-854355-5 devstack@placement-api.service[107619]: DEBUG placement.requestlog [req-3bc986bc-a74b-4405-b780-dab32f053021 req-bbf254e9-6d65-4776-a052-d28e51040539 None None] Starting request: 10.222.0.45 "GET /placement/allocations/14ea0c01-955b-4a60-ae3b-d55e8642d6b3" {{(pid=107619) __call__ /opt/stack/placement/placement/requestlog.py:55}}
Oct 05 16:29:50.429101 n-d-854355-5 devstack@placement-api.service[107619]: INFO placement.requestlog [req-3bc986bc-a74b-4405-b780-dab32f053021 req-bbf254e9-6d65-4776-a052-d28e51040539 service placement] 10.222.0.45 "GET /placement/allocations/14ea0c01-955b-4a60-ae3b-d55e8642d6b3" status: 200 len: 259 microversion: 1.28
Oct 05 16:29:50.429948 n-d-854355-5 devstack@placement-api.service[107619]: [pid: 107619|app: 0|req: 243/489] 10.222.0.45 () {60 vars in 1377 bytes} [Wed Oct 5 16:29:50 2022] GET /placement/allocations/14ea0c01-955b-4a60-ae3b-d55e8642d6b3 => generated 259 bytes in 19 msecs (HTTP/1.1 200) 8 headers in 296 bytes (1 switches on core 0)
Oct 05 16:29:50.801703 n-d-854355-5 devstack@placement-api.service[107620]: DEBUG placement.requestlog [req-3bc986bc-a74b-4405-b780-dab32f053021 req-61745b70-9a78-4238-9795-681846f1d05d None None] Starting request: 10.222.0.45 "GET /placement/allocations/8f4b16ce-b99d-4ad4-a35a-df8bdade64b4" {{(pid=107620) __call__ /opt/stack/placement/placement/requestlog.py:55}}
Oct 05 16:29:50.831267 n-d-854355-5 devstack@placement-api.service[107620]: INFO placement.requestlog [req-3bc986bc-a74b-4405-b780-dab32f053021 req-61745b70-9a78-4238-9795-681846f1d05d service placement] 10.222.0.45 "GET /placement/allocations/8f4b16ce-b99d-4ad4-a35a-df8bdade64b4" status: 200 len: 259 microversion: 1.28
Oct 05 16:29:50.832076 n-d-854355-5 devstack@placement-api.service[107620]: [pid: 107620|app: 0|req: 247/490] 10.222.0.45 () {60 vars in 1377 bytes} [Wed Oct 5 16:29:50 2022] GET /placement/allocations/8f4b16ce-b99d-4ad4-a35a-df8bdade64b4 => generated 259 bytes in 31 msecs (HTTP/1.1 200) 8 headers in 296 bytes (1 switches on core 0)
Oct 05 16:29:50.841198 n-d-854355-5 devstack@placement-api.service[107619]: DEBUG placement.requestlog [req-3bc986bc-a74b-4405-b780-dab32f053021 req-d8a4071c-ddfb-49ed-9b62-060421f61fd0 None None] Starting request: 10.222.0.45 "GET /placement/allocations/b7d2f620-0d40-4281-b3b0-20d15bdb26e8" {{(pid=107619) __call__ /opt/stack/placement/placement/requestlog.py:55}}
Oct 05 16:29:50.866724 n-d-854355-5 devstack@placement-api.service[107619]: INFO placement.requestlog [req-3bc986bc-a74b-4405-b780-dab32f053021 req-d8a4071c-ddfb-49ed-9b62-060421f61fd0 service placement] 10.222.0.45 "GET /placement/allocations/b7d2f620-0d40-4281-b3b0-20d15bdb26e8" status: 200 len: 259 microversion: 1.28
Oct 05 16:29:50.867852 n-d-854355-5 devstack@placement-api.service[107619]: [pid: 107619|app: 0|req: 244/491] 10.222.0.45 () {60 vars in 1377 bytes} [Wed Oct 5 16:29:50 2022] GET /placement/allocations/b7d2f620-0d40-4281-b3b0-20d15bdb26e8 => generated 259 bytes in 27 msecs (HTTP/1.1 200) 8 headers in 296 bytes (1 switches on core 0)
Oct 05 16:29:51.630099 n-d-854355-5 devstack@placement-api.service[107620]: DEBUG placement.requestlog [req-3bc986bc-a74b-4405-b780-dab32f053021 req-51d057e8-251c-4568-a634-2289d1d171dc None None] Starting request: 10.222.0.45 "GET /placement/allocations/8f4b16ce-b99d-4ad4-a35a-df8bdade64b4" {{(pid=107620) __call__ /opt/stack/placement/placement/requestlog.py:55}}
Oct 05 16:29:51.631006 n-d-854355-5 devstack@placement-api.service[107619]: DEBUG placement.requestlog [req-bf798e7b-21f8-4ee4-aad4-fcb4022c300f req-4a15d580-e40e-4af9-87b4-2c2e32e8afcd None None] Starting request: 10.222.0.45 "GET /placement/resource_providers/fc72f0c8-f11e-4a30-8943-778096208570/allocations" {{(pid=107619) __call__ /opt/stack/placement/placement/requestlog.py:55}}
Oct 05 16:29:51.712616 n-d-854355-5 devstack@placement-api.service[107620]: INFO placement.requestlog [req-3bc986bc-a74b-4405-b780-dab32f053021 req-51d057e8-251c-4568-a634-2289d1d171dc service placement] 10.222.0.45 "GET /placement/allocations/8f4b16ce-b99d-4ad4-a35a-df8bdade64b4" status: 200 len: 259 microversion: 1.28
Oct 05 16:29:51.715061 n-d-854355-5 devstack@placement-api.service[107620]: [pid: 107620|app: 0|req: 248/492] 10.222.0.45 () {60 vars in 1377 bytes} [Wed Oct 5 16:29:51 2022] GET /placement/allocations/8f4b16ce-b99d-4ad4-a35a-df8bdade64b4 => generated 259 bytes in 86 msecs (HTTP/1.1 200) 8 headers in 296 bytes (1 switches on core 0)
Oct 05 16:29:51.722574 n-d-854355-5 devstack@placement-api.service[107620]: DEBUG placement.requestlog [req-3bc986bc-a74b-4405-b780-dab32f053021 req-2f5123c0-395d-4db8-bba6-969edce49c80 None None] Starting request: 10.222.0.45 "PUT /placement/allocations/8f4b16ce-b99d-4ad4-a35a-df8bdade64b4" {{(pid=107620) __call__ /opt/stack/placement/placement/requestlog.py:55}}
Oct 05 16:29:51.755594 n-d-854355-5 devstack@placement-api.service[107619]: INFO placement.requestlog [req-bf798e7b-21f8-4ee4-aad4-fcb4022c300f req-4a15d580-e40e-4af9-87b4-2c2e32e8afcd service placement] 10.222.0.45 "GET /placement/resource_providers/fc72f0c8-f11e-4a30-8943-778096208570/allocations" status: 200 len: 861 microversion: 1.0
Oct 05 16:29:51.756575 n-d-854355-5 devstack@placement-api.service[107619]: [pid: 107619|app: 0|req: 245/493] 10.222.0.45 () {58 vars in 1390 bytes} [Wed Oct 5 16:29:51 2022] GET /placement/resource_providers/fc72f0c8-f11e-4a30-8943-778096208570/allocations => generated 861 bytes in 128 msecs (HTTP/1.1 200) 6 headers in 224 bytes (1 switches on core 0)
Oct 05 16:29:51.767298 n-d-854355-5 devstack@placement-api.service[107619]: DEBUG placement.requestlog [req-bf798e7b-21f8-4ee4-aad4-fcb4022c300f req-de046a83-6798-4bca-b64e-364ac55ce3be None None] Starting request: 10.222.0.45 "GET /placement/allocations/0dd80643-c7e6-484a-b267-27518c9b6f8e" {{(pid=107619) __call__ /opt/stack/placement/placement/requestlog.py:55}}
Oct 05 16:29:51.815522 n-d-854355-5 devstack@placement-api.service[107619]: INFO placement.requestlog [req-bf798e7b-21f8-4ee4-aad4-fcb4022c300f req-de046a83-6798-4bca-b64e-364ac55ce3be service placement] 10.222.0.45 "GET /placement/allocations/0dd80643-c7e6-484a-b267-27518c9b6f8e" status: 200 len: 259 microversion: 1.28
Oct 05 16:29:51.816307 n-d-854355-5 devstack@placement-api.service[107619]: [pid: 107619|app: 0|req: 246/494] 10.222.0.45 () {60 vars in 1377 bytes} [Wed Oct 5 16:29:51 2022] GET /placement/allocations/0dd80643-c7e6-484a-b267-27518c9b6f8e => generated 259 bytes in 49 msecs (HTTP/1.1 200) 8 headers in 296 bytes (2 switches on core 0)
Oct 05 16:29:51.851757 n-d-854355-5 devstack@placement-api.service[107619]: DEBUG placement.requestlog [req-bf798e7b-21f8-4ee4-aad4-fcb4022c300f req-782ebc5a-afb0-457d-b110-60f1fc1b0e4a None None] Starting request: 10.222.0.45 "GET /placement/allocations/a13868d1-3cd1-450a-8a2e-bd41349df3b8" {{(pid=107619) __call__ /opt/stack/placement/placement/requestlog.py:55}}
Oct 05 16:29:51.890536 n-d-854355-5 devstack@placement-api.service[107620]: DEBUG placement.handlers.allocation [req-3bc986bc-a74b-4405-b780-dab32f053021 req-2f5123c0-395d-4db8-bba6-969edce49c80 service placement] Successfully wrote allocations [, , ] {{(pid=107620) _update_consumers_and_create_allocations /opt/stack/placement/placement/handlers/allocation.py:462}}
Oct 05 16:29:51.902824 n-d-854355-5 devstack@placement-api.service[107620]: INFO placement.requestlog [req-3bc986bc-a74b-4405-b780-dab32f053021 req-2f5123c0-395d-4db8-bba6-969edce49c80 service placement] 10.222.0.45 "PUT /placement/allocations/8f4b16ce-b99d-4ad4-a35a-df8bdade64b4" status: 204 len: 0 microversion: 1.28
Oct 05 16:29:51.903520 n-d-854355-5 devstack@placement-api.service[107620]: [pid: 107620|app: 0|req: 249/495] 10.222.0.45 () {64 vars in 1430 bytes} [Wed Oct 5 16:29:51 2022] PUT /placement/allocations/8f4b16ce-b99d-4ad4-a35a-df8bdade64b4 => generated 0 bytes in 181 msecs (HTTP/1.1 204) 5 headers in 199 bytes (2 switches on core 0)
Oct 05 16:29:51.941311 n-d-854355-5 devstack@placement-api.service[107619]: INFO placement.requestlog [req-bf798e7b-21f8-4ee4-aad4-fcb4022c300f req-782ebc5a-afb0-457d-b110-60f1fc1b0e4a service placement] 10.222.0.45 "GET /placement/allocations/a13868d1-3cd1-450a-8a2e-bd41349df3b8" status: 200 len: 259 microversion: 1.28
Oct 05 16:29:51.949510 n-d-854355-5 devstack@placement-api.service[107619]: [pid: 107619|app: 0|req: 247/496] 10.222.0.45 () {60 vars in 1377 bytes} [Wed Oct 5 16:29:51 2022] GET /placement/allocations/a13868d1-3cd1-450a-8a2e-bd41349df3b8 => generated 259 bytes in 100 msecs (HTTP/1.1 200) 8 headers in 296 bytes (1 switches on core 0)
Oct 05 16:29:51.950601 n-d-854355-5 devstack@placement-api.service[107620]: DEBUG placement.requestlog [req-bf798e7b-21f8-4ee4-aad4-fcb4022c300f req-49ece577-bd0b-4a11-b241-3480641e54e0 None None] Starting request: 10.222.0.45 "GET /placement/allocations/1ac36c66-a56d-4416-89b9-694e8e59abe5" {{(pid=107620) __call__ /opt/stack/placement/placement/requestlog.py:55}}
Oct 05 16:29:51.985140 n-d-854355-5 devstack@placement-api.service[107620]: INFO placement.requestlog [req-bf798e7b-21f8-4ee4-aad4-fcb4022c300f req-49ece577-bd0b-4a11-b241-3480641e54e0 service placement] 10.222.0.45 "GET /placement/allocations/1ac36c66-a56d-4416-89b9-694e8e59abe5" status: 200 len: 259 microversion: 1.28
Oct 05 16:29:51.985824 n-d-854355-5 devstack@placement-api.service[107620]: [pid: 107620|app: 0|req: 250/497] 10.222.0.45 () {60 vars in 1377 bytes} [Wed Oct 5 16:29:51 2022] GET /placement/allocations/1ac36c66-a56d-4416-89b9-694e8e59abe5 => generated 259 bytes in 35 msecs (HTTP/1.1 200) 8 headers in 296 bytes (1 switches on core 0)
Oct 05 16:29:51.993425 n-d-854355-5 devstack@placement-api.service[107619]: DEBUG placement.requestlog [req-bf798e7b-21f8-4ee4-aad4-fcb4022c300f req-4743baa9-32d7-4a21-b2ac-955e354e7db8 None None] Starting request: 10.222.0.45 "GET /placement/allocations/09c1857b-285f-417e-9390-4dc360355bf2" {{(pid=107619) __call__ /opt/stack/placement/placement/requestlog.py:55}}
Oct 05 16:29:52.024417 n-d-854355-5 devstack@placement-api.service[107619]: INFO placement.requestlog [req-bf798e7b-21f8-4ee4-aad4-fcb4022c300f req-4743baa9-32d7-4a21-b2ac-955e354e7db8 service placement] 10.222.0.45 "GET /placement/allocations/09c1857b-285f-417e-9390-4dc360355bf2" status: 200 len: 259 microversion: 1.28
Oct 05 16:29:52.025090 n-d-854355-5 devstack@placement-api.service[107619]: [pid: 107619|app: 0|req: 248/498] 10.222.0.45 () {60 vars in 1377 bytes} [Wed Oct 5 16:29:51 2022] GET /placement/allocations/09c1857b-285f-417e-9390-4dc360355bf2 => generated 259 bytes in 32 msecs (HTTP/1.1 200) 8 headers in 296 bytes (1 switches on core 0)
Oct 05 16:29:52.033403 n-d-854355-5 devstack@placement-api.service[107620]: DEBUG placement.requestlog [req-bf798e7b-21f8-4ee4-aad4-fcb4022c300f req-f7a5d416-f642-47ad-8198-a0aebe2b47b4 None None] Starting request: 10.222.0.45 "GET /placement/allocations/ae98bf47-541d-4300-8cc5-90c6fd270868" {{(pid=107620) __call__ /opt/stack/placement/placement/requestlog.py:55}}
Oct 05 16:29:52.065670 n-d-854355-5 devstack@placement-api.service[107620]: INFO placement.requestlog [req-bf798e7b-21f8-4ee4-aad4-fcb4022c300f req-f7a5d416-f642-47ad-8198-a0aebe2b47b4 service placement] 10.222.0.45 "GET /placement/allocations/ae98bf47-541d-4300-8cc5-90c6fd270868" status: 200 len: 259 microversion: 1.28
Oct 05 16:29:52.066241 n-d-854355-5 devstack@placement-api.service[107620]: [pid: 107620|app: 0|req: 251/499] 10.222.0.45 () {60 vars in 1377 bytes} [Wed Oct 5 16:29:52 2022] GET /placement/allocations/ae98bf47-541d-4300-8cc5-90c6fd270868 => generated 259 bytes in 33 msecs (HTTP/1.1 200) 8 headers in 296 bytes (1 switches on core 0)
Oct 05 16:29:52.074469 n-d-854355-5 devstack@placement-api.service[107619]: DEBUG placement.requestlog [req-bf798e7b-21f8-4ee4-aad4-fcb4022c300f req-55bdfc34-e869-49de-aba5-2e1aa6ea406c None None] Starting request: 10.222.0.45 "GET /placement/allocations/14ea0c01-955b-4a60-ae3b-d55e8642d6b3" {{(pid=107619) __call__ /opt/stack/placement/placement/requestlog.py:55}}
Oct 05 16:29:52.105296 n-d-854355-5 devstack@placement-api.service[107619]: INFO placement.requestlog [req-bf798e7b-21f8-4ee4-aad4-fcb4022c300f req-55bdfc34-e869-49de-aba5-2e1aa6ea406c service placement] 10.222.0.45 "GET /placement/allocations/14ea0c01-955b-4a60-ae3b-d55e8642d6b3" status: 200 len: 259 microversion: 1.28
Oct 05 16:29:52.105695 n-d-854355-5 devstack@placement-api.service[107619]: [pid: 107619|app: 0|req: 249/500] 10.222.0.45 () {60 vars in 1377 bytes} [Wed Oct 5 16:29:52 2022] GET /placement/allocations/14ea0c01-955b-4a60-ae3b-d55e8642d6b3 => generated 259 bytes in 32 msecs (HTTP/1.1 200) 8 headers in 296 bytes (2 switches on core 0)
Oct 05 16:29:52.115827 n-d-854355-5 devstack@placement-api.service[107620]: DEBUG placement.requestlog [req-bf798e7b-21f8-4ee4-aad4-fcb4022c300f req-08a85bc1-145e-4332-b188-3a43f1872537 None None] Starting request: 10.222.0.45 "GET /placement/allocations/8f4b16ce-b99d-4ad4-a35a-df8bdade64b4" {{(pid=107620) __call__ /opt/stack/placement/placement/requestlog.py:55}}
Oct 05 16:29:52.132515 n-d-854355-5 devstack@placement-api.service[107620]: DEBUG dbcounter [-] [107620] Writing DB stats placement:INSERT=4,placement:SELECT=88,placement:DELETE=4,placement:UPDATE=4 {{(pid=107620) stat_writer /usr/local/lib/python3.8/dist-packages/dbcounter.py:114}}
Oct 05 16:29:52.135348 n-d-854355-5 devstack@placement-api.service[107620]: INFO placement.requestlog [req-bf798e7b-21f8-4ee4-aad4-fcb4022c300f req-08a85bc1-145e-4332-b188-3a43f1872537 service placement] 10.222.0.45 "GET /placement/allocations/8f4b16ce-b99d-4ad4-a35a-df8bdade64b4" status: 200 len: 19 microversion: 1.28
Oct 05 16:29:52.137567 n-d-854355-5 devstack@placement-api.service[107620]: [pid: 107620|app: 0|req: 252/501] 10.222.0.45 () {60 vars in 1377 bytes} [Wed Oct 5 16:29:52 2022] GET /placement/allocations/8f4b16ce-b99d-4ad4-a35a-df8bdade64b4 => generated 19 bytes in 22 msecs (HTTP/1.1 200) 8 headers in 295 bytes (1 switches on core 0)
Oct 05 16:29:52.177515 n-d-854355-5 devstack@placement-api.service[107619]: DEBUG placement.requestlog [req-bf798e7b-21f8-4ee4-aad4-fcb4022c300f req-a5262062-356c-43e5-aa67-359502fcd340 None None] Starting request: 10.222.0.45 "GET /placement/allocations/b7d2f620-0d40-4281-b3b0-20d15bdb26e8" {{(pid=107619) __call__ /opt/stack/placement/placement/requestlog.py:55}}
Oct 05 16:29:52.201609 n-d-854355-5 devstack@placement-api.service[107619]: DEBUG dbcounter [-] [107619] Writing DB stats placement:INSERT=4,placement:SELECT=90,placement:DELETE=3,placement:UPDATE=3 {{(pid=107619) stat_writer /usr/local/lib/python3.8/dist-packages/dbcounter.py:114}}
Oct 05 16:29:52.213255 n-d-854355-5 devstack@placement-api.service[107619]: INFO placement.requestlog [req-bf798e7b-21f8-4ee4-aad4-fcb4022c300f req-a5262062-356c-43e5-aa67-359502fcd340 service placement] 10.222.0.45 "GET /placement/allocations/b7d2f620-0d40-4281-b3b0-20d15bdb26e8" status: 200 len: 259 microversion: 1.28
Oct 05 16:29:52.214589 n-d-854355-5 devstack@placement-api.service[107619]: [pid: 107619|app: 0|req: 250/502] 10.222.0.45 () {60 vars in 1377 bytes} [Wed Oct 5 16:29:52 2022] GET /placement/allocations/b7d2f620-0d40-4281-b3b0-20d15bdb26e8 => generated 259 bytes in 37 msecs (HTTP/1.1 200) 8 headers in 296 bytes (1 switches on core 0)
Oct 05 16:29:52.481815 n-d-854355-5 devstack@placement-api.service[107620]: DEBUG placement.requestlog [req-bf798e7b-21f8-4ee4-aad4-fcb4022c300f req-be4798e9-8cbc-4688-ad5e-e3f12c8a6ecf None None] Starting request: 10.222.0.45 "DELETE /placement/allocations/14ea0c01-955b-4a60-ae3b-d55e8642d6b3" {{(pid=107620) __call__ /opt/stack/placement/placement/requestlog.py:55}}
Oct 05 16:29:52.571841 n-d-854355-5 devstack@placement-api.service[107620]: DEBUG placement.handlers.allocation [req-bf798e7b-21f8-4ee4-aad4-fcb4022c300f req-be4798e9-8cbc-4688-ad5e-e3f12c8a6ecf service placement] Successfully deleted allocations [, , ] {{(pid=107620) delete_allocations /opt/stack/placement/placement/handlers/allocation.py:627}}
Oct 05 16:29:52.572292 n-d-854355-5 devstack@placement-api.service[107620]: INFO placement.requestlog [req-bf798e7b-21f8-4ee4-aad4-fcb4022c300f req-be4798e9-8cbc-4688-ad5e-e3f12c8a6ecf service placement] 10.222.0.45 "DELETE /placement/allocations/14ea0c01-955b-4a60-ae3b-d55e8642d6b3" status: 204 len: 0 microversion: 1.0
Oct 05 16:29:52.572656 n-d-854355-5 devstack@placement-api.service[107620]: [pid: 107620|app: 0|req: 253/503] 10.222.0.45 () {60 vars in 1355 bytes} [Wed Oct 5 16:29:52 2022] DELETE /placement/allocations/14ea0c01-955b-4a60-ae3b-d55e8642d6b3 => generated 0 bytes in 92 msecs (HTTP/1.1 204) 5 headers in 198 bytes (1 switches on core 0)
Oct 05 16:29:52.574069 n-d-854355-5 devstack@placement-api.service[107619]: DEBUG placement.requestlog [req-6c9e23e0-5283-4bed-a93f-f45224c13def req-a52ad247-ffd8-4aea-ae01-61a7d47c533d None None] Starting request: 10.222.0.18 "GET /placement/allocation_candidates?limit=1000&resources=DISK_GB%3A1%2CMEMORY_MB%3A1024%2CVCPU%3A1&root_required=%21COMPUTE_STATUS_DISABLED" {{(pid=107619) __call__ /opt/stack/placement/placement/requestlog.py:55}}
Oct 05 16:29:52.673159 n-d-854355-5 devstack@placement-api.service[107619]: DEBUG placement.objects.research_context [req-6c9e23e0-5283-4bed-a93f-f45224c13def req-a52ad247-ffd8-4aea-ae01-61a7d47c533d service placement] getting providers with 1 DISK_GB {{(pid=107619) __init__ /opt/stack/placement/placement/objects/research_context.py:136}}
Oct 05 16:29:52.683248 n-d-854355-5 devstack@placement-api.service[107620]: DEBUG placement.requestlog [req-3d6df7d5-20ab-466b-a9a4-b373b1e5a39a req-4396973f-0211-4043-b1ec-0149c8813465 None None] Starting request: 10.222.0.45 "GET /placement/resource_providers/fc72f0c8-f11e-4a30-8943-778096208570/allocations" {{(pid=107620) __call__ /opt/stack/placement/placement/requestlog.py:55}}
Oct 05 16:29:52.709852 n-d-854355-5 devstack@placement-api.service[107619]: DEBUG placement.objects.research_context [req-6c9e23e0-5283-4bed-a93f-f45224c13def req-a52ad247-ffd8-4aea-ae01-61a7d47c533d service placement] getting providers with 1024 MEMORY_MB {{(pid=107619) __init__ /opt/stack/placement/placement/objects/research_context.py:136}}
Oct 05 16:29:52.732154 n-d-854355-5 devstack@placement-api.service[107619]: DEBUG placement.objects.research_context [req-6c9e23e0-5283-4bed-a93f-f45224c13def req-a52ad247-ffd8-4aea-ae01-61a7d47c533d service placement] getting providers with 1 VCPU {{(pid=107619) __init__ /opt/stack/placement/placement/objects/research_context.py:136}}
Oct 05 16:29:52.748771 n-d-854355-5 devstack@placement-api.service[107620]: INFO placement.requestlog [req-3d6df7d5-20ab-466b-a9a4-b373b1e5a39a req-4396973f-0211-4043-b1ec-0149c8813465 service placement] 10.222.0.45 "GET /placement/resource_providers/fc72f0c8-f11e-4a30-8943-778096208570/allocations" status: 200 len: 659 microversion: 1.0
Oct 05 16:29:52.753388 n-d-854355-5 devstack@placement-api.service[107620]: [pid: 107620|app: 0|req: 254/504] 10.222.0.45 () {58 vars in 1390 bytes} [Wed Oct 5 16:29:52 2022] GET /placement/resource_providers/fc72f0c8-f11e-4a30-8943-778096208570/allocations => generated 659 bytes in 70 msecs (HTTP/1.1 200) 6 headers in 224 bytes (1 switches on core 0)
Oct 05 16:29:52.760563 n-d-854355-5 devstack@placement-api.service[107619]: DEBUG placement.objects.research_context [req-6c9e23e0-5283-4bed-a93f-f45224c13def req-a52ad247-ffd8-4aea-ae01-61a7d47c533d service placement] found 2 providers with available 1 DISK_GB {{(pid=107619) get_provider_ids_matching /opt/stack/placement/placement/objects/research_context.py:563}}
Oct 05 16:29:52.761321 n-d-854355-5 devstack@placement-api.service[107619]: DEBUG placement.objects.research_context [req-6c9e23e0-5283-4bed-a93f-f45224c13def req-a52ad247-ffd8-4aea-ae01-61a7d47c533d service placement] found 2 providers with available 1024 MEMORY_MB {{(pid=107619) get_provider_ids_matching /opt/stack/placement/placement/objects/research_context.py:563}}
Oct 05 16:29:52.761321 n-d-854355-5 devstack@placement-api.service[107619]: DEBUG placement.objects.research_context [req-6c9e23e0-5283-4bed-a93f-f45224c13def req-a52ad247-ffd8-4aea-ae01-61a7d47c533d service placement] found 2 providers after filtering by previous result {{(pid=107619) get_provider_ids_matching /opt/stack/placement/placement/objects/research_context.py:594}}
Oct 05 16:29:52.761523 n-d-854355-5 devstack@placement-api.service[107619]: DEBUG placement.objects.research_context [req-6c9e23e0-5283-4bed-a93f-f45224c13def req-a52ad247-ffd8-4aea-ae01-61a7d47c533d service placement] found 2 providers with available 1 VCPU {{(pid=107619) get_provider_ids_matching /opt/stack/placement/placement/objects/research_context.py:563}}
Oct 05 16:29:52.761666 n-d-854355-5 devstack@placement-api.service[107619]: DEBUG placement.objects.research_context [req-6c9e23e0-5283-4bed-a93f-f45224c13def req-a52ad247-ffd8-4aea-ae01-61a7d47c533d service placement] found 2 providers after filtering by previous result {{(pid=107619) get_provider_ids_matching /opt/stack/placement/placement/objects/research_context.py:594}}
Oct 05 16:29:52.800102 n-d-854355-5 devstack@placement-api.service[107619]: DEBUG placement.objects.allocation_candidate [req-6c9e23e0-5283-4bed-a93f-f45224c13def req-a52ad247-ffd8-4aea-ae01-61a7d47c533d service placement] RequestGroup(use_same_provider=False, resources={DISK_GB:1, MEMORY_MB:1024, VCPU:1}, traits=(), aggregates=[]) (suffix '') returned 2 matches {{(pid=107619) _get_by_requests /opt/stack/placement/placement/objects/allocation_candidate.py:156}}
Oct 05 16:29:52.800485 n-d-854355-5 devstack@placement-api.service[107619]: DEBUG placement.objects.allocation_candidate [req-6c9e23e0-5283-4bed-a93f-f45224c13def req-a52ad247-ffd8-4aea-ae01-61a7d47c533d service placement] Merging candidates yields 2 allocation requests and 2 provider summaries {{(pid=107619) _merge_candidates /opt/stack/placement/placement/objects/allocation_candidate.py:809}}
Oct 05 16:29:52.804830 n-d-854355-5 devstack@placement-api.service[107619]: INFO placement.requestlog [req-6c9e23e0-5283-4bed-a93f-f45224c13def req-a52ad247-ffd8-4aea-ae01-61a7d47c533d service placement] 10.222.0.18 "GET /placement/allocation_candidates?limit=1000&resources=DISK_GB%3A1%2CMEMORY_MB%3A1024%2CVCPU%3A1&root_required=%21COMPUTE_STATUS_DISABLED" status: 200 len: 1309 microversion: 1.36
Oct 05 16:29:52.805756 n-d-854355-5 devstack@placement-api.service[107619]: [pid: 107619|app: 0|req: 251/505] 10.222.0.18 () {60 vars in 1506 bytes} [Wed Oct 5 16:29:52 2022] GET /placement/allocation_candidates?limit=1000&resources=DISK_GB%3A1%2CMEMORY_MB%3A1024%2CVCPU%3A1&root_required=%21COMPUTE_STATUS_DISABLED => generated 1309 bytes in 232 msecs (HTTP/1.1 200) 8 headers in 297 bytes (1 switches on core 0)
Oct 05 16:29:52.839759 n-d-854355-5 devstack@placement-api.service[107620]: DEBUG placement.requestlog [req-3d6df7d5-20ab-466b-a9a4-b373b1e5a39a req-4d37d237-d2d3-4d68-987e-dbe43aea212d None None] Starting request: 10.222.0.45 "GET /placement/resource_providers/fc72f0c8-f11e-4a30-8943-778096208570/allocations" {{(pid=107620) __call__ /opt/stack/placement/placement/requestlog.py:55}}
Oct 05 16:29:52.885469 n-d-854355-5 devstack@placement-api.service[107620]: INFO placement.requestlog [req-3d6df7d5-20ab-466b-a9a4-b373b1e5a39a req-4d37d237-d2d3-4d68-987e-dbe43aea212d service placement] 10.222.0.45 "GET /placement/resource_providers/fc72f0c8-f11e-4a30-8943-778096208570/allocations" status: 200 len: 659 microversion: 1.0
Oct 05 16:29:52.887331 n-d-854355-5 devstack@placement-api.service[107620]: [pid: 107620|app: 0|req: 255/506] 10.222.0.45 () {58 vars in 1390 bytes} [Wed Oct 5 16:29:52 2022] GET /placement/resource_providers/fc72f0c8-f11e-4a30-8943-778096208570/allocations => generated 659 bytes in 48 msecs (HTTP/1.1 200) 6 headers in 224 bytes (1 switches on core 0)
Oct 05 16:29:52.897854 n-d-854355-5 devstack@placement-api.service[107619]: DEBUG placement.requestlog [req-3d6df7d5-20ab-466b-a9a4-b373b1e5a39a req-6677b99b-9366-48ee-ae1b-1faeedd281e4 None None] Starting request: 10.222.0.45 "GET /placement/allocations/0dd80643-c7e6-484a-b267-27518c9b6f8e" {{(pid=107619) __call__ /opt/stack/placement/placement/requestlog.py:55}}
Oct 05 16:29:52.937995 n-d-854355-5 devstack@placement-api.service[107619]: INFO placement.requestlog [req-3d6df7d5-20ab-466b-a9a4-b373b1e5a39a req-6677b99b-9366-48ee-ae1b-1faeedd281e4 service placement] 10.222.0.45 "GET /placement/allocations/0dd80643-c7e6-484a-b267-27518c9b6f8e" status: 200 len: 259 microversion: 1.28
Oct 05 16:29:52.938800 n-d-854355-5 devstack@placement-api.service[107619]: [pid: 107619|app: 0|req: 252/507] 10.222.0.45 () {60 vars in 1377 bytes} [Wed Oct 5 16:29:52 2022] GET /placement/allocations/0dd80643-c7e6-484a-b267-27518c9b6f8e => generated 259 bytes in 41 msecs (HTTP/1.1 200) 8 headers in 296 bytes (1 switches on core 0)
Oct 05 16:29:52.948903 n-d-854355-5 devstack@placement-api.service[107620]: DEBUG placement.requestlog [req-3d6df7d5-20ab-466b-a9a4-b373b1e5a39a req-aa8b1be5-5ff8-46b2-82f8-cb34798e9c6d None None] Starting request: 10.222.0.45 "GET /placement/allocations/a13868d1-3cd1-450a-8a2e-bd41349df3b8" {{(pid=107620) __call__ /opt/stack/placement/placement/requestlog.py:55}}
Oct 05 16:29:52.976815 n-d-854355-5 devstack@placement-api.service[107620]: INFO placement.requestlog [req-3d6df7d5-20ab-466b-a9a4-b373b1e5a39a req-aa8b1be5-5ff8-46b2-82f8-cb34798e9c6d service placement] 10.222.0.45 "GET /placement/allocations/a13868d1-3cd1-450a-8a2e-bd41349df3b8" status: 200 len: 259 microversion: 1.28
Oct 05 16:29:52.977211 n-d-854355-5 devstack@placement-api.service[107620]: [pid: 107620|app: 0|req: 256/508] 10.222.0.45 () {60 vars in 1377 bytes} [Wed Oct 5 16:29:52 2022] GET /placement/allocations/a13868d1-3cd1-450a-8a2e-bd41349df3b8 => generated 259 bytes in 29 msecs (HTTP/1.1 200) 8 headers in 296 bytes (2 switches on core 0)
Oct 05 16:29:52.983875 n-d-854355-5 devstack@placement-api.service[107619]: DEBUG placement.requestlog [req-6c9e23e0-5283-4bed-a93f-f45224c13def req-885842a1-9792-42f1-bda7-09787dbd7cd8 None None] Starting request: 10.222.0.18 "GET /placement/allocations/5caed3af-84a1-4a8f-aecf-9a04d9814de1" {{(pid=107619) __call__ /opt/stack/placement/placement/requestlog.py:55}}
Oct 05 16:29:53.004343 n-d-854355-5 devstack@placement-api.service[107620]: DEBUG placement.requestlog [req-3d6df7d5-20ab-466b-a9a4-b373b1e5a39a req-ece68dc1-bc92-41c9-bf92-0ed318e1cd3b None None] Starting request: 10.222.0.45 "GET /placement/allocations/1ac36c66-a56d-4416-89b9-694e8e59abe5" {{(pid=107620) __call__ /opt/stack/placement/placement/requestlog.py:55}}
Oct 05 16:29:53.037776 n-d-854355-5 devstack@placement-api.service[107619]: INFO placement.requestlog [req-6c9e23e0-5283-4bed-a93f-f45224c13def req-885842a1-9792-42f1-bda7-09787dbd7cd8 service placement] 10.222.0.18 "GET /placement/allocations/5caed3af-84a1-4a8f-aecf-9a04d9814de1" status: 200 len: 19 microversion: 1.28
Oct 05 16:29:53.038511 n-d-854355-5 devstack@placement-api.service[107619]: [pid: 107619|app: 0|req: 253/509] 10.222.0.18 () {60 vars in 1380 bytes} [Wed Oct 5 16:29:52 2022] GET /placement/allocations/5caed3af-84a1-4a8f-aecf-9a04d9814de1 => generated 19 bytes in 55 msecs (HTTP/1.1 200) 8 headers in 295 bytes (1 switches on core 0)
Oct 05 16:29:53.052146 n-d-854355-5 devstack@placement-api.service[107619]: DEBUG placement.requestlog [req-6c9e23e0-5283-4bed-a93f-f45224c13def req-b9ea7f8d-27ce-4ba8-b724-5dd2aa837fb8 None None] Starting request: 10.222.0.18 "PUT /placement/allocations/5caed3af-84a1-4a8f-aecf-9a04d9814de1" {{(pid=107619) __call__ /opt/stack/placement/placement/requestlog.py:55}}
Oct 05 16:29:53.067255 n-d-854355-5 devstack@placement-api.service[107620]: INFO placement.requestlog [req-3d6df7d5-20ab-466b-a9a4-b373b1e5a39a req-ece68dc1-bc92-41c9-bf92-0ed318e1cd3b service placement] 10.222.0.45 "GET /placement/allocations/1ac36c66-a56d-4416-89b9-694e8e59abe5" status: 200 len: 259 microversion: 1.28
Oct 05 16:29:53.068228 n-d-854355-5 devstack@placement-api.service[107620]: [pid: 107620|app: 0|req: 257/510] 10.222.0.45 () {60 vars in 1377 bytes} [Wed Oct 5 16:29:53 2022] GET /placement/allocations/1ac36c66-a56d-4416-89b9-694e8e59abe5 => generated 259 bytes in 65 msecs (HTTP/1.1 200) 8 headers in 296 bytes (1 switches on core 0)
Oct 05 16:29:53.082571 n-d-854355-5 devstack@placement-api.service[107620]: DEBUG placement.requestlog [req-3d6df7d5-20ab-466b-a9a4-b373b1e5a39a req-f7e3a95b-6eb0-458c-8c57-fe874ffed4a8 None None] Starting request: 10.222.0.45 "GET /placement/allocations/09c1857b-285f-417e-9390-4dc360355bf2" {{(pid=107620) __call__ /opt/stack/placement/placement/requestlog.py:55}}
Oct 05 16:29:53.106087 n-d-854355-5 devstack@placement-api.service[107620]: INFO placement.requestlog [req-3d6df7d5-20ab-466b-a9a4-b373b1e5a39a req-f7e3a95b-6eb0-458c-8c57-fe874ffed4a8 service placement] 10.222.0.45 "GET /placement/allocations/09c1857b-285f-417e-9390-4dc360355bf2" status: 200 len: 259 microversion: 1.28
Oct 05 16:29:53.108706 n-d-854355-5 devstack@placement-api.service[107620]: [pid: 107620|app: 0|req: 258/511] 10.222.0.45 () {60 vars in 1377 bytes} [Wed Oct 5 16:29:53 2022] GET /placement/allocations/09c1857b-285f-417e-9390-4dc360355bf2 => generated 259 bytes in 27 msecs (HTTP/1.1 200) 8 headers in 296 bytes (2 switches on core 0)
Oct 05 16:29:53.121559 n-d-854355-5 devstack@placement-api.service[107620]: DEBUG placement.requestlog [req-3d6df7d5-20ab-466b-a9a4-b373b1e5a39a req-c3f13944-bb72-4dd6-ac7d-5dbeb43b14da None None] Starting request: 10.222.0.45 "GET /placement/allocations/b7d2f620-0d40-4281-b3b0-20d15bdb26e8" {{(pid=107620) __call__ /opt/stack/placement/placement/requestlog.py:55}}
Oct 05 16:29:53.152619 n-d-854355-5 devstack@placement-api.service[107620]: INFO placement.requestlog [req-3d6df7d5-20ab-466b-a9a4-b373b1e5a39a req-c3f13944-bb72-4dd6-ac7d-5dbeb43b14da service placement] 10.222.0.45 "GET /placement/allocations/b7d2f620-0d40-4281-b3b0-20d15bdb26e8" status: 200 len: 259 microversion: 1.28
Oct 05 16:29:53.153274 n-d-854355-5 devstack@placement-api.service[107620]: [pid: 107620|app: 0|req: 259/512] 10.222.0.45 () {60 vars in 1377 bytes} [Wed Oct 5 16:29:53 2022] GET /placement/allocations/b7d2f620-0d40-4281-b3b0-20d15bdb26e8 => generated 259 bytes in 32 msecs (HTTP/1.1 200) 8 headers in 296 bytes (1 switches on core 0)
Oct 05 16:29:53.176303 n-d-854355-5 devstack@placement-api.service[107620]: DEBUG placement.requestlog [req-3d6df7d5-20ab-466b-a9a4-b373b1e5a39a req-b8ebcc38-1139-4b47-b4d2-965b64300c9f None None] Starting request: 10.222.0.45 "GET /placement/allocations/ae98bf47-541d-4300-8cc5-90c6fd270868" {{(pid=107620) __call__ /opt/stack/placement/placement/requestlog.py:55}}
Oct 05 16:29:53.208492 n-d-854355-5 devstack@placement-api.service[107620]: INFO placement.requestlog [req-3d6df7d5-20ab-466b-a9a4-b373b1e5a39a req-b8ebcc38-1139-4b47-b4d2-965b64300c9f service placement] 10.222.0.45 "GET /placement/allocations/ae98bf47-541d-4300-8cc5-90c6fd270868" status: 200 len: 259 microversion: 1.28
Oct 05 16:29:53.208893 n-d-854355-5 devstack@placement-api.service[107620]: [pid: 107620|app: 0|req: 260/513] 10.222.0.45 () {60 vars in 1377 bytes} [Wed Oct 5 16:29:53 2022] GET /placement/allocations/ae98bf47-541d-4300-8cc5-90c6fd270868 => generated 259 bytes in 34 msecs (HTTP/1.1 200) 8 headers in 296 bytes (2 switches on core 0)
Oct 05 16:29:53.211081 n-d-854355-5 devstack@placement-api.service[107620]: DEBUG placement.requestlog [None req-50e797fc-9750-4279-8efe-1d01b279fd3f None None] Starting request: 10.222.0.18 "GET /placement/resource_providers/dd0e910e-c230-4b28-92f0-574111170579/aggregates" {{(pid=107620) __call__ /opt/stack/placement/placement/requestlog.py:55}}
Oct 05 16:29:53.214698 n-d-854355-5 devstack@placement-api.service[107619]: DEBUG placement.handlers.allocation [req-6c9e23e0-5283-4bed-a93f-f45224c13def req-b9ea7f8d-27ce-4ba8-b724-5dd2aa837fb8 service placement] Successfully wrote allocations [, , ] {{(pid=107619) _update_consumers_and_create_allocations /opt/stack/placement/placement/handlers/allocation.py:462}}
Oct 05 16:29:53.224585 n-d-854355-5 devstack@placement-api.service[107619]: INFO placement.requestlog [req-6c9e23e0-5283-4bed-a93f-f45224c13def req-b9ea7f8d-27ce-4ba8-b724-5dd2aa837fb8 service placement] 10.222.0.18 "PUT /placement/allocations/5caed3af-84a1-4a8f-aecf-9a04d9814de1" status: 204 len: 0 microversion: 1.36
Oct 05 16:29:53.232970 n-d-854355-5 devstack@placement-api.service[107619]: [pid: 107619|app: 0|req: 254/514] 10.222.0.18 () {64 vars in 1433 bytes} [Wed Oct 5 16:29:53 2022] PUT /placement/allocations/5caed3af-84a1-4a8f-aecf-9a04d9814de1 => generated 0 bytes in 173 msecs (HTTP/1.1 204) 5 headers in 199 bytes (2 switches on core 0)
Oct 05 16:29:53.373385 n-d-854355-5 devstack@placement-api.service[107620]: INFO placement.requestlog [None req-50e797fc-9750-4279-8efe-1d01b279fd3f service placement] 10.222.0.18 "GET /placement/resource_providers/dd0e910e-c230-4b28-92f0-574111170579/aggregates" status: 404 len: 235 microversion: 1.1
Oct 05 16:29:53.374963 n-d-854355-5 devstack@placement-api.service[107620]: [pid: 107620|app: 0|req: 261/515] 10.222.0.18 () {58 vars in 1362 bytes} [Wed Oct 5 16:29:53 2022] GET /placement/resource_providers/dd0e910e-c230-4b28-92f0-574111170579/aggregates => generated 235 bytes in 164 msecs (HTTP/1.1 404) 5 headers in 202 bytes (1 switches on core 0)
Oct 05 16:29:53.547444 n-d-854355-5 devstack@placement-api.service[107619]: DEBUG placement.requestlog [None req-3e47474a-4bd3-43a4-8c32-c1f0bd46334a None None] Starting request: 10.222.0.18 "DELETE /placement/resource_providers/dd0e910e-c230-4b28-92f0-574111170579" {{(pid=107619) __call__ /opt/stack/placement/placement/requestlog.py:55}}
Oct 05 16:29:53.568022 n-d-854355-5 devstack@placement-api.service[107619]: DEBUG placement.wsgi_wrapper [None req-3e47474a-4bd3-43a4-8c32-c1f0bd46334a service placement] Placement API returning an error response: No resource provider with uuid dd0e910e-c230-4b28-92f0-574111170579 found for delete {{(pid=107619) call_func /opt/stack/placement/placement/wsgi_wrapper.py:31}}
Oct 05 16:29:53.570055 n-d-854355-5 devstack@placement-api.service[107619]: INFO placement.requestlog [None req-3e47474a-4bd3-43a4-8c32-c1f0bd46334a service placement] 10.222.0.18 "DELETE /placement/resource_providers/dd0e910e-c230-4b28-92f0-574111170579" status: 404 len: 246 microversion: 1.1
Oct 05 16:29:53.572282 n-d-854355-5 devstack@placement-api.service[107619]: [pid: 107619|app: 0|req: 255/516] 10.222.0.18 () {60 vars in 1351 bytes} [Wed Oct 5 16:29:53 2022] DELETE /placement/resource_providers/dd0e910e-c230-4b28-92f0-574111170579 => generated 246 bytes in 26 msecs (HTTP/1.1 404) 6 headers in 231 bytes (1 switches on core 0)
Oct 05 16:29:53.820099 n-d-854355-5 devstack@placement-api.service[107620]: DEBUG placement.requestlog [req-6c9e23e0-5283-4bed-a93f-f45224c13def req-d0420246-7b5a-4732-afc4-c98a4de8f474 None None] Starting request: 10.222.0.45 "GET /placement/allocations/5caed3af-84a1-4a8f-aecf-9a04d9814de1" {{(pid=107620) __call__ /opt/stack/placement/placement/requestlog.py:55}}
Oct 05 16:29:53.840581 n-d-854355-5 devstack@placement-api.service[107620]: INFO placement.requestlog [req-6c9e23e0-5283-4bed-a93f-f45224c13def req-d0420246-7b5a-4732-afc4-c98a4de8f474 service placement] 10.222.0.45 "GET /placement/allocations/5caed3af-84a1-4a8f-aecf-9a04d9814de1" status: 200 len: 259 microversion: 1.28
Oct 05 16:29:53.840971 n-d-854355-5 devstack@placement-api.service[107620]: [pid: 107620|app: 0|req: 262/517] 10.222.0.45 () {60 vars in 1377 bytes} [Wed Oct 5 16:29:53 2022] GET /placement/allocations/5caed3af-84a1-4a8f-aecf-9a04d9814de1 => generated 259 bytes in 21 msecs (HTTP/1.1 200) 8 headers in 296 bytes (1 switches on core 0)
Oct 05 16:29:55.119199 n-d-854355-5 devstack@placement-api.service[107619]: DEBUG placement.requestlog [req-6c9e23e0-5283-4bed-a93f-f45224c13def req-1935482a-30c2-4ee1-ac84-f69c74b2526f None None] Starting request: 10.222.0.45 "GET /placement/resource_providers/fc72f0c8-f11e-4a30-8943-778096208570/allocations" {{(pid=107619) __call__ /opt/stack/placement/placement/requestlog.py:55}}
Oct 05 16:29:55.162587 n-d-854355-5 devstack@placement-api.service[107619]: INFO placement.requestlog [req-6c9e23e0-5283-4bed-a93f-f45224c13def req-1935482a-30c2-4ee1-ac84-f69c74b2526f service placement] 10.222.0.45 "GET /placement/resource_providers/fc72f0c8-f11e-4a30-8943-778096208570/allocations" status: 200 len: 760 microversion: 1.0
Oct 05 16:29:55.171574 n-d-854355-5 devstack@placement-api.service[107619]: [pid: 107619|app: 0|req: 256/518] 10.222.0.45 () {58 vars in 1390 bytes} [Wed Oct 5 16:29:55 2022] GET /placement/resource_providers/fc72f0c8-f11e-4a30-8943-778096208570/allocations => generated 760 bytes in 52 msecs (HTTP/1.1 200) 6 headers in 224 bytes (2 switches on core 0)
Oct 05 16:29:55.204911 n-d-854355-5 devstack@placement-api.service[107620]: DEBUG placement.requestlog [req-6c9e23e0-5283-4bed-a93f-f45224c13def req-c1c40ffa-92ac-441c-899b-5ecee6eb93f2 None None] Starting request: 10.222.0.45 "GET /placement/allocations/09c1857b-285f-417e-9390-4dc360355bf2" {{(pid=107620) __call__ /opt/stack/placement/placement/requestlog.py:55}}
Oct 05 16:29:55.262813 n-d-854355-5 devstack@placement-api.service[107620]: INFO placement.requestlog [req-6c9e23e0-5283-4bed-a93f-f45224c13def req-c1c40ffa-92ac-441c-899b-5ecee6eb93f2 service placement] 10.222.0.45 "GET /placement/allocations/09c1857b-285f-417e-9390-4dc360355bf2" status: 200 len: 259 microversion: 1.28
Oct 05 16:29:55.264691 n-d-854355-5 devstack@placement-api.service[107620]: [pid: 107620|app: 0|req: 263/519] 10.222.0.45 () {60 vars in 1377 bytes} [Wed Oct 5 16:29:55 2022] GET /placement/allocations/09c1857b-285f-417e-9390-4dc360355bf2 => generated 259 bytes in 60 msecs (HTTP/1.1 200) 8 headers in 296 bytes (2 switches on core 0)
Oct 05 16:29:55.285270 n-d-854355-5 devstack@placement-api.service[107619]: DEBUG placement.requestlog [req-6c9e23e0-5283-4bed-a93f-f45224c13def req-115b1fc4-c965-4281-ac54-216257486a7e None None] Starting request: 10.222.0.45 "GET /placement/allocations/0dd80643-c7e6-484a-b267-27518c9b6f8e" {{(pid=107619) __call__ /opt/stack/placement/placement/requestlog.py:55}}
Oct 05 16:29:55.312963 n-d-854355-5 devstack@placement-api.service[107619]: INFO placement.requestlog [req-6c9e23e0-5283-4bed-a93f-f45224c13def req-115b1fc4-c965-4281-ac54-216257486a7e service placement] 10.222.0.45 "GET /placement/allocations/0dd80643-c7e6-484a-b267-27518c9b6f8e" status: 200 len: 259 microversion: 1.28
Oct 05 16:29:55.316220 n-d-854355-5 devstack@placement-api.service[107619]: [pid: 107619|app: 0|req: 257/520] 10.222.0.45 () {60 vars in 1377 bytes} [Wed Oct 5 16:29:55 2022] GET /placement/allocations/0dd80643-c7e6-484a-b267-27518c9b6f8e => generated 259 bytes in 31 msecs (HTTP/1.1 200) 8 headers in 296 bytes (1 switches on core 0)
Oct 05 16:29:55.321146 n-d-854355-5 devstack@placement-api.service[107620]: DEBUG placement.requestlog [req-6c9e23e0-5283-4bed-a93f-f45224c13def req-eec000fb-f32d-4766-b853-0f213203b1e1 None None] Starting request: 10.222.0.45 "GET /placement/allocations/a13868d1-3cd1-450a-8a2e-bd41349df3b8" {{(pid=107620) __call__ /opt/stack/placement/placement/requestlog.py:55}}
Oct 05 16:29:55.334687 n-d-854355-5 devstack@placement-api.service[107619]: DEBUG placement.requestlog [req-8b7b69e7-7e3b-48d9-bf70-dd68cfbe039a req-db127f61-fdd1-4a53-af99-5754fe194467 None None] Starting request: 10.222.0.18 "GET /placement/allocation_candidates?resources=DISK_GB%3A1%2CMEMORY_MB%3A1024%2CVCPU%3A1&root_required=%21COMPUTE_STATUS_DISABLED" {{(pid=107619) __call__ /opt/stack/placement/placement/requestlog.py:55}}
Oct 05 16:29:55.366643 n-d-854355-5 devstack@placement-api.service[107620]: INFO placement.requestlog [req-6c9e23e0-5283-4bed-a93f-f45224c13def req-eec000fb-f32d-4766-b853-0f213203b1e1 service placement] 10.222.0.45 "GET /placement/allocations/a13868d1-3cd1-450a-8a2e-bd41349df3b8" status: 200 len: 259 microversion: 1.28
Oct 05 16:29:55.369388 n-d-854355-5 devstack@placement-api.service[107620]: [pid: 107620|app: 0|req: 264/521] 10.222.0.45 () {60 vars in 1377 bytes} [Wed Oct 5 16:29:55 2022] GET /placement/allocations/a13868d1-3cd1-450a-8a2e-bd41349df3b8 => generated 259 bytes in 49 msecs (HTTP/1.1 200) 8 headers in 296 bytes (2 switches on core 0)
Oct 05 16:29:55.395217 n-d-854355-5 devstack@placement-api.service[107620]: DEBUG placement.requestlog [req-6c9e23e0-5283-4bed-a93f-f45224c13def req-c62222c0-2ece-4096-89a0-865396ead3b4 None None] Starting request: 10.222.0.45 "GET /placement/allocations/1ac36c66-a56d-4416-89b9-694e8e59abe5" {{(pid=107620) __call__ /opt/stack/placement/placement/requestlog.py:55}}
Oct 05 16:29:55.447436 n-d-854355-5 devstack@placement-api.service[107620]: INFO placement.requestlog [req-6c9e23e0-5283-4bed-a93f-f45224c13def req-c62222c0-2ece-4096-89a0-865396ead3b4 service placement] 10.222.0.45 "GET /placement/allocations/1ac36c66-a56d-4416-89b9-694e8e59abe5" status: 200 len: 259 microversion: 1.28
Oct 05 16:29:55.448971 n-d-854355-5 devstack@placement-api.service[107620]: [pid: 107620|app: 0|req: 265/522] 10.222.0.45 () {60 vars in 1377 bytes} [Wed Oct 5 16:29:55 2022] GET /placement/allocations/1ac36c66-a56d-4416-89b9-694e8e59abe5 => generated 259 bytes in 54 msecs (HTTP/1.1 200) 8 headers in 296 bytes (2 switches on core 0)
