Oct 05 16:28:19.106874 n-d-854355-5 devstack@placement-api.service[107620]: DEBUG placement.handlers.allocation [req-9c49883a-5809-4d72-8221-966c63b388cd req-ffbb6d64-9878-4726-b27c-4080effcd0d1 service placement] Successfully deleted allocations [, , ] {{(pid=107620) delete_allocations /opt/stack/placement/placement/handlers/allocation.py:627}}
Oct 05 16:28:19.107509 n-d-854355-5 devstack@placement-api.service[107620]: INFO placement.requestlog [req-9c49883a-5809-4d72-8221-966c63b388cd req-ffbb6d64-9878-4726-b27c-4080effcd0d1 service placement] 10.222.0.45 "DELETE /placement/allocations/c529fa12-0f84-4ebe-a6df-74dff1628a36" status: 204 len: 0 microversion: 1.0
Oct 05 16:28:19.107891 n-d-854355-5 devstack@placement-api.service[107620]: [pid: 107620|app: 0|req: 87/167] 10.222.0.45 () {60 vars in 1355 bytes} [Wed Oct 5 16:28:19 2022] DELETE /placement/allocations/c529fa12-0f84-4ebe-a6df-74dff1628a36 => generated 0 bytes in 80 msecs (HTTP/1.1 204) 5 headers in 198 bytes (2 switches on core 0)
Oct 05 16:28:19.117268 n-d-854355-5 devstack@placement-api.service[107619]: INFO placement.requestlog [req-3ad68075-5690-4e45-baf3-eabdf2fc86ab req-a8264539-43d1-4ee5-bcd0-301ca413964a service placement] 10.222.0.26 "GET /placement/allocations/ace792ff-41af-436d-9d6c-d533307c1237" status: 200 len: 259 microversion: 1.28
Oct 05 16:28:19.124165 n-d-854355-5 devstack@placement-api.service[107619]: [pid: 107619|app: 0|req: 81/168] 10.222.0.26 () {60 vars in 1377 bytes} [Wed Oct 5 16:28:19 2022] GET /placement/allocations/ace792ff-41af-436d-9d6c-d533307c1237 => generated 259 bytes in 56 msecs (HTTP/1.1 200) 8 headers in 296 bytes (1 switches on core 0)
Oct 05 16:28:19.281000 n-d-854355-5 devstack@placement-api.service[107620]: DEBUG placement.requestlog [req-881067db-13a1-4665-8862-40896a055c79 req-9e373cb7-ec41-4916-ad7c-38140b9de0c5 None None] Starting request: 10.222.0.45 "GET /placement/allocations/b878bc64-2dbc-4aef-8230-19a46422ea3c" {{(pid=107620) __call__ /opt/stack/placement/placement/requestlog.py:55}}
Oct 05 16:28:19.316127 n-d-854355-5 devstack@placement-api.service[107620]: INFO placement.requestlog [req-881067db-13a1-4665-8862-40896a055c79 req-9e373cb7-ec41-4916-ad7c-38140b9de0c5 service placement] 10.222.0.45 "GET /placement/allocations/b878bc64-2dbc-4aef-8230-19a46422ea3c" status: 200 len: 258 microversion: 1.28
Oct 05 16:28:19.316808 n-d-854355-5 devstack@placement-api.service[107620]: [pid: 107620|app: 0|req: 88/169] 10.222.0.45 () {60 vars in 1377 bytes} [Wed Oct 5 16:28:19 2022] GET /placement/allocations/b878bc64-2dbc-4aef-8230-19a46422ea3c => generated 258 bytes in 36 msecs (HTTP/1.1 200) 8 headers in 296 bytes (1 switches on core 0)
Oct 05 16:28:19.448579 n-d-854355-5 devstack@placement-api.service[107619]: DEBUG placement.requestlog [req-3ad68075-5690-4e45-baf3-eabdf2fc86ab req-53cd5de0-0458-4e8f-b128-afdf353f2baf None None] Starting request: 10.222.0.26 "DELETE /placement/allocations/f6466359-60d6-4e57-908a-9580840e77e0" {{(pid=107619) __call__ /opt/stack/placement/placement/requestlog.py:55}}
Oct 05 16:28:19.540897 n-d-854355-5 devstack@placement-api.service[107619]: DEBUG placement.handlers.allocation [req-3ad68075-5690-4e45-baf3-eabdf2fc86ab req-53cd5de0-0458-4e8f-b128-afdf353f2baf service placement] Successfully deleted allocations [, , ] {{(pid=107619) delete_allocations /opt/stack/placement/placement/handlers/allocation.py:627}}
Oct 05 16:28:19.541718 n-d-854355-5 devstack@placement-api.service[107619]: INFO placement.requestlog [req-3ad68075-5690-4e45-baf3-eabdf2fc86ab req-53cd5de0-0458-4e8f-b128-afdf353f2baf service placement] 10.222.0.26 "DELETE /placement/allocations/f6466359-60d6-4e57-908a-9580840e77e0" status: 204 len: 0 microversion: 1.0
Oct 05 16:28:19.542716 n-d-854355-5 devstack@placement-api.service[107619]: [pid: 107619|app: 0|req: 82/170] 10.222.0.26 () {60 vars in 1355 bytes} [Wed Oct 5 16:28:19 2022] DELETE /placement/allocations/f6466359-60d6-4e57-908a-9580840e77e0 => generated 0 bytes in 95 msecs (HTTP/1.1 204) 5 headers in 198 bytes (1 switches on core 0)
Oct 05 16:28:19.610713 n-d-854355-5 devstack@placement-api.service[107620]: DEBUG placement.requestlog [req-881067db-13a1-4665-8862-40896a055c79 req-fdbeb960-92f2-482c-80e4-4872c4b04e77 None None] Starting request: 10.222.0.45 "GET /placement/resource_providers/fc72f0c8-f11e-4a30-8943-778096208570/allocations" {{(pid=107620) __call__ /opt/stack/placement/placement/requestlog.py:55}}
Oct 05 16:28:19.659016 n-d-854355-5 devstack@placement-api.service[107620]: INFO placement.requestlog [req-881067db-13a1-4665-8862-40896a055c79 req-fdbeb960-92f2-482c-80e4-4872c4b04e77 service placement] 10.222.0.45 "GET /placement/resource_providers/fc72f0c8-f11e-4a30-8943-778096208570/allocations" status: 200 len: 254 microversion: 1.0
Oct 05 16:28:19.660001 n-d-854355-5 devstack@placement-api.service[107620]: [pid: 107620|app: 0|req: 89/171] 10.222.0.45 () {58 vars in 1390 bytes} [Wed Oct 5 16:28:19 2022] GET /placement/resource_providers/fc72f0c8-f11e-4a30-8943-778096208570/allocations => generated 254 bytes in 49 msecs (HTTP/1.1 200) 6 headers in 224 bytes (1 switches on core 0)
Oct 05 16:28:19.667152 n-d-854355-5 devstack@placement-api.service[107619]: DEBUG placement.requestlog [req-881067db-13a1-4665-8862-40896a055c79 req-c3512547-780a-4f36-9226-e2e5c3456c77 None None] Starting request: 10.222.0.45 "GET /placement/allocations/b878bc64-2dbc-4aef-8230-19a46422ea3c" {{(pid=107619) __call__ /opt/stack/placement/placement/requestlog.py:55}}
Oct 05 16:28:19.717833 n-d-854355-5 devstack@placement-api.service[107619]: INFO placement.requestlog [req-881067db-13a1-4665-8862-40896a055c79 req-c3512547-780a-4f36-9226-e2e5c3456c77 service placement] 10.222.0.45 "GET /placement/allocations/b878bc64-2dbc-4aef-8230-19a46422ea3c" status: 200 len: 258 microversion: 1.28
Oct 05 16:28:19.718789 n-d-854355-5 devstack@placement-api.service[107619]: [pid: 107619|app: 0|req: 83/172] 10.222.0.45 () {60 vars in 1377 bytes} [Wed Oct 5 16:28:19 2022] GET /placement/allocations/b878bc64-2dbc-4aef-8230-19a46422ea3c => generated 258 bytes in 52 msecs (HTTP/1.1 200) 8 headers in 296 bytes (1 switches on core 0)
Oct 05 16:28:19.727814 n-d-854355-5 devstack@placement-api.service[107620]: DEBUG placement.requestlog [req-881067db-13a1-4665-8862-40896a055c79 req-1478f2b9-c338-4998-9514-382f406647f1 None None] Starting request: 10.222.0.45 "GET /placement/allocations/418eb923-fa3c-48ea-898f-0b00b20eabea" {{(pid=107620) __call__ /opt/stack/placement/placement/requestlog.py:55}}
Oct 05 16:28:19.805127 n-d-854355-5 devstack@placement-api.service[107620]: INFO placement.requestlog [req-881067db-13a1-4665-8862-40896a055c79 req-1478f2b9-c338-4998-9514-382f406647f1 service placement] 10.222.0.45 "GET /placement/allocations/418eb923-fa3c-48ea-898f-0b00b20eabea" status: 200 len: 258 microversion: 1.28
Oct 05 16:28:19.806970 n-d-854355-5 devstack@placement-api.service[107620]: [pid: 107620|app: 0|req: 90/173] 10.222.0.45 () {60 vars in 1377 bytes} [Wed Oct 5 16:28:19 2022] GET /placement/allocations/418eb923-fa3c-48ea-898f-0b00b20eabea => generated 258 bytes in 80 msecs (HTTP/1.1 200) 8 headers in 296 bytes (1 switches on core 0)
Oct 05 16:28:21.795408 n-d-854355-5 devstack@placement-api.service[107619]: DEBUG placement.requestlog [req-f28cee8d-fa5e-4b90-a6f8-97567b77fadd req-f7451c19-feda-4c81-9e20-5da108fe8fbe None None] Starting request: 10.222.0.18 "GET /placement/allocation_candidates?limit=1000&resources=DISK_GB%3A1%2CMEMORY_MB%3A1024%2CVCPU%3A1&root_required=%21COMPUTE_STATUS_DISABLED" {{(pid=107619) __call__ /opt/stack/placement/placement/requestlog.py:55}}
Oct 05 16:28:21.928169 n-d-854355-5 devstack@placement-api.service[107619]: DEBUG dbcounter [-] [107619] Writing DB stats placement:SELECT=90,placement:INSERT=4,placement:DELETE=4,placement:UPDATE=2 {{(pid=107619) stat_writer /usr/local/lib/python3.8/dist-packages/dbcounter.py:114}}
Oct 05 16:28:21.932048 n-d-854355-5 devstack@placement-api.service[107619]: DEBUG placement.objects.research_context [req-f28cee8d-fa5e-4b90-a6f8-97567b77fadd req-f7451c19-feda-4c81-9e20-5da108fe8fbe service placement] getting providers with 1 DISK_GB {{(pid=107619) __init__ /opt/stack/placement/placement/objects/research_context.py:136}}
Oct 05 16:28:21.947045 n-d-854355-5 devstack@placement-api.service[107619]: DEBUG placement.objects.research_context [req-f28cee8d-fa5e-4b90-a6f8-97567b77fadd req-f7451c19-feda-4c81-9e20-5da108fe8fbe service placement] getting providers with 1024 MEMORY_MB {{(pid=107619) __init__ /opt/stack/placement/placement/objects/research_context.py:136}}
Oct 05 16:28:21.967341 n-d-854355-5 devstack@placement-api.service[107619]: DEBUG placement.objects.research_context [req-f28cee8d-fa5e-4b90-a6f8-97567b77fadd req-f7451c19-feda-4c81-9e20-5da108fe8fbe service placement] getting providers with 1 VCPU {{(pid=107619) __init__ /opt/stack/placement/placement/objects/research_context.py:136}}
Oct 05 16:28:21.983085 n-d-854355-5 devstack@placement-api.service[107619]: DEBUG placement.objects.research_context [req-f28cee8d-fa5e-4b90-a6f8-97567b77fadd req-f7451c19-feda-4c81-9e20-5da108fe8fbe service placement] found 2 providers with available 1 DISK_GB {{(pid=107619) get_provider_ids_matching /opt/stack/placement/placement/objects/research_context.py:563}}
Oct 05 16:28:21.983373 n-d-854355-5 devstack@placement-api.service[107619]: DEBUG placement.objects.research_context [req-f28cee8d-fa5e-4b90-a6f8-97567b77fadd req-f7451c19-feda-4c81-9e20-5da108fe8fbe service placement] found 2 providers with available 1024 MEMORY_MB {{(pid=107619) get_provider_ids_matching /opt/stack/placement/placement/objects/research_context.py:563}}
Oct 05 16:28:21.983659 n-d-854355-5 devstack@placement-api.service[107619]: DEBUG placement.objects.research_context [req-f28cee8d-fa5e-4b90-a6f8-97567b77fadd req-f7451c19-feda-4c81-9e20-5da108fe8fbe service placement] found 2 providers after filtering by previous result {{(pid=107619) get_provider_ids_matching /opt/stack/placement/placement/objects/research_context.py:594}}
Oct 05 16:28:21.983948 n-d-854355-5 devstack@placement-api.service[107619]: DEBUG placement.objects.research_context [req-f28cee8d-fa5e-4b90-a6f8-97567b77fadd req-f7451c19-feda-4c81-9e20-5da108fe8fbe service placement] found 2 providers with available 1 VCPU {{(pid=107619) get_provider_ids_matching /opt/stack/placement/placement/objects/research_context.py:563}}
Oct 05 16:28:21.984217 n-d-854355-5 devstack@placement-api.service[107619]: DEBUG placement.objects.research_context [req-f28cee8d-fa5e-4b90-a6f8-97567b77fadd req-f7451c19-feda-4c81-9e20-5da108fe8fbe service placement] found 2 providers after filtering by previous result {{(pid=107619) get_provider_ids_matching /opt/stack/placement/placement/objects/research_context.py:594}}
Oct 05 16:28:22.012938 n-d-854355-5 devstack@placement-api.service[107619]: DEBUG placement.objects.allocation_candidate [req-f28cee8d-fa5e-4b90-a6f8-97567b77fadd req-f7451c19-feda-4c81-9e20-5da108fe8fbe service placement] RequestGroup(use_same_provider=False, resources={DISK_GB:1, MEMORY_MB:1024, VCPU:1}, traits=(), aggregates=[]) (suffix '') returned 2 matches {{(pid=107619) _get_by_requests /opt/stack/placement/placement/objects/allocation_candidate.py:156}}
Oct 05 16:28:22.013318 n-d-854355-5 devstack@placement-api.service[107619]: DEBUG placement.objects.allocation_candidate [req-f28cee8d-fa5e-4b90-a6f8-97567b77fadd req-f7451c19-feda-4c81-9e20-5da108fe8fbe service placement] Merging candidates yields 2 allocation requests and 2 provider summaries {{(pid=107619) _merge_candidates /opt/stack/placement/placement/objects/allocation_candidate.py:809}}
Oct 05 16:28:22.021160 n-d-854355-5 devstack@placement-api.service[107619]: INFO placement.requestlog [req-f28cee8d-fa5e-4b90-a6f8-97567b77fadd req-f7451c19-feda-4c81-9e20-5da108fe8fbe service placement] 10.222.0.18 "GET /placement/allocation_candidates?limit=1000&resources=DISK_GB%3A1%2CMEMORY_MB%3A1024%2CVCPU%3A1&root_required=%21COMPUTE_STATUS_DISABLED" status: 200 len: 1309 microversion: 1.36
Oct 05 16:28:22.021904 n-d-854355-5 devstack@placement-api.service[107619]: [pid: 107619|app: 0|req: 84/174] 10.222.0.18 () {60 vars in 1506 bytes} [Wed Oct 5 16:28:21 2022] GET /placement/allocation_candidates?limit=1000&resources=DISK_GB%3A1%2CMEMORY_MB%3A1024%2CVCPU%3A1&root_required=%21COMPUTE_STATUS_DISABLED => generated 1309 bytes in 227 msecs (HTTP/1.1 200) 8 headers in 297 bytes (1 switches on core 0)
Oct 05 16:28:22.184793 n-d-854355-5 devstack@placement-api.service[107620]: DEBUG placement.requestlog [req-f28cee8d-fa5e-4b90-a6f8-97567b77fadd req-fc5c1fc5-23d7-40b5-83aa-31b762b1bc28 None None] Starting request: 10.222.0.18 "GET /placement/allocations/f95e7f5e-744f-4323-95d2-c33fd90b364f" {{(pid=107620) __call__ /opt/stack/placement/placement/requestlog.py:55}}
Oct 05 16:28:22.206371 n-d-854355-5 devstack@placement-api.service[107620]: INFO placement.requestlog [req-f28cee8d-fa5e-4b90-a6f8-97567b77fadd req-fc5c1fc5-23d7-40b5-83aa-31b762b1bc28 service placement] 10.222.0.18 "GET /placement/allocations/f95e7f5e-744f-4323-95d2-c33fd90b364f" status: 200 len: 19 microversion: 1.28
Oct 05 16:28:22.214434 n-d-854355-5 devstack@placement-api.service[107620]: [pid: 107620|app: 0|req: 91/175] 10.222.0.18 () {60 vars in 1380 bytes} [Wed Oct 5 16:28:22 2022] GET /placement/allocations/f95e7f5e-744f-4323-95d2-c33fd90b364f => generated 19 bytes in 30 msecs (HTTP/1.1 200) 8 headers in 295 bytes (1 switches on core 0)
Oct 05 16:28:22.216137 n-d-854355-5 devstack@placement-api.service[107619]: DEBUG placement.requestlog [req-f28cee8d-fa5e-4b90-a6f8-97567b77fadd req-dca95741-7cf4-4452-9a5a-cc7ed1a7dd2d None None] Starting request: 10.222.0.18 "PUT /placement/allocations/f95e7f5e-744f-4323-95d2-c33fd90b364f" {{(pid=107619) __call__ /opt/stack/placement/placement/requestlog.py:55}}
Oct 05 16:28:22.287860 n-d-854355-5 devstack@placement-api.service[107619]: DEBUG placement.handlers.allocation [req-f28cee8d-fa5e-4b90-a6f8-97567b77fadd req-dca95741-7cf4-4452-9a5a-cc7ed1a7dd2d service placement] Successfully wrote allocations [, , ] {{(pid=107619) _update_consumers_and_create_allocations /opt/stack/placement/placement/handlers/allocation.py:462}}
Oct 05 16:28:22.292499 n-d-854355-5 devstack@placement-api.service[107619]: INFO placement.requestlog [req-f28cee8d-fa5e-4b90-a6f8-97567b77fadd req-dca95741-7cf4-4452-9a5a-cc7ed1a7dd2d service placement] 10.222.0.18 "PUT /placement/allocations/f95e7f5e-744f-4323-95d2-c33fd90b364f" status: 204 len: 0 microversion: 1.36
Oct 05 16:28:22.293875 n-d-854355-5 devstack@placement-api.service[107619]: [pid: 107619|app: 0|req: 85/176] 10.222.0.18 () {64 vars in 1433 bytes} [Wed Oct 5 16:28:22 2022] PUT /placement/allocations/f95e7f5e-744f-4323-95d2-c33fd90b364f => generated 0 bytes in 77 msecs (HTTP/1.1 204) 5 headers in 199 bytes (1 switches on core 0)
Oct 05 16:28:22.910891 n-d-854355-5 devstack@placement-api.service[107620]: DEBUG placement.requestlog [req-cfdf70fe-ed4e-4d85-a88e-5bc8fe6726f0 req-6782116a-1ad7-4c09-9afa-c47ac6d3c4f2 None None] Starting request: 10.222.0.18 "GET /placement/allocation_candidates?limit=1000&resources=DISK_GB%3A1%2CMEMORY_MB%3A1024%2CVCPU%3A1&root_required=%21COMPUTE_STATUS_DISABLED" {{(pid=107620) __call__ /opt/stack/placement/placement/requestlog.py:55}}
Oct 05 16:28:22.989382 n-d-854355-5 devstack@placement-api.service[107619]: DEBUG placement.requestlog [req-f28cee8d-fa5e-4b90-a6f8-97567b77fadd req-dc0c0fc7-c841-45f2-be44-a254adc55836 None None] Starting request: 10.222.0.26 "GET /placement/allocations/f95e7f5e-744f-4323-95d2-c33fd90b364f" {{(pid=107619) __call__ /opt/stack/placement/placement/requestlog.py:55}}
Oct 05 16:28:23.034663 n-d-854355-5 devstack@placement-api.service[107619]: INFO placement.requestlog [req-f28cee8d-fa5e-4b90-a6f8-97567b77fadd req-dc0c0fc7-c841-45f2-be44-a254adc55836 service placement] 10.222.0.26 "GET /placement/allocations/f95e7f5e-744f-4323-95d2-c33fd90b364f" status: 200 len: 259 microversion: 1.28
Oct 05 16:28:23.036501 n-d-854355-5 devstack@placement-api.service[107619]: [pid: 107619|app: 0|req: 86/177] 10.222.0.26 () {60 vars in 1377 bytes} [Wed Oct 5 16:28:22 2022] GET /placement/allocations/f95e7f5e-744f-4323-95d2-c33fd90b364f => generated 259 bytes in 47 msecs (HTTP/1.1 200) 8 headers in 296 bytes (1 switches on core 0)
Oct 05 16:28:23.096669 n-d-854355-5 devstack@placement-api.service[107620]: DEBUG placement.objects.research_context [req-cfdf70fe-ed4e-4d85-a88e-5bc8fe6726f0 req-6782116a-1ad7-4c09-9afa-c47ac6d3c4f2 service placement] getting providers with 1 DISK_GB {{(pid=107620) __init__ /opt/stack/placement/placement/objects/research_context.py:136}}
Oct 05 16:28:23.112928 n-d-854355-5 devstack@placement-api.service[107620]: DEBUG placement.objects.research_context [req-cfdf70fe-ed4e-4d85-a88e-5bc8fe6726f0 req-6782116a-1ad7-4c09-9afa-c47ac6d3c4f2 service placement] getting providers with 1024 MEMORY_MB {{(pid=107620) __init__ /opt/stack/placement/placement/objects/research_context.py:136}}
Oct 05 16:28:23.129606 n-d-854355-5 devstack@placement-api.service[107620]: DEBUG placement.objects.research_context [req-cfdf70fe-ed4e-4d85-a88e-5bc8fe6726f0 req-6782116a-1ad7-4c09-9afa-c47ac6d3c4f2 service placement] getting providers with 1 VCPU {{(pid=107620) __init__ /opt/stack/placement/placement/objects/research_context.py:136}}
Oct 05 16:28:23.140953 n-d-854355-5 devstack@placement-api.service[107620]: DEBUG placement.objects.research_context [req-cfdf70fe-ed4e-4d85-a88e-5bc8fe6726f0 req-6782116a-1ad7-4c09-9afa-c47ac6d3c4f2 service placement] found 2 providers with available 1 DISK_GB {{(pid=107620) get_provider_ids_matching /opt/stack/placement/placement/objects/research_context.py:563}}
Oct 05 16:28:23.141251 n-d-854355-5 devstack@placement-api.service[107620]: DEBUG placement.objects.research_context [req-cfdf70fe-ed4e-4d85-a88e-5bc8fe6726f0 req-6782116a-1ad7-4c09-9afa-c47ac6d3c4f2 service placement] found 2 providers with available 1024 MEMORY_MB {{(pid=107620) get_provider_ids_matching /opt/stack/placement/placement/objects/research_context.py:563}}
Oct 05 16:28:23.141717 n-d-854355-5 devstack@placement-api.service[107620]: DEBUG placement.objects.research_context [req-cfdf70fe-ed4e-4d85-a88e-5bc8fe6726f0 req-6782116a-1ad7-4c09-9afa-c47ac6d3c4f2 service placement] found 2 providers after filtering by previous result {{(pid=107620) get_provider_ids_matching /opt/stack/placement/placement/objects/research_context.py:594}}
Oct 05 16:28:23.142178 n-d-854355-5 devstack@placement-api.service[107620]: DEBUG placement.objects.research_context [req-cfdf70fe-ed4e-4d85-a88e-5bc8fe6726f0 req-6782116a-1ad7-4c09-9afa-c47ac6d3c4f2 service placement] found 2 providers with available 1 VCPU {{(pid=107620) get_provider_ids_matching /opt/stack/placement/placement/objects/research_context.py:563}}
Oct 05 16:28:23.143263 n-d-854355-5 devstack@placement-api.service[107620]: DEBUG placement.objects.research_context [req-cfdf70fe-ed4e-4d85-a88e-5bc8fe6726f0 req-6782116a-1ad7-4c09-9afa-c47ac6d3c4f2 service placement] found 2 providers after filtering by previous result {{(pid=107620) get_provider_ids_matching /opt/stack/placement/placement/objects/research_context.py:594}}
Oct 05 16:28:23.196113 n-d-854355-5 devstack@placement-api.service[107620]: DEBUG placement.objects.allocation_candidate [req-cfdf70fe-ed4e-4d85-a88e-5bc8fe6726f0 req-6782116a-1ad7-4c09-9afa-c47ac6d3c4f2 service placement] RequestGroup(use_same_provider=False, resources={DISK_GB:1, MEMORY_MB:1024, VCPU:1}, traits=(), aggregates=[]) (suffix '') returned 2 matches {{(pid=107620) _get_by_requests /opt/stack/placement/placement/objects/allocation_candidate.py:156}}
Oct 05 16:28:23.198600 n-d-854355-5 devstack@placement-api.service[107620]: DEBUG placement.objects.allocation_candidate [req-cfdf70fe-ed4e-4d85-a88e-5bc8fe6726f0 req-6782116a-1ad7-4c09-9afa-c47ac6d3c4f2 service placement] Merging candidates yields 2 allocation requests and 2 provider summaries {{(pid=107620) _merge_candidates /opt/stack/placement/placement/objects/allocation_candidate.py:809}}
Oct 05 16:28:23.204347 n-d-854355-5 devstack@placement-api.service[107620]: INFO placement.requestlog [req-cfdf70fe-ed4e-4d85-a88e-5bc8fe6726f0 req-6782116a-1ad7-4c09-9afa-c47ac6d3c4f2 service placement] 10.222.0.18 "GET /placement/allocation_candidates?limit=1000&resources=DISK_GB%3A1%2CMEMORY_MB%3A1024%2CVCPU%3A1&root_required=%21COMPUTE_STATUS_DISABLED" status: 200 len: 1309 microversion: 1.36
Oct 05 16:28:23.208283 n-d-854355-5 devstack@placement-api.service[107620]: [pid: 107620|app: 0|req: 92/178] 10.222.0.18 () {60 vars in 1506 bytes} [Wed Oct 5 16:28:22 2022] GET /placement/allocation_candidates?limit=1000&resources=DISK_GB%3A1%2CMEMORY_MB%3A1024%2CVCPU%3A1&root_required=%21COMPUTE_STATUS_DISABLED => generated 1309 bytes in 298 msecs (HTTP/1.1 200) 8 headers in 297 bytes (1 switches on core 0)
Oct 05 16:28:23.302211 n-d-854355-5 devstack@placement-api.service[107619]: DEBUG placement.requestlog [req-f28cee8d-fa5e-4b90-a6f8-97567b77fadd req-f488cede-c294-4c2f-a0eb-beca2e23d1ee None None] Starting request: 10.222.0.26 "GET /placement/resource_providers/b96588b0-aa49-40b6-aead-3286270f9f73/allocations" {{(pid=107619) __call__ /opt/stack/placement/placement/requestlog.py:55}}
Oct 05 16:28:23.353792 n-d-854355-5 devstack@placement-api.service[107620]: DEBUG placement.requestlog [req-a946e984-65d1-495a-a17b-20470c1848cf req-92494e57-dc8e-4cfa-80e9-ef11940232b6 None None] Starting request: 10.222.0.18 "GET /placement/allocation_candidates?limit=1000&resources=DISK_GB%3A1%2CMEMORY_MB%3A1024%2CVCPU%3A1&root_required=%21COMPUTE_STATUS_DISABLED" {{(pid=107620) __call__ /opt/stack/placement/placement/requestlog.py:55}}
Oct 05 16:28:23.405761 n-d-854355-5 devstack@placement-api.service[107619]: INFO placement.requestlog [req-f28cee8d-fa5e-4b90-a6f8-97567b77fadd req-f488cede-c294-4c2f-a0eb-beca2e23d1ee service placement] 10.222.0.26 "GET /placement/resource_providers/b96588b0-aa49-40b6-aead-3286270f9f73/allocations" status: 200 len: 457 microversion: 1.0
Oct 05 16:28:23.406181 n-d-854355-5 devstack@placement-api.service[107619]: [pid: 107619|app: 0|req: 87/179] 10.222.0.26 () {58 vars in 1390 bytes} [Wed Oct 5 16:28:23 2022] GET /placement/resource_providers/b96588b0-aa49-40b6-aead-3286270f9f73/allocations => generated 457 bytes in 105 msecs (HTTP/1.1 200) 6 headers in 224 bytes (1 switches on core 0)
Oct 05 16:28:23.416329 n-d-854355-5 devstack@placement-api.service[107619]: DEBUG placement.requestlog [req-f28cee8d-fa5e-4b90-a6f8-97567b77fadd req-3534b34c-6d5a-4d33-b537-853aa4cf5e7e None None] Starting request: 10.222.0.26 "GET /placement/allocations/f95e7f5e-744f-4323-95d2-c33fd90b364f" {{(pid=107619) __call__ /opt/stack/placement/placement/requestlog.py:55}}
Oct 05 16:28:23.450816 n-d-854355-5 devstack@placement-api.service[107620]: DEBUG placement.objects.research_context [req-a946e984-65d1-495a-a17b-20470c1848cf req-92494e57-dc8e-4cfa-80e9-ef11940232b6 service placement] getting providers with 1 DISK_GB {{(pid=107620) __init__ /opt/stack/placement/placement/objects/research_context.py:136}}
Oct 05 16:28:23.459026 n-d-854355-5 devstack@placement-api.service[107620]: DEBUG placement.objects.research_context [req-a946e984-65d1-495a-a17b-20470c1848cf req-92494e57-dc8e-4cfa-80e9-ef11940232b6 service placement] getting providers with 1024 MEMORY_MB {{(pid=107620) __init__ /opt/stack/placement/placement/objects/research_context.py:136}}
Oct 05 16:28:23.465712 n-d-854355-5 devstack@placement-api.service[107619]: INFO placement.requestlog [req-f28cee8d-fa5e-4b90-a6f8-97567b77fadd req-3534b34c-6d5a-4d33-b537-853aa4cf5e7e service placement] 10.222.0.26 "GET /placement/allocations/f95e7f5e-744f-4323-95d2-c33fd90b364f" status: 200 len: 259 microversion: 1.28
Oct 05 16:28:23.468149 n-d-854355-5 devstack@placement-api.service[107619]: [pid: 107619|app: 0|req: 88/180] 10.222.0.26 () {60 vars in 1377 bytes} [Wed Oct 5 16:28:23 2022] GET /placement/allocations/f95e7f5e-744f-4323-95d2-c33fd90b364f => generated 259 bytes in 52 msecs (HTTP/1.1 200) 8 headers in 296 bytes (1 switches on core 0)
Oct 05 16:28:23.469471 n-d-854355-5 devstack@placement-api.service[107620]: DEBUG placement.objects.research_context [req-a946e984-65d1-495a-a17b-20470c1848cf req-92494e57-dc8e-4cfa-80e9-ef11940232b6 service placement] getting providers with 1 VCPU {{(pid=107620) __init__ /opt/stack/placement/placement/objects/research_context.py:136}}
Oct 05 16:28:23.473774 n-d-854355-5 devstack@placement-api.service[107619]: DEBUG placement.requestlog [req-cfdf70fe-ed4e-4d85-a88e-5bc8fe6726f0 req-229c4719-4d81-4910-88a9-35d431f9f104 None None] Starting request: 10.222.0.18 "GET /placement/allocations/a80ead2a-7949-4a00-9cd8-68aa49ee2039" {{(pid=107619) __call__ /opt/stack/placement/placement/requestlog.py:55}}
Oct 05 16:28:23.482015 n-d-854355-5 devstack@placement-api.service[107620]: DEBUG placement.objects.research_context [req-a946e984-65d1-495a-a17b-20470c1848cf req-92494e57-dc8e-4cfa-80e9-ef11940232b6 service placement] found 2 providers with available 1 DISK_GB {{(pid=107620) get_provider_ids_matching /opt/stack/placement/placement/objects/research_context.py:563}}
Oct 05 16:28:23.482558 n-d-854355-5 devstack@placement-api.service[107620]: DEBUG placement.objects.research_context [req-a946e984-65d1-495a-a17b-20470c1848cf req-92494e57-dc8e-4cfa-80e9-ef11940232b6 service placement] found 2 providers with available 1024 MEMORY_MB {{(pid=107620) get_provider_ids_matching /opt/stack/placement/placement/objects/research_context.py:563}}
Oct 05 16:28:23.483015 n-d-854355-5 devstack@placement-api.service[107620]: DEBUG placement.objects.research_context [req-a946e984-65d1-495a-a17b-20470c1848cf req-92494e57-dc8e-4cfa-80e9-ef11940232b6 service placement] found 2 providers after filtering by previous result {{(pid=107620) get_provider_ids_matching /opt/stack/placement/placement/objects/research_context.py:594}}
Oct 05 16:28:23.483438 n-d-854355-5 devstack@placement-api.service[107620]: DEBUG placement.objects.research_context [req-a946e984-65d1-495a-a17b-20470c1848cf req-92494e57-dc8e-4cfa-80e9-ef11940232b6 service placement] found 2 providers with available 1 VCPU {{(pid=107620) get_provider_ids_matching /opt/stack/placement/placement/objects/research_context.py:563}}
Oct 05 16:28:23.483942 n-d-854355-5 devstack@placement-api.service[107620]: DEBUG placement.objects.research_context [req-a946e984-65d1-495a-a17b-20470c1848cf req-92494e57-dc8e-4cfa-80e9-ef11940232b6 service placement] found 2 providers after filtering by previous result {{(pid=107620) get_provider_ids_matching /opt/stack/placement/placement/objects/research_context.py:594}}
Oct 05 16:28:23.499515 n-d-854355-5 devstack@placement-api.service[107619]: INFO placement.requestlog [req-cfdf70fe-ed4e-4d85-a88e-5bc8fe6726f0 req-229c4719-4d81-4910-88a9-35d431f9f104 service placement] 10.222.0.18 "GET /placement/allocations/a80ead2a-7949-4a00-9cd8-68aa49ee2039" status: 200 len: 19 microversion: 1.28
Oct 05 16:28:23.500098 n-d-854355-5 devstack@placement-api.service[107620]: DEBUG placement.objects.allocation_candidate [req-a946e984-65d1-495a-a17b-20470c1848cf req-92494e57-dc8e-4cfa-80e9-ef11940232b6 service placement] RequestGroup(use_same_provider=False, resources={DISK_GB:1, MEMORY_MB:1024, VCPU:1}, traits=(), aggregates=[]) (suffix '') returned 2 matches {{(pid=107620) _get_by_requests /opt/stack/placement/placement/objects/allocation_candidate.py:156}}
Oct 05 16:28:23.500656 n-d-854355-5 devstack@placement-api.service[107620]: DEBUG placement.objects.allocation_candidate [req-a946e984-65d1-495a-a17b-20470c1848cf req-92494e57-dc8e-4cfa-80e9-ef11940232b6 service placement] Merging candidates yields 2 allocation requests and 2 provider summaries {{(pid=107620) _merge_candidates /opt/stack/placement/placement/objects/allocation_candidate.py:809}}
Oct 05 16:28:23.500847 n-d-854355-5 devstack@placement-api.service[107619]: [pid: 107619|app: 0|req: 89/181] 10.222.0.18 () {60 vars in 1380 bytes} [Wed Oct 5 16:28:23 2022] GET /placement/allocations/a80ead2a-7949-4a00-9cd8-68aa49ee2039 => generated 19 bytes in 27 msecs (HTTP/1.1 200) 8 headers in 295 bytes (1 switches on core 0)
Oct 05 16:28:23.502839 n-d-854355-5 devstack@placement-api.service[107620]: INFO placement.requestlog [req-a946e984-65d1-495a-a17b-20470c1848cf req-92494e57-dc8e-4cfa-80e9-ef11940232b6 service placement] 10.222.0.18 "GET /placement/allocation_candidates?limit=1000&resources=DISK_GB%3A1%2CMEMORY_MB%3A1024%2CVCPU%3A1&root_required=%21COMPUTE_STATUS_DISABLED" status: 200 len: 1309 microversion: 1.36
Oct 05 16:28:23.503233 n-d-854355-5 devstack@placement-api.service[107619]: DEBUG placement.requestlog [req-f28cee8d-fa5e-4b90-a6f8-97567b77fadd req-2cedde92-55e6-47cb-bb15-b990faae9e59 None None] Starting request: 10.222.0.26 "GET /placement/allocations/9c81b317-6707-4742-93c8-19fb334507fb" {{(pid=107619) __call__ /opt/stack/placement/placement/requestlog.py:55}}
Oct 05 16:28:23.504802 n-d-854355-5 devstack@placement-api.service[107620]: [pid: 107620|app: 0|req: 93/182] 10.222.0.18 () {60 vars in 1506 bytes} [Wed Oct 5 16:28:23 2022] GET /placement/allocation_candidates?limit=1000&resources=DISK_GB%3A1%2CMEMORY_MB%3A1024%2CVCPU%3A1&root_required=%21COMPUTE_STATUS_DISABLED => generated 1309 bytes in 151 msecs (HTTP/1.1 200) 8 headers in 297 bytes (1 switches on core 0)
Oct 05 16:28:23.513476 n-d-854355-5 devstack@placement-api.service[107620]: DEBUG placement.requestlog [req-cfdf70fe-ed4e-4d85-a88e-5bc8fe6726f0 req-2eadad85-13e4-495e-a9bd-9de8da164364 None None] Starting request: 10.222.0.18 "PUT /placement/allocations/a80ead2a-7949-4a00-9cd8-68aa49ee2039" {{(pid=107620) __call__ /opt/stack/placement/placement/requestlog.py:55}}
Oct 05 16:28:23.536908 n-d-854355-5 devstack@placement-api.service[107619]: INFO placement.requestlog [req-f28cee8d-fa5e-4b90-a6f8-97567b77fadd req-2cedde92-55e6-47cb-bb15-b990faae9e59 service placement] 10.222.0.26 "GET /placement/allocations/9c81b317-6707-4742-93c8-19fb334507fb" status: 200 len: 259 microversion: 1.28
Oct 05 16:28:23.538891 n-d-854355-5 devstack@placement-api.service[107619]: [pid: 107619|app: 0|req: 90/183] 10.222.0.26 () {60 vars in 1377 bytes} [Wed Oct 5 16:28:23 2022] GET /placement/allocations/9c81b317-6707-4742-93c8-19fb334507fb => generated 259 bytes in 37 msecs (HTTP/1.1 200) 8 headers in 296 bytes (1 switches on core 0)
Oct 05 16:28:23.559101 n-d-854355-5 devstack@placement-api.service[107619]: DEBUG placement.requestlog [req-f28cee8d-fa5e-4b90-a6f8-97567b77fadd req-885a988c-4a70-4605-91b5-704e3c3571fc None None] Starting request: 10.222.0.26 "GET /placement/allocations/5e067251-9a40-4d13-9f1d-04912ef879d9" {{(pid=107619) __call__ /opt/stack/placement/placement/requestlog.py:55}}
Oct 05 16:28:23.587831 n-d-854355-5 devstack@placement-api.service[107619]: INFO placement.requestlog [req-f28cee8d-fa5e-4b90-a6f8-97567b77fadd req-885a988c-4a70-4605-91b5-704e3c3571fc service placement] 10.222.0.26 "GET /placement/allocations/5e067251-9a40-4d13-9f1d-04912ef879d9" status: 200 len: 259 microversion: 1.28
Oct 05 16:28:23.590306 n-d-854355-5 devstack@placement-api.service[107619]: [pid: 107619|app: 0|req: 91/184] 10.222.0.26 () {60 vars in 1377 bytes} [Wed Oct 5 16:28:23 2022] GET /placement/allocations/5e067251-9a40-4d13-9f1d-04912ef879d9 => generated 259 bytes in 31 msecs (HTTP/1.1 200) 8 headers in 296 bytes (2 switches on core 0)
Oct 05 16:28:23.597894 n-d-854355-5 devstack@placement-api.service[107619]: DEBUG placement.requestlog [req-f28cee8d-fa5e-4b90-a6f8-97567b77fadd req-5a21b535-2a60-421a-b8a9-8599862db335 None None] Starting request: 10.222.0.26 "GET /placement/allocations/ace792ff-41af-436d-9d6c-d533307c1237" {{(pid=107619) __call__ /opt/stack/placement/placement/requestlog.py:55}}
Oct 05 16:28:23.632090 n-d-854355-5 devstack@placement-api.service[107619]: INFO placement.requestlog [req-f28cee8d-fa5e-4b90-a6f8-97567b77fadd req-5a21b535-2a60-421a-b8a9-8599862db335 service placement] 10.222.0.26 "GET /placement/allocations/ace792ff-41af-436d-9d6c-d533307c1237" status: 200 len: 259 microversion: 1.28
Oct 05 16:28:23.634810 n-d-854355-5 devstack@placement-api.service[107619]: [pid: 107619|app: 0|req: 92/185] 10.222.0.26 () {60 vars in 1377 bytes} [Wed Oct 5 16:28:23 2022] GET /placement/allocations/ace792ff-41af-436d-9d6c-d533307c1237 => generated 259 bytes in 37 msecs (HTTP/1.1 200) 8 headers in 296 bytes (2 switches on core 0)
Oct 05 16:28:23.635854 n-d-854355-5 devstack@placement-api.service[107619]: DEBUG placement.requestlog [req-a946e984-65d1-495a-a17b-20470c1848cf req-891007bf-ee0d-4678-a416-edd4f7fa55b6 None None] Starting request: 10.222.0.18 "GET /placement/allocations/8f935bbf-47cc-4f92-ac37-642893bb7d89" {{(pid=107619) __call__ /opt/stack/placement/placement/requestlog.py:55}}
Oct 05 16:28:23.651697 n-d-854355-5 devstack@placement-api.service[107620]: DEBUG placement.handlers.allocation [req-cfdf70fe-ed4e-4d85-a88e-5bc8fe6726f0 req-2eadad85-13e4-495e-a9bd-9de8da164364 service placement] Successfully wrote allocations [, , ] {{(pid=107620) _update_consumers_and_create_allocations /opt/stack/placement/placement/handlers/allocation.py:462}}
Oct 05 16:28:23.664035 n-d-854355-5 devstack@placement-api.service[107619]: INFO placement.requestlog [req-a946e984-65d1-495a-a17b-20470c1848cf req-891007bf-ee0d-4678-a416-edd4f7fa55b6 service placement] 10.222.0.18 "GET /placement/allocations/8f935bbf-47cc-4f92-ac37-642893bb7d89" status: 200 len: 19 microversion: 1.28
Oct 05 16:28:23.664472 n-d-854355-5 devstack@placement-api.service[107619]: [pid: 107619|app: 0|req: 93/186] 10.222.0.18 () {60 vars in 1380 bytes} [Wed Oct 5 16:28:23 2022] GET /placement/allocations/8f935bbf-47cc-4f92-ac37-642893bb7d89 => generated 19 bytes in 29 msecs (HTTP/1.1 200) 8 headers in 295 bytes (1 switches on core 0)
Oct 05 16:28:23.671916 n-d-854355-5 devstack@placement-api.service[107619]: DEBUG placement.requestlog [req-a946e984-65d1-495a-a17b-20470c1848cf req-4ffa78e0-fe85-42aa-a3de-3a5105fa66d0 None None] Starting request: 10.222.0.18 "PUT /placement/allocations/8f935bbf-47cc-4f92-ac37-642893bb7d89" {{(pid=107619) __call__ /opt/stack/placement/placement/requestlog.py:55}}
Oct 05 16:28:23.672140 n-d-854355-5 devstack@placement-api.service[107620]: INFO placement.requestlog [req-cfdf70fe-ed4e-4d85-a88e-5bc8fe6726f0 req-2eadad85-13e4-495e-a9bd-9de8da164364 service placement] 10.222.0.18 "PUT /placement/allocations/a80ead2a-7949-4a00-9cd8-68aa49ee2039" status: 204 len: 0 microversion: 1.36
Oct 05 16:28:23.680796 n-d-854355-5 devstack@placement-api.service[107620]: [pid: 107620|app: 0|req: 94/187] 10.222.0.18 () {64 vars in 1433 bytes} [Wed Oct 5 16:28:23 2022] PUT /placement/allocations/a80ead2a-7949-4a00-9cd8-68aa49ee2039 => generated 0 bytes in 160 msecs (HTTP/1.1 204) 5 headers in 199 bytes (1 switches on core 0)
Oct 05 16:28:23.841590 n-d-854355-5 devstack@placement-api.service[107619]: DEBUG placement.handlers.allocation [req-a946e984-65d1-495a-a17b-20470c1848cf req-4ffa78e0-fe85-42aa-a3de-3a5105fa66d0 service placement] Successfully wrote allocations [, , ] {{(pid=107619) _update_consumers_and_create_allocations /opt/stack/placement/placement/handlers/allocation.py:462}}
Oct 05 16:28:23.848593 n-d-854355-5 devstack@placement-api.service[107619]: INFO placement.requestlog [req-a946e984-65d1-495a-a17b-20470c1848cf req-4ffa78e0-fe85-42aa-a3de-3a5105fa66d0 service placement] 10.222.0.18 "PUT /placement/allocations/8f935bbf-47cc-4f92-ac37-642893bb7d89" status: 204 len: 0 microversion: 1.36
Oct 05 16:28:23.849269 n-d-854355-5 devstack@placement-api.service[107619]: [pid: 107619|app: 0|req: 94/188] 10.222.0.18 () {64 vars in 1433 bytes} [Wed Oct 5 16:28:23 2022] PUT /placement/allocations/8f935bbf-47cc-4f92-ac37-642893bb7d89 => generated 0 bytes in 177 msecs (HTTP/1.1 204) 5 headers in 199 bytes (2 switches on core 0)
Oct 05 16:28:24.362561 n-d-854355-5 devstack@placement-api.service[107620]: DEBUG placement.requestlog [req-cfdf70fe-ed4e-4d85-a88e-5bc8fe6726f0 req-cfa1e828-cfbc-4128-9d9e-4726306a2f7b None None] Starting request: 10.222.0.26 "GET /placement/allocations/a80ead2a-7949-4a00-9cd8-68aa49ee2039" {{(pid=107620) __call__ /opt/stack/placement/placement/requestlog.py:55}}
Oct 05 16:28:24.392635 n-d-854355-5 devstack@placement-api.service[107620]: INFO placement.requestlog [req-cfdf70fe-ed4e-4d85-a88e-5bc8fe6726f0 req-cfa1e828-cfbc-4128-9d9e-4726306a2f7b service placement] 10.222.0.26 "GET /placement/allocations/a80ead2a-7949-4a00-9cd8-68aa49ee2039" status: 200 len: 259 microversion: 1.28
Oct 05 16:28:24.393558 n-d-854355-5 devstack@placement-api.service[107620]: [pid: 107620|app: 0|req: 95/189] 10.222.0.26 () {60 vars in 1377 bytes} [Wed Oct 5 16:28:24 2022] GET /placement/allocations/a80ead2a-7949-4a00-9cd8-68aa49ee2039 => generated 259 bytes in 31 msecs (HTTP/1.1 200) 8 headers in 296 bytes (1 switches on core 0)
Oct 05 16:28:24.447610 n-d-854355-5 devstack@placement-api.service[107619]: DEBUG placement.requestlog [req-a946e984-65d1-495a-a17b-20470c1848cf req-f7961f62-c3be-48c3-a98a-343a0f15b689 None None] Starting request: 10.222.0.45 "GET /placement/allocations/8f935bbf-47cc-4f92-ac37-642893bb7d89" {{(pid=107619) __call__ /opt/stack/placement/placement/requestlog.py:55}}
Oct 05 16:28:24.479836 n-d-854355-5 devstack@placement-api.service[107619]: INFO placement.requestlog [req-a946e984-65d1-495a-a17b-20470c1848cf req-f7961f62-c3be-48c3-a98a-343a0f15b689 service placement] 10.222.0.45 "GET /placement/allocations/8f935bbf-47cc-4f92-ac37-642893bb7d89" status: 200 len: 258 microversion: 1.28
Oct 05 16:28:24.480957 n-d-854355-5 devstack@placement-api.service[107619]: [pid: 107619|app: 0|req: 95/190] 10.222.0.45 () {60 vars in 1377 bytes} [Wed Oct 5 16:28:24 2022] GET /placement/allocations/8f935bbf-47cc-4f92-ac37-642893bb7d89 => generated 258 bytes in 34 msecs (HTTP/1.1 200) 8 headers in 296 bytes (1 switches on core 0)
Oct 05 16:28:24.624472 n-d-854355-5 devstack@placement-api.service[107620]: DEBUG placement.requestlog [req-cfdf70fe-ed4e-4d85-a88e-5bc8fe6726f0 req-d7dad3d5-002b-4483-98b1-8736fa2d322a None None] Starting request: 10.222.0.26 "GET /placement/resource_providers/b96588b0-aa49-40b6-aead-3286270f9f73/allocations" {{(pid=107620) __call__ /opt/stack/placement/placement/requestlog.py:55}}
Oct 05 16:28:24.707512 n-d-854355-5 devstack@placement-api.service[107620]: INFO placement.requestlog [req-cfdf70fe-ed4e-4d85-a88e-5bc8fe6726f0 req-d7dad3d5-002b-4483-98b1-8736fa2d322a service placement] 10.222.0.26 "GET /placement/resource_providers/b96588b0-aa49-40b6-aead-3286270f9f73/allocations" status: 200 len: 558 microversion: 1.0
Oct 05 16:28:24.708063 n-d-854355-5 devstack@placement-api.service[107620]: [pid: 107620|app: 0|req: 96/191] 10.222.0.26 () {58 vars in 1390 bytes} [Wed Oct 5 16:28:24 2022] GET /placement/resource_providers/b96588b0-aa49-40b6-aead-3286270f9f73/allocations => generated 558 bytes in 84 msecs (HTTP/1.1 200) 6 headers in 224 bytes (1 switches on core 0)
Oct 05 16:28:24.710255 n-d-854355-5 devstack@placement-api.service[107619]: DEBUG placement.requestlog [req-a946e984-65d1-495a-a17b-20470c1848cf req-bb5ff753-db1d-4c57-84dd-df7e1a10c89c None None] Starting request: 10.222.0.45 "GET /placement/resource_providers/fc72f0c8-f11e-4a30-8943-778096208570/allocations" {{(pid=107619) __call__ /opt/stack/placement/placement/requestlog.py:55}}
Oct 05 16:28:24.715394 n-d-854355-5 devstack@placement-api.service[107620]: DEBUG placement.requestlog [req-cfdf70fe-ed4e-4d85-a88e-5bc8fe6726f0 req-d6370ceb-2e2a-4bdf-a18a-98f2dad37b74 None None] Starting request: 10.222.0.26 "GET /placement/allocations/5e067251-9a40-4d13-9f1d-04912ef879d9" {{(pid=107620) __call__ /opt/stack/placement/placement/requestlog.py:55}}
Oct 05 16:28:24.753261 n-d-854355-5 devstack@placement-api.service[107619]: INFO placement.requestlog [req-a946e984-65d1-495a-a17b-20470c1848cf req-bb5ff753-db1d-4c57-84dd-df7e1a10c89c service placement] 10.222.0.45 "GET /placement/resource_providers/fc72f0c8-f11e-4a30-8943-778096208570/allocations" status: 200 len: 355 microversion: 1.0
Oct 05 16:28:24.754126 n-d-854355-5 devstack@placement-api.service[107620]: INFO placement.requestlog [req-cfdf70fe-ed4e-4d85-a88e-5bc8fe6726f0 req-d6370ceb-2e2a-4bdf-a18a-98f2dad37b74 service placement] 10.222.0.26 "GET /placement/allocations/5e067251-9a40-4d13-9f1d-04912ef879d9" status: 200 len: 259 microversion: 1.28
Oct 05 16:28:24.754516 n-d-854355-5 devstack@placement-api.service[107620]: [pid: 107620|app: 0|req: 97/192] 10.222.0.26 () {60 vars in 1377 bytes} [Wed Oct 5 16:28:24 2022] GET /placement/allocations/5e067251-9a40-4d13-9f1d-04912ef879d9 => generated 259 bytes in 39 msecs (HTTP/1.1 200) 8 headers in 296 bytes (2 switches on core 0)
Oct 05 16:28:24.754921 n-d-854355-5 devstack@placement-api.service[107619]: [pid: 107619|app: 0|req: 96/193] 10.222.0.45 () {58 vars in 1390 bytes} [Wed Oct 5 16:28:24 2022] GET /placement/resource_providers/fc72f0c8-f11e-4a30-8943-778096208570/allocations => generated 355 bytes in 45 msecs (HTTP/1.1 200) 6 headers in 224 bytes (1 switches on core 0)
Oct 05 16:28:24.760752 n-d-854355-5 devstack@placement-api.service[107620]: DEBUG placement.requestlog [req-a946e984-65d1-495a-a17b-20470c1848cf req-b1b61a03-cd06-425b-9ae2-74b0711e2071 None None] Starting request: 10.222.0.45 "GET /placement/allocations/b878bc64-2dbc-4aef-8230-19a46422ea3c" {{(pid=107620) __call__ /opt/stack/placement/placement/requestlog.py:55}}
Oct 05 16:28:24.761906 n-d-854355-5 devstack@placement-api.service[107619]: DEBUG placement.requestlog [req-cfdf70fe-ed4e-4d85-a88e-5bc8fe6726f0 req-3377728b-057a-459e-9e17-c1c9da334633 None None] Starting request: 10.222.0.26 "GET /placement/allocations/f95e7f5e-744f-4323-95d2-c33fd90b364f" {{(pid=107619) __call__ /opt/stack/placement/placement/requestlog.py:55}}
Oct 05 16:28:24.813507 n-d-854355-5 devstack@placement-api.service[107620]: INFO placement.requestlog [req-a946e984-65d1-495a-a17b-20470c1848cf req-b1b61a03-cd06-425b-9ae2-74b0711e2071 service placement] 10.222.0.45 "GET /placement/allocations/b878bc64-2dbc-4aef-8230-19a46422ea3c" status: 200 len: 258 microversion: 1.28
Oct 05 16:28:24.815896 n-d-854355-5 devstack@placement-api.service[107619]: INFO placement.requestlog [req-cfdf70fe-ed4e-4d85-a88e-5bc8fe6726f0 req-3377728b-057a-459e-9e17-c1c9da334633 service placement] 10.222.0.26 "GET /placement/allocations/f95e7f5e-744f-4323-95d2-c33fd90b364f" status: 200 len: 259 microversion: 1.28
Oct 05 16:28:24.820561 n-d-854355-5 devstack@placement-api.service[107619]: [pid: 107619|app: 0|req: 97/194] 10.222.0.26 () {60 vars in 1377 bytes} [Wed Oct 5 16:28:24 2022] GET /placement/allocations/f95e7f5e-744f-4323-95d2-c33fd90b364f => generated 259 bytes in 59 msecs (HTTP/1.1 200) 8 headers in 296 bytes (1 switches on core 0)
Oct 05 16:28:24.821084 n-d-854355-5 devstack@placement-api.service[107620]: [pid: 107620|app: 0|req: 98/195] 10.222.0.45 () {60 vars in 1377 bytes} [Wed Oct 5 16:28:24 2022] GET /placement/allocations/b878bc64-2dbc-4aef-8230-19a46422ea3c => generated 258 bytes in 61 msecs (HTTP/1.1 200) 8 headers in 296 bytes (1 switches on core 0)
Oct 05 16:28:24.828141 n-d-854355-5 devstack@placement-api.service[107619]: DEBUG placement.requestlog [req-a946e984-65d1-495a-a17b-20470c1848cf req-4179d63f-52d5-4528-9ac5-8fa8d744b0d0 None None] Starting request: 10.222.0.45 "GET /placement/allocations/8f935bbf-47cc-4f92-ac37-642893bb7d89" {{(pid=107619) __call__ /opt/stack/placement/placement/requestlog.py:55}}
Oct 05 16:28:24.829252 n-d-854355-5 devstack@placement-api.service[107620]: DEBUG placement.requestlog [req-cfdf70fe-ed4e-4d85-a88e-5bc8fe6726f0 req-367e9922-f5c2-43d6-b50c-1a073a61a559 None None] Starting request: 10.222.0.26 "GET /placement/allocations/ace792ff-41af-436d-9d6c-d533307c1237" {{(pid=107620) __call__ /opt/stack/placement/placement/requestlog.py:55}}
Oct 05 16:28:24.856814 n-d-854355-5 devstack@placement-api.service[107619]: DEBUG dbcounter [-] [107619] Writing DB stats placement:SELECT=82,placement:INSERT=10,placement:DELETE=4,placement:UPDATE=4 {{(pid=107619) stat_writer /usr/local/lib/python3.8/dist-packages/dbcounter.py:114}}
Oct 05 16:28:24.870735 n-d-854355-5 devstack@placement-api.service[107619]: INFO placement.requestlog [req-a946e984-65d1-495a-a17b-20470c1848cf req-4179d63f-52d5-4528-9ac5-8fa8d744b0d0 service placement] 10.222.0.45 "GET /placement/allocations/8f935bbf-47cc-4f92-ac37-642893bb7d89" status: 200 len: 258 microversion: 1.28
Oct 05 16:28:24.872143 n-d-854355-5 devstack@placement-api.service[107620]: INFO placement.requestlog [req-cfdf70fe-ed4e-4d85-a88e-5bc8fe6726f0 req-367e9922-f5c2-43d6-b50c-1a073a61a559 service placement] 10.222.0.26 "GET /placement/allocations/ace792ff-41af-436d-9d6c-d533307c1237" status: 200 len: 259 microversion: 1.28
Oct 05 16:28:24.873857 n-d-854355-5 devstack@placement-api.service[107619]: [pid: 107619|app: 0|req: 98/196] 10.222.0.45 () {60 vars in 1377 bytes} [Wed Oct 5 16:28:24 2022] GET /placement/allocations/8f935bbf-47cc-4f92-ac37-642893bb7d89 => generated 258 bytes in 46 msecs (HTTP/1.1 200) 8 headers in 296 bytes (1 switches on core 0)
Oct 05 16:28:24.874142 n-d-854355-5 devstack@placement-api.service[107620]: [pid: 107620|app: 0|req: 99/197] 10.222.0.26 () {60 vars in 1377 bytes} [Wed Oct 5 16:28:24 2022] GET /placement/allocations/ace792ff-41af-436d-9d6c-d533307c1237 => generated 259 bytes in 45 msecs (HTTP/1.1 200) 8 headers in 296 bytes (1 switches on core 0)
Oct 05 16:28:24.881575 n-d-854355-5 devstack@placement-api.service[107619]: DEBUG placement.requestlog [req-a946e984-65d1-495a-a17b-20470c1848cf req-2c342387-5ae1-4d8e-9e4b-ab46a5f1835a None None] Starting request: 10.222.0.45 "GET /placement/allocations/418eb923-fa3c-48ea-898f-0b00b20eabea" {{(pid=107619) __call__ /opt/stack/placement/placement/requestlog.py:55}}
Oct 05 16:28:24.886160 n-d-854355-5 devstack@placement-api.service[107620]: DEBUG placement.requestlog [req-cfdf70fe-ed4e-4d85-a88e-5bc8fe6726f0 req-9dd99d4d-202d-444d-b8e5-a43741b6d5d9 None None] Starting request: 10.222.0.26 "GET /placement/allocations/a80ead2a-7949-4a00-9cd8-68aa49ee2039" {{(pid=107620) __call__ /opt/stack/placement/placement/requestlog.py:55}}
Oct 05 16:28:24.936130 n-d-854355-5 devstack@placement-api.service[107619]: INFO placement.requestlog [req-a946e984-65d1-495a-a17b-20470c1848cf req-2c342387-5ae1-4d8e-9e4b-ab46a5f1835a service placement] 10.222.0.45 "GET /placement/allocations/418eb923-fa3c-48ea-898f-0b00b20eabea" status: 200 len: 258 microversion: 1.28
Oct 05 16:28:24.936941 n-d-854355-5 devstack@placement-api.service[107620]: INFO placement.requestlog [req-cfdf70fe-ed4e-4d85-a88e-5bc8fe6726f0 req-9dd99d4d-202d-444d-b8e5-a43741b6d5d9 service placement] 10.222.0.26 "GET /placement/allocations/a80ead2a-7949-4a00-9cd8-68aa49ee2039" status: 200 len: 259 microversion: 1.28
Oct 05 16:28:24.937665 n-d-854355-5 devstack@placement-api.service[107620]: [pid: 107620|app: 0|req: 100/198] 10.222.0.26 () {60 vars in 1377 bytes} [Wed Oct 5 16:28:24 2022] GET /placement/allocations/a80ead2a-7949-4a00-9cd8-68aa49ee2039 => generated 259 bytes in 52 msecs (HTTP/1.1 200) 8 headers in 296 bytes (1 switches on core 0)
Oct 05 16:28:24.937929 n-d-854355-5 devstack@placement-api.service[107619]: [pid: 107619|app: 0|req: 99/199] 10.222.0.45 () {60 vars in 1377 bytes} [Wed Oct 5 16:28:24 2022] GET /placement/allocations/418eb923-fa3c-48ea-898f-0b00b20eabea => generated 258 bytes in 57 msecs (HTTP/1.1 200) 8 headers in 296 bytes (1 switches on core 0)
Oct 05 16:28:24.945429 n-d-854355-5 devstack@placement-api.service[107620]: DEBUG placement.requestlog [req-cfdf70fe-ed4e-4d85-a88e-5bc8fe6726f0 req-b4dcc28b-c951-4e17-952b-148ce9b224d2 None None] Starting request: 10.222.0.26 "GET /placement/allocations/9c81b317-6707-4742-93c8-19fb334507fb" {{(pid=107620) __call__ /opt/stack/placement/placement/requestlog.py:55}}
Oct 05 16:28:24.955294 n-d-854355-5 devstack@placement-api.service[107620]: DEBUG dbcounter [-] [107620] Writing DB stats placement:SELECT=90,placement:DELETE=4,placement:INSERT=4,placement:UPDATE=2 {{(pid=107620) stat_writer /usr/local/lib/python3.8/dist-packages/dbcounter.py:114}}
Oct 05 16:28:24.975879 n-d-854355-5 devstack@placement-api.service[107620]: INFO placement.requestlog [req-cfdf70fe-ed4e-4d85-a88e-5bc8fe6726f0 req-b4dcc28b-c951-4e17-952b-148ce9b224d2 service placement] 10.222.0.26 "GET /placement/allocations/9c81b317-6707-4742-93c8-19fb334507fb" status: 200 len: 259 microversion: 1.28
Oct 05 16:28:24.976747 n-d-854355-5 devstack@placement-api.service[107620]: [pid: 107620|app: 0|req: 101/200] 10.222.0.26 () {60 vars in 1377 bytes} [Wed Oct 5 16:28:24 2022] GET /placement/allocations/9c81b317-6707-4742-93c8-19fb334507fb => generated 259 bytes in 32 msecs (HTTP/1.1 200) 8 headers in 296 bytes (1 switches on core 0)
Oct 05 16:28:27.649699 n-d-854355-5 devstack@placement-api.service[107619]: DEBUG placement.requestlog [req-bccd42f4-5973-44b6-8d34-028ab2067c65 req-08cc30f4-440c-4189-86c8-f3e6e29be434 None None] Starting request: 10.222.0.18 "GET /placement/allocation_candidates?limit=1000&resources=DISK_GB%3A1%2CMEMORY_MB%3A1024%2CVCPU%3A1&root_required=%21COMPUTE_STATUS_DISABLED" {{(pid=107619) __call__ /opt/stack/placement/placement/requestlog.py:55}}
Oct 05 16:28:27.737034 n-d-854355-5 devstack@placement-api.service[107619]: DEBUG placement.objects.research_context [req-bccd42f4-5973-44b6-8d34-028ab2067c65 req-08cc30f4-440c-4189-86c8-f3e6e29be434 service placement] getting providers with 1 DISK_GB {{(pid=107619) __init__ /opt/stack/placement/placement/objects/research_context.py:136}}
