Oct 05 09:19:12.618864 n-d-854355-4 devstack@c-api.service[114683]: INFO cinder.api.openstack.wsgi [None req-bdc88841-1dd3-4010-bc71-9c35e0354e82 tempest-LiveMigrationTest-461380778 tempest-LiveMigrationTest-461380778-project] GET http://10.222.0.57/volume/v3/5ef741c5c6094737a5961ececd34424d/volumes/8a5aef4f-4eaa-4875-a14a-b01ec1f579bd
Oct 05 09:19:12.619350 n-d-854355-4 devstack@c-api.service[114683]: DEBUG cinder.api.openstack.wsgi [None req-bdc88841-1dd3-4010-bc71-9c35e0354e82 tempest-LiveMigrationTest-461380778 tempest-LiveMigrationTest-461380778-project] Empty body provided in request {{(pid=114683) get_body /opt/stack/cinder/cinder/api/openstack/wsgi.py:715}}
Oct 05 09:19:12.619820 n-d-854355-4 devstack@c-api.service[114683]: DEBUG cinder.api.openstack.wsgi [None req-bdc88841-1dd3-4010-bc71-9c35e0354e82 tempest-LiveMigrationTest-461380778 tempest-LiveMigrationTest-461380778-project] Calling method 'show' {{(pid=114683) _process_stack /opt/stack/cinder/cinder/api/openstack/wsgi.py:868}}
Oct 05 09:19:12.651151 n-d-854355-4 devstack@c-api.service[114682]: DEBUG cinder.api.middleware.request_id [None req-589da93e-7ab2-4abe-a73d-f24151226e2c None None] RequestId filter calling following filter/app {{(pid=114682) _context_setter /opt/stack/cinder/cinder/api/middleware/request_id.py:62}}
Oct 05 09:19:12.657243 n-d-854355-4 devstack@c-api.service[114682]: INFO cinder.api.openstack.wsgi [None req-589da93e-7ab2-4abe-a73d-f24151226e2c tempest-LiveAutoBlockMigrationV225Test-1941935596 tempest-LiveAutoBlockMigrationV225Test-1941935596-project] GET http://10.222.0.57/volume/v3/3701b733017b496ab28d4cb8ea402b0a/volumes/6df995a2-ec0d-4fda-9250-09df3aa6116d
Oct 05 09:19:12.658189 n-d-854355-4 devstack@c-api.service[114682]: DEBUG cinder.api.openstack.wsgi [None req-589da93e-7ab2-4abe-a73d-f24151226e2c tempest-LiveAutoBlockMigrationV225Test-1941935596 tempest-LiveAutoBlockMigrationV225Test-1941935596-project] Empty body provided in request {{(pid=114682) get_body /opt/stack/cinder/cinder/api/openstack/wsgi.py:715}}
Oct 05 09:19:12.659641 n-d-854355-4 devstack@c-api.service[114682]: DEBUG cinder.api.openstack.wsgi [None req-589da93e-7ab2-4abe-a73d-f24151226e2c tempest-LiveAutoBlockMigrationV225Test-1941935596 tempest-LiveAutoBlockMigrationV225Test-1941935596-project] Calling method 'show' {{(pid=114682) _process_stack /opt/stack/cinder/cinder/api/openstack/wsgi.py:868}}
Oct 05 09:19:12.675260 n-d-854355-4 devstack@c-api.service[114683]: /usr/local/lib/python3.8/dist-packages/oslo_context/context.py:100: DeprecationWarning: Policy enforcement is depending on the value of is_admin. This key is deprecated. Please update your policy file to use the standard policy values.
Oct 05 09:19:12.675260 n-d-854355-4 devstack@c-api.service[114683]: warnings.warn('Policy enforcement is depending on the value of '
Oct 05 09:19:12.685326 n-d-854355-4 devstack@c-api.service[114682]: /usr/local/lib/python3.8/dist-packages/oslo_context/context.py:100: DeprecationWarning: Policy enforcement is depending on the value of is_admin. This key is deprecated. Please update your policy file to use the standard policy values.
Oct 05 09:19:12.685326 n-d-854355-4 devstack@c-api.service[114682]: warnings.warn('Policy enforcement is depending on the value of '
Oct 05 09:19:12.714889 n-d-854355-4 devstack@c-api.service[114683]: INFO cinder.volume.api [None req-bdc88841-1dd3-4010-bc71-9c35e0354e82 tempest-LiveMigrationTest-461380778 tempest-LiveMigrationTest-461380778-project] Volume info retrieved successfully.
Oct 05 09:19:12.715559 n-d-854355-4 devstack@c-api.service[114682]: INFO cinder.volume.api [None req-589da93e-7ab2-4abe-a73d-f24151226e2c tempest-LiveAutoBlockMigrationV225Test-1941935596 tempest-LiveAutoBlockMigrationV225Test-1941935596-project] Volume info retrieved successfully.
Oct 05 09:19:12.721366 n-d-854355-4 devstack@c-api.service[114682]: DEBUG dbcounter [-] [114682] Writing DB stats cinder:SELECT=97,cinder:UPDATE=3 {{(pid=114682) stat_writer /usr/local/lib/python3.8/dist-packages/dbcounter.py:114}}
Oct 05 09:19:12.740533 n-d-854355-4 devstack@c-api.service[114683]: DEBUG dbcounter [-] [114683] Writing DB stats cinder:SELECT=100 {{(pid=114683) stat_writer /usr/local/lib/python3.8/dist-packages/dbcounter.py:114}}
Oct 05 09:19:12.753856 n-d-854355-4 devstack@c-api.service[114683]: INFO cinder.api.openstack.wsgi [None req-bdc88841-1dd3-4010-bc71-9c35e0354e82 tempest-LiveMigrationTest-461380778 tempest-LiveMigrationTest-461380778-project] http://10.222.0.57/volume/v3/5ef741c5c6094737a5961ececd34424d/volumes/8a5aef4f-4eaa-4875-a14a-b01ec1f579bd returned with HTTP 200
Oct 05 09:19:12.754352 n-d-854355-4 devstack@c-api.service[114682]: INFO cinder.api.openstack.wsgi [None req-589da93e-7ab2-4abe-a73d-f24151226e2c tempest-LiveAutoBlockMigrationV225Test-1941935596 tempest-LiveAutoBlockMigrationV225Test-1941935596-project] http://10.222.0.57/volume/v3/3701b733017b496ab28d4cb8ea402b0a/volumes/6df995a2-ec0d-4fda-9250-09df3aa6116d returned with HTTP 200
Oct 05 09:19:12.775117 n-d-854355-4 devstack@c-api.service[114683]: [pid: 114683|app: 0|req: 125/215] 10.222.0.57 () {58 vars in 1325 bytes} [Wed Oct 5 09:19:12 2022] GET /volume/v3/5ef741c5c6094737a5961ececd34424d/volumes/8a5aef4f-4eaa-4875-a14a-b01ec1f579bd => generated 913 bytes in 161 msecs (HTTP/1.1 200) 7 headers in 285 bytes (1 switches on core 0)
Oct 05 09:19:12.775262 n-d-854355-4 devstack@c-api.service[114682]: [pid: 114682|app: 0|req: 90/215] 10.222.0.57 () {58 vars in 1325 bytes} [Wed Oct 5 09:19:12 2022] GET /volume/v3/3701b733017b496ab28d4cb8ea402b0a/volumes/6df995a2-ec0d-4fda-9250-09df3aa6116d => generated 975 bytes in 123 msecs (HTTP/1.1 200) 7 headers in 285 bytes (1 switches on core 0)
Oct 05 09:19:13.772817 n-d-854355-4 devstack@c-api.service[114683]: DEBUG cinder.api.middleware.request_id [None req-75a881eb-ac58-484f-9af4-60c333ab3719 None None] RequestId filter calling following filter/app {{(pid=114683) _context_setter /opt/stack/cinder/cinder/api/middleware/request_id.py:62}}
Oct 05 09:19:13.774840 n-d-854355-4 devstack@c-api.service[114682]: DEBUG cinder.api.middleware.request_id [None req-673e2576-c290-416d-b81a-33e032d1c26d None None] RequestId filter calling following filter/app {{(pid=114682) _context_setter /opt/stack/cinder/cinder/api/middleware/request_id.py:62}}
Oct 05 09:19:13.778249 n-d-854355-4 devstack@c-api.service[114683]: INFO cinder.api.openstack.wsgi [None req-75a881eb-ac58-484f-9af4-60c333ab3719 tempest-LiveMigrationTest-461380778 tempest-LiveMigrationTest-461380778-project] GET http://10.222.0.57/volume/v3/5ef741c5c6094737a5961ececd34424d/volumes/8a5aef4f-4eaa-4875-a14a-b01ec1f579bd
Oct 05 09:19:13.778931 n-d-854355-4 devstack@c-api.service[114683]: DEBUG cinder.api.openstack.wsgi [None req-75a881eb-ac58-484f-9af4-60c333ab3719 tempest-LiveMigrationTest-461380778 tempest-LiveMigrationTest-461380778-project] Empty body provided in request {{(pid=114683) get_body /opt/stack/cinder/cinder/api/openstack/wsgi.py:715}}
Oct 05 09:19:13.779591 n-d-854355-4 devstack@c-api.service[114683]: DEBUG cinder.api.openstack.wsgi [None req-75a881eb-ac58-484f-9af4-60c333ab3719 tempest-LiveMigrationTest-461380778 tempest-LiveMigrationTest-461380778-project] Calling method 'show' {{(pid=114683) _process_stack /opt/stack/cinder/cinder/api/openstack/wsgi.py:868}}
Oct 05 09:19:13.782297 n-d-854355-4 devstack@c-api.service[114682]: INFO cinder.api.openstack.wsgi [None req-673e2576-c290-416d-b81a-33e032d1c26d tempest-LiveAutoBlockMigrationV225Test-1941935596 tempest-LiveAutoBlockMigrationV225Test-1941935596-project] GET http://10.222.0.57/volume/v3/3701b733017b496ab28d4cb8ea402b0a/volumes/6df995a2-ec0d-4fda-9250-09df3aa6116d
Oct 05 09:19:13.782816 n-d-854355-4 devstack@c-api.service[114682]: DEBUG cinder.api.openstack.wsgi [None req-673e2576-c290-416d-b81a-33e032d1c26d tempest-LiveAutoBlockMigrationV225Test-1941935596 tempest-LiveAutoBlockMigrationV225Test-1941935596-project] Empty body provided in request {{(pid=114682) get_body /opt/stack/cinder/cinder/api/openstack/wsgi.py:715}}
Oct 05 09:19:13.783347 n-d-854355-4 devstack@c-api.service[114682]: DEBUG cinder.api.openstack.wsgi [None req-673e2576-c290-416d-b81a-33e032d1c26d tempest-LiveAutoBlockMigrationV225Test-1941935596 tempest-LiveAutoBlockMigrationV225Test-1941935596-project] Calling method 'show' {{(pid=114682) _process_stack /opt/stack/cinder/cinder/api/openstack/wsgi.py:868}}
Oct 05 09:19:13.801126 n-d-854355-4 devstack@c-api.service[114682]: /usr/local/lib/python3.8/dist-packages/oslo_context/context.py:100: DeprecationWarning: Policy enforcement is depending on the value of is_admin. This key is deprecated. Please update your policy file to use the standard policy values.
Oct 05 09:19:13.801126 n-d-854355-4 devstack@c-api.service[114682]: warnings.warn('Policy enforcement is depending on the value of '
Oct 05 09:19:13.816914 n-d-854355-4 devstack@c-api.service[114682]: INFO cinder.volume.api [None req-673e2576-c290-416d-b81a-33e032d1c26d tempest-LiveAutoBlockMigrationV225Test-1941935596 tempest-LiveAutoBlockMigrationV225Test-1941935596-project] Volume info retrieved successfully.
Oct 05 09:19:13.830490 n-d-854355-4 devstack@c-api.service[114682]: INFO cinder.api.openstack.wsgi [None req-673e2576-c290-416d-b81a-33e032d1c26d tempest-LiveAutoBlockMigrationV225Test-1941935596 tempest-LiveAutoBlockMigrationV225Test-1941935596-project] http://10.222.0.57/volume/v3/3701b733017b496ab28d4cb8ea402b0a/volumes/6df995a2-ec0d-4fda-9250-09df3aa6116d returned with HTTP 200
Oct 05 09:19:13.845940 n-d-854355-4 devstack@c-api.service[114682]: [pid: 114682|app: 0|req: 91/216] 10.222.0.57 () {58 vars in 1325 bytes} [Wed Oct 5 09:19:13 2022] GET /volume/v3/3701b733017b496ab28d4cb8ea402b0a/volumes/6df995a2-ec0d-4fda-9250-09df3aa6116d => generated 975 bytes in 72 msecs (HTTP/1.1 200) 7 headers in 285 bytes (2 switches on core 0)
Oct 05 09:19:13.848774 n-d-854355-4 devstack@c-api.service[114683]: /usr/local/lib/python3.8/dist-packages/oslo_context/context.py:100: DeprecationWarning: Policy enforcement is depending on the value of is_admin. This key is deprecated. Please update your policy file to use the standard policy values.
Oct 05 09:19:13.848774 n-d-854355-4 devstack@c-api.service[114683]: warnings.warn('Policy enforcement is depending on the value of '
Oct 05 09:19:13.858605 n-d-854355-4 devstack@c-api.service[114683]: INFO cinder.volume.api [None req-75a881eb-ac58-484f-9af4-60c333ab3719 tempest-LiveMigrationTest-461380778 tempest-LiveMigrationTest-461380778-project] Volume info retrieved successfully.
Oct 05 09:19:13.882684 n-d-854355-4 devstack@c-api.service[114683]: INFO cinder.api.openstack.wsgi [None req-75a881eb-ac58-484f-9af4-60c333ab3719 tempest-LiveMigrationTest-461380778 tempest-LiveMigrationTest-461380778-project] http://10.222.0.57/volume/v3/5ef741c5c6094737a5961ececd34424d/volumes/8a5aef4f-4eaa-4875-a14a-b01ec1f579bd returned with HTTP 200
Oct 05 09:19:13.885235 n-d-854355-4 devstack@c-api.service[114683]: [pid: 114683|app: 0|req: 126/217] 10.222.0.57 () {58 vars in 1325 bytes} [Wed Oct 5 09:19:13 2022] GET /volume/v3/5ef741c5c6094737a5961ececd34424d/volumes/8a5aef4f-4eaa-4875-a14a-b01ec1f579bd => generated 913 bytes in 114 msecs (HTTP/1.1 200) 7 headers in 285 bytes (1 switches on core 0)
Oct 05 09:19:14.850768 n-d-854355-4 devstack@c-api.service[114682]: DEBUG cinder.api.middleware.request_id [None req-c071c11d-9ba4-4e18-9a0b-3378bf5036fa None None] RequestId filter calling following filter/app {{(pid=114682) _context_setter /opt/stack/cinder/cinder/api/middleware/request_id.py:62}}
Oct 05 09:19:14.863318 n-d-854355-4 devstack@c-api.service[114682]: INFO cinder.api.openstack.wsgi [None req-c071c11d-9ba4-4e18-9a0b-3378bf5036fa tempest-LiveAutoBlockMigrationV225Test-1941935596 tempest-LiveAutoBlockMigrationV225Test-1941935596-project] GET http://10.222.0.57/volume/v3/3701b733017b496ab28d4cb8ea402b0a/volumes/6df995a2-ec0d-4fda-9250-09df3aa6116d
Oct 05 09:19:14.863318 n-d-854355-4 devstack@c-api.service[114682]: DEBUG cinder.api.openstack.wsgi [None req-c071c11d-9ba4-4e18-9a0b-3378bf5036fa tempest-LiveAutoBlockMigrationV225Test-1941935596 tempest-LiveAutoBlockMigrationV225Test-1941935596-project] Empty body provided in request {{(pid=114682) get_body /opt/stack/cinder/cinder/api/openstack/wsgi.py:715}}
Oct 05 09:19:14.863318 n-d-854355-4 devstack@c-api.service[114682]: DEBUG cinder.api.openstack.wsgi [None req-c071c11d-9ba4-4e18-9a0b-3378bf5036fa tempest-LiveAutoBlockMigrationV225Test-1941935596 tempest-LiveAutoBlockMigrationV225Test-1941935596-project] Calling method 'show' {{(pid=114682) _process_stack /opt/stack/cinder/cinder/api/openstack/wsgi.py:868}}
Oct 05 09:19:14.886526 n-d-854355-4 devstack@c-api.service[114682]: /usr/local/lib/python3.8/dist-packages/oslo_context/context.py:100: DeprecationWarning: Policy enforcement is depending on the value of is_admin. This key is deprecated. Please update your policy file to use the standard policy values.
Oct 05 09:19:14.886526 n-d-854355-4 devstack@c-api.service[114682]: warnings.warn('Policy enforcement is depending on the value of '
Oct 05 09:19:14.905593 n-d-854355-4 devstack@c-api.service[114683]: DEBUG cinder.api.middleware.request_id [None req-08a8ea81-4b7d-48cc-9184-20e804c900d5 None None] RequestId filter calling following filter/app {{(pid=114683) _context_setter /opt/stack/cinder/cinder/api/middleware/request_id.py:62}}
Oct 05 09:19:14.909854 n-d-854355-4 devstack@c-api.service[114683]: INFO cinder.api.openstack.wsgi [None req-08a8ea81-4b7d-48cc-9184-20e804c900d5 tempest-LiveMigrationTest-461380778 tempest-LiveMigrationTest-461380778-project] GET http://10.222.0.57/volume/v3/5ef741c5c6094737a5961ececd34424d/volumes/8a5aef4f-4eaa-4875-a14a-b01ec1f579bd
Oct 05 09:19:14.910206 n-d-854355-4 devstack@c-api.service[114683]: DEBUG cinder.api.openstack.wsgi [None req-08a8ea81-4b7d-48cc-9184-20e804c900d5 tempest-LiveMigrationTest-461380778 tempest-LiveMigrationTest-461380778-project] Empty body provided in request {{(pid=114683) get_body /opt/stack/cinder/cinder/api/openstack/wsgi.py:715}}
Oct 05 09:19:14.910659 n-d-854355-4 devstack@c-api.service[114683]: DEBUG cinder.api.openstack.wsgi [None req-08a8ea81-4b7d-48cc-9184-20e804c900d5 tempest-LiveMigrationTest-461380778 tempest-LiveMigrationTest-461380778-project] Calling method 'show' {{(pid=114683) _process_stack /opt/stack/cinder/cinder/api/openstack/wsgi.py:868}}
Oct 05 09:19:14.917891 n-d-854355-4 devstack@c-api.service[114682]: INFO cinder.volume.api [None req-c071c11d-9ba4-4e18-9a0b-3378bf5036fa tempest-LiveAutoBlockMigrationV225Test-1941935596 tempest-LiveAutoBlockMigrationV225Test-1941935596-project] Volume info retrieved successfully.
Oct 05 09:19:14.948872 n-d-854355-4 devstack@c-api.service[114682]: INFO cinder.api.openstack.wsgi [None req-c071c11d-9ba4-4e18-9a0b-3378bf5036fa tempest-LiveAutoBlockMigrationV225Test-1941935596 tempest-LiveAutoBlockMigrationV225Test-1941935596-project] http://10.222.0.57/volume/v3/3701b733017b496ab28d4cb8ea402b0a/volumes/6df995a2-ec0d-4fda-9250-09df3aa6116d returned with HTTP 200
Oct 05 09:19:14.949663 n-d-854355-4 devstack@c-api.service[114683]: /usr/local/lib/python3.8/dist-packages/oslo_context/context.py:100: DeprecationWarning: Policy enforcement is depending on the value of is_admin. This key is deprecated. Please update your policy file to use the standard policy values.
Oct 05 09:19:14.949663 n-d-854355-4 devstack@c-api.service[114683]: warnings.warn('Policy enforcement is depending on the value of '
Oct 05 09:19:14.961223 n-d-854355-4 devstack@c-api.service[114682]: [pid: 114682|app: 0|req: 92/218] 10.222.0.57 () {58 vars in 1325 bytes} [Wed Oct 5 09:19:14 2022] GET /volume/v3/3701b733017b496ab28d4cb8ea402b0a/volumes/6df995a2-ec0d-4fda-9250-09df3aa6116d => generated 975 bytes in 105 msecs (HTTP/1.1 200) 7 headers in 285 bytes (1 switches on core 0)
Oct 05 09:19:14.978411 n-d-854355-4 devstack@c-api.service[114683]: INFO cinder.volume.api [None req-08a8ea81-4b7d-48cc-9184-20e804c900d5 tempest-LiveMigrationTest-461380778 tempest-LiveMigrationTest-461380778-project] Volume info retrieved successfully.
Oct 05 09:19:15.002320 n-d-854355-4 devstack@c-api.service[114683]: INFO cinder.api.openstack.wsgi [None req-08a8ea81-4b7d-48cc-9184-20e804c900d5 tempest-LiveMigrationTest-461380778 tempest-LiveMigrationTest-461380778-project] http://10.222.0.57/volume/v3/5ef741c5c6094737a5961ececd34424d/volumes/8a5aef4f-4eaa-4875-a14a-b01ec1f579bd returned with HTTP 200
Oct 05 09:19:15.003093 n-d-854355-4 devstack@c-api.service[114683]: [pid: 114683|app: 0|req: 127/219] 10.222.0.57 () {58 vars in 1325 bytes} [Wed Oct 5 09:19:14 2022] GET /volume/v3/5ef741c5c6094737a5961ececd34424d/volumes/8a5aef4f-4eaa-4875-a14a-b01ec1f579bd => generated 913 bytes in 99 msecs (HTTP/1.1 200) 7 headers in 285 bytes (1 switches on core 0)
Oct 05 09:19:15.974800 n-d-854355-4 devstack@c-api.service[114682]: DEBUG cinder.api.middleware.request_id [None req-467c701d-1d2d-4b09-bff7-753a432bba76 None None] RequestId filter calling following filter/app {{(pid=114682) _context_setter /opt/stack/cinder/cinder/api/middleware/request_id.py:62}}
Oct 05 09:19:15.978988 n-d-854355-4 devstack@c-api.service[114682]: INFO cinder.api.openstack.wsgi [None req-467c701d-1d2d-4b09-bff7-753a432bba76 tempest-LiveAutoBlockMigrationV225Test-1941935596 tempest-LiveAutoBlockMigrationV225Test-1941935596-project] GET http://10.222.0.57/volume/v3/3701b733017b496ab28d4cb8ea402b0a/volumes/6df995a2-ec0d-4fda-9250-09df3aa6116d
Oct 05 09:19:15.979464 n-d-854355-4 devstack@c-api.service[114682]: DEBUG cinder.api.openstack.wsgi [None req-467c701d-1d2d-4b09-bff7-753a432bba76 tempest-LiveAutoBlockMigrationV225Test-1941935596 tempest-LiveAutoBlockMigrationV225Test-1941935596-project] Empty body provided in request {{(pid=114682) get_body /opt/stack/cinder/cinder/api/openstack/wsgi.py:715}}
Oct 05 09:19:15.980067 n-d-854355-4 devstack@c-api.service[114682]: DEBUG cinder.api.openstack.wsgi [None req-467c701d-1d2d-4b09-bff7-753a432bba76 tempest-LiveAutoBlockMigrationV225Test-1941935596 tempest-LiveAutoBlockMigrationV225Test-1941935596-project] Calling method 'show' {{(pid=114682) _process_stack /opt/stack/cinder/cinder/api/openstack/wsgi.py:868}}
Oct 05 09:19:16.047999 n-d-854355-4 devstack@c-api.service[114682]: /usr/local/lib/python3.8/dist-packages/oslo_context/context.py:100: DeprecationWarning: Policy enforcement is depending on the value of is_admin. This key is deprecated. Please update your policy file to use the standard policy values.
Oct 05 09:19:16.047999 n-d-854355-4 devstack@c-api.service[114682]: warnings.warn('Policy enforcement is depending on the value of '
Oct 05 09:19:16.047999 n-d-854355-4 devstack@c-api.service[114682]: INFO cinder.volume.api [None req-467c701d-1d2d-4b09-bff7-753a432bba76 tempest-LiveAutoBlockMigrationV225Test-1941935596 tempest-LiveAutoBlockMigrationV225Test-1941935596-project] Volume info retrieved successfully.
Oct 05 09:19:16.047999 n-d-854355-4 devstack@c-api.service[114682]: INFO cinder.api.openstack.wsgi [None req-467c701d-1d2d-4b09-bff7-753a432bba76 tempest-LiveAutoBlockMigrationV225Test-1941935596 tempest-LiveAutoBlockMigrationV225Test-1941935596-project] http://10.222.0.57/volume/v3/3701b733017b496ab28d4cb8ea402b0a/volumes/6df995a2-ec0d-4fda-9250-09df3aa6116d returned with HTTP 200
Oct 05 09:19:16.047999 n-d-854355-4 devstack@c-api.service[114682]: [pid: 114682|app: 0|req: 93/220] 10.222.0.57 () {58 vars in 1325 bytes} [Wed Oct 5 09:19:15 2022] GET /volume/v3/3701b733017b496ab28d4cb8ea402b0a/volumes/6df995a2-ec0d-4fda-9250-09df3aa6116d => generated 975 bytes in 42 msecs (HTTP/1.1 200) 7 headers in 285 bytes (1 switches on core 0)
Oct 05 09:19:16.048546 n-d-854355-4 devstack@c-api.service[114683]: DEBUG cinder.api.middleware.request_id [None req-88d2a103-d45d-4f79-a85a-a2388e4f5eba None None] RequestId filter calling following filter/app {{(pid=114683) _context_setter /opt/stack/cinder/cinder/api/middleware/request_id.py:62}}
Oct 05 09:19:16.048546 n-d-854355-4 devstack@c-api.service[114683]: INFO cinder.api.openstack.wsgi [None req-88d2a103-d45d-4f79-a85a-a2388e4f5eba tempest-LiveMigrationTest-461380778 tempest-LiveMigrationTest-461380778-project] GET http://10.222.0.57/volume/v3/5ef741c5c6094737a5961ececd34424d/volumes/8a5aef4f-4eaa-4875-a14a-b01ec1f579bd
Oct 05 09:19:16.048546 n-d-854355-4 devstack@c-api.service[114683]: DEBUG cinder.api.openstack.wsgi [None req-88d2a103-d45d-4f79-a85a-a2388e4f5eba tempest-LiveMigrationTest-461380778 tempest-LiveMigrationTest-461380778-project] Empty body provided in request {{(pid=114683) get_body /opt/stack/cinder/cinder/api/openstack/wsgi.py:715}}
Oct 05 09:19:16.048546 n-d-854355-4 devstack@c-api.service[114683]: DEBUG cinder.api.openstack.wsgi [None req-88d2a103-d45d-4f79-a85a-a2388e4f5eba tempest-LiveMigrationTest-461380778 tempest-LiveMigrationTest-461380778-project] Calling method 'show' {{(pid=114683) _process_stack /opt/stack/cinder/cinder/api/openstack/wsgi.py:868}}
Oct 05 09:19:16.048546 n-d-854355-4 devstack@c-api.service[114683]: /usr/local/lib/python3.8/dist-packages/oslo_context/context.py:100: DeprecationWarning: Policy enforcement is depending on the value of is_admin. This key is deprecated. Please update your policy file to use the standard policy values.
Oct 05 09:19:16.048546 n-d-854355-4 devstack@c-api.service[114683]: warnings.warn('Policy enforcement is depending on the value of '
Oct 05 09:19:16.060489 n-d-854355-4 devstack@c-api.service[114683]: INFO cinder.volume.api [None req-88d2a103-d45d-4f79-a85a-a2388e4f5eba tempest-LiveMigrationTest-461380778 tempest-LiveMigrationTest-461380778-project] Volume info retrieved successfully.
Oct 05 09:19:16.072909 n-d-854355-4 devstack@c-api.service[114683]: INFO cinder.api.openstack.wsgi [None req-88d2a103-d45d-4f79-a85a-a2388e4f5eba tempest-LiveMigrationTest-461380778 tempest-LiveMigrationTest-461380778-project] http://10.222.0.57/volume/v3/5ef741c5c6094737a5961ececd34424d/volumes/8a5aef4f-4eaa-4875-a14a-b01ec1f579bd returned with HTTP 200
Oct 05 09:19:16.073862 n-d-854355-4 devstack@c-api.service[114683]: [pid: 114683|app: 0|req: 128/221] 10.222.0.57 () {58 vars in 1325 bytes} [Wed Oct 5 09:19:16 2022] GET /volume/v3/5ef741c5c6094737a5961ececd34424d/volumes/8a5aef4f-4eaa-4875-a14a-b01ec1f579bd => generated 913 bytes in 53 msecs (HTTP/1.1 200) 7 headers in 285 bytes (1 switches on core 0)
Oct 05 09:19:17.059105 n-d-854355-4 devstack@c-api.service[114682]: DEBUG cinder.api.middleware.request_id [None req-190c77e7-db84-44ba-ba54-65172b9c9f85 None None] RequestId filter calling following filter/app {{(pid=114682) _context_setter /opt/stack/cinder/cinder/api/middleware/request_id.py:62}}
Oct 05 09:19:17.064377 n-d-854355-4 devstack@c-api.service[114682]: INFO cinder.api.openstack.wsgi [None req-190c77e7-db84-44ba-ba54-65172b9c9f85 tempest-LiveAutoBlockMigrationV225Test-1941935596 tempest-LiveAutoBlockMigrationV225Test-1941935596-project] GET http://10.222.0.57/volume/v3/3701b733017b496ab28d4cb8ea402b0a/volumes/6df995a2-ec0d-4fda-9250-09df3aa6116d
Oct 05 09:19:17.068518 n-d-854355-4 devstack@c-api.service[114682]: DEBUG cinder.api.openstack.wsgi [None req-190c77e7-db84-44ba-ba54-65172b9c9f85 tempest-LiveAutoBlockMigrationV225Test-1941935596 tempest-LiveAutoBlockMigrationV225Test-1941935596-project] Empty body provided in request {{(pid=114682) get_body /opt/stack/cinder/cinder/api/openstack/wsgi.py:715}}
Oct 05 09:19:17.068518 n-d-854355-4 devstack@c-api.service[114682]: DEBUG cinder.api.openstack.wsgi [None req-190c77e7-db84-44ba-ba54-65172b9c9f85 tempest-LiveAutoBlockMigrationV225Test-1941935596 tempest-LiveAutoBlockMigrationV225Test-1941935596-project] Calling method 'show' {{(pid=114682) _process_stack /opt/stack/cinder/cinder/api/openstack/wsgi.py:868}}
Oct 05 09:19:17.083085 n-d-854355-4 devstack@c-api.service[114682]: /usr/local/lib/python3.8/dist-packages/oslo_context/context.py:100: DeprecationWarning: Policy enforcement is depending on the value of is_admin. This key is deprecated. Please update your policy file to use the standard policy values.
Oct 05 09:19:17.083085 n-d-854355-4 devstack@c-api.service[114682]: warnings.warn('Policy enforcement is depending on the value of '
Oct 05 09:19:17.090467 n-d-854355-4 devstack@c-api.service[114683]: DEBUG cinder.api.middleware.request_id [None req-f0908cc4-ae57-449a-bd1a-9f288e4f5404 None None] RequestId filter calling following filter/app {{(pid=114683) _context_setter /opt/stack/cinder/cinder/api/middleware/request_id.py:62}}
Oct 05 09:19:17.094482 n-d-854355-4 devstack@c-api.service[114683]: INFO cinder.api.openstack.wsgi [None req-f0908cc4-ae57-449a-bd1a-9f288e4f5404 tempest-LiveMigrationTest-461380778 tempest-LiveMigrationTest-461380778-project] GET http://10.222.0.57/volume/v3/5ef741c5c6094737a5961ececd34424d/volumes/8a5aef4f-4eaa-4875-a14a-b01ec1f579bd
Oct 05 09:19:17.094950 n-d-854355-4 devstack@c-api.service[114683]: DEBUG cinder.api.openstack.wsgi [None req-f0908cc4-ae57-449a-bd1a-9f288e4f5404 tempest-LiveMigrationTest-461380778 tempest-LiveMigrationTest-461380778-project] Empty body provided in request {{(pid=114683) get_body /opt/stack/cinder/cinder/api/openstack/wsgi.py:715}}
Oct 05 09:19:17.095437 n-d-854355-4 devstack@c-api.service[114683]: DEBUG cinder.api.openstack.wsgi [None req-f0908cc4-ae57-449a-bd1a-9f288e4f5404 tempest-LiveMigrationTest-461380778 tempest-LiveMigrationTest-461380778-project] Calling method 'show' {{(pid=114683) _process_stack /opt/stack/cinder/cinder/api/openstack/wsgi.py:868}}
Oct 05 09:19:17.110547 n-d-854355-4 devstack@c-api.service[114682]: INFO cinder.volume.api [None req-190c77e7-db84-44ba-ba54-65172b9c9f85 tempest-LiveAutoBlockMigrationV225Test-1941935596 tempest-LiveAutoBlockMigrationV225Test-1941935596-project] Volume info retrieved successfully.
Oct 05 09:19:17.135275 n-d-854355-4 devstack@c-api.service[114683]: /usr/local/lib/python3.8/dist-packages/oslo_context/context.py:100: DeprecationWarning: Policy enforcement is depending on the value of is_admin. This key is deprecated. Please update your policy file to use the standard policy values.
Oct 05 09:19:17.135275 n-d-854355-4 devstack@c-api.service[114683]: warnings.warn('Policy enforcement is depending on the value of '
Oct 05 09:19:17.135615 n-d-854355-4 devstack@c-api.service[114682]: INFO cinder.api.openstack.wsgi [None req-190c77e7-db84-44ba-ba54-65172b9c9f85 tempest-LiveAutoBlockMigrationV225Test-1941935596 tempest-LiveAutoBlockMigrationV225Test-1941935596-project] http://10.222.0.57/volume/v3/3701b733017b496ab28d4cb8ea402b0a/volumes/6df995a2-ec0d-4fda-9250-09df3aa6116d returned with HTTP 200
Oct 05 09:19:17.136536 n-d-854355-4 devstack@c-api.service[114682]: [pid: 114682|app: 0|req: 94/222] 10.222.0.57 () {58 vars in 1325 bytes} [Wed Oct 5 09:19:17 2022] GET /volume/v3/3701b733017b496ab28d4cb8ea402b0a/volumes/6df995a2-ec0d-4fda-9250-09df3aa6116d => generated 975 bytes in 79 msecs (HTTP/1.1 200) 7 headers in 285 bytes (1 switches on core 0)
Oct 05 09:19:17.149243 n-d-854355-4 devstack@c-api.service[114683]: INFO cinder.volume.api [None req-f0908cc4-ae57-449a-bd1a-9f288e4f5404 tempest-LiveMigrationTest-461380778 tempest-LiveMigrationTest-461380778-project] Volume info retrieved successfully.
Oct 05 09:19:17.160842 n-d-854355-4 devstack@c-api.service[114683]: INFO cinder.api.openstack.wsgi [None req-f0908cc4-ae57-449a-bd1a-9f288e4f5404 tempest-LiveMigrationTest-461380778 tempest-LiveMigrationTest-461380778-project] http://10.222.0.57/volume/v3/5ef741c5c6094737a5961ececd34424d/volumes/8a5aef4f-4eaa-4875-a14a-b01ec1f579bd returned with HTTP 200
Oct 05 09:19:17.168636 n-d-854355-4 devstack@c-api.service[114683]: [pid: 114683|app: 0|req: 129/223] 10.222.0.57 () {58 vars in 1325 bytes} [Wed Oct 5 09:19:17 2022] GET /volume/v3/5ef741c5c6094737a5961ececd34424d/volumes/8a5aef4f-4eaa-4875-a14a-b01ec1f579bd => generated 913 bytes in 72 msecs (HTTP/1.1 200) 7 headers in 285 bytes (1 switches on core 0)
Oct 05 09:19:18.154346 n-d-854355-4 devstack@c-api.service[114682]: DEBUG cinder.api.middleware.request_id [None req-aec7db9a-9439-481d-9159-b8fcbc15ad05 None None] RequestId filter calling following filter/app {{(pid=114682) _context_setter /opt/stack/cinder/cinder/api/middleware/request_id.py:62}}
Oct 05 09:19:18.158716 n-d-854355-4 devstack@c-api.service[114682]: INFO cinder.api.openstack.wsgi [None req-aec7db9a-9439-481d-9159-b8fcbc15ad05 tempest-LiveAutoBlockMigrationV225Test-1941935596 tempest-LiveAutoBlockMigrationV225Test-1941935596-project] GET http://10.222.0.57/volume/v3/3701b733017b496ab28d4cb8ea402b0a/volumes/6df995a2-ec0d-4fda-9250-09df3aa6116d
Oct 05 09:19:18.159213 n-d-854355-4 devstack@c-api.service[114682]: DEBUG cinder.api.openstack.wsgi [None req-aec7db9a-9439-481d-9159-b8fcbc15ad05 tempest-LiveAutoBlockMigrationV225Test-1941935596 tempest-LiveAutoBlockMigrationV225Test-1941935596-project] Empty body provided in request {{(pid=114682) get_body /opt/stack/cinder/cinder/api/openstack/wsgi.py:715}}
Oct 05 09:19:18.159661 n-d-854355-4 devstack@c-api.service[114682]: DEBUG cinder.api.openstack.wsgi [None req-aec7db9a-9439-481d-9159-b8fcbc15ad05 tempest-LiveAutoBlockMigrationV225Test-1941935596 tempest-LiveAutoBlockMigrationV225Test-1941935596-project] Calling method 'show' {{(pid=114682) _process_stack /opt/stack/cinder/cinder/api/openstack/wsgi.py:868}}
Oct 05 09:19:18.184442 n-d-854355-4 devstack@c-api.service[114683]: DEBUG cinder.api.middleware.request_id [None req-bfc727bb-7d38-4618-9322-66f5254a67d6 None None] RequestId filter calling following filter/app {{(pid=114683) _context_setter /opt/stack/cinder/cinder/api/middleware/request_id.py:62}}
Oct 05 09:19:18.186508 n-d-854355-4 devstack@c-api.service[114683]: INFO cinder.api.openstack.wsgi [None req-bfc727bb-7d38-4618-9322-66f5254a67d6 tempest-LiveMigrationTest-461380778 tempest-LiveMigrationTest-461380778-project] GET http://10.222.0.57/volume/v3/5ef741c5c6094737a5961ececd34424d/volumes/8a5aef4f-4eaa-4875-a14a-b01ec1f579bd
Oct 05 09:19:18.186961 n-d-854355-4 devstack@c-api.service[114683]: DEBUG cinder.api.openstack.wsgi [None req-bfc727bb-7d38-4618-9322-66f5254a67d6 tempest-LiveMigrationTest-461380778 tempest-LiveMigrationTest-461380778-project] Empty body provided in request {{(pid=114683) get_body /opt/stack/cinder/cinder/api/openstack/wsgi.py:715}}
Oct 05 09:19:18.187493 n-d-854355-4 devstack@c-api.service[114683]: DEBUG cinder.api.openstack.wsgi [None req-bfc727bb-7d38-4618-9322-66f5254a67d6 tempest-LiveMigrationTest-461380778 tempest-LiveMigrationTest-461380778-project] Calling method 'show' {{(pid=114683) _process_stack /opt/stack/cinder/cinder/api/openstack/wsgi.py:868}}
Oct 05 09:19:18.214392 n-d-854355-4 devstack@c-api.service[114682]: /usr/local/lib/python3.8/dist-packages/oslo_context/context.py:100: DeprecationWarning: Policy enforcement is depending on the value of is_admin. This key is deprecated. Please update your policy file to use the standard policy values.
Oct 05 09:19:18.214392 n-d-854355-4 devstack@c-api.service[114682]: warnings.warn('Policy enforcement is depending on the value of '
Oct 05 09:19:18.227209 n-d-854355-4 devstack@c-api.service[114683]: /usr/local/lib/python3.8/dist-packages/oslo_context/context.py:100: DeprecationWarning: Policy enforcement is depending on the value of is_admin. This key is deprecated. Please update your policy file to use the standard policy values.
Oct 05 09:19:18.227209 n-d-854355-4 devstack@c-api.service[114683]: warnings.warn('Policy enforcement is depending on the value of '
Oct 05 09:19:18.227479 n-d-854355-4 devstack@c-api.service[114682]: INFO cinder.volume.api [None req-aec7db9a-9439-481d-9159-b8fcbc15ad05 tempest-LiveAutoBlockMigrationV225Test-1941935596 tempest-LiveAutoBlockMigrationV225Test-1941935596-project] Volume info retrieved successfully.
Oct 05 09:19:18.235547 n-d-854355-4 devstack@c-api.service[114683]: INFO cinder.volume.api [None req-bfc727bb-7d38-4618-9322-66f5254a67d6 tempest-LiveMigrationTest-461380778 tempest-LiveMigrationTest-461380778-project] Volume info retrieved successfully.
Oct 05 09:19:18.267819 n-d-854355-4 devstack@c-api.service[114683]: INFO cinder.api.openstack.wsgi [None req-bfc727bb-7d38-4618-9322-66f5254a67d6 tempest-LiveMigrationTest-461380778 tempest-LiveMigrationTest-461380778-project] http://10.222.0.57/volume/v3/5ef741c5c6094737a5961ececd34424d/volumes/8a5aef4f-4eaa-4875-a14a-b01ec1f579bd returned with HTTP 200
Oct 05 09:19:18.270447 n-d-854355-4 devstack@c-api.service[114683]: [pid: 114683|app: 0|req: 130/224] 10.222.0.57 () {58 vars in 1325 bytes} [Wed Oct 5 09:19:18 2022] GET /volume/v3/5ef741c5c6094737a5961ececd34424d/volumes/8a5aef4f-4eaa-4875-a14a-b01ec1f579bd => generated 971 bytes in 88 msecs (HTTP/1.1 200) 7 headers in 285 bytes (2 switches on core 0)
Oct 05 09:19:18.276291 n-d-854355-4 devstack@c-api.service[114682]: INFO cinder.api.openstack.wsgi [None req-aec7db9a-9439-481d-9159-b8fcbc15ad05 tempest-LiveAutoBlockMigrationV225Test-1941935596 tempest-LiveAutoBlockMigrationV225Test-1941935596-project] http://10.222.0.57/volume/v3/3701b733017b496ab28d4cb8ea402b0a/volumes/6df995a2-ec0d-4fda-9250-09df3aa6116d returned with HTTP 200
Oct 05 09:19:18.290551 n-d-854355-4 devstack@c-api.service[114682]: [pid: 114682|app: 0|req: 95/225] 10.222.0.57 () {58 vars in 1325 bytes} [Wed Oct 5 09:19:18 2022] GET /volume/v3/3701b733017b496ab28d4cb8ea402b0a/volumes/6df995a2-ec0d-4fda-9250-09df3aa6116d => generated 975 bytes in 137 msecs (HTTP/1.1 200) 7 headers in 285 bytes (1 switches on core 0)
Oct 05 09:19:19.286692 n-d-854355-4 devstack@c-api.service[114683]: DEBUG cinder.api.middleware.request_id [None req-b39b25d5-829f-4565-b137-2e696d39f44a None None] RequestId filter calling following filter/app {{(pid=114683) _context_setter /opt/stack/cinder/cinder/api/middleware/request_id.py:62}}
Oct 05 09:19:19.291675 n-d-854355-4 devstack@c-api.service[114683]: INFO cinder.api.openstack.wsgi [None req-b39b25d5-829f-4565-b137-2e696d39f44a tempest-LiveMigrationTest-461380778 tempest-LiveMigrationTest-461380778-project] GET http://10.222.0.57/volume/v3/5ef741c5c6094737a5961ececd34424d/volumes/8a5aef4f-4eaa-4875-a14a-b01ec1f579bd
Oct 05 09:19:19.292414 n-d-854355-4 devstack@c-api.service[114683]: DEBUG cinder.api.openstack.wsgi [None req-b39b25d5-829f-4565-b137-2e696d39f44a tempest-LiveMigrationTest-461380778 tempest-LiveMigrationTest-461380778-project] Empty body provided in request {{(pid=114683) get_body /opt/stack/cinder/cinder/api/openstack/wsgi.py:715}}
Oct 05 09:19:19.293044 n-d-854355-4 devstack@c-api.service[114683]: DEBUG cinder.api.openstack.wsgi [None req-b39b25d5-829f-4565-b137-2e696d39f44a tempest-LiveMigrationTest-461380778 tempest-LiveMigrationTest-461380778-project] Calling method 'show' {{(pid=114683) _process_stack /opt/stack/cinder/cinder/api/openstack/wsgi.py:868}}
Oct 05 09:19:19.295364 n-d-854355-4 devstack@c-api.service[114682]: DEBUG cinder.api.middleware.request_id [None req-cb2d81ce-9bd9-4364-8c27-e7677daaa02c None None] RequestId filter calling following filter/app {{(pid=114682) _context_setter /opt/stack/cinder/cinder/api/middleware/request_id.py:62}}
Oct 05 09:19:19.299709 n-d-854355-4 devstack@c-api.service[114682]: INFO cinder.api.openstack.wsgi [None req-cb2d81ce-9bd9-4364-8c27-e7677daaa02c tempest-LiveAutoBlockMigrationV225Test-1941935596 tempest-LiveAutoBlockMigrationV225Test-1941935596-project] GET http://10.222.0.57/volume/v3/3701b733017b496ab28d4cb8ea402b0a/volumes/6df995a2-ec0d-4fda-9250-09df3aa6116d
Oct 05 09:19:19.300366 n-d-854355-4 devstack@c-api.service[114682]: DEBUG cinder.api.openstack.wsgi [None req-cb2d81ce-9bd9-4364-8c27-e7677daaa02c tempest-LiveAutoBlockMigrationV225Test-1941935596 tempest-LiveAutoBlockMigrationV225Test-1941935596-project] Empty body provided in request {{(pid=114682) get_body /opt/stack/cinder/cinder/api/openstack/wsgi.py:715}}
Oct 05 09:19:19.301016 n-d-854355-4 devstack@c-api.service[114682]: DEBUG cinder.api.openstack.wsgi [None req-cb2d81ce-9bd9-4364-8c27-e7677daaa02c tempest-LiveAutoBlockMigrationV225Test-1941935596 tempest-LiveAutoBlockMigrationV225Test-1941935596-project] Calling method 'show' {{(pid=114682) _process_stack /opt/stack/cinder/cinder/api/openstack/wsgi.py:868}}
Oct 05 09:19:19.316263 n-d-854355-4 devstack@c-api.service[114683]: /usr/local/lib/python3.8/dist-packages/oslo_context/context.py:100: DeprecationWarning: Policy enforcement is depending on the value of is_admin. This key is deprecated. Please update your policy file to use the standard policy values.
Oct 05 09:19:19.316263 n-d-854355-4 devstack@c-api.service[114683]: warnings.warn('Policy enforcement is depending on the value of '
Oct 05 09:19:19.324352 n-d-854355-4 devstack@c-api.service[114683]: INFO cinder.volume.api [None req-b39b25d5-829f-4565-b137-2e696d39f44a tempest-LiveMigrationTest-461380778 tempest-LiveMigrationTest-461380778-project] Volume info retrieved successfully.
Oct 05 09:19:19.336528 n-d-854355-4 devstack@c-api.service[114683]: INFO cinder.api.openstack.wsgi [None req-b39b25d5-829f-4565-b137-2e696d39f44a tempest-LiveMigrationTest-461380778 tempest-LiveMigrationTest-461380778-project] http://10.222.0.57/volume/v3/5ef741c5c6094737a5961ececd34424d/volumes/8a5aef4f-4eaa-4875-a14a-b01ec1f579bd returned with HTTP 200
Oct 05 09:19:19.337538 n-d-854355-4 devstack@c-api.service[114683]: [pid: 114683|app: 0|req: 131/226] 10.222.0.57 () {58 vars in 1325 bytes} [Wed Oct 5 09:19:19 2022] GET /volume/v3/5ef741c5c6094737a5961ececd34424d/volumes/8a5aef4f-4eaa-4875-a14a-b01ec1f579bd => generated 971 bytes in 52 msecs (HTTP/1.1 200) 7 headers in 285 bytes (1 switches on core 0)
Oct 05 09:19:19.343285 n-d-854355-4 devstack@c-api.service[114682]: /usr/local/lib/python3.8/dist-packages/oslo_context/context.py:100: DeprecationWarning: Policy enforcement is depending on the value of is_admin. This key is deprecated. Please update your policy file to use the standard policy values.
Oct 05 09:19:19.343285 n-d-854355-4 devstack@c-api.service[114682]: warnings.warn('Policy enforcement is depending on the value of '
Oct 05 09:19:19.365399 n-d-854355-4 devstack@c-api.service[114682]: INFO cinder.volume.api [None req-cb2d81ce-9bd9-4364-8c27-e7677daaa02c tempest-LiveAutoBlockMigrationV225Test-1941935596 tempest-LiveAutoBlockMigrationV225Test-1941935596-project] Volume info retrieved successfully.
Oct 05 09:19:19.398789 n-d-854355-4 devstack@c-api.service[114682]: INFO cinder.api.openstack.wsgi [None req-cb2d81ce-9bd9-4364-8c27-e7677daaa02c tempest-LiveAutoBlockMigrationV225Test-1941935596 tempest-LiveAutoBlockMigrationV225Test-1941935596-project] http://10.222.0.57/volume/v3/3701b733017b496ab28d4cb8ea402b0a/volumes/6df995a2-ec0d-4fda-9250-09df3aa6116d returned with HTTP 200
Oct 05 09:19:19.419458 n-d-854355-4 devstack@c-api.service[114682]: [pid: 114682|app: 0|req: 96/227] 10.222.0.57 () {58 vars in 1325 bytes} [Wed Oct 5 09:19:19 2022] GET /volume/v3/3701b733017b496ab28d4cb8ea402b0a/volumes/6df995a2-ec0d-4fda-9250-09df3aa6116d => generated 975 bytes in 125 msecs (HTTP/1.1 200) 7 headers in 285 bytes (2 switches on core 0)
Oct 05 09:19:20.360324 n-d-854355-4 devstack@c-api.service[114683]: DEBUG cinder.api.middleware.request_id [None req-b0ae61f0-771e-48c8-aecf-ddd9b43dea16 None None] RequestId filter calling following filter/app {{(pid=114683) _context_setter /opt/stack/cinder/cinder/api/middleware/request_id.py:62}}
Oct 05 09:19:20.363836 n-d-854355-4 devstack@c-api.service[114683]: INFO cinder.api.openstack.wsgi [None req-b0ae61f0-771e-48c8-aecf-ddd9b43dea16 tempest-LiveMigrationTest-461380778 tempest-LiveMigrationTest-461380778-project] GET http://10.222.0.57/volume/v3/5ef741c5c6094737a5961ececd34424d/volumes/8a5aef4f-4eaa-4875-a14a-b01ec1f579bd
Oct 05 09:19:20.366317 n-d-854355-4 devstack@c-api.service[114683]: DEBUG cinder.api.openstack.wsgi [None req-b0ae61f0-771e-48c8-aecf-ddd9b43dea16 tempest-LiveMigrationTest-461380778 tempest-LiveMigrationTest-461380778-project] Empty body provided in request {{(pid=114683) get_body /opt/stack/cinder/cinder/api/openstack/wsgi.py:715}}
Oct 05 09:19:20.366317 n-d-854355-4 devstack@c-api.service[114683]: DEBUG cinder.api.openstack.wsgi [None req-b0ae61f0-771e-48c8-aecf-ddd9b43dea16 tempest-LiveMigrationTest-461380778 tempest-LiveMigrationTest-461380778-project] Calling method 'show' {{(pid=114683) _process_stack /opt/stack/cinder/cinder/api/openstack/wsgi.py:868}}
Oct 05 09:19:20.394259 n-d-854355-4 devstack@c-api.service[114683]: /usr/local/lib/python3.8/dist-packages/oslo_context/context.py:100: DeprecationWarning: Policy enforcement is depending on the value of is_admin. This key is deprecated. Please update your policy file to use the standard policy values.
Oct 05 09:19:20.394259 n-d-854355-4 devstack@c-api.service[114683]: warnings.warn('Policy enforcement is depending on the value of '
Oct 05 09:19:20.415274 n-d-854355-4 devstack@c-api.service[114683]: INFO cinder.volume.api [None req-b0ae61f0-771e-48c8-aecf-ddd9b43dea16 tempest-LiveMigrationTest-461380778 tempest-LiveMigrationTest-461380778-project] Volume info retrieved successfully.
Oct 05 09:19:20.422261 n-d-854355-4 devstack@c-api.service[114682]: DEBUG cinder.api.middleware.request_id [None req-4e06a497-1040-41b3-af2d-d3412b9048f4 None None] RequestId filter calling following filter/app {{(pid=114682) _context_setter /opt/stack/cinder/cinder/api/middleware/request_id.py:62}}
Oct 05 09:19:20.426306 n-d-854355-4 devstack@c-api.service[114682]: INFO cinder.api.openstack.wsgi [None req-4e06a497-1040-41b3-af2d-d3412b9048f4 tempest-LiveAutoBlockMigrationV225Test-1941935596 tempest-LiveAutoBlockMigrationV225Test-1941935596-project] GET http://10.222.0.57/volume/v3/3701b733017b496ab28d4cb8ea402b0a/volumes/6df995a2-ec0d-4fda-9250-09df3aa6116d
Oct 05 09:19:20.426750 n-d-854355-4 devstack@c-api.service[114682]: DEBUG cinder.api.openstack.wsgi [None req-4e06a497-1040-41b3-af2d-d3412b9048f4 tempest-LiveAutoBlockMigrationV225Test-1941935596 tempest-LiveAutoBlockMigrationV225Test-1941935596-project] Empty body provided in request {{(pid=114682) get_body /opt/stack/cinder/cinder/api/openstack/wsgi.py:715}}
Oct 05 09:19:20.427250 n-d-854355-4 devstack@c-api.service[114682]: DEBUG cinder.api.openstack.wsgi [None req-4e06a497-1040-41b3-af2d-d3412b9048f4 tempest-LiveAutoBlockMigrationV225Test-1941935596 tempest-LiveAutoBlockMigrationV225Test-1941935596-project] Calling method 'show' {{(pid=114682) _process_stack /opt/stack/cinder/cinder/api/openstack/wsgi.py:868}}
Oct 05 09:19:20.449422 n-d-854355-4 devstack@c-api.service[114683]: INFO cinder.api.openstack.wsgi [None req-b0ae61f0-771e-48c8-aecf-ddd9b43dea16 tempest-LiveMigrationTest-461380778 tempest-LiveMigrationTest-461380778-project] http://10.222.0.57/volume/v3/5ef741c5c6094737a5961ececd34424d/volumes/8a5aef4f-4eaa-4875-a14a-b01ec1f579bd returned with HTTP 200
Oct 05 09:19:20.452810 n-d-854355-4 devstack@c-api.service[114683]: [pid: 114683|app: 0|req: 132/228] 10.222.0.57 () {58 vars in 1325 bytes} [Wed Oct 5 09:19:20 2022] GET /volume/v3/5ef741c5c6094737a5961ececd34424d/volumes/8a5aef4f-4eaa-4875-a14a-b01ec1f579bd => generated 974 bytes in 94 msecs (HTTP/1.1 200) 7 headers in 285 bytes (1 switches on core 0)
Oct 05 09:19:20.456229 n-d-854355-4 devstack@c-api.service[114682]: /usr/local/lib/python3.8/dist-packages/oslo_context/context.py:100: DeprecationWarning: Policy enforcement is depending on the value of is_admin. This key is deprecated. Please update your policy file to use the standard policy values.
Oct 05 09:19:20.456229 n-d-854355-4 devstack@c-api.service[114682]: warnings.warn('Policy enforcement is depending on the value of '
Oct 05 09:19:20.464082 n-d-854355-4 devstack@c-api.service[114682]: INFO cinder.volume.api [None req-4e06a497-1040-41b3-af2d-d3412b9048f4 tempest-LiveAutoBlockMigrationV225Test-1941935596 tempest-LiveAutoBlockMigrationV225Test-1941935596-project] Volume info retrieved successfully.
Oct 05 09:19:20.484251 n-d-854355-4 devstack@c-api.service[114682]: INFO cinder.api.openstack.wsgi [None req-4e06a497-1040-41b3-af2d-d3412b9048f4 tempest-LiveAutoBlockMigrationV225Test-1941935596 tempest-LiveAutoBlockMigrationV225Test-1941935596-project] http://10.222.0.57/volume/v3/3701b733017b496ab28d4cb8ea402b0a/volumes/6df995a2-ec0d-4fda-9250-09df3aa6116d returned with HTTP 200
Oct 05 09:19:20.484251 n-d-854355-4 devstack@c-api.service[114682]: [pid: 114682|app: 0|req: 97/229] 10.222.0.57 () {58 vars in 1325 bytes} [Wed Oct 5 09:19:20 2022] GET /volume/v3/3701b733017b496ab28d4cb8ea402b0a/volumes/6df995a2-ec0d-4fda-9250-09df3aa6116d => generated 1363 bytes in 61 msecs (HTTP/1.1 200) 7 headers in 286 bytes (1 switches on core 0)
Oct 05 09:19:21.472348 n-d-854355-4 devstack@c-api.service[114683]: DEBUG cinder.api.middleware.request_id [None req-024556ad-6e1a-4984-b520-c2d0ef862b87 None None] RequestId filter calling following filter/app {{(pid=114683) _context_setter /opt/stack/cinder/cinder/api/middleware/request_id.py:62}}
Oct 05 09:19:21.477367 n-d-854355-4 devstack@c-api.service[114683]: INFO cinder.api.openstack.wsgi [None req-024556ad-6e1a-4984-b520-c2d0ef862b87 tempest-LiveMigrationTest-461380778 tempest-LiveMigrationTest-461380778-project] GET http://10.222.0.57/volume/v3/5ef741c5c6094737a5961ececd34424d/volumes/8a5aef4f-4eaa-4875-a14a-b01ec1f579bd
Oct 05 09:19:21.477907 n-d-854355-4 devstack@c-api.service[114683]: DEBUG cinder.api.openstack.wsgi [None req-024556ad-6e1a-4984-b520-c2d0ef862b87 tempest-LiveMigrationTest-461380778 tempest-LiveMigrationTest-461380778-project] Empty body provided in request {{(pid=114683) get_body /opt/stack/cinder/cinder/api/openstack/wsgi.py:715}}
Oct 05 09:19:21.478439 n-d-854355-4 devstack@c-api.service[114683]: DEBUG cinder.api.openstack.wsgi [None req-024556ad-6e1a-4984-b520-c2d0ef862b87 tempest-LiveMigrationTest-461380778 tempest-LiveMigrationTest-461380778-project] Calling method 'show' {{(pid=114683) _process_stack /opt/stack/cinder/cinder/api/openstack/wsgi.py:868}}
Oct 05 09:19:21.526763 n-d-854355-4 devstack@c-api.service[114683]: /usr/local/lib/python3.8/dist-packages/oslo_context/context.py:100: DeprecationWarning: Policy enforcement is depending on the value of is_admin. This key is deprecated. Please update your policy file to use the standard policy values.
Oct 05 09:19:21.526763 n-d-854355-4 devstack@c-api.service[114683]: warnings.warn('Policy enforcement is depending on the value of '
Oct 05 09:19:21.537932 n-d-854355-4 devstack@c-api.service[114683]: INFO cinder.volume.api [None req-024556ad-6e1a-4984-b520-c2d0ef862b87 tempest-LiveMigrationTest-461380778 tempest-LiveMigrationTest-461380778-project] Volume info retrieved successfully.
Oct 05 09:19:21.560176 n-d-854355-4 devstack@c-api.service[114683]: INFO cinder.api.openstack.wsgi [None req-024556ad-6e1a-4984-b520-c2d0ef862b87 tempest-LiveMigrationTest-461380778 tempest-LiveMigrationTest-461380778-project] http://10.222.0.57/volume/v3/5ef741c5c6094737a5961ececd34424d/volumes/8a5aef4f-4eaa-4875-a14a-b01ec1f579bd returned with HTTP 200
Oct 05 09:19:21.565406 n-d-854355-4 devstack@c-api.service[114683]: [pid: 114683|app: 0|req: 133/230] 10.222.0.57 () {58 vars in 1325 bytes} [Wed Oct 5 09:19:21 2022] GET /volume/v3/5ef741c5c6094737a5961ececd34424d/volumes/8a5aef4f-4eaa-4875-a14a-b01ec1f579bd => generated 974 bytes in 94 msecs (HTTP/1.1 200) 7 headers in 285 bytes (1 switches on core 0)
Oct 05 09:19:21.685436 n-d-854355-4 devstack@c-api.service[114682]: DEBUG cinder.api.middleware.request_id [req-f365d8af-02cc-490a-8e36-eca912c163c5 req-e82298d1-bebe-46e2-bb0a-3ffb945308db None None] RequestId filter calling following filter/app {{(pid=114682) _context_setter /opt/stack/cinder/cinder/api/middleware/request_id.py:62}}
Oct 05 09:19:21.690497 n-d-854355-4 devstack@c-api.service[114682]: INFO cinder.api.openstack.wsgi [req-f365d8af-02cc-490a-8e36-eca912c163c5 req-e82298d1-bebe-46e2-bb0a-3ffb945308db tempest-LiveAutoBlockMigrationV225Test-1941935596 tempest-LiveAutoBlockMigrationV225Test-1941935596-project] GET http://10.222.0.57/volume/v3/3701b733017b496ab28d4cb8ea402b0a/volumes/6df995a2-ec0d-4fda-9250-09df3aa6116d
Oct 05 09:19:21.691163 n-d-854355-4 devstack@c-api.service[114682]: DEBUG cinder.api.openstack.wsgi [req-f365d8af-02cc-490a-8e36-eca912c163c5 req-e82298d1-bebe-46e2-bb0a-3ffb945308db tempest-LiveAutoBlockMigrationV225Test-1941935596 tempest-LiveAutoBlockMigrationV225Test-1941935596-project] Empty body provided in request {{(pid=114682) get_body /opt/stack/cinder/cinder/api/openstack/wsgi.py:715}}
Oct 05 09:19:21.691930 n-d-854355-4 devstack@c-api.service[114682]: DEBUG cinder.api.openstack.wsgi [req-f365d8af-02cc-490a-8e36-eca912c163c5 req-e82298d1-bebe-46e2-bb0a-3ffb945308db tempest-LiveAutoBlockMigrationV225Test-1941935596 tempest-LiveAutoBlockMigrationV225Test-1941935596-project] Calling method 'show' {{(pid=114682) _process_stack /opt/stack/cinder/cinder/api/openstack/wsgi.py:868}}
Oct 05 09:19:21.715508 n-d-854355-4 devstack@c-api.service[114682]: /usr/local/lib/python3.8/dist-packages/oslo_context/context.py:100: DeprecationWarning: Policy enforcement is depending on the value of is_admin. This key is deprecated. Please update your policy file to use the standard policy values.
Oct 05 09:19:21.715508 n-d-854355-4 devstack@c-api.service[114682]: warnings.warn('Policy enforcement is depending on the value of '
Oct 05 09:19:21.724115 n-d-854355-4 devstack@c-api.service[114682]: INFO cinder.volume.api [req-f365d8af-02cc-490a-8e36-eca912c163c5 req-e82298d1-bebe-46e2-bb0a-3ffb945308db tempest-LiveAutoBlockMigrationV225Test-1941935596 tempest-LiveAutoBlockMigrationV225Test-1941935596-project] Volume info retrieved successfully.
