Aug 29 06:31:50.606717 n-d-854247-9 devstack@placement-api.service[108221]: INFO placement.requestlog [req-086bcc2a-6834-447f-9d8c-f9df46508522 req-77602749-15a6-4be7-9a11-fdd22cd11ef3 service placement] 10.222.0.55 "GET /placement/allocations/5e42a616-8d44-42d9-9898-c18cdabe3886" status: 200 len: 259 microversion: 1.28
Aug 29 06:31:50.607240 n-d-854247-9 devstack@placement-api.service[108221]: [pid: 108221|app: 0|req: 502/1008] 10.222.0.55 () {60 vars in 1377 bytes} [Mon Aug 29 06:31:50 2022] GET /placement/allocations/5e42a616-8d44-42d9-9898-c18cdabe3886 => generated 259 bytes in 25 msecs (HTTP/1.1 200) 8 headers in 296 bytes (1 switches on core 0)
Aug 29 06:31:50.616786 n-d-854247-9 devstack@placement-api.service[108220]: DEBUG placement.requestlog [req-086bcc2a-6834-447f-9d8c-f9df46508522 req-30d08fcd-9e48-4d77-b987-bd6623508b8b None None] Starting request: 10.222.0.55 "GET /placement/allocations/7ac3964d-1ddc-4517-a4b3-da5381839f6b" {{(pid=108220) __call__ /opt/stack/placement/placement/requestlog.py:55}}
Aug 29 06:31:50.635823 n-d-854247-9 devstack@placement-api.service[108220]: INFO placement.requestlog [req-086bcc2a-6834-447f-9d8c-f9df46508522 req-30d08fcd-9e48-4d77-b987-bd6623508b8b service placement] 10.222.0.55 "GET /placement/allocations/7ac3964d-1ddc-4517-a4b3-da5381839f6b" status: 200 len: 245 microversion: 1.28
Aug 29 06:31:50.636734 n-d-854247-9 devstack@placement-api.service[108220]: [pid: 108220|app: 0|req: 507/1009] 10.222.0.55 () {60 vars in 1377 bytes} [Mon Aug 29 06:31:50 2022] GET /placement/allocations/7ac3964d-1ddc-4517-a4b3-da5381839f6b => generated 245 bytes in 20 msecs (HTTP/1.1 200) 8 headers in 296 bytes (1 switches on core 0)
Aug 29 06:31:50.644761 n-d-854247-9 devstack@placement-api.service[108221]: DEBUG placement.requestlog [req-086bcc2a-6834-447f-9d8c-f9df46508522 req-ff89afaa-90c6-450c-baed-6aa46985e897 None None] Starting request: 10.222.0.55 "GET /placement/allocations/0ee00e46-8c6c-40ef-89fc-583b3340192d" {{(pid=108221) __call__ /opt/stack/placement/placement/requestlog.py:55}}
Aug 29 06:31:50.659065 n-d-854247-9 devstack@placement-api.service[108221]: DEBUG dbcounter [-] [108221] Writing DB stats placement:SELECT=82,placement:INSERT=10,placement:DELETE=4,placement:UPDATE=4 {{(pid=108221) stat_writer /usr/local/lib/python3.8/dist-packages/dbcounter.py:114}}
Aug 29 06:31:50.663295 n-d-854247-9 devstack@placement-api.service[108221]: INFO placement.requestlog [req-086bcc2a-6834-447f-9d8c-f9df46508522 req-ff89afaa-90c6-450c-baed-6aa46985e897 service placement] 10.222.0.55 "GET /placement/allocations/0ee00e46-8c6c-40ef-89fc-583b3340192d" status: 200 len: 259 microversion: 1.28
Aug 29 06:31:50.665147 n-d-854247-9 devstack@placement-api.service[108221]: [pid: 108221|app: 0|req: 503/1010] 10.222.0.55 () {60 vars in 1377 bytes} [Mon Aug 29 06:31:50 2022] GET /placement/allocations/0ee00e46-8c6c-40ef-89fc-583b3340192d => generated 259 bytes in 21 msecs (HTTP/1.1 200) 8 headers in 296 bytes (2 switches on core 0)
Aug 29 06:31:50.674248 n-d-854247-9 devstack@placement-api.service[108220]: DEBUG placement.requestlog [req-086bcc2a-6834-447f-9d8c-f9df46508522 req-56e5c4c0-12f8-4424-9c26-acb011482dfc None None] Starting request: 10.222.0.55 "GET /placement/allocations/b5ebfb0d-5260-4e21-b18f-86fcb74818d7" {{(pid=108220) __call__ /opt/stack/placement/placement/requestlog.py:55}}
Aug 29 06:31:50.713871 n-d-854247-9 devstack@placement-api.service[108220]: INFO placement.requestlog [req-086bcc2a-6834-447f-9d8c-f9df46508522 req-56e5c4c0-12f8-4424-9c26-acb011482dfc service placement] 10.222.0.55 "GET /placement/allocations/b5ebfb0d-5260-4e21-b18f-86fcb74818d7" status: 200 len: 259 microversion: 1.28
Aug 29 06:31:50.713871 n-d-854247-9 devstack@placement-api.service[108220]: [pid: 108220|app: 0|req: 508/1011] 10.222.0.55 () {60 vars in 1377 bytes} [Mon Aug 29 06:31:50 2022] GET /placement/allocations/b5ebfb0d-5260-4e21-b18f-86fcb74818d7 => generated 259 bytes in 39 msecs (HTTP/1.1 200) 8 headers in 296 bytes (1 switches on core 0)
Aug 29 06:31:50.727122 n-d-854247-9 devstack@placement-api.service[108221]: DEBUG placement.requestlog [req-086bcc2a-6834-447f-9d8c-f9df46508522 req-1148be28-3b14-43b0-8ba3-cf7c2bbb96a6 None None] Starting request: 10.222.0.55 "GET /placement/allocations/100ec0ba-26ab-4a63-b1c3-92abd8ab0401" {{(pid=108221) __call__ /opt/stack/placement/placement/requestlog.py:55}}
Aug 29 06:31:50.749897 n-d-854247-9 devstack@placement-api.service[108221]: INFO placement.requestlog [req-086bcc2a-6834-447f-9d8c-f9df46508522 req-1148be28-3b14-43b0-8ba3-cf7c2bbb96a6 service placement] 10.222.0.55 "GET /placement/allocations/100ec0ba-26ab-4a63-b1c3-92abd8ab0401" status: 200 len: 259 microversion: 1.28
Aug 29 06:31:50.750617 n-d-854247-9 devstack@placement-api.service[108221]: [pid: 108221|app: 0|req: 504/1012] 10.222.0.55 () {60 vars in 1377 bytes} [Mon Aug 29 06:31:50 2022] GET /placement/allocations/100ec0ba-26ab-4a63-b1c3-92abd8ab0401 => generated 259 bytes in 24 msecs (HTTP/1.1 200) 8 headers in 296 bytes (1 switches on core 0)
Aug 29 06:31:50.759089 n-d-854247-9 devstack@placement-api.service[108220]: DEBUG placement.requestlog [req-086bcc2a-6834-447f-9d8c-f9df46508522 req-9bb922cc-9c57-4849-ae10-503cc74157ee None None] Starting request: 10.222.0.55 "GET /placement/allocations/7a28d25e-2984-4ed5-8e07-0a44d5586609" {{(pid=108220) __call__ /opt/stack/placement/placement/requestlog.py:55}}
Aug 29 06:31:50.777158 n-d-854247-9 devstack@placement-api.service[108220]: INFO placement.requestlog [req-086bcc2a-6834-447f-9d8c-f9df46508522 req-9bb922cc-9c57-4849-ae10-503cc74157ee service placement] 10.222.0.55 "GET /placement/allocations/7a28d25e-2984-4ed5-8e07-0a44d5586609" status: 200 len: 259 microversion: 1.28
Aug 29 06:31:50.777649 n-d-854247-9 devstack@placement-api.service[108220]: [pid: 108220|app: 0|req: 509/1013] 10.222.0.55 () {60 vars in 1377 bytes} [Mon Aug 29 06:31:50 2022] GET /placement/allocations/7a28d25e-2984-4ed5-8e07-0a44d5586609 => generated 259 bytes in 19 msecs (HTTP/1.1 200) 8 headers in 296 bytes (2 switches on core 0)
Aug 29 06:31:52.848812 n-d-854247-9 devstack@placement-api.service[108221]: DEBUG placement.requestlog [req-22ee9e43-9f10-4714-a0cc-f352951f1c8a req-bde47543-1b00-4ff0-b5ad-cf298f41067e None None] Starting request: 10.222.0.55 "GET /placement/allocations/54dab913-7f21-4176-8061-523acef04fef" {{(pid=108221) __call__ /opt/stack/placement/placement/requestlog.py:55}}
Aug 29 06:31:52.868971 n-d-854247-9 devstack@placement-api.service[108221]: INFO placement.requestlog [req-22ee9e43-9f10-4714-a0cc-f352951f1c8a req-bde47543-1b00-4ff0-b5ad-cf298f41067e service placement] 10.222.0.55 "GET /placement/allocations/54dab913-7f21-4176-8061-523acef04fef" status: 200 len: 259 microversion: 1.28
Aug 29 06:31:52.871324 n-d-854247-9 devstack@placement-api.service[108221]: [pid: 108221|app: 0|req: 505/1014] 10.222.0.55 () {60 vars in 1377 bytes} [Mon Aug 29 06:31:52 2022] GET /placement/allocations/54dab913-7f21-4176-8061-523acef04fef => generated 259 bytes in 23 msecs (HTTP/1.1 200) 8 headers in 296 bytes (1 switches on core 0)
Aug 29 06:31:53.197961 n-d-854247-9 devstack@placement-api.service[108220]: DEBUG placement.requestlog [req-22ee9e43-9f10-4714-a0cc-f352951f1c8a req-44f13a65-d384-4495-8505-150e2fcec5c2 None None] Starting request: 10.222.0.55 "GET /placement/allocations/7a28d25e-2984-4ed5-8e07-0a44d5586609" {{(pid=108220) __call__ /opt/stack/placement/placement/requestlog.py:55}}
Aug 29 06:31:53.220976 n-d-854247-9 devstack@placement-api.service[108221]: DEBUG placement.requestlog [req-22ee9e43-9f10-4714-a0cc-f352951f1c8a req-10873b2d-1441-4ab1-a73e-d8aa91048760 None None] Starting request: 10.222.0.55 "GET /placement/resource_providers/5f72d31d-705e-4fa4-9e42-c6b31b43b2f5/allocations" {{(pid=108221) __call__ /opt/stack/placement/placement/requestlog.py:55}}
Aug 29 06:31:53.225944 n-d-854247-9 devstack@placement-api.service[108220]: INFO placement.requestlog [req-22ee9e43-9f10-4714-a0cc-f352951f1c8a req-44f13a65-d384-4495-8505-150e2fcec5c2 service placement] 10.222.0.55 "GET /placement/allocations/7a28d25e-2984-4ed5-8e07-0a44d5586609" status: 200 len: 259 microversion: 1.28
Aug 29 06:31:53.226337 n-d-854247-9 devstack@placement-api.service[108220]: [pid: 108220|app: 0|req: 510/1015] 10.222.0.55 () {60 vars in 1377 bytes} [Mon Aug 29 06:31:53 2022] GET /placement/allocations/7a28d25e-2984-4ed5-8e07-0a44d5586609 => generated 259 bytes in 29 msecs (HTTP/1.1 200) 8 headers in 296 bytes (1 switches on core 0)
Aug 29 06:31:53.297509 n-d-854247-9 devstack@placement-api.service[108221]: INFO placement.requestlog [req-22ee9e43-9f10-4714-a0cc-f352951f1c8a req-10873b2d-1441-4ab1-a73e-d8aa91048760 service placement] 10.222.0.55 "GET /placement/resource_providers/5f72d31d-705e-4fa4-9e42-c6b31b43b2f5/allocations" status: 200 len: 1237 microversion: 1.0
Aug 29 06:31:53.299276 n-d-854247-9 devstack@placement-api.service[108221]: [pid: 108221|app: 0|req: 506/1016] 10.222.0.55 () {58 vars in 1390 bytes} [Mon Aug 29 06:31:53 2022] GET /placement/resource_providers/5f72d31d-705e-4fa4-9e42-c6b31b43b2f5/allocations => generated 1237 bytes in 79 msecs (HTTP/1.1 200) 6 headers in 225 bytes (2 switches on core 0)
Aug 29 06:31:53.307301 n-d-854247-9 devstack@placement-api.service[108220]: DEBUG placement.requestlog [req-22ee9e43-9f10-4714-a0cc-f352951f1c8a req-7482f9d6-0715-4948-b9ca-08e586bedfdb None None] Starting request: 10.222.0.55 "GET /placement/allocations/5cab008c-475f-4c17-959b-89ab0c64546e" {{(pid=108220) __call__ /opt/stack/placement/placement/requestlog.py:55}}
Aug 29 06:31:53.333767 n-d-854247-9 devstack@placement-api.service[108220]: INFO placement.requestlog [req-22ee9e43-9f10-4714-a0cc-f352951f1c8a req-7482f9d6-0715-4948-b9ca-08e586bedfdb service placement] 10.222.0.55 "GET /placement/allocations/5cab008c-475f-4c17-959b-89ab0c64546e" status: 200 len: 259 microversion: 1.28
Aug 29 06:31:53.334525 n-d-854247-9 devstack@placement-api.service[108220]: [pid: 108220|app: 0|req: 511/1017] 10.222.0.55 () {60 vars in 1377 bytes} [Mon Aug 29 06:31:53 2022] GET /placement/allocations/5cab008c-475f-4c17-959b-89ab0c64546e => generated 259 bytes in 27 msecs (HTTP/1.1 200) 8 headers in 296 bytes (1 switches on core 0)
Aug 29 06:31:53.342578 n-d-854247-9 devstack@placement-api.service[108221]: DEBUG placement.requestlog [req-22ee9e43-9f10-4714-a0cc-f352951f1c8a req-6285c4a2-49ea-4b4e-9071-1a56b80d7f6d None None] Starting request: 10.222.0.55 "GET /placement/allocations/296e8042-50ba-4213-bed7-6aad4f64efd1" {{(pid=108221) __call__ /opt/stack/placement/placement/requestlog.py:55}}
Aug 29 06:31:53.367976 n-d-854247-9 devstack@placement-api.service[108221]: INFO placement.requestlog [req-22ee9e43-9f10-4714-a0cc-f352951f1c8a req-6285c4a2-49ea-4b4e-9071-1a56b80d7f6d service placement] 10.222.0.55 "GET /placement/allocations/296e8042-50ba-4213-bed7-6aad4f64efd1" status: 200 len: 245 microversion: 1.28
Aug 29 06:31:53.368167 n-d-854247-9 devstack@placement-api.service[108221]: [pid: 108221|app: 0|req: 507/1018] 10.222.0.55 () {60 vars in 1377 bytes} [Mon Aug 29 06:31:53 2022] GET /placement/allocations/296e8042-50ba-4213-bed7-6aad4f64efd1 => generated 245 bytes in 26 msecs (HTTP/1.1 200) 8 headers in 296 bytes (1 switches on core 0)
Aug 29 06:31:53.379608 n-d-854247-9 devstack@placement-api.service[108220]: DEBUG placement.requestlog [req-22ee9e43-9f10-4714-a0cc-f352951f1c8a req-b9a37683-322c-483a-a1f6-295d928aa757 None None] Starting request: 10.222.0.55 "GET /placement/allocations/dbfaad62-1e4d-4723-93b5-1ade7b16339e" {{(pid=108220) __call__ /opt/stack/placement/placement/requestlog.py:55}}
Aug 29 06:31:53.399952 n-d-854247-9 devstack@placement-api.service[108220]: INFO placement.requestlog [req-22ee9e43-9f10-4714-a0cc-f352951f1c8a req-b9a37683-322c-483a-a1f6-295d928aa757 service placement] 10.222.0.55 "GET /placement/allocations/dbfaad62-1e4d-4723-93b5-1ade7b16339e" status: 200 len: 259 microversion: 1.28
Aug 29 06:31:53.399952 n-d-854247-9 devstack@placement-api.service[108220]: [pid: 108220|app: 0|req: 512/1019] 10.222.0.55 () {60 vars in 1377 bytes} [Mon Aug 29 06:31:53 2022] GET /placement/allocations/dbfaad62-1e4d-4723-93b5-1ade7b16339e => generated 259 bytes in 21 msecs (HTTP/1.1 200) 8 headers in 296 bytes (1 switches on core 0)
Aug 29 06:31:53.410426 n-d-854247-9 devstack@placement-api.service[108221]: DEBUG placement.requestlog [req-22ee9e43-9f10-4714-a0cc-f352951f1c8a req-7299fc7b-c91c-4527-b90f-42e4bf3ffd61 None None] Starting request: 10.222.0.55 "GET /placement/allocations/acc9634e-2c2f-4b49-827c-f44236f52ecc" {{(pid=108221) __call__ /opt/stack/placement/placement/requestlog.py:55}}
Aug 29 06:31:53.426783 n-d-854247-9 devstack@placement-api.service[108221]: INFO placement.requestlog [req-22ee9e43-9f10-4714-a0cc-f352951f1c8a req-7299fc7b-c91c-4527-b90f-42e4bf3ffd61 service placement] 10.222.0.55 "GET /placement/allocations/acc9634e-2c2f-4b49-827c-f44236f52ecc" status: 200 len: 259 microversion: 1.28
Aug 29 06:31:53.427253 n-d-854247-9 devstack@placement-api.service[108221]: [pid: 108221|app: 0|req: 508/1020] 10.222.0.55 () {60 vars in 1377 bytes} [Mon Aug 29 06:31:53 2022] GET /placement/allocations/acc9634e-2c2f-4b49-827c-f44236f52ecc => generated 259 bytes in 17 msecs (HTTP/1.1 200) 8 headers in 296 bytes (1 switches on core 0)
Aug 29 06:31:53.435380 n-d-854247-9 devstack@placement-api.service[108220]: DEBUG placement.requestlog [req-22ee9e43-9f10-4714-a0cc-f352951f1c8a req-bde349e9-46d4-4ff8-b4a0-4ce296d786d9 None None] Starting request: 10.222.0.55 "GET /placement/allocations/54dab913-7f21-4176-8061-523acef04fef" {{(pid=108220) __call__ /opt/stack/placement/placement/requestlog.py:55}}
Aug 29 06:31:53.451280 n-d-854247-9 devstack@placement-api.service[108220]: INFO placement.requestlog [req-22ee9e43-9f10-4714-a0cc-f352951f1c8a req-bde349e9-46d4-4ff8-b4a0-4ce296d786d9 service placement] 10.222.0.55 "GET /placement/allocations/54dab913-7f21-4176-8061-523acef04fef" status: 200 len: 259 microversion: 1.28
Aug 29 06:31:53.451574 n-d-854247-9 devstack@placement-api.service[108220]: [pid: 108220|app: 0|req: 513/1021] 10.222.0.55 () {60 vars in 1377 bytes} [Mon Aug 29 06:31:53 2022] GET /placement/allocations/54dab913-7f21-4176-8061-523acef04fef => generated 259 bytes in 17 msecs (HTTP/1.1 200) 8 headers in 296 bytes (2 switches on core 0)
Aug 29 06:31:53.460141 n-d-854247-9 devstack@placement-api.service[108221]: DEBUG placement.requestlog [req-22ee9e43-9f10-4714-a0cc-f352951f1c8a req-d81d1e27-0dd2-4ec0-849c-47b1d4ce88ea None None] Starting request: 10.222.0.55 "GET /placement/allocations/bb9d6a72-1d7c-4407-87c9-536334d3d163" {{(pid=108221) __call__ /opt/stack/placement/placement/requestlog.py:55}}
Aug 29 06:31:53.478633 n-d-854247-9 devstack@placement-api.service[108221]: INFO placement.requestlog [req-22ee9e43-9f10-4714-a0cc-f352951f1c8a req-d81d1e27-0dd2-4ec0-849c-47b1d4ce88ea service placement] 10.222.0.55 "GET /placement/allocations/bb9d6a72-1d7c-4407-87c9-536334d3d163" status: 200 len: 259 microversion: 1.28
Aug 29 06:31:53.478633 n-d-854247-9 devstack@placement-api.service[108221]: [pid: 108221|app: 0|req: 509/1022] 10.222.0.55 () {60 vars in 1377 bytes} [Mon Aug 29 06:31:53 2022] GET /placement/allocations/bb9d6a72-1d7c-4407-87c9-536334d3d163 => generated 259 bytes in 17 msecs (HTTP/1.1 200) 8 headers in 296 bytes (2 switches on core 0)
Aug 29 06:31:53.485085 n-d-854247-9 devstack@placement-api.service[108220]: DEBUG placement.requestlog [req-22ee9e43-9f10-4714-a0cc-f352951f1c8a req-8292981d-eda3-4f33-898a-50bbbdf199fd None None] Starting request: 10.222.0.55 "GET /placement/allocations/5e42a616-8d44-42d9-9898-c18cdabe3886" {{(pid=108220) __call__ /opt/stack/placement/placement/requestlog.py:55}}
Aug 29 06:31:53.499377 n-d-854247-9 devstack@placement-api.service[108220]: DEBUG dbcounter [-] [108220] Writing DB stats placement:SELECT=92,placement:INSERT=4,placement:DELETE=2,placement:UPDATE=2 {{(pid=108220) stat_writer /usr/local/lib/python3.8/dist-packages/dbcounter.py:114}}
Aug 29 06:31:53.509265 n-d-854247-9 devstack@placement-api.service[108220]: INFO placement.requestlog [req-22ee9e43-9f10-4714-a0cc-f352951f1c8a req-8292981d-eda3-4f33-898a-50bbbdf199fd service placement] 10.222.0.55 "GET /placement/allocations/5e42a616-8d44-42d9-9898-c18cdabe3886" status: 200 len: 259 microversion: 1.28
Aug 29 06:31:53.509924 n-d-854247-9 devstack@placement-api.service[108220]: [pid: 108220|app: 0|req: 514/1023] 10.222.0.55 () {60 vars in 1377 bytes} [Mon Aug 29 06:31:53 2022] GET /placement/allocations/5e42a616-8d44-42d9-9898-c18cdabe3886 => generated 259 bytes in 25 msecs (HTTP/1.1 200) 8 headers in 296 bytes (2 switches on core 0)
Aug 29 06:31:53.530291 n-d-854247-9 devstack@placement-api.service[108221]: DEBUG placement.requestlog [req-22ee9e43-9f10-4714-a0cc-f352951f1c8a req-83242b1b-6a36-4b7e-ab02-2f103e58de7f None None] Starting request: 10.222.0.55 "GET /placement/allocations/7ac3964d-1ddc-4517-a4b3-da5381839f6b" {{(pid=108221) __call__ /opt/stack/placement/placement/requestlog.py:55}}
Aug 29 06:31:53.567786 n-d-854247-9 devstack@placement-api.service[108221]: INFO placement.requestlog [req-22ee9e43-9f10-4714-a0cc-f352951f1c8a req-83242b1b-6a36-4b7e-ab02-2f103e58de7f service placement] 10.222.0.55 "GET /placement/allocations/7ac3964d-1ddc-4517-a4b3-da5381839f6b" status: 200 len: 245 microversion: 1.28
Aug 29 06:31:53.568735 n-d-854247-9 devstack@placement-api.service[108221]: [pid: 108221|app: 0|req: 510/1024] 10.222.0.55 () {60 vars in 1377 bytes} [Mon Aug 29 06:31:53 2022] GET /placement/allocations/7ac3964d-1ddc-4517-a4b3-da5381839f6b => generated 245 bytes in 39 msecs (HTTP/1.1 200) 8 headers in 296 bytes (2 switches on core 0)
Aug 29 06:31:53.577511 n-d-854247-9 devstack@placement-api.service[108220]: DEBUG placement.requestlog [req-22ee9e43-9f10-4714-a0cc-f352951f1c8a req-af985ba7-b950-4009-bd37-c0a97a78e46e None None] Starting request: 10.222.0.55 "GET /placement/allocations/0ee00e46-8c6c-40ef-89fc-583b3340192d" {{(pid=108220) __call__ /opt/stack/placement/placement/requestlog.py:55}}
Aug 29 06:31:53.585542 n-d-854247-9 devstack@placement-api.service[108221]: DEBUG placement.requestlog [req-22ee9e43-9f10-4714-a0cc-f352951f1c8a req-478a201e-65fb-487f-8028-45661cbf1506 None None] Starting request: 10.222.0.55 "GET /placement/resource_providers/5f72d31d-705e-4fa4-9e42-c6b31b43b2f5/allocations" {{(pid=108221) __call__ /opt/stack/placement/placement/requestlog.py:55}}
Aug 29 06:31:53.614489 n-d-854247-9 devstack@placement-api.service[108220]: INFO placement.requestlog [req-22ee9e43-9f10-4714-a0cc-f352951f1c8a req-af985ba7-b950-4009-bd37-c0a97a78e46e service placement] 10.222.0.55 "GET /placement/allocations/0ee00e46-8c6c-40ef-89fc-583b3340192d" status: 200 len: 259 microversion: 1.28
Aug 29 06:31:53.615283 n-d-854247-9 devstack@placement-api.service[108220]: [pid: 108220|app: 0|req: 515/1025] 10.222.0.55 () {60 vars in 1377 bytes} [Mon Aug 29 06:31:53 2022] GET /placement/allocations/0ee00e46-8c6c-40ef-89fc-583b3340192d => generated 259 bytes in 38 msecs (HTTP/1.1 200) 8 headers in 296 bytes (2 switches on core 0)
Aug 29 06:31:53.623288 n-d-854247-9 devstack@placement-api.service[108220]: DEBUG placement.requestlog [req-22ee9e43-9f10-4714-a0cc-f352951f1c8a req-c522be67-2a4f-435a-b102-a0a031855986 None None] Starting request: 10.222.0.55 "GET /placement/allocations/b5ebfb0d-5260-4e21-b18f-86fcb74818d7" {{(pid=108220) __call__ /opt/stack/placement/placement/requestlog.py:55}}
Aug 29 06:31:53.633253 n-d-854247-9 devstack@placement-api.service[108221]: INFO placement.requestlog [req-22ee9e43-9f10-4714-a0cc-f352951f1c8a req-478a201e-65fb-487f-8028-45661cbf1506 service placement] 10.222.0.55 "GET /placement/resource_providers/5f72d31d-705e-4fa4-9e42-c6b31b43b2f5/allocations" status: 200 len: 1237 microversion: 1.0
Aug 29 06:31:53.635919 n-d-854247-9 devstack@placement-api.service[108221]: [pid: 108221|app: 0|req: 511/1026] 10.222.0.55 () {58 vars in 1390 bytes} [Mon Aug 29 06:31:53 2022] GET /placement/resource_providers/5f72d31d-705e-4fa4-9e42-c6b31b43b2f5/allocations => generated 1237 bytes in 50 msecs (HTTP/1.1 200) 6 headers in 225 bytes (1 switches on core 0)
Aug 29 06:31:53.639695 n-d-854247-9 devstack@placement-api.service[108220]: INFO placement.requestlog [req-22ee9e43-9f10-4714-a0cc-f352951f1c8a req-c522be67-2a4f-435a-b102-a0a031855986 service placement] 10.222.0.55 "GET /placement/allocations/b5ebfb0d-5260-4e21-b18f-86fcb74818d7" status: 200 len: 259 microversion: 1.28
Aug 29 06:31:53.648861 n-d-854247-9 devstack@placement-api.service[108220]: [pid: 108220|app: 0|req: 516/1027] 10.222.0.55 () {60 vars in 1377 bytes} [Mon Aug 29 06:31:53 2022] GET /placement/allocations/b5ebfb0d-5260-4e21-b18f-86fcb74818d7 => generated 259 bytes in 17 msecs (HTTP/1.1 200) 8 headers in 296 bytes (2 switches on core 0)
Aug 29 06:31:53.661221 n-d-854247-9 devstack@placement-api.service[108221]: DEBUG placement.requestlog [req-22ee9e43-9f10-4714-a0cc-f352951f1c8a req-1448864c-0a3d-4790-8a47-b7e862874244 None None] Starting request: 10.222.0.55 "GET /placement/allocations/5cab008c-475f-4c17-959b-89ab0c64546e" {{(pid=108221) __call__ /opt/stack/placement/placement/requestlog.py:55}}
Aug 29 06:31:53.668032 n-d-854247-9 devstack@placement-api.service[108220]: DEBUG placement.requestlog [req-22ee9e43-9f10-4714-a0cc-f352951f1c8a req-419b8486-d6e4-4bab-a56d-a18296a4ce81 None None] Starting request: 10.222.0.55 "GET /placement/allocations/100ec0ba-26ab-4a63-b1c3-92abd8ab0401" {{(pid=108220) __call__ /opt/stack/placement/placement/requestlog.py:55}}
Aug 29 06:31:53.681288 n-d-854247-9 devstack@placement-api.service[108221]: INFO placement.requestlog [req-22ee9e43-9f10-4714-a0cc-f352951f1c8a req-1448864c-0a3d-4790-8a47-b7e862874244 service placement] 10.222.0.55 "GET /placement/allocations/5cab008c-475f-4c17-959b-89ab0c64546e" status: 200 len: 259 microversion: 1.28
Aug 29 06:31:53.681820 n-d-854247-9 devstack@placement-api.service[108221]: [pid: 108221|app: 0|req: 512/1028] 10.222.0.55 () {60 vars in 1377 bytes} [Mon Aug 29 06:31:53 2022] GET /placement/allocations/5cab008c-475f-4c17-959b-89ab0c64546e => generated 259 bytes in 22 msecs (HTTP/1.1 200) 8 headers in 296 bytes (2 switches on core 0)
Aug 29 06:31:53.688537 n-d-854247-9 devstack@placement-api.service[108220]: INFO placement.requestlog [req-22ee9e43-9f10-4714-a0cc-f352951f1c8a req-419b8486-d6e4-4bab-a56d-a18296a4ce81 service placement] 10.222.0.55 "GET /placement/allocations/100ec0ba-26ab-4a63-b1c3-92abd8ab0401" status: 200 len: 259 microversion: 1.28
Aug 29 06:31:53.689605 n-d-854247-9 devstack@placement-api.service[108220]: [pid: 108220|app: 0|req: 517/1029] 10.222.0.55 () {60 vars in 1377 bytes} [Mon Aug 29 06:31:53 2022] GET /placement/allocations/100ec0ba-26ab-4a63-b1c3-92abd8ab0401 => generated 259 bytes in 22 msecs (HTTP/1.1 200) 8 headers in 296 bytes (2 switches on core 0)
Aug 29 06:31:53.690586 n-d-854247-9 devstack@placement-api.service[108221]: DEBUG placement.requestlog [req-22ee9e43-9f10-4714-a0cc-f352951f1c8a req-f93bfb28-d54e-4f09-bec2-f985c63ad010 None None] Starting request: 10.222.0.55 "GET /placement/allocations/296e8042-50ba-4213-bed7-6aad4f64efd1" {{(pid=108221) __call__ /opt/stack/placement/placement/requestlog.py:55}}
Aug 29 06:31:53.698379 n-d-854247-9 devstack@placement-api.service[108220]: DEBUG placement.requestlog [req-22ee9e43-9f10-4714-a0cc-f352951f1c8a req-0ba7e03c-11c1-4e92-97cd-589ca395866d None None] Starting request: 10.222.0.55 "GET /placement/allocations/7a28d25e-2984-4ed5-8e07-0a44d5586609" {{(pid=108220) __call__ /opt/stack/placement/placement/requestlog.py:55}}
Aug 29 06:31:53.714978 n-d-854247-9 devstack@placement-api.service[108221]: INFO placement.requestlog [req-22ee9e43-9f10-4714-a0cc-f352951f1c8a req-f93bfb28-d54e-4f09-bec2-f985c63ad010 service placement] 10.222.0.55 "GET /placement/allocations/296e8042-50ba-4213-bed7-6aad4f64efd1" status: 200 len: 245 microversion: 1.28
Aug 29 06:31:53.717004 n-d-854247-9 devstack@placement-api.service[108221]: [pid: 108221|app: 0|req: 513/1030] 10.222.0.55 () {60 vars in 1377 bytes} [Mon Aug 29 06:31:53 2022] GET /placement/allocations/296e8042-50ba-4213-bed7-6aad4f64efd1 => generated 245 bytes in 27 msecs (HTTP/1.1 200) 8 headers in 296 bytes (2 switches on core 0)
Aug 29 06:31:53.719084 n-d-854247-9 devstack@placement-api.service[108220]: INFO placement.requestlog [req-22ee9e43-9f10-4714-a0cc-f352951f1c8a req-0ba7e03c-11c1-4e92-97cd-589ca395866d service placement] 10.222.0.55 "GET /placement/allocations/7a28d25e-2984-4ed5-8e07-0a44d5586609" status: 200 len: 259 microversion: 1.28
Aug 29 06:31:53.719808 n-d-854247-9 devstack@placement-api.service[108220]: [pid: 108220|app: 0|req: 518/1031] 10.222.0.55 () {60 vars in 1377 bytes} [Mon Aug 29 06:31:53 2022] GET /placement/allocations/7a28d25e-2984-4ed5-8e07-0a44d5586609 => generated 259 bytes in 22 msecs (HTTP/1.1 200) 8 headers in 296 bytes (1 switches on core 0)
Aug 29 06:31:53.739956 n-d-854247-9 devstack@placement-api.service[108221]: DEBUG placement.requestlog [req-22ee9e43-9f10-4714-a0cc-f352951f1c8a req-c4743372-f632-4dd6-9132-3d34b68315dd None None] Starting request: 10.222.0.55 "GET /placement/allocations/dbfaad62-1e4d-4723-93b5-1ade7b16339e" {{(pid=108221) __call__ /opt/stack/placement/placement/requestlog.py:55}}
Aug 29 06:31:53.758893 n-d-854247-9 devstack@placement-api.service[108221]: INFO placement.requestlog [req-22ee9e43-9f10-4714-a0cc-f352951f1c8a req-c4743372-f632-4dd6-9132-3d34b68315dd service placement] 10.222.0.55 "GET /placement/allocations/dbfaad62-1e4d-4723-93b5-1ade7b16339e" status: 200 len: 259 microversion: 1.28
Aug 29 06:31:53.759903 n-d-854247-9 devstack@placement-api.service[108221]: [pid: 108221|app: 0|req: 514/1032] 10.222.0.55 () {60 vars in 1377 bytes} [Mon Aug 29 06:31:53 2022] GET /placement/allocations/dbfaad62-1e4d-4723-93b5-1ade7b16339e => generated 259 bytes in 21 msecs (HTTP/1.1 200) 8 headers in 296 bytes (1 switches on core 0)
Aug 29 06:31:53.990817 n-d-854247-9 devstack@placement-api.service[108220]: DEBUG placement.requestlog [req-22ee9e43-9f10-4714-a0cc-f352951f1c8a req-48f2a94c-55d6-4902-9d1e-83bb10e5d4f6 None None] Starting request: 10.222.0.55 "GET /placement/allocations/acc9634e-2c2f-4b49-827c-f44236f52ecc" {{(pid=108220) __call__ /opt/stack/placement/placement/requestlog.py:55}}
Aug 29 06:31:54.020368 n-d-854247-9 devstack@placement-api.service[108220]: INFO placement.requestlog [req-22ee9e43-9f10-4714-a0cc-f352951f1c8a req-48f2a94c-55d6-4902-9d1e-83bb10e5d4f6 service placement] 10.222.0.55 "GET /placement/allocations/acc9634e-2c2f-4b49-827c-f44236f52ecc" status: 200 len: 259 microversion: 1.28
Aug 29 06:31:54.020969 n-d-854247-9 devstack@placement-api.service[108220]: [pid: 108220|app: 0|req: 519/1033] 10.222.0.55 () {60 vars in 1377 bytes} [Mon Aug 29 06:31:53 2022] GET /placement/allocations/acc9634e-2c2f-4b49-827c-f44236f52ecc => generated 259 bytes in 31 msecs (HTTP/1.1 200) 8 headers in 296 bytes (2 switches on core 0)
Aug 29 06:31:54.028802 n-d-854247-9 devstack@placement-api.service[108221]: DEBUG placement.requestlog [req-22ee9e43-9f10-4714-a0cc-f352951f1c8a req-dd80403b-409f-4a76-b2fa-0dfd3f23bfc1 None None] Starting request: 10.222.0.55 "GET /placement/allocations/54dab913-7f21-4176-8061-523acef04fef" {{(pid=108221) __call__ /opt/stack/placement/placement/requestlog.py:55}}
Aug 29 06:31:54.059286 n-d-854247-9 devstack@placement-api.service[108221]: INFO placement.requestlog [req-22ee9e43-9f10-4714-a0cc-f352951f1c8a req-dd80403b-409f-4a76-b2fa-0dfd3f23bfc1 service placement] 10.222.0.55 "GET /placement/allocations/54dab913-7f21-4176-8061-523acef04fef" status: 200 len: 259 microversion: 1.28
Aug 29 06:31:54.060022 n-d-854247-9 devstack@placement-api.service[108221]: [pid: 108221|app: 0|req: 515/1034] 10.222.0.55 () {60 vars in 1377 bytes} [Mon Aug 29 06:31:54 2022] GET /placement/allocations/54dab913-7f21-4176-8061-523acef04fef => generated 259 bytes in 32 msecs (HTTP/1.1 200) 8 headers in 296 bytes (1 switches on core 0)
Aug 29 06:31:54.071427 n-d-854247-9 devstack@placement-api.service[108220]: DEBUG placement.requestlog [req-22ee9e43-9f10-4714-a0cc-f352951f1c8a req-861b056e-0c02-459c-acae-2bcd6f1bc57f None None] Starting request: 10.222.0.55 "GET /placement/allocations/bb9d6a72-1d7c-4407-87c9-536334d3d163" {{(pid=108220) __call__ /opt/stack/placement/placement/requestlog.py:55}}
Aug 29 06:31:54.103177 n-d-854247-9 devstack@placement-api.service[108220]: INFO placement.requestlog [req-22ee9e43-9f10-4714-a0cc-f352951f1c8a req-861b056e-0c02-459c-acae-2bcd6f1bc57f service placement] 10.222.0.55 "GET /placement/allocations/bb9d6a72-1d7c-4407-87c9-536334d3d163" status: 200 len: 259 microversion: 1.28
Aug 29 06:31:54.103177 n-d-854247-9 devstack@placement-api.service[108220]: [pid: 108220|app: 0|req: 520/1035] 10.222.0.55 () {60 vars in 1377 bytes} [Mon Aug 29 06:31:54 2022] GET /placement/allocations/bb9d6a72-1d7c-4407-87c9-536334d3d163 => generated 259 bytes in 30 msecs (HTTP/1.1 200) 8 headers in 296 bytes (1 switches on core 0)
Aug 29 06:31:54.131240 n-d-854247-9 devstack@placement-api.service[108221]: DEBUG placement.requestlog [req-22ee9e43-9f10-4714-a0cc-f352951f1c8a req-05101792-4f1f-4d85-82fc-77fef60fb089 None None] Starting request: 10.222.0.55 "GET /placement/allocations/5e42a616-8d44-42d9-9898-c18cdabe3886" {{(pid=108221) __call__ /opt/stack/placement/placement/requestlog.py:55}}
Aug 29 06:31:54.150570 n-d-854247-9 devstack@placement-api.service[108221]: INFO placement.requestlog [req-22ee9e43-9f10-4714-a0cc-f352951f1c8a req-05101792-4f1f-4d85-82fc-77fef60fb089 service placement] 10.222.0.55 "GET /placement/allocations/5e42a616-8d44-42d9-9898-c18cdabe3886" status: 200 len: 259 microversion: 1.28
Aug 29 06:31:54.151857 n-d-854247-9 devstack@placement-api.service[108221]: [pid: 108221|app: 0|req: 516/1036] 10.222.0.55 () {60 vars in 1377 bytes} [Mon Aug 29 06:31:54 2022] GET /placement/allocations/5e42a616-8d44-42d9-9898-c18cdabe3886 => generated 259 bytes in 21 msecs (HTTP/1.1 200) 8 headers in 296 bytes (1 switches on core 0)
Aug 29 06:31:54.166941 n-d-854247-9 devstack@placement-api.service[108220]: DEBUG placement.requestlog [req-22ee9e43-9f10-4714-a0cc-f352951f1c8a req-e9ce4ae9-adba-40de-a356-103022022073 None None] Starting request: 10.222.0.55 "GET /placement/allocations/7ac3964d-1ddc-4517-a4b3-da5381839f6b" {{(pid=108220) __call__ /opt/stack/placement/placement/requestlog.py:55}}
Aug 29 06:31:54.189735 n-d-854247-9 devstack@placement-api.service[108220]: INFO placement.requestlog [req-22ee9e43-9f10-4714-a0cc-f352951f1c8a req-e9ce4ae9-adba-40de-a356-103022022073 service placement] 10.222.0.55 "GET /placement/allocations/7ac3964d-1ddc-4517-a4b3-da5381839f6b" status: 200 len: 245 microversion: 1.28
Aug 29 06:31:54.192767 n-d-854247-9 devstack@placement-api.service[108220]: [pid: 108220|app: 0|req: 521/1037] 10.222.0.55 () {60 vars in 1377 bytes} [Mon Aug 29 06:31:54 2022] GET /placement/allocations/7ac3964d-1ddc-4517-a4b3-da5381839f6b => generated 245 bytes in 24 msecs (HTTP/1.1 200) 8 headers in 296 bytes (2 switches on core 0)
Aug 29 06:31:54.410201 n-d-854247-9 devstack@placement-api.service[108221]: DEBUG placement.requestlog [req-22ee9e43-9f10-4714-a0cc-f352951f1c8a req-b8a5bdbb-1ceb-4641-8b27-66de2361096b None None] Starting request: 10.222.0.55 "GET /placement/allocations/0ee00e46-8c6c-40ef-89fc-583b3340192d" {{(pid=108221) __call__ /opt/stack/placement/placement/requestlog.py:55}}
Aug 29 06:31:54.446668 n-d-854247-9 devstack@placement-api.service[108221]: INFO placement.requestlog [req-22ee9e43-9f10-4714-a0cc-f352951f1c8a req-b8a5bdbb-1ceb-4641-8b27-66de2361096b service placement] 10.222.0.55 "GET /placement/allocations/0ee00e46-8c6c-40ef-89fc-583b3340192d" status: 200 len: 259 microversion: 1.28
Aug 29 06:31:54.447450 n-d-854247-9 devstack@placement-api.service[108221]: [pid: 108221|app: 0|req: 517/1038] 10.222.0.55 () {60 vars in 1377 bytes} [Mon Aug 29 06:31:54 2022] GET /placement/allocations/0ee00e46-8c6c-40ef-89fc-583b3340192d => generated 259 bytes in 38 msecs (HTTP/1.1 200) 8 headers in 296 bytes (1 switches on core 0)
Aug 29 06:31:54.507931 n-d-854247-9 devstack@placement-api.service[108220]: DEBUG placement.requestlog [req-22ee9e43-9f10-4714-a0cc-f352951f1c8a req-0c3a78c3-bd13-49e4-996a-16bfa7d41b6a None None] Starting request: 10.222.0.55 "GET /placement/allocations/b5ebfb0d-5260-4e21-b18f-86fcb74818d7" {{(pid=108220) __call__ /opt/stack/placement/placement/requestlog.py:55}}
Aug 29 06:31:54.530825 n-d-854247-9 devstack@placement-api.service[108220]: INFO placement.requestlog [req-22ee9e43-9f10-4714-a0cc-f352951f1c8a req-0c3a78c3-bd13-49e4-996a-16bfa7d41b6a service placement] 10.222.0.55 "GET /placement/allocations/b5ebfb0d-5260-4e21-b18f-86fcb74818d7" status: 200 len: 259 microversion: 1.28
Aug 29 06:31:54.531513 n-d-854247-9 devstack@placement-api.service[108220]: [pid: 108220|app: 0|req: 522/1039] 10.222.0.55 () {60 vars in 1377 bytes} [Mon Aug 29 06:31:54 2022] GET /placement/allocations/b5ebfb0d-5260-4e21-b18f-86fcb74818d7 => generated 259 bytes in 24 msecs (HTTP/1.1 200) 8 headers in 296 bytes (1 switches on core 0)
Aug 29 06:31:54.990790 n-d-854247-9 devstack@placement-api.service[108221]: DEBUG placement.requestlog [req-22ee9e43-9f10-4714-a0cc-f352951f1c8a req-4fd87f05-43f0-4122-86bd-275eb17cea62 None None] Starting request: 10.222.0.55 "GET /placement/allocations/100ec0ba-26ab-4a63-b1c3-92abd8ab0401" {{(pid=108221) __call__ /opt/stack/placement/placement/requestlog.py:55}}
Aug 29 06:31:55.022173 n-d-854247-9 devstack@placement-api.service[108221]: INFO placement.requestlog [req-22ee9e43-9f10-4714-a0cc-f352951f1c8a req-4fd87f05-43f0-4122-86bd-275eb17cea62 service placement] 10.222.0.55 "GET /placement/allocations/100ec0ba-26ab-4a63-b1c3-92abd8ab0401" status: 200 len: 259 microversion: 1.28
Aug 29 06:31:55.022173 n-d-854247-9 devstack@placement-api.service[108221]: [pid: 108221|app: 0|req: 518/1040] 10.222.0.55 () {60 vars in 1377 bytes} [Mon Aug 29 06:31:54 2022] GET /placement/allocations/100ec0ba-26ab-4a63-b1c3-92abd8ab0401 => generated 259 bytes in 31 msecs (HTTP/1.1 200) 8 headers in 296 bytes (1 switches on core 0)
Aug 29 06:31:55.029560 n-d-854247-9 devstack@placement-api.service[108220]: DEBUG placement.requestlog [req-22ee9e43-9f10-4714-a0cc-f352951f1c8a req-662554e7-1879-4dde-8241-5727a733ebe8 None None] Starting request: 10.222.0.55 "GET /placement/allocations/7a28d25e-2984-4ed5-8e07-0a44d5586609" {{(pid=108220) __call__ /opt/stack/placement/placement/requestlog.py:55}}
Aug 29 06:31:55.052186 n-d-854247-9 devstack@placement-api.service[108220]: INFO placement.requestlog [req-22ee9e43-9f10-4714-a0cc-f352951f1c8a req-662554e7-1879-4dde-8241-5727a733ebe8 service placement] 10.222.0.55 "GET /placement/allocations/7a28d25e-2984-4ed5-8e07-0a44d5586609" status: 200 len: 259 microversion: 1.28
Aug 29 06:31:55.052714 n-d-854247-9 devstack@placement-api.service[108220]: [pid: 108220|app: 0|req: 523/1041] 10.222.0.55 () {60 vars in 1377 bytes} [Mon Aug 29 06:31:55 2022] GET /placement/allocations/7a28d25e-2984-4ed5-8e07-0a44d5586609 => generated 259 bytes in 23 msecs (HTTP/1.1 200) 8 headers in 296 bytes (1 switches on core 0)
Aug 29 06:31:57.196431 n-d-854247-9 devstack@placement-api.service[108221]: DEBUG placement.requestlog [req-35e24aaf-7613-4138-828c-d1282f2fe91c req-9d9616e9-8b01-4cf8-bf8f-539edc08900c None None] Starting request: 10.222.0.76 "GET /placement/allocation_candidates?limit=1000&resources=DISK_GB%3A1%2CMEMORY_MB%3A1024%2CVCPU%3A1&root_required=%21COMPUTE_STATUS_DISABLED" {{(pid=108221) __call__ /opt/stack/placement/placement/requestlog.py:55}}
Aug 29 06:31:57.249010 n-d-854247-9 devstack@placement-api.service[108221]: DEBUG placement.objects.research_context [req-35e24aaf-7613-4138-828c-d1282f2fe91c req-9d9616e9-8b01-4cf8-bf8f-539edc08900c service placement] getting providers with 1 DISK_GB {{(pid=108221) __init__ /opt/stack/placement/placement/objects/research_context.py:136}}
Aug 29 06:31:57.262632 n-d-854247-9 devstack@placement-api.service[108221]: DEBUG placement.objects.research_context [req-35e24aaf-7613-4138-828c-d1282f2fe91c req-9d9616e9-8b01-4cf8-bf8f-539edc08900c service placement] getting providers with 1024 MEMORY_MB {{(pid=108221) __init__ /opt/stack/placement/placement/objects/research_context.py:136}}
Aug 29 06:31:57.278490 n-d-854247-9 devstack@placement-api.service[108221]: DEBUG placement.objects.research_context [req-35e24aaf-7613-4138-828c-d1282f2fe91c req-9d9616e9-8b01-4cf8-bf8f-539edc08900c service placement] getting providers with 1 VCPU {{(pid=108221) __init__ /opt/stack/placement/placement/objects/research_context.py:136}}
Aug 29 06:31:57.290338 n-d-854247-9 devstack@placement-api.service[108221]: DEBUG placement.objects.research_context [req-35e24aaf-7613-4138-828c-d1282f2fe91c req-9d9616e9-8b01-4cf8-bf8f-539edc08900c service placement] found 2 providers with available 1 DISK_GB {{(pid=108221) get_provider_ids_matching /opt/stack/placement/placement/objects/research_context.py:563}}
Aug 29 06:31:57.291541 n-d-854247-9 devstack@placement-api.service[108221]: DEBUG placement.objects.research_context [req-35e24aaf-7613-4138-828c-d1282f2fe91c req-9d9616e9-8b01-4cf8-bf8f-539edc08900c service placement] found 2 providers with available 1024 MEMORY_MB {{(pid=108221) get_provider_ids_matching /opt/stack/placement/placement/objects/research_context.py:563}}
Aug 29 06:31:57.291967 n-d-854247-9 devstack@placement-api.service[108221]: DEBUG placement.objects.research_context [req-35e24aaf-7613-4138-828c-d1282f2fe91c req-9d9616e9-8b01-4cf8-bf8f-539edc08900c service placement] found 2 providers after filtering by previous result {{(pid=108221) get_provider_ids_matching /opt/stack/placement/placement/objects/research_context.py:594}}
Aug 29 06:31:57.292081 n-d-854247-9 devstack@placement-api.service[108221]: DEBUG placement.objects.research_context [req-35e24aaf-7613-4138-828c-d1282f2fe91c req-9d9616e9-8b01-4cf8-bf8f-539edc08900c service placement] found 2 providers with available 1 VCPU {{(pid=108221) get_provider_ids_matching /opt/stack/placement/placement/objects/research_context.py:563}}
Aug 29 06:31:57.292305 n-d-854247-9 devstack@placement-api.service[108221]: DEBUG placement.objects.research_context [req-35e24aaf-7613-4138-828c-d1282f2fe91c req-9d9616e9-8b01-4cf8-bf8f-539edc08900c service placement] found 2 providers after filtering by previous result {{(pid=108221) get_provider_ids_matching /opt/stack/placement/placement/objects/research_context.py:594}}
Aug 29 06:31:57.311969 n-d-854247-9 devstack@placement-api.service[108221]: DEBUG placement.objects.allocation_candidate [req-35e24aaf-7613-4138-828c-d1282f2fe91c req-9d9616e9-8b01-4cf8-bf8f-539edc08900c service placement] RequestGroup(use_same_provider=False, resources={DISK_GB:1, MEMORY_MB:1024, VCPU:1}, traits=(), aggregates=[]) (suffix '') returned 2 matches {{(pid=108221) _get_by_requests /opt/stack/placement/placement/objects/allocation_candidate.py:156}}
Aug 29 06:31:57.313143 n-d-854247-9 devstack@placement-api.service[108221]: DEBUG placement.objects.allocation_candidate [req-35e24aaf-7613-4138-828c-d1282f2fe91c req-9d9616e9-8b01-4cf8-bf8f-539edc08900c service placement] Merging candidates yields 2 allocation requests and 2 provider summaries {{(pid=108221) _merge_candidates /opt/stack/placement/placement/objects/allocation_candidate.py:809}}
Aug 29 06:31:57.316653 n-d-854247-9 devstack@placement-api.service[108221]: INFO placement.requestlog [req-35e24aaf-7613-4138-828c-d1282f2fe91c req-9d9616e9-8b01-4cf8-bf8f-539edc08900c service placement] 10.222.0.76 "GET /placement/allocation_candidates?limit=1000&resources=DISK_GB%3A1%2CMEMORY_MB%3A1024%2CVCPU%3A1&root_required=%21COMPUTE_STATUS_DISABLED" status: 200 len: 1312 microversion: 1.36
Aug 29 06:31:57.317743 n-d-854247-9 devstack@placement-api.service[108221]: [pid: 108221|app: 0|req: 519/1042] 10.222.0.76 () {60 vars in 1506 bytes} [Mon Aug 29 06:31:57 2022] GET /placement/allocation_candidates?limit=1000&resources=DISK_GB%3A1%2CMEMORY_MB%3A1024%2CVCPU%3A1&root_required=%21COMPUTE_STATUS_DISABLED => generated 1312 bytes in 121 msecs (HTTP/1.1 200) 8 headers in 297 bytes (2 switches on core 0)
Aug 29 06:31:57.407200 n-d-854247-9 devstack@placement-api.service[108220]: DEBUG placement.requestlog [req-35e24aaf-7613-4138-828c-d1282f2fe91c req-7ef46bbd-5e7e-47ba-8a1d-9d4615398ad9 None None] Starting request: 10.222.0.76 "GET /placement/allocations/0a702dbe-0d82-4d97-a921-b24d848e228a" {{(pid=108220) __call__ /opt/stack/placement/placement/requestlog.py:55}}
Aug 29 06:31:57.431527 n-d-854247-9 devstack@placement-api.service[108220]: INFO placement.requestlog [req-35e24aaf-7613-4138-828c-d1282f2fe91c req-7ef46bbd-5e7e-47ba-8a1d-9d4615398ad9 service placement] 10.222.0.76 "GET /placement/allocations/0a702dbe-0d82-4d97-a921-b24d848e228a" status: 200 len: 19 microversion: 1.28
Aug 29 06:31:57.432606 n-d-854247-9 devstack@placement-api.service[108220]: [pid: 108220|app: 0|req: 524/1043] 10.222.0.76 () {60 vars in 1380 bytes} [Mon Aug 29 06:31:57 2022] GET /placement/allocations/0a702dbe-0d82-4d97-a921-b24d848e228a => generated 19 bytes in 26 msecs (HTTP/1.1 200) 8 headers in 295 bytes (1 switches on core 0)
Aug 29 06:31:57.440510 n-d-854247-9 devstack@placement-api.service[108221]: DEBUG placement.requestlog [req-35e24aaf-7613-4138-828c-d1282f2fe91c req-78929193-391d-4eeb-9c86-49b6f484d30d None None] Starting request: 10.222.0.76 "PUT /placement/allocations/0a702dbe-0d82-4d97-a921-b24d848e228a" {{(pid=108221) __call__ /opt/stack/placement/placement/requestlog.py:55}}
Aug 29 06:31:57.739728 n-d-854247-9 devstack@placement-api.service[108221]: DEBUG placement.handlers.allocation [req-35e24aaf-7613-4138-828c-d1282f2fe91c req-78929193-391d-4eeb-9c86-49b6f484d30d service placement] Successfully wrote allocations [, , ] {{(pid=108221) _update_consumers_and_create_allocations /opt/stack/placement/placement/handlers/allocation.py:462}}
Aug 29 06:31:57.918931 n-d-854247-9 devstack@placement-api.service[108221]: INFO placement.requestlog [req-35e24aaf-7613-4138-828c-d1282f2fe91c req-78929193-391d-4eeb-9c86-49b6f484d30d service placement] 10.222.0.76 "PUT /placement/allocations/0a702dbe-0d82-4d97-a921-b24d848e228a" status: 204 len: 0 microversion: 1.36
Aug 29 06:31:57.919399 n-d-854247-9 devstack@placement-api.service[108221]: [pid: 108221|app: 0|req: 520/1044] 10.222.0.76 () {64 vars in 1433 bytes} [Mon Aug 29 06:31:57 2022] PUT /placement/allocations/0a702dbe-0d82-4d97-a921-b24d848e228a => generated 0 bytes in 479 msecs (HTTP/1.1 204) 5 headers in 199 bytes (1 switches on core 0)
Aug 29 06:31:59.942597 n-d-854247-9 devstack@placement-api.service[108220]: DEBUG placement.requestlog [req-35e24aaf-7613-4138-828c-d1282f2fe91c req-2f51a02b-7881-4f70-9077-3e46c56859d7 None None] Starting request: 10.222.0.72 "GET /placement/allocations/0a702dbe-0d82-4d97-a921-b24d848e228a" {{(pid=108220) __call__ /opt/stack/placement/placement/requestlog.py:55}}
Aug 29 06:31:59.960754 n-d-854247-9 devstack@placement-api.service[108220]: INFO placement.requestlog [req-35e24aaf-7613-4138-828c-d1282f2fe91c req-2f51a02b-7881-4f70-9077-3e46c56859d7 service placement] 10.222.0.72 "GET /placement/allocations/0a702dbe-0d82-4d97-a921-b24d848e228a" status: 200 len: 259 microversion: 1.28
Aug 29 06:31:59.961427 n-d-854247-9 devstack@placement-api.service[108220]: [pid: 108220|app: 0|req: 525/1045] 10.222.0.72 () {60 vars in 1377 bytes} [Mon Aug 29 06:31:59 2022] GET /placement/allocations/0a702dbe-0d82-4d97-a921-b24d848e228a => generated 259 bytes in 19 msecs (HTTP/1.1 200) 8 headers in 296 bytes (1 switches on core 0)
Aug 29 06:32:00.307117 n-d-854247-9 devstack@placement-api.service[108221]: DEBUG placement.requestlog [req-35e24aaf-7613-4138-828c-d1282f2fe91c req-1d89f421-3022-4cfd-9a0b-c338caf0ef47 None None] Starting request: 10.222.0.72 "GET /placement/resource_providers/503994be-0581-4c42-ac10-a64a6841f267/allocations" {{(pid=108221) __call__ /opt/stack/placement/placement/requestlog.py:55}}
Aug 29 06:32:00.325132 n-d-854247-9 devstack@placement-api.service[108221]: DEBUG dbcounter [-] [108221] Writing DB stats placement:SELECT=92,placement:INSERT=4,placement:DELETE=2,placement:UPDATE=2 {{(pid=108221) stat_writer /usr/local/lib/python3.8/dist-packages/dbcounter.py:114}}
Aug 29 06:32:00.337344 n-d-854247-9 devstack@placement-api.service[108221]: INFO placement.requestlog [req-35e24aaf-7613-4138-828c-d1282f2fe91c req-1d89f421-3022-4cfd-9a0b-c338caf0ef47 service placement] 10.222.0.72 "GET /placement/resource_providers/503994be-0581-4c42-ac10-a64a6841f267/allocations" status: 200 len: 645 microversion: 1.0
Aug 29 06:32:00.338441 n-d-854247-9 devstack@placement-api.service[108221]: [pid: 108221|app: 0|req: 521/1046] 10.222.0.72 () {58 vars in 1390 bytes} [Mon Aug 29 06:32:00 2022] GET /placement/resource_providers/503994be-0581-4c42-ac10-a64a6841f267/allocations => generated 645 bytes in 32 msecs (HTTP/1.1 200) 6 headers in 224 bytes (1 switches on core 0)
Aug 29 06:32:00.346936 n-d-854247-9 devstack@placement-api.service[108220]: DEBUG placement.requestlog [req-35e24aaf-7613-4138-828c-d1282f2fe91c req-bd172884-c799-416b-a9bc-4e6686b1d4f1 None None] Starting request: 10.222.0.72 "GET /placement/allocations/edf1b412-9ab3-4d37-ad3b-8328b6da2938" {{(pid=108220) __call__ /opt/stack/placement/placement/requestlog.py:55}}
Aug 29 06:32:00.369559 n-d-854247-9 devstack@placement-api.service[108220]: INFO placement.requestlog [req-35e24aaf-7613-4138-828c-d1282f2fe91c req-bd172884-c799-416b-a9bc-4e6686b1d4f1 service placement] 10.222.0.72 "GET /placement/allocations/edf1b412-9ab3-4d37-ad3b-8328b6da2938" status: 200 len: 259 microversion: 1.28
Aug 29 06:32:00.370485 n-d-854247-9 devstack@placement-api.service[108220]: [pid: 108220|app: 0|req: 526/1047] 10.222.0.72 () {60 vars in 1377 bytes} [Mon Aug 29 06:32:00 2022] GET /placement/allocations/edf1b412-9ab3-4d37-ad3b-8328b6da2938 => generated 259 bytes in 24 msecs (HTTP/1.1 200) 8 headers in 296 bytes (2 switches on core 0)
Aug 29 06:32:00.378075 n-d-854247-9 devstack@placement-api.service[108221]: DEBUG placement.requestlog [req-35e24aaf-7613-4138-828c-d1282f2fe91c req-5c743381-7868-448c-afee-ae35185cc9d7 None None] Starting request: 10.222.0.72 "GET /placement/allocations/3d9252ee-1b30-4f21-80a3-b0daea411bbd" {{(pid=108221) __call__ /opt/stack/placement/placement/requestlog.py:55}}
Aug 29 06:32:00.402119 n-d-854247-9 devstack@placement-api.service[108221]: INFO placement.requestlog [req-35e24aaf-7613-4138-828c-d1282f2fe91c req-5c743381-7868-448c-afee-ae35185cc9d7 service placement] 10.222.0.72 "GET /placement/allocations/3d9252ee-1b30-4f21-80a3-b0daea411bbd" status: 200 len: 245 microversion: 1.28
Aug 29 06:32:00.403458 n-d-854247-9 devstack@placement-api.service[108221]: [pid: 108221|app: 0|req: 522/1048] 10.222.0.72 () {60 vars in 1377 bytes} [Mon Aug 29 06:32:00 2022] GET /placement/allocations/3d9252ee-1b30-4f21-80a3-b0daea411bbd => generated 245 bytes in 26 msecs (HTTP/1.1 200) 8 headers in 296 bytes (1 switches on core 0)
Aug 29 06:32:00.414704 n-d-854247-9 devstack@placement-api.service[108220]: DEBUG placement.requestlog [req-35e24aaf-7613-4138-828c-d1282f2fe91c req-8b9bd7d6-da4b-4320-a498-efecd6c2ea3e None None] Starting request: 10.222.0.72 "GET /placement/allocations/11129e6d-241e-47b7-b787-f2eec5c0d312" {{(pid=108220) __call__ /opt/stack/placement/placement/requestlog.py:55}}
Aug 29 06:32:00.439569 n-d-854247-9 devstack@placement-api.service[108220]: INFO placement.requestlog [req-35e24aaf-7613-4138-828c-d1282f2fe91c req-8b9bd7d6-da4b-4320-a498-efecd6c2ea3e service placement] 10.222.0.72 "GET /placement/allocations/11129e6d-241e-47b7-b787-f2eec5c0d312" status: 200 len: 259 microversion: 1.28
Aug 29 06:32:00.440943 n-d-854247-9 devstack@placement-api.service[108220]: [pid: 108220|app: 0|req: 527/1049] 10.222.0.72 () {60 vars in 1377 bytes} [Mon Aug 29 06:32:00 2022] GET /placement/allocations/11129e6d-241e-47b7-b787-f2eec5c0d312 => generated 259 bytes in 27 msecs (HTTP/1.1 200) 8 headers in 296 bytes (1 switches on core 0)
Aug 29 06:32:00.447329 n-d-854247-9 devstack@placement-api.service[108221]: DEBUG placement.requestlog [req-35e24aaf-7613-4138-828c-d1282f2fe91c req-e82d0de3-e176-463e-b154-c34bc3f470f5 None None] Starting request: 10.222.0.72 "GET /placement/allocations/627e46a6-cddc-46f4-908e-05b0c920d4c9" {{(pid=108221) __call__ /opt/stack/placement/placement/requestlog.py:55}}
Aug 29 06:32:00.470992 n-d-854247-9 devstack@placement-api.service[108221]: INFO placement.requestlog [req-35e24aaf-7613-4138-828c-d1282f2fe91c req-e82d0de3-e176-463e-b154-c34bc3f470f5 service placement] 10.222.0.72 "GET /placement/allocations/627e46a6-cddc-46f4-908e-05b0c920d4c9" status: 200 len: 259 microversion: 1.28
Aug 29 06:32:00.471809 n-d-854247-9 devstack@placement-api.service[108221]: [pid: 108221|app: 0|req: 523/1050] 10.222.0.72 () {60 vars in 1377 bytes} [Mon Aug 29 06:32:00 2022] GET /placement/allocations/627e46a6-cddc-46f4-908e-05b0c920d4c9 => generated 259 bytes in 25 msecs (HTTP/1.1 200) 8 headers in 296 bytes (1 switches on core 0)
Aug 29 06:32:00.479202 n-d-854247-9 devstack@placement-api.service[108220]: DEBUG placement.requestlog [req-35e24aaf-7613-4138-828c-d1282f2fe91c req-b65d24fd-6b97-411c-bc44-786ea57f54f8 None None] Starting request: 10.222.0.72 "GET /placement/allocations/0a702dbe-0d82-4d97-a921-b24d848e228a" {{(pid=108220) __call__ /opt/stack/placement/placement/requestlog.py:55}}
Aug 29 06:32:00.508742 n-d-854247-9 devstack@placement-api.service[108220]: INFO placement.requestlog [req-35e24aaf-7613-4138-828c-d1282f2fe91c req-b65d24fd-6b97-411c-bc44-786ea57f54f8 service placement] 10.222.0.72 "GET /placement/allocations/0a702dbe-0d82-4d97-a921-b24d848e228a" status: 200 len: 259 microversion: 1.28
