Aug 29 06:13:00.847661 n-d-854247-9 devstack@n-api.service[106912]: DEBUG dbcounter [-] [106912] Writer thread running {{(pid=106912) stat_writer /usr/local/lib/python3.8/dist-packages/dbcounter.py:99}}
Aug 29 06:13:00.902285 n-d-854247-9 devstack@n-api.service[106913]: DEBUG nova.context [None req-7e29ecfa-0f47-426e-918d-d9723cfb812c None None] Found 2 cells: 00000000-0000-0000-0000-000000000000(cell0),fa8e292a-f53d-405a-9bf8-05e00c54dc25(cell1) {{(pid=106913) load_cells /opt/stack/nova/nova/context.py:464}}
Aug 29 06:13:00.905185 n-d-854247-9 devstack@n-api.service[106912]: DEBUG nova.context [None req-35f163ff-4072-4ae9-ab34-2e4d09e4fd5c None None] Found 2 cells: 00000000-0000-0000-0000-000000000000(cell0),fa8e292a-f53d-405a-9bf8-05e00c54dc25(cell1) {{(pid=106912) load_cells /opt/stack/nova/nova/context.py:464}}
Aug 29 06:13:00.906083 n-d-854247-9 devstack@n-api.service[106913]: DEBUG oslo_concurrency.lockutils [None req-7e29ecfa-0f47-426e-918d-d9723cfb812c None None] Acquiring lock "00000000-0000-0000-0000-000000000000" by "nova.context.set_target_cell..get_or_set_cached_cell_and_set_connections" {{(pid=106913) inner /usr/local/lib/python3.8/dist-packages/oslo_concurrency/lockutils.py:385}}
Aug 29 06:13:00.906619 n-d-854247-9 devstack@n-api.service[106913]: DEBUG oslo_concurrency.lockutils [None req-7e29ecfa-0f47-426e-918d-d9723cfb812c None None] Lock "00000000-0000-0000-0000-000000000000" acquired by "nova.context.set_target_cell..get_or_set_cached_cell_and_set_connections" :: waited 0.001s {{(pid=106913) inner /usr/local/lib/python3.8/dist-packages/oslo_concurrency/lockutils.py:390}}
Aug 29 06:13:00.908375 n-d-854247-9 devstack@n-api.service[106913]: DEBUG oslo_concurrency.lockutils [None req-7e29ecfa-0f47-426e-918d-d9723cfb812c None None] Lock "00000000-0000-0000-0000-000000000000" "released" by "nova.context.set_target_cell..get_or_set_cached_cell_and_set_connections" :: held 0.002s {{(pid=106913) inner /usr/local/lib/python3.8/dist-packages/oslo_concurrency/lockutils.py:404}}
Aug 29 06:13:00.909102 n-d-854247-9 devstack@n-api.service[106912]: DEBUG oslo_concurrency.lockutils [None req-35f163ff-4072-4ae9-ab34-2e4d09e4fd5c None None] Acquiring lock "00000000-0000-0000-0000-000000000000" by "nova.context.set_target_cell..get_or_set_cached_cell_and_set_connections" {{(pid=106912) inner /usr/local/lib/python3.8/dist-packages/oslo_concurrency/lockutils.py:385}}
Aug 29 06:13:00.909193 n-d-854247-9 devstack@n-api.service[106913]: DEBUG oslo_concurrency.lockutils [None req-7e29ecfa-0f47-426e-918d-d9723cfb812c None None] Acquiring lock "fa8e292a-f53d-405a-9bf8-05e00c54dc25" by "nova.context.set_target_cell..get_or_set_cached_cell_and_set_connections" {{(pid=106913) inner /usr/local/lib/python3.8/dist-packages/oslo_concurrency/lockutils.py:385}}
Aug 29 06:13:00.909543 n-d-854247-9 devstack@n-api.service[106913]: DEBUG oslo_concurrency.lockutils [None req-7e29ecfa-0f47-426e-918d-d9723cfb812c None None] Lock "fa8e292a-f53d-405a-9bf8-05e00c54dc25" acquired by "nova.context.set_target_cell..get_or_set_cached_cell_and_set_connections" :: waited 0.000s {{(pid=106913) inner /usr/local/lib/python3.8/dist-packages/oslo_concurrency/lockutils.py:390}}
Aug 29 06:13:00.909648 n-d-854247-9 devstack@n-api.service[106912]: DEBUG oslo_concurrency.lockutils [None req-35f163ff-4072-4ae9-ab34-2e4d09e4fd5c None None] Lock "00000000-0000-0000-0000-000000000000" acquired by "nova.context.set_target_cell..get_or_set_cached_cell_and_set_connections" :: waited 0.001s {{(pid=106912) inner /usr/local/lib/python3.8/dist-packages/oslo_concurrency/lockutils.py:390}}
Aug 29 06:13:00.911188 n-d-854247-9 devstack@n-api.service[106912]: DEBUG oslo_concurrency.lockutils [None req-35f163ff-4072-4ae9-ab34-2e4d09e4fd5c None None] Lock "00000000-0000-0000-0000-000000000000" "released" by "nova.context.set_target_cell..get_or_set_cached_cell_and_set_connections" :: held 0.002s {{(pid=106912) inner /usr/local/lib/python3.8/dist-packages/oslo_concurrency/lockutils.py:404}}
Aug 29 06:13:00.911583 n-d-854247-9 devstack@n-api.service[106913]: DEBUG oslo_concurrency.lockutils [None req-7e29ecfa-0f47-426e-918d-d9723cfb812c None None] Lock "fa8e292a-f53d-405a-9bf8-05e00c54dc25" "released" by "nova.context.set_target_cell..get_or_set_cached_cell_and_set_connections" :: held 0.002s {{(pid=106913) inner /usr/local/lib/python3.8/dist-packages/oslo_concurrency/lockutils.py:404}}
Aug 29 06:13:00.911917 n-d-854247-9 devstack@n-api.service[106912]: DEBUG oslo_concurrency.lockutils [None req-35f163ff-4072-4ae9-ab34-2e4d09e4fd5c None None] Acquiring lock "fa8e292a-f53d-405a-9bf8-05e00c54dc25" by "nova.context.set_target_cell..get_or_set_cached_cell_and_set_connections" {{(pid=106912) inner /usr/local/lib/python3.8/dist-packages/oslo_concurrency/lockutils.py:385}}
Aug 29 06:13:00.912361 n-d-854247-9 devstack@n-api.service[106912]: DEBUG oslo_concurrency.lockutils [None req-35f163ff-4072-4ae9-ab34-2e4d09e4fd5c None None] Lock "fa8e292a-f53d-405a-9bf8-05e00c54dc25" acquired by "nova.context.set_target_cell..get_or_set_cached_cell_and_set_connections" :: waited 0.000s {{(pid=106912) inner /usr/local/lib/python3.8/dist-packages/oslo_concurrency/lockutils.py:390}}
Aug 29 06:13:00.913558 n-d-854247-9 devstack@n-api.service[106913]: INFO dbcounter [None req-7e29ecfa-0f47-426e-918d-d9723cfb812c None None] Registered counter for database nova_cell0
Aug 29 06:13:00.914355 n-d-854247-9 devstack@n-api.service[106912]: DEBUG oslo_concurrency.lockutils [None req-35f163ff-4072-4ae9-ab34-2e4d09e4fd5c None None] Lock "fa8e292a-f53d-405a-9bf8-05e00c54dc25" "released" by "nova.context.set_target_cell..get_or_set_cached_cell_and_set_connections" :: held 0.002s {{(pid=106912) inner /usr/local/lib/python3.8/dist-packages/oslo_concurrency/lockutils.py:404}}
Aug 29 06:13:00.916342 n-d-854247-9 devstack@n-api.service[106912]: INFO dbcounter [None req-35f163ff-4072-4ae9-ab34-2e4d09e4fd5c None None] Registered counter for database nova_cell0
Aug 29 06:13:00.917640 n-d-854247-9 devstack@n-api.service[106913]: INFO dbcounter [None req-7e29ecfa-0f47-426e-918d-d9723cfb812c None None] Registered counter for database nova_cell1
Aug 29 06:13:00.920307 n-d-854247-9 devstack@n-api.service[106912]: INFO dbcounter [None req-35f163ff-4072-4ae9-ab34-2e4d09e4fd5c None None] Registered counter for database nova_cell1
Aug 29 06:13:00.925375 n-d-854247-9 devstack@n-api.service[106913]: DEBUG oslo_db.sqlalchemy.engines [None req-7e29ecfa-0f47-426e-918d-d9723cfb812c None None] MySQL server mode set to STRICT_TRANS_TABLES,STRICT_ALL_TABLES,NO_ZERO_IN_DATE,NO_ZERO_DATE,ERROR_FOR_DIVISION_BY_ZERO,TRADITIONAL,NO_ENGINE_SUBSTITUTION {{(pid=106913) _check_effective_sql_mode /usr/local/lib/python3.8/dist-packages/oslo_db/sqlalchemy/engines.py:314}}
Aug 29 06:13:00.926682 n-d-854247-9 devstack@n-api.service[106913]: DEBUG oslo_db.sqlalchemy.engines [None req-7e29ecfa-0f47-426e-918d-d9723cfb812c None None] MySQL server mode set to STRICT_TRANS_TABLES,STRICT_ALL_TABLES,NO_ZERO_IN_DATE,NO_ZERO_DATE,ERROR_FOR_DIVISION_BY_ZERO,TRADITIONAL,NO_ENGINE_SUBSTITUTION {{(pid=106913) _check_effective_sql_mode /usr/local/lib/python3.8/dist-packages/oslo_db/sqlalchemy/engines.py:314}}
Aug 29 06:13:00.928437 n-d-854247-9 devstack@n-api.service[106912]: DEBUG oslo_db.sqlalchemy.engines [None req-35f163ff-4072-4ae9-ab34-2e4d09e4fd5c None None] MySQL server mode set to STRICT_TRANS_TABLES,STRICT_ALL_TABLES,NO_ZERO_IN_DATE,NO_ZERO_DATE,ERROR_FOR_DIVISION_BY_ZERO,TRADITIONAL,NO_ENGINE_SUBSTITUTION {{(pid=106912) _check_effective_sql_mode /usr/local/lib/python3.8/dist-packages/oslo_db/sqlalchemy/engines.py:314}}
Aug 29 06:13:00.930927 n-d-854247-9 devstack@n-api.service[106912]: DEBUG oslo_db.sqlalchemy.engines [None req-35f163ff-4072-4ae9-ab34-2e4d09e4fd5c None None] MySQL server mode set to STRICT_TRANS_TABLES,STRICT_ALL_TABLES,NO_ZERO_IN_DATE,NO_ZERO_DATE,ERROR_FOR_DIVISION_BY_ZERO,TRADITIONAL,NO_ENGINE_SUBSTITUTION {{(pid=106912) _check_effective_sql_mode /usr/local/lib/python3.8/dist-packages/oslo_db/sqlalchemy/engines.py:314}}
Aug 29 06:13:00.933487 n-d-854247-9 devstack@n-api.service[106913]: DEBUG dbcounter [-] [106913] Writer thread running {{(pid=106913) stat_writer /usr/local/lib/python3.8/dist-packages/dbcounter.py:99}}
Aug 29 06:13:00.935153 n-d-854247-9 devstack@n-api.service[106912]: DEBUG dbcounter [-] [106912] Writer thread running {{(pid=106912) stat_writer /usr/local/lib/python3.8/dist-packages/dbcounter.py:99}}
Aug 29 06:13:00.935756 n-d-854247-9 devstack@n-api.service[106913]: DEBUG dbcounter [-] [106913] Writer thread running {{(pid=106913) stat_writer /usr/local/lib/python3.8/dist-packages/dbcounter.py:99}}
Aug 29 06:13:00.941395 n-d-854247-9 devstack@n-api.service[106912]: DEBUG dbcounter [-] [106912] Writer thread running {{(pid=106912) stat_writer /usr/local/lib/python3.8/dist-packages/dbcounter.py:99}}
Aug 29 06:13:01.082200 n-d-854247-9 devstack@n-api.service[106913]: INFO dbcounter [None req-7e29ecfa-0f47-426e-918d-d9723cfb812c None None] Registered counter for database nova_cell0
Aug 29 06:13:01.087225 n-d-854247-9 devstack@n-api.service[106912]: INFO dbcounter [None req-35f163ff-4072-4ae9-ab34-2e4d09e4fd5c None None] Registered counter for database nova_cell0
Aug 29 06:13:01.091385 n-d-854247-9 devstack@n-api.service[106913]: DEBUG oslo_db.sqlalchemy.engines [None req-7e29ecfa-0f47-426e-918d-d9723cfb812c None None] MySQL server mode set to STRICT_TRANS_TABLES,STRICT_ALL_TABLES,NO_ZERO_IN_DATE,NO_ZERO_DATE,ERROR_FOR_DIVISION_BY_ZERO,TRADITIONAL,NO_ENGINE_SUBSTITUTION {{(pid=106913) _check_effective_sql_mode /usr/local/lib/python3.8/dist-packages/oslo_db/sqlalchemy/engines.py:314}}
Aug 29 06:13:01.095075 n-d-854247-9 devstack@n-api.service[106912]: DEBUG oslo_db.sqlalchemy.engines [None req-35f163ff-4072-4ae9-ab34-2e4d09e4fd5c None None] MySQL server mode set to STRICT_TRANS_TABLES,STRICT_ALL_TABLES,NO_ZERO_IN_DATE,NO_ZERO_DATE,ERROR_FOR_DIVISION_BY_ZERO,TRADITIONAL,NO_ENGINE_SUBSTITUTION {{(pid=106912) _check_effective_sql_mode /usr/local/lib/python3.8/dist-packages/oslo_db/sqlalchemy/engines.py:314}}
Aug 29 06:13:01.097061 n-d-854247-9 devstack@n-api.service[106913]: DEBUG dbcounter [-] [106913] Writer thread running {{(pid=106913) stat_writer /usr/local/lib/python3.8/dist-packages/dbcounter.py:99}}
Aug 29 06:13:01.099815 n-d-854247-9 devstack@n-api.service[106912]: DEBUG dbcounter [-] [106912] Writer thread running {{(pid=106912) stat_writer /usr/local/lib/python3.8/dist-packages/dbcounter.py:99}}
Aug 29 06:13:01.487180 n-d-854247-9 devstack@n-api.service[106913]: WARNING keystonemiddleware.auth_token [None req-7e29ecfa-0f47-426e-918d-d9723cfb812c None None] AuthToken middleware is set with keystone_authtoken.service_token_roles_required set to False. This is backwards compatible but deprecated behaviour. Please set this to True.
Aug 29 06:13:01.494476 n-d-854247-9 devstack@n-api.service[106913]: WARNING keystonemiddleware.auth_token [None req-7e29ecfa-0f47-426e-918d-d9723cfb812c None None] Configuring www_authenticate_uri to point to the public identity endpoint is required; clients may not be able to authenticate against an admin endpoint
Aug 29 06:13:01.501488 n-d-854247-9 devstack@n-api.service[106912]: WARNING keystonemiddleware.auth_token [None req-35f163ff-4072-4ae9-ab34-2e4d09e4fd5c None None] AuthToken middleware is set with keystone_authtoken.service_token_roles_required set to False. This is backwards compatible but deprecated behaviour. Please set this to True.
Aug 29 06:13:01.508791 n-d-854247-9 devstack@n-api.service[106912]: WARNING keystonemiddleware.auth_token [None req-35f163ff-4072-4ae9-ab34-2e4d09e4fd5c None None] Configuring www_authenticate_uri to point to the public identity endpoint is required; clients may not be able to authenticate against an admin endpoint
Aug 29 06:13:01.846424 n-d-854247-9 devstack@n-api.service[106913]: WARNING keystonemiddleware.auth_token [None req-7e29ecfa-0f47-426e-918d-d9723cfb812c None None] AuthToken middleware is set with keystone_authtoken.service_token_roles_required set to False. This is backwards compatible but deprecated behaviour. Please set this to True.
Aug 29 06:13:01.852679 n-d-854247-9 devstack@n-api.service[106913]: WARNING keystonemiddleware.auth_token [None req-7e29ecfa-0f47-426e-918d-d9723cfb812c None None] Configuring www_authenticate_uri to point to the public identity endpoint is required; clients may not be able to authenticate against an admin endpoint
Aug 29 06:13:01.859958 n-d-854247-9 devstack@n-api.service[106912]: WARNING keystonemiddleware.auth_token [None req-35f163ff-4072-4ae9-ab34-2e4d09e4fd5c None None] AuthToken middleware is set with keystone_authtoken.service_token_roles_required set to False. This is backwards compatible but deprecated behaviour. Please set this to True.
Aug 29 06:13:01.860083 n-d-854247-9 devstack@n-api.service[106913]: WSGI app 0 (mountpoint='') ready in 5 seconds on interpreter 0x55b69ae5b9c0 pid: 106913 (default app)
Aug 29 06:13:01.862821 n-d-854247-9 devstack@n-api.service[106913]: DEBUG nova.api.openstack.wsgi [None req-7e29ecfa-0f47-426e-918d-d9723cfb812c None None] Calling method '>' {{(pid=106913) _process_stack /opt/stack/nova/nova/api/openstack/wsgi.py:513}}
Aug 29 06:13:01.864045 n-d-854247-9 devstack@n-api.service[106913]: INFO nova.api.openstack.requestlog [None req-7e29ecfa-0f47-426e-918d-d9723cfb812c None None] 10.222.0.76 "GET /compute/v2.1/" status: 200 len: 388 microversion: 2.1 time: 0.002573
Aug 29 06:13:01.864457 n-d-854247-9 devstack@n-api.service[106913]: [pid: 106913|app: 0|req: 1/1] 10.222.0.76 () {50 vars in 788 bytes} [Mon Aug 29 06:13:01 2022] GET /compute/v2.1/ => generated 388 bytes in 4 msecs (HTTP/1.1 200) 9 headers in 357 bytes (1 switches on core 0)
Aug 29 06:13:01.868268 n-d-854247-9 devstack@n-api.service[106912]: WARNING keystonemiddleware.auth_token [None req-35f163ff-4072-4ae9-ab34-2e4d09e4fd5c None None] Configuring www_authenticate_uri to point to the public identity endpoint is required; clients may not be able to authenticate against an admin endpoint
Aug 29 06:13:01.873676 n-d-854247-9 devstack@n-api.service[106912]: WSGI app 0 (mountpoint='') ready in 5 seconds on interpreter 0x55b69ae5b9c0 pid: 106912 (default app)
Aug 29 06:14:24.680123 n-d-854247-9 devstack@n-api.service[106913]: DEBUG nova.api.openstack.wsgi [None req-7e29ecfa-0f47-426e-918d-d9723cfb812c None None] Calling method '>' {{(pid=106913) _process_stack /opt/stack/nova/nova/api/openstack/wsgi.py:513}}
Aug 29 06:14:24.681772 n-d-854247-9 devstack@n-api.service[106913]: INFO nova.api.openstack.requestlog [None req-7e29ecfa-0f47-426e-918d-d9723cfb812c None None] 10.222.0.76 "GET /compute/v2.1" status: 200 len: 388 microversion: 2.1 time: 0.002072
Aug 29 06:14:24.688881 n-d-854247-9 devstack@n-api.service[106913]: [pid: 106913|app: 0|req: 2/2] 10.222.0.76 () {54 vars in 931 bytes} [Mon Aug 29 06:14:24 2022] GET /compute/v2.1 => generated 388 bytes in 9 msecs (HTTP/1.1 200) 9 headers in 357 bytes (1 switches on core 0)
Aug 29 06:14:24.698106 n-d-854247-9 devstack@n-api.service[106912]: DEBUG dbcounter [-] [106912] Writing DB stats nova_api:SELECT=3 {{(pid=106912) stat_writer /usr/local/lib/python3.8/dist-packages/dbcounter.py:114}}
Aug 29 06:14:24.699251 n-d-854247-9 devstack@n-api.service[106912]: DEBUG dbcounter [-] [106912] Writing DB stats nova_cell1:SELECT=3 {{(pid=106912) stat_writer /usr/local/lib/python3.8/dist-packages/dbcounter.py:114}}
Aug 29 06:14:24.700474 n-d-854247-9 devstack@n-api.service[106912]: DEBUG dbcounter [-] [106912] Writing DB stats nova_cell0:SELECT=3 {{(pid=106912) stat_writer /usr/local/lib/python3.8/dist-packages/dbcounter.py:114}}
Aug 29 06:14:24.702454 n-d-854247-9 devstack@n-api.service[106912]: DEBUG dbcounter [-] [106912] Writing DB stats nova_cell0:SELECT=6,nova_cell0:INSERT=1 {{(pid=106912) stat_writer /usr/local/lib/python3.8/dist-packages/dbcounter.py:114}}
Aug 29 06:14:25.574039 n-d-854247-9 devstack@n-api.service[106912]: DEBUG nova.api.openstack.wsgi [None req-71f745ef-262b-4e8d-9bdc-8e6bd6c7764b admin admin] Calling method '>' {{(pid=106912) _process_stack /opt/stack/nova/nova/api/openstack/wsgi.py:513}}
Aug 29 06:14:25.606582 n-d-854247-9 devstack@n-api.service[106912]: INFO nova.api.openstack.requestlog [None req-71f745ef-262b-4e8d-9bdc-8e6bd6c7764b admin admin] 10.222.0.76 "GET /compute/v2.1/flavors/detail?is_public=True" status: 200 len: 15 microversion: 2.61 time: 0.915711
Aug 29 06:14:25.608316 n-d-854247-9 devstack@n-api.service[106912]: [pid: 106912|app: 0|req: 1/3] 10.222.0.76 () {60 vars in 1292 bytes} [Mon Aug 29 06:14:24 2022] GET /compute/v2.1/flavors/detail?is_public=True => generated 15 bytes in 919 msecs (HTTP/1.1 200) 9 headers in 358 bytes (1 switches on core 0)
Aug 29 06:14:28.007228 n-d-854247-9 devstack@n-api.service[106913]: DEBUG nova.api.openstack.wsgi [None req-7e29ecfa-0f47-426e-918d-d9723cfb812c None None] Calling method '>' {{(pid=106913) _process_stack /opt/stack/nova/nova/api/openstack/wsgi.py:513}}
Aug 29 06:14:28.008182 n-d-854247-9 devstack@n-api.service[106913]: INFO nova.api.openstack.requestlog [None req-7e29ecfa-0f47-426e-918d-d9723cfb812c None None] 10.222.0.76 "GET /compute/v2.1" status: 200 len: 388 microversion: 2.1 time: 0.001451
Aug 29 06:14:28.008526 n-d-854247-9 devstack@n-api.service[106913]: [pid: 106913|app: 0|req: 3/4] 10.222.0.76 () {54 vars in 931 bytes} [Mon Aug 29 06:14:28 2022] GET /compute/v2.1 => generated 388 bytes in 2 msecs (HTTP/1.1 200) 9 headers in 357 bytes (1 switches on core 0)
Aug 29 06:14:28.457745 n-d-854247-9 devstack@n-api.service[106912]: DEBUG nova.api.openstack.wsgi [None req-c56990b1-5bed-4d1f-92df-6719ac12f96e admin admin] Action: 'create', calling method: >, body: {"flavor": {"os-flavor-access:is_public": true, "disk": 1, "id": "c1", "vcpus": 1, "ram": 256, "swap": 0, "name": "cirros256", "OS-FLV-EXT-DATA:ephemeral": 0, "rxtx_factor": 1.0}} {{(pid=106912) _process_stack /opt/stack/nova/nova/api/openstack/wsgi.py:511}}
Aug 29 06:14:28.559924 n-d-854247-9 devstack@n-api.service[106912]: INFO nova.api.openstack.requestlog [None req-c56990b1-5bed-4d1f-92df-6719ac12f96e admin admin] 10.222.0.76 "POST /compute/v2.1/flavors" status: 200 len: 407 microversion: 2.61 time: 0.544635
Aug 29 06:14:28.561177 n-d-854247-9 devstack@n-api.service[106912]: [pid: 106912|app: 0|req: 2/5] 10.222.0.76 () {64 vars in 1283 bytes} [Mon Aug 29 06:14:28 2022] POST /compute/v2.1/flavors => generated 407 bytes in 546 msecs (HTTP/1.1 200) 9 headers in 359 bytes (1 switches on core 0)
Aug 29 06:14:28.808675 n-d-854247-9 devstack@n-api.service[106913]: DEBUG nova.api.openstack.wsgi [None req-7fb2190a-e3d2-4626-bfd8-1582b403ce07 admin admin] Action: 'create', calling method: >, body: {"extra_specs": {"hw_rng:allowed": "True"}} {{(pid=106913) _process_stack /opt/stack/nova/nova/api/openstack/wsgi.py:511}}
Aug 29 06:14:28.815666 n-d-854247-9 devstack@n-api.service[106913]: DEBUG dbcounter [-] [106913] Writing DB stats nova_api:SELECT=3 {{(pid=106913) stat_writer /usr/local/lib/python3.8/dist-packages/dbcounter.py:114}}
Aug 29 06:14:28.816443 n-d-854247-9 devstack@n-api.service[106913]: DEBUG dbcounter [-] [106913] Writing DB stats nova_cell1:SELECT=3 {{(pid=106913) stat_writer /usr/local/lib/python3.8/dist-packages/dbcounter.py:114}}
Aug 29 06:14:28.817358 n-d-854247-9 devstack@n-api.service[106913]: DEBUG dbcounter [-] [106913] Writing DB stats nova_cell0:SELECT=3 {{(pid=106913) stat_writer /usr/local/lib/python3.8/dist-packages/dbcounter.py:114}}
Aug 29 06:14:28.818049 n-d-854247-9 devstack@n-api.service[106913]: DEBUG dbcounter [-] [106913] Writing DB stats nova_cell0:SELECT=6,nova_cell0:INSERT=1 {{(pid=106913) stat_writer /usr/local/lib/python3.8/dist-packages/dbcounter.py:114}}
Aug 29 06:14:28.944048 n-d-854247-9 devstack@n-api.service[106913]: INFO nova.api.openstack.requestlog [None req-7fb2190a-e3d2-4626-bfd8-1582b403ce07 admin admin] 10.222.0.76 "POST /compute/v2.1/flavors/c1/os-extra_specs" status: 200 len: 43 microversion: 2.61 time: 0.374529
Aug 29 06:14:28.944654 n-d-854247-9 devstack@n-api.service[106913]: [pid: 106913|app: 0|req: 4/6] 10.222.0.76 () {64 vars in 1336 bytes} [Mon Aug 29 06:14:28 2022] POST /compute/v2.1/flavors/c1/os-extra_specs => generated 43 bytes in 376 msecs (HTTP/1.1 200) 9 headers in 358 bytes (1 switches on core 0)
Aug 29 06:14:31.377505 n-d-854247-9 devstack@n-api.service[106912]: DEBUG nova.api.openstack.wsgi [None req-c56990b1-5bed-4d1f-92df-6719ac12f96e admin admin] Calling method '>' {{(pid=106912) _process_stack /opt/stack/nova/nova/api/openstack/wsgi.py:513}}
Aug 29 06:14:31.378526 n-d-854247-9 devstack@n-api.service[106912]: INFO nova.api.openstack.requestlog [None req-c56990b1-5bed-4d1f-92df-6719ac12f96e admin admin] 10.222.0.76 "GET /compute/v2.1" status: 200 len: 388 microversion: 2.1 time: 0.001488
Aug 29 06:14:31.379495 n-d-854247-9 devstack@n-api.service[106912]: [pid: 106912|app: 0|req: 3/7] 10.222.0.76 () {54 vars in 931 bytes} [Mon Aug 29 06:14:31 2022] GET /compute/v2.1 => generated 388 bytes in 3 msecs (HTTP/1.1 200) 9 headers in 357 bytes (1 switches on core 0)
Aug 29 06:14:32.141382 n-d-854247-9 devstack@n-api.service[106913]: DEBUG nova.api.openstack.wsgi [None req-e1b00990-8716-40e8-add9-1805fe0c828c admin admin] Action: 'create', calling method: >, body: {"flavor": {"id": "d1", "OS-FLV-EXT-DATA:ephemeral": 0, "rxtx_factor": 1.0, "ram": 512, "swap": 0, "name": "ds512M", "vcpus": 1, "os-flavor-access:is_public": true, "disk": 5}} {{(pid=106913) _process_stack /opt/stack/nova/nova/api/openstack/wsgi.py:511}}
Aug 29 06:14:32.272067 n-d-854247-9 devstack@n-api.service[106913]: INFO nova.api.openstack.requestlog [None req-e1b00990-8716-40e8-add9-1805fe0c828c admin admin] 10.222.0.76 "POST /compute/v2.1/flavors" status: 200 len: 404 microversion: 2.61 time: 0.885857
Aug 29 06:14:32.272667 n-d-854247-9 devstack@n-api.service[106913]: [pid: 106913|app: 0|req: 5/8] 10.222.0.76 () {64 vars in 1283 bytes} [Mon Aug 29 06:14:31 2022] POST /compute/v2.1/flavors => generated 404 bytes in 887 msecs (HTTP/1.1 200) 9 headers in 359 bytes (2 switches on core 0)
Aug 29 06:14:32.286126 n-d-854247-9 devstack@n-api.service[106912]: DEBUG nova.api.openstack.wsgi [None req-ac41571f-26fa-4482-9fa1-b86403bdfd76 admin admin] Action: 'create', calling method: >, body: {"extra_specs": {"hw_rng:allowed": "True"}} {{(pid=106912) _process_stack /opt/stack/nova/nova/api/openstack/wsgi.py:511}}
Aug 29 06:14:32.405057 n-d-854247-9 devstack@n-api.service[106912]: INFO nova.api.openstack.requestlog [None req-ac41571f-26fa-4482-9fa1-b86403bdfd76 admin admin] 10.222.0.76 "POST /compute/v2.1/flavors/d1/os-extra_specs" status: 200 len: 43 microversion: 2.61 time: 0.122949
Aug 29 06:14:32.407703 n-d-854247-9 devstack@n-api.service[106912]: [pid: 106912|app: 0|req: 4/9] 10.222.0.76 () {64 vars in 1336 bytes} [Mon Aug 29 06:14:32 2022] POST /compute/v2.1/flavors/d1/os-extra_specs => generated 43 bytes in 126 msecs (HTTP/1.1 200) 9 headers in 358 bytes (1 switches on core 0)
Aug 29 06:14:35.020915 n-d-854247-9 devstack@n-api.service[106913]: DEBUG nova.api.openstack.wsgi [None req-e1b00990-8716-40e8-add9-1805fe0c828c admin admin] Calling method '>' {{(pid=106913) _process_stack /opt/stack/nova/nova/api/openstack/wsgi.py:513}}
Aug 29 06:14:35.022610 n-d-854247-9 devstack@n-api.service[106913]: INFO nova.api.openstack.requestlog [None req-e1b00990-8716-40e8-add9-1805fe0c828c admin admin] 10.222.0.76 "GET /compute/v2.1" status: 200 len: 388 microversion: 2.1 time: 0.002499
Aug 29 06:14:35.023526 n-d-854247-9 devstack@n-api.service[106913]: [pid: 106913|app: 0|req: 6/10] 10.222.0.76 () {54 vars in 931 bytes} [Mon Aug 29 06:14:35 2022] GET /compute/v2.1 => generated 388 bytes in 4 msecs (HTTP/1.1 200) 9 headers in 357 bytes (1 switches on core 0)
Aug 29 06:14:35.502296 n-d-854247-9 devstack@n-api.service[106912]: DEBUG nova.api.openstack.wsgi [None req-eef8a4fe-fe4d-400c-9f89-63c2a0ce4500 admin admin] Action: 'create', calling method: >, body: {"flavor": {"rxtx_factor": 1.0, "ram": 1024, "disk": 10, "name": "ds1G", "vcpus": 1, "id": "d2", "os-flavor-access:is_public": true, "OS-FLV-EXT-DATA:ephemeral": 0, "swap": 0}} {{(pid=106912) _process_stack /opt/stack/nova/nova/api/openstack/wsgi.py:511}}
Aug 29 06:14:35.608604 n-d-854247-9 devstack@n-api.service[106912]: INFO nova.api.openstack.requestlog [None req-eef8a4fe-fe4d-400c-9f89-63c2a0ce4500 admin admin] 10.222.0.76 "POST /compute/v2.1/flavors" status: 200 len: 404 microversion: 2.61 time: 0.577818
Aug 29 06:14:35.609880 n-d-854247-9 devstack@n-api.service[106912]: [pid: 106912|app: 0|req: 5/11] 10.222.0.76 () {64 vars in 1283 bytes} [Mon Aug 29 06:14:35 2022] POST /compute/v2.1/flavors => generated 404 bytes in 580 msecs (HTTP/1.1 200) 9 headers in 359 bytes (1 switches on core 0)
Aug 29 06:14:35.624162 n-d-854247-9 devstack@n-api.service[106913]: DEBUG nova.api.openstack.wsgi [None req-6b935510-a981-421f-8cac-76d6cb9dd92d admin admin] Action: 'create', calling method: >, body: {"extra_specs": {"hw_rng:allowed": "True"}} {{(pid=106913) _process_stack /opt/stack/nova/nova/api/openstack/wsgi.py:511}}
Aug 29 06:14:35.734692 n-d-854247-9 devstack@n-api.service[106913]: INFO nova.api.openstack.requestlog [None req-6b935510-a981-421f-8cac-76d6cb9dd92d admin admin] 10.222.0.76 "POST /compute/v2.1/flavors/d2/os-extra_specs" status: 200 len: 43 microversion: 2.61 time: 0.115342
Aug 29 06:14:35.735717 n-d-854247-9 devstack@n-api.service[106913]: [pid: 106913|app: 0|req: 7/12] 10.222.0.76 () {64 vars in 1336 bytes} [Mon Aug 29 06:14:35 2022] POST /compute/v2.1/flavors/d2/os-extra_specs => generated 43 bytes in 117 msecs (HTTP/1.1 200) 9 headers in 358 bytes (1 switches on core 0)
Aug 29 06:14:38.786022 n-d-854247-9 devstack@n-api.service[106912]: DEBUG nova.api.openstack.wsgi [None req-eef8a4fe-fe4d-400c-9f89-63c2a0ce4500 admin admin] Calling method '>' {{(pid=106912) _process_stack /opt/stack/nova/nova/api/openstack/wsgi.py:513}}
Aug 29 06:14:38.787112 n-d-854247-9 devstack@n-api.service[106912]: INFO nova.api.openstack.requestlog [None req-eef8a4fe-fe4d-400c-9f89-63c2a0ce4500 admin admin] 10.222.0.76 "GET /compute/v2.1" status: 200 len: 388 microversion: 2.1 time: 0.001458
Aug 29 06:14:38.787808 n-d-854247-9 devstack@n-api.service[106912]: [pid: 106912|app: 0|req: 6/13] 10.222.0.76 () {54 vars in 931 bytes} [Mon Aug 29 06:14:38 2022] GET /compute/v2.1 => generated 388 bytes in 2 msecs (HTTP/1.1 200) 9 headers in 357 bytes (1 switches on core 0)
Aug 29 06:14:39.296131 n-d-854247-9 devstack@n-api.service[106913]: DEBUG nova.api.openstack.wsgi [None req-86c6005e-4193-408d-8a36-a9aad0849bff admin admin] Action: 'create', calling method: >, body: {"flavor": {"name": "ds2G", "vcpus": 2, "ram": 2048, "OS-FLV-EXT-DATA:ephemeral": 0, "id": "d3", "rxtx_factor": 1.0, "swap": 0, "os-flavor-access:is_public": true, "disk": 10}} {{(pid=106913) _process_stack /opt/stack/nova/nova/api/openstack/wsgi.py:511}}
Aug 29 06:14:39.371165 n-d-854247-9 devstack@n-api.service[106913]: INFO nova.api.openstack.requestlog [None req-86c6005e-4193-408d-8a36-a9aad0849bff admin admin] 10.222.0.76 "POST /compute/v2.1/flavors" status: 200 len: 404 microversion: 2.61 time: 0.577093
Aug 29 06:14:39.371647 n-d-854247-9 devstack@n-api.service[106913]: [pid: 106913|app: 0|req: 8/14] 10.222.0.76 () {64 vars in 1283 bytes} [Mon Aug 29 06:14:38 2022] POST /compute/v2.1/flavors => generated 404 bytes in 578 msecs (HTTP/1.1 200) 9 headers in 359 bytes (2 switches on core 0)
Aug 29 06:14:39.383685 n-d-854247-9 devstack@n-api.service[106912]: DEBUG nova.api.openstack.wsgi [None req-0ca879c8-ff6a-45cc-8281-ccf2bb5b9c1b admin admin] Action: 'create', calling method: >, body: {"extra_specs": {"hw_rng:allowed": "True"}} {{(pid=106912) _process_stack /opt/stack/nova/nova/api/openstack/wsgi.py:511}}
Aug 29 06:14:39.485242 n-d-854247-9 devstack@n-api.service[106912]: INFO nova.api.openstack.requestlog [None req-0ca879c8-ff6a-45cc-8281-ccf2bb5b9c1b admin admin] 10.222.0.76 "POST /compute/v2.1/flavors/d3/os-extra_specs" status: 200 len: 43 microversion: 2.61 time: 0.104900
Aug 29 06:14:39.499313 n-d-854247-9 devstack@n-api.service[106912]: [pid: 106912|app: 0|req: 7/15] 10.222.0.76 () {64 vars in 1336 bytes} [Mon Aug 29 06:14:39 2022] POST /compute/v2.1/flavors/d3/os-extra_specs => generated 43 bytes in 106 msecs (HTTP/1.1 200) 9 headers in 358 bytes (1 switches on core 0)
Aug 29 06:14:41.973950 n-d-854247-9 devstack@n-api.service[106913]: DEBUG nova.api.openstack.wsgi [None req-86c6005e-4193-408d-8a36-a9aad0849bff admin admin] Calling method '>' {{(pid=106913) _process_stack /opt/stack/nova/nova/api/openstack/wsgi.py:513}}
Aug 29 06:14:41.974862 n-d-854247-9 devstack@n-api.service[106913]: INFO nova.api.openstack.requestlog [None req-86c6005e-4193-408d-8a36-a9aad0849bff admin admin] 10.222.0.76 "GET /compute/v2.1" status: 200 len: 388 microversion: 2.1 time: 0.001445
Aug 29 06:14:41.975544 n-d-854247-9 devstack@n-api.service[106913]: [pid: 106913|app: 0|req: 9/16] 10.222.0.76 () {54 vars in 931 bytes} [Mon Aug 29 06:14:41 2022] GET /compute/v2.1 => generated 388 bytes in 3 msecs (HTTP/1.1 200) 9 headers in 357 bytes (1 switches on core 0)
Aug 29 06:14:42.474565 n-d-854247-9 devstack@n-api.service[106912]: DEBUG nova.api.openstack.wsgi [None req-7837bfaf-8fbe-4517-9c84-677908ede921 admin admin] Action: 'create', calling method: >, body: {"flavor": {"OS-FLV-EXT-DATA:ephemeral": 0, "disk": 20, "name": "ds4G", "id": "d4", "vcpus": 4, "rxtx_factor": 1.0, "os-flavor-access:is_public": true, "swap": 0, "ram": 4096}} {{(pid=106912) _process_stack /opt/stack/nova/nova/api/openstack/wsgi.py:511}}
Aug 29 06:14:42.543531 n-d-854247-9 devstack@n-api.service[106912]: INFO nova.api.openstack.requestlog [None req-7837bfaf-8fbe-4517-9c84-677908ede921 admin admin] 10.222.0.76 "POST /compute/v2.1/flavors" status: 200 len: 404 microversion: 2.61 time: 0.560598
Aug 29 06:14:42.559863 n-d-854247-9 devstack@n-api.service[106913]: DEBUG nova.api.openstack.wsgi [None req-5b42844a-79b4-402d-8ee2-c94c45c40d94 admin admin] Action: 'create', calling method: >, body: {"extra_specs": {"hw_rng:allowed": "True"}} {{(pid=106913) _process_stack /opt/stack/nova/nova/api/openstack/wsgi.py:511}}
Aug 29 06:14:42.565728 n-d-854247-9 devstack@n-api.service[106912]: [pid: 106912|app: 0|req: 8/17] 10.222.0.76 () {64 vars in 1283 bytes} [Mon Aug 29 06:14:41 2022] POST /compute/v2.1/flavors => generated 404 bytes in 584 msecs (HTTP/1.1 200) 9 headers in 359 bytes (1 switches on core 0)
Aug 29 06:14:42.639522 n-d-854247-9 devstack@n-api.service[106913]: INFO nova.api.openstack.requestlog [None req-5b42844a-79b4-402d-8ee2-c94c45c40d94 admin admin] 10.222.0.76 "POST /compute/v2.1/flavors/d4/os-extra_specs" status: 200 len: 43 microversion: 2.61 time: 0.084182
Aug 29 06:14:42.659387 n-d-854247-9 devstack@n-api.service[106913]: [pid: 106913|app: 0|req: 10/18] 10.222.0.76 () {64 vars in 1336 bytes} [Mon Aug 29 06:14:42 2022] POST /compute/v2.1/flavors/d4/os-extra_specs => generated 43 bytes in 105 msecs (HTTP/1.1 200) 9 headers in 358 bytes (1 switches on core 0)
Aug 29 06:14:45.119857 n-d-854247-9 devstack@n-api.service[106912]: DEBUG nova.api.openstack.wsgi [None req-7837bfaf-8fbe-4517-9c84-677908ede921 admin admin] Calling method '>' {{(pid=106912) _process_stack /opt/stack/nova/nova/api/openstack/wsgi.py:513}}
Aug 29 06:14:45.120946 n-d-854247-9 devstack@n-api.service[106912]: INFO nova.api.openstack.requestlog [None req-7837bfaf-8fbe-4517-9c84-677908ede921 admin admin] 10.222.0.76 "GET /compute/v2.1" status: 200 len: 388 microversion: 2.1 time: 0.001550
Aug 29 06:14:45.122441 n-d-854247-9 devstack@n-api.service[106912]: [pid: 106912|app: 0|req: 9/19] 10.222.0.76 () {54 vars in 931 bytes} [Mon Aug 29 06:14:45 2022] GET /compute/v2.1 => generated 388 bytes in 3 msecs (HTTP/1.1 200) 9 headers in 357 bytes (1 switches on core 0)
Aug 29 06:14:45.587765 n-d-854247-9 devstack@n-api.service[106913]: DEBUG nova.api.openstack.wsgi [None req-d7809e1d-0cd1-4843-96ee-d4fe161be3e4 admin admin] Calling method '>' {{(pid=106913) _process_stack /opt/stack/nova/nova/api/openstack/wsgi.py:513}}
Aug 29 06:14:45.613208 n-d-854247-9 devstack@n-api.service[106913]: INFO nova.api.openstack.requestlog [None req-d7809e1d-0cd1-4843-96ee-d4fe161be3e4 admin admin] 10.222.0.76 "GET /compute/v2.1/flavors/detail?is_public=True" status: 200 len: 2106 microversion: 2.61 time: 0.480697
Aug 29 06:14:45.613756 n-d-854247-9 devstack@n-api.service[106913]: [pid: 106913|app: 0|req: 11/20] 10.222.0.76 () {60 vars in 1292 bytes} [Mon Aug 29 06:14:45 2022] GET /compute/v2.1/flavors/detail?is_public=True => generated 2106 bytes in 482 msecs (HTTP/1.1 200) 9 headers in 360 bytes (1 switches on core 0)
Aug 29 06:14:48.238621 n-d-854247-9 devstack@n-api.service[106912]: DEBUG nova.api.openstack.wsgi [None req-7837bfaf-8fbe-4517-9c84-677908ede921 admin admin] Calling method '>' {{(pid=106912) _process_stack /opt/stack/nova/nova/api/openstack/wsgi.py:513}}
Aug 29 06:14:48.239916 n-d-854247-9 devstack@n-api.service[106912]: INFO nova.api.openstack.requestlog [None req-7837bfaf-8fbe-4517-9c84-677908ede921 admin admin] 10.222.0.76 "GET /compute/v2.1" status: 200 len: 388 microversion: 2.1 time: 0.001822
Aug 29 06:14:48.240399 n-d-854247-9 devstack@n-api.service[106912]: [pid: 106912|app: 0|req: 10/21] 10.222.0.76 () {54 vars in 931 bytes} [Mon Aug 29 06:14:48 2022] GET /compute/v2.1 => generated 388 bytes in 3 msecs (HTTP/1.1 200) 9 headers in 357 bytes (2 switches on core 0)
Aug 29 06:14:48.758956 n-d-854247-9 devstack@n-api.service[106913]: DEBUG nova.api.openstack.wsgi [None req-a7fa7407-d102-4827-a871-491d221ead4a admin admin] Action: 'create', calling method: >, body: {"flavor": {"name": "m1.tiny", "disk": 1, "rxtx_factor": 1.0, "OS-FLV-EXT-DATA:ephemeral": 0, "vcpus": 1, "ram": 512, "swap": 0, "os-flavor-access:is_public": true, "id": "1"}} {{(pid=106913) _process_stack /opt/stack/nova/nova/api/openstack/wsgi.py:511}}
Aug 29 06:14:48.868183 n-d-854247-9 devstack@n-api.service[106913]: INFO nova.api.openstack.requestlog [None req-a7fa7407-d102-4827-a871-491d221ead4a admin admin] 10.222.0.76 "POST /compute/v2.1/flavors" status: 200 len: 402 microversion: 2.61 time: 0.619358
Aug 29 06:14:48.868952 n-d-854247-9 devstack@n-api.service[106913]: [pid: 106913|app: 0|req: 12/22] 10.222.0.76 () {64 vars in 1283 bytes} [Mon Aug 29 06:14:48 2022] POST /compute/v2.1/flavors => generated 402 bytes in 621 msecs (HTTP/1.1 200) 9 headers in 359 bytes (2 switches on core 0)
Aug 29 06:14:48.881478 n-d-854247-9 devstack@n-api.service[106912]: DEBUG nova.api.openstack.wsgi [None req-0f71a6da-7d3c-4e8a-b779-f66ae0c1a8bf admin admin] Action: 'create', calling method: >, body: {"extra_specs": {"hw_rng:allowed": "True"}} {{(pid=106912) _process_stack /opt/stack/nova/nova/api/openstack/wsgi.py:511}}
Aug 29 06:14:48.976161 n-d-854247-9 devstack@n-api.service[106912]: INFO nova.api.openstack.requestlog [None req-0f71a6da-7d3c-4e8a-b779-f66ae0c1a8bf admin admin] 10.222.0.76 "POST /compute/v2.1/flavors/1/os-extra_specs" status: 200 len: 43 microversion: 2.61 time: 0.098341
Aug 29 06:14:48.977335 n-d-854247-9 devstack@n-api.service[106912]: [pid: 106912|app: 0|req: 11/23] 10.222.0.76 () {64 vars in 1333 bytes} [Mon Aug 29 06:14:48 2022] POST /compute/v2.1/flavors/1/os-extra_specs => generated 43 bytes in 100 msecs (HTTP/1.1 200) 9 headers in 358 bytes (1 switches on core 0)
Aug 29 06:14:51.447242 n-d-854247-9 devstack@n-api.service[106913]: DEBUG nova.api.openstack.wsgi [None req-a7fa7407-d102-4827-a871-491d221ead4a admin admin] Calling method '>' {{(pid=106913) _process_stack /opt/stack/nova/nova/api/openstack/wsgi.py:513}}
Aug 29 06:14:51.448223 n-d-854247-9 devstack@n-api.service[106913]: INFO nova.api.openstack.requestlog [None req-a7fa7407-d102-4827-a871-491d221ead4a admin admin] 10.222.0.76 "GET /compute/v2.1" status: 200 len: 388 microversion: 2.1 time: 0.001574
Aug 29 06:14:51.448647 n-d-854247-9 devstack@n-api.service[106913]: [pid: 106913|app: 0|req: 13/24] 10.222.0.76 () {54 vars in 931 bytes} [Mon Aug 29 06:14:51 2022] GET /compute/v2.1 => generated 388 bytes in 3 msecs (HTTP/1.1 200) 9 headers in 357 bytes (1 switches on core 0)
Aug 29 06:14:51.915612 n-d-854247-9 devstack@n-api.service[106912]: DEBUG nova.api.openstack.wsgi [None req-790a8e3b-de36-4667-bf39-3ec4528a0815 admin admin] Action: 'create', calling method: >, body: {"flavor": {"name": "m1.small", "os-flavor-access:is_public": true, "ram": 2048, "OS-FLV-EXT-DATA:ephemeral": 0, "disk": 20, "vcpus": 1, "rxtx_factor": 1.0, "id": "2", "swap": 0}} {{(pid=106912) _process_stack /opt/stack/nova/nova/api/openstack/wsgi.py:511}}
Aug 29 06:14:52.154597 n-d-854247-9 devstack@n-api.service[106912]: INFO nova.api.openstack.requestlog [None req-790a8e3b-de36-4667-bf39-3ec4528a0815 admin admin] 10.222.0.76 "POST /compute/v2.1/flavors" status: 200 len: 405 microversion: 2.61 time: 0.699468
Aug 29 06:14:52.155283 n-d-854247-9 devstack@n-api.service[106912]: [pid: 106912|app: 0|req: 12/25] 10.222.0.76 () {64 vars in 1283 bytes} [Mon Aug 29 06:14:51 2022] POST /compute/v2.1/flavors => generated 405 bytes in 701 msecs (HTTP/1.1 200) 9 headers in 359 bytes (2 switches on core 0)
Aug 29 06:14:52.167774 n-d-854247-9 devstack@n-api.service[106913]: DEBUG nova.api.openstack.wsgi [None req-3be98211-dff3-4817-9699-c34bededa3cd admin admin] Action: 'create', calling method: >, body: {"extra_specs": {"hw_rng:allowed": "True"}} {{(pid=106913) _process_stack /opt/stack/nova/nova/api/openstack/wsgi.py:511}}
Aug 29 06:14:52.249504 n-d-854247-9 devstack@n-api.service[106913]: INFO nova.api.openstack.requestlog [None req-3be98211-dff3-4817-9699-c34bededa3cd admin admin] 10.222.0.76 "POST /compute/v2.1/flavors/2/os-extra_specs" status: 200 len: 43 microversion: 2.61 time: 0.085699
Aug 29 06:14:52.250078 n-d-854247-9 devstack@n-api.service[106913]: [pid: 106913|app: 0|req: 14/26] 10.222.0.76 () {64 vars in 1333 bytes} [Mon Aug 29 06:14:52 2022] POST /compute/v2.1/flavors/2/os-extra_specs => generated 43 bytes in 87 msecs (HTTP/1.1 200) 9 headers in 358 bytes (1 switches on core 0)
Aug 29 06:14:54.623510 n-d-854247-9 devstack@n-api.service[106912]: DEBUG nova.api.openstack.wsgi [None req-790a8e3b-de36-4667-bf39-3ec4528a0815 admin admin] Calling method '>' {{(pid=106912) _process_stack /opt/stack/nova/nova/api/openstack/wsgi.py:513}}
Aug 29 06:14:54.624521 n-d-854247-9 devstack@n-api.service[106912]: INFO nova.api.openstack.requestlog [None req-790a8e3b-de36-4667-bf39-3ec4528a0815 admin admin] 10.222.0.76 "GET /compute/v2.1" status: 200 len: 388 microversion: 2.1 time: 0.001542
Aug 29 06:14:54.624930 n-d-854247-9 devstack@n-api.service[106912]: [pid: 106912|app: 0|req: 13/27] 10.222.0.76 () {54 vars in 931 bytes} [Mon Aug 29 06:14:54 2022] GET /compute/v2.1 => generated 388 bytes in 2 msecs (HTTP/1.1 200) 9 headers in 357 bytes (2 switches on core 0)
Aug 29 06:14:55.044993 n-d-854247-9 devstack@n-api.service[106913]: DEBUG nova.api.openstack.wsgi [None req-8b993921-751f-4c42-bcc9-b50f587662a1 admin admin] Action: 'create', calling method: >, body: {"flavor": {"name": "m1.medium", "vcpus": 2, "disk": 40, "id": "3", "swap": 0, "OS-FLV-EXT-DATA:ephemeral": 0, "os-flavor-access:is_public": true, "ram": 4096, "rxtx_factor": 1.0}} {{(pid=106913) _process_stack /opt/stack/nova/nova/api/openstack/wsgi.py:511}}
Aug 29 06:14:55.167897 n-d-854247-9 devstack@n-api.service[106913]: INFO nova.api.openstack.requestlog [None req-8b993921-751f-4c42-bcc9-b50f587662a1 admin admin] 10.222.0.76 "POST /compute/v2.1/flavors" status: 200 len: 406 microversion: 2.61 time: 0.536243
Aug 29 06:14:55.168481 n-d-854247-9 devstack@n-api.service[106913]: [pid: 106913|app: 0|req: 15/28] 10.222.0.76 () {64 vars in 1283 bytes} [Mon Aug 29 06:14:54 2022] POST /compute/v2.1/flavors => generated 406 bytes in 537 msecs (HTTP/1.1 200) 9 headers in 359 bytes (1 switches on core 0)
Aug 29 06:14:55.181424 n-d-854247-9 devstack@n-api.service[106912]: DEBUG nova.api.openstack.wsgi [None req-737310f5-ce9f-4354-8849-531773e696a7 admin admin] Action: 'create', calling method: >, body: {"extra_specs": {"hw_rng:allowed": "True"}} {{(pid=106912) _process_stack /opt/stack/nova/nova/api/openstack/wsgi.py:511}}
Aug 29 06:14:55.186804 n-d-854247-9 devstack@n-api.service[106912]: DEBUG dbcounter [-] [106912] Writing DB stats nova_api:SELECT=33,nova_api:INSERT=7,nova_api:SAVEPOINT=3,nova_api:RELEASE=3 {{(pid=106912) stat_writer /usr/local/lib/python3.8/dist-packages/dbcounter.py:114}}
Aug 29 06:14:55.288338 n-d-854247-9 devstack@n-api.service[106912]: INFO nova.api.openstack.requestlog [None req-737310f5-ce9f-4354-8849-531773e696a7 admin admin] 10.222.0.76 "POST /compute/v2.1/flavors/3/os-extra_specs" status: 200 len: 43 microversion: 2.61 time: 0.110870
Aug 29 06:14:55.291431 n-d-854247-9 devstack@n-api.service[106912]: [pid: 106912|app: 0|req: 14/29] 10.222.0.76 () {64 vars in 1333 bytes} [Mon Aug 29 06:14:55 2022] POST /compute/v2.1/flavors/3/os-extra_specs => generated 43 bytes in 112 msecs (HTTP/1.1 200) 9 headers in 358 bytes (1 switches on core 0)
Aug 29 06:14:57.883901 n-d-854247-9 devstack@n-api.service[106913]: DEBUG nova.api.openstack.wsgi [None req-8b993921-751f-4c42-bcc9-b50f587662a1 admin admin] Calling method '>' {{(pid=106913) _process_stack /opt/stack/nova/nova/api/openstack/wsgi.py:513}}
Aug 29 06:14:57.885647 n-d-854247-9 devstack@n-api.service[106913]: INFO nova.api.openstack.requestlog [None req-8b993921-751f-4c42-bcc9-b50f587662a1 admin admin] 10.222.0.76 "GET /compute/v2.1" status: 200 len: 388 microversion: 2.1 time: 0.002198
Aug 29 06:14:57.886248 n-d-854247-9 devstack@n-api.service[106913]: [pid: 106913|app: 0|req: 16/30] 10.222.0.76 () {54 vars in 931 bytes} [Mon Aug 29 06:14:57 2022] GET /compute/v2.1 => generated 388 bytes in 3 msecs (HTTP/1.1 200) 9 headers in 357 bytes (2 switches on core 0)
Aug 29 06:14:58.390201 n-d-854247-9 devstack@n-api.service[106912]: DEBUG nova.api.openstack.wsgi [None req-738b5b9c-f450-4b5b-abc8-b974c445ef24 admin admin] Action: 'create', calling method: >, body: {"flavor": {"id": "4", "vcpus": 4, "rxtx_factor": 1.0, "disk": 80, "ram": 8192, "os-flavor-access:is_public": true, "name": "m1.large", "OS-FLV-EXT-DATA:ephemeral": 0, "swap": 0}} {{(pid=106912) _process_stack /opt/stack/nova/nova/api/openstack/wsgi.py:511}}
Aug 29 06:14:58.478317 n-d-854247-9 devstack@n-api.service[106912]: INFO nova.api.openstack.requestlog [None req-738b5b9c-f450-4b5b-abc8-b974c445ef24 admin admin] 10.222.0.76 "POST /compute/v2.1/flavors" status: 200 len: 405 microversion: 2.61 time: 0.584463
Aug 29 06:14:58.478845 n-d-854247-9 devstack@n-api.service[106912]: [pid: 106912|app: 0|req: 15/31] 10.222.0.76 () {64 vars in 1283 bytes} [Mon Aug 29 06:14:57 2022] POST /compute/v2.1/flavors => generated 405 bytes in 586 msecs (HTTP/1.1 200) 9 headers in 359 bytes (1 switches on core 0)
Aug 29 06:14:58.491713 n-d-854247-9 devstack@n-api.service[106913]: DEBUG nova.api.openstack.wsgi [None req-c11a3bbf-08b7-422e-86a0-57f79d25ab93 admin admin] Action: 'create', calling method: >, body: {"extra_specs": {"hw_rng:allowed": "True"}} {{(pid=106913) _process_stack /opt/stack/nova/nova/api/openstack/wsgi.py:511}}
Aug 29 06:14:58.556996 n-d-854247-9 devstack@n-api.service[106913]: INFO nova.api.openstack.requestlog [None req-c11a3bbf-08b7-422e-86a0-57f79d25ab93 admin admin] 10.222.0.76 "POST /compute/v2.1/flavors/4/os-extra_specs" status: 200 len: 43 microversion: 2.61 time: 0.068900
Aug 29 06:14:58.557563 n-d-854247-9 devstack@n-api.service[106913]: [pid: 106913|app: 0|req: 17/32] 10.222.0.76 () {64 vars in 1333 bytes} [Mon Aug 29 06:14:58 2022] POST /compute/v2.1/flavors/4/os-extra_specs => generated 43 bytes in 70 msecs (HTTP/1.1 200) 9 headers in 358 bytes (1 switches on core 0)
Aug 29 06:15:00.949074 n-d-854247-9 devstack@n-api.service[106912]: DEBUG nova.api.openstack.wsgi [None req-738b5b9c-f450-4b5b-abc8-b974c445ef24 admin admin] Calling method '>' {{(pid=106912) _process_stack /opt/stack/nova/nova/api/openstack/wsgi.py:513}}
Aug 29 06:15:00.950083 n-d-854247-9 devstack@n-api.service[106912]: INFO nova.api.openstack.requestlog [None req-738b5b9c-f450-4b5b-abc8-b974c445ef24 admin admin] 10.222.0.76 "GET /compute/v2.1" status: 200 len: 388 microversion: 2.1 time: 0.001535
Aug 29 06:15:00.950491 n-d-854247-9 devstack@n-api.service[106912]: [pid: 106912|app: 0|req: 16/33] 10.222.0.76 () {54 vars in 931 bytes} [Mon Aug 29 06:15:00 2022] GET /compute/v2.1 => generated 388 bytes in 2 msecs (HTTP/1.1 200) 9 headers in 357 bytes (1 switches on core 0)
Aug 29 06:15:01.444321 n-d-854247-9 devstack@n-api.service[106913]: DEBUG nova.api.openstack.wsgi [None req-d24f415c-54e4-49e4-bf81-0260e858740b admin admin] Action: 'create', calling method: >, body: {"flavor": {"ram": 16384, "OS-FLV-EXT-DATA:ephemeral": 0, "swap": 0, "id": "5", "disk": 160, "os-flavor-access:is_public": true, "name": "m1.xlarge", "rxtx_factor": 1.0, "vcpus": 8}} {{(pid=106913) _process_stack /opt/stack/nova/nova/api/openstack/wsgi.py:511}}
Aug 29 06:15:01.453138 n-d-854247-9 devstack@n-api.service[106913]: DEBUG dbcounter [-] [106913] Writing DB stats nova_api:SELECT=45,nova_api:SAVEPOINT=5,nova_api:INSERT=9,nova_api:RELEASE=5 {{(pid=106913) stat_writer /usr/local/lib/python3.8/dist-packages/dbcounter.py:114}}
Aug 29 06:15:01.528481 n-d-854247-9 devstack@n-api.service[106913]: INFO nova.api.openstack.requestlog [None req-d24f415c-54e4-49e4-bf81-0260e858740b admin admin] 10.222.0.76 "POST /compute/v2.1/flavors" status: 200 len: 408 microversion: 2.61 time: 0.571514
Aug 29 06:15:01.559094 n-d-854247-9 devstack@n-api.service[106913]: [pid: 106913|app: 0|req: 18/34] 10.222.0.76 () {64 vars in 1283 bytes} [Mon Aug 29 06:15:00 2022] POST /compute/v2.1/flavors => generated 408 bytes in 581 msecs (HTTP/1.1 200) 9 headers in 359 bytes (2 switches on core 0)
Aug 29 06:15:01.559520 n-d-854247-9 devstack@n-api.service[106912]: DEBUG nova.api.openstack.wsgi [None req-95ef83ed-8465-4852-a462-75173870c2ab admin admin] Action: 'create', calling method: >, body: {"extra_specs": {"hw_rng:allowed": "True"}} {{(pid=106912) _process_stack /opt/stack/nova/nova/api/openstack/wsgi.py:511}}
Aug 29 06:15:01.654370 n-d-854247-9 devstack@n-api.service[106912]: INFO nova.api.openstack.requestlog [None req-95ef83ed-8465-4852-a462-75173870c2ab admin admin] 10.222.0.76 "POST /compute/v2.1/flavors/5/os-extra_specs" status: 200 len: 43 microversion: 2.61 time: 0.116492
Aug 29 06:15:01.659085 n-d-854247-9 devstack@n-api.service[106912]: [pid: 106912|app: 0|req: 17/35] 10.222.0.76 () {64 vars in 1333 bytes} [Mon Aug 29 06:15:01 2022] POST /compute/v2.1/flavors/5/os-extra_specs => generated 43 bytes in 118 msecs (HTTP/1.1 200) 9 headers in 358 bytes (2 switches on core 0)
Aug 29 06:15:24.158629 n-d-854247-9 devstack@n-api.service[106913]: DEBUG nova.api.openstack.wsgi [None req-d24f415c-54e4-49e4-bf81-0260e858740b admin admin] Calling method '>' {{(pid=106913) _process_stack /opt/stack/nova/nova/api/openstack/wsgi.py:513}}
Aug 29 06:15:24.159741 n-d-854247-9 devstack@n-api.service[106913]: INFO nova.api.openstack.requestlog [None req-d24f415c-54e4-49e4-bf81-0260e858740b admin admin] 10.222.0.76 "GET /compute/v2.1" status: 200 len: 388 microversion: 2.1 time: 0.001558
Aug 29 06:15:24.160146 n-d-854247-9 devstack@n-api.service[106913]: [pid: 106913|app: 0|req: 19/36] 10.222.0.76 () {54 vars in 931 bytes} [Mon Aug 29 06:15:24 2022] GET /compute/v2.1 => generated 388 bytes in 2 msecs (HTTP/1.1 200) 9 headers in 357 bytes (1 switches on core 0)
Aug 29 06:15:24.171097 n-d-854247-9 devstack@n-api.service[106912]: DEBUG dbcounter [-] [106912] Writing DB stats nova_api:SELECT=14,nova_api:SAVEPOINT=2,nova_api:INSERT=3,nova_api:RELEASE=2 {{(pid=106912) stat_writer /usr/local/lib/python3.8/dist-packages/dbcounter.py:114}}
Aug 29 06:15:24.558050 n-d-854247-9 devstack@n-api.service[106912]: DEBUG nova.api.openstack.wsgi [None req-74e935b2-d6b2-4f7d-afb1-f23b7fdd3eeb admin admin] Calling method '>' {{(pid=106912) _process_stack /opt/stack/nova/nova/api/openstack/wsgi.py:513}}
Aug 29 06:15:24.579138 n-d-854247-9 devstack@n-api.service[106912]: INFO nova.api.openstack.requestlog [None req-74e935b2-d6b2-4f7d-afb1-f23b7fdd3eeb admin admin] 10.222.0.76 "GET /compute/v2.1/flavors/detail?is_public=True" status: 200 len: 4202 microversion: 2.61 time: 0.412493
Aug 29 06:15:24.579617 n-d-854247-9 devstack@n-api.service[106912]: [pid: 106912|app: 0|req: 18/37] 10.222.0.76 () {60 vars in 1292 bytes} [Mon Aug 29 06:15:24 2022] GET /compute/v2.1/flavors/detail?is_public=True => generated 4202 bytes in 414 msecs (HTTP/1.1 200) 9 headers in 360 bytes (1 switches on core 0)
Aug 29 06:15:25.679822 n-d-854247-9 devstack@n-api.service[106913]: DEBUG nova.api.openstack.wsgi [None req-d24f415c-54e4-49e4-bf81-0260e858740b admin admin] Calling method '>' {{(pid=106913) _process_stack /opt/stack/nova/nova/api/openstack/wsgi.py:513}}
Aug 29 06:15:25.680835 n-d-854247-9 devstack@n-api.service[106913]: INFO nova.api.openstack.requestlog [None req-d24f415c-54e4-49e4-bf81-0260e858740b admin admin] 10.222.0.76 "GET /compute/v2.1" status: 200 len: 388 microversion: 2.1 time: 0.001490
Aug 29 06:15:25.681239 n-d-854247-9 devstack@n-api.service[106913]: [pid: 106913|app: 0|req: 20/38] 10.222.0.76 () {56 vars in 1074 bytes} [Mon Aug 29 06:15:25 2022] GET /compute/v2.1 => generated 388 bytes in 2 msecs (HTTP/1.1 200) 9 headers in 357 bytes (1 switches on core 0)
Aug 29 06:15:26.252562 n-d-854247-9 devstack@n-api.service[106912]: DEBUG nova.api.openstack.wsgi [None req-e099126e-14d4-4e68-9c0f-19941d087b7b admin admin] Calling method '>' {{(pid=106912) _process_stack /opt/stack/nova/nova/api/openstack/wsgi.py:513}}
Aug 29 06:15:26.258372 n-d-854247-9 devstack@n-api.service[106912]: INFO nova.api.openstack.wsgi [None req-e099126e-14d4-4e68-9c0f-19941d087b7b admin admin] HTTP exception thrown: Flavor 42 could not be found.
