Aug 24 11:07:20.208119 n-d-854247-2 devstack@placement-api.service[107653]: [pid: 107653|app: 0|req: 140/283] 10.222.0.40 () {60 vars in 1377 bytes} [Wed Aug 24 11:07:20 2022] GET /placement/allocations/ac7524b3-887d-4d37-a32a-0a485d28cdf5 => generated 259 bytes in 30 msecs (HTTP/1.1 200) 8 headers in 296 bytes (1 switches on core 0)
Aug 24 11:07:20.215721 n-d-854247-2 devstack@placement-api.service[107652]: DEBUG placement.requestlog [req-812a176f-a26d-4389-bf74-367254a604d4 req-d2518fac-341e-40bc-8bb0-6ea2fcfc7bba None None] Starting request: 10.222.0.40 "GET /placement/allocations/369a6307-2b99-4ae2-826e-4d2cf4bb1d10" {{(pid=107652) __call__ /opt/stack/placement/placement/requestlog.py:55}}
Aug 24 11:07:20.238236 n-d-854247-2 devstack@placement-api.service[107652]: INFO placement.requestlog [req-812a176f-a26d-4389-bf74-367254a604d4 req-d2518fac-341e-40bc-8bb0-6ea2fcfc7bba service placement] 10.222.0.40 "GET /placement/allocations/369a6307-2b99-4ae2-826e-4d2cf4bb1d10" status: 200 len: 259 microversion: 1.28
Aug 24 11:07:20.239497 n-d-854247-2 devstack@placement-api.service[107652]: [pid: 107652|app: 0|req: 144/284] 10.222.0.40 () {60 vars in 1377 bytes} [Wed Aug 24 11:07:20 2022] GET /placement/allocations/369a6307-2b99-4ae2-826e-4d2cf4bb1d10 => generated 259 bytes in 24 msecs (HTTP/1.1 200) 8 headers in 296 bytes (2 switches on core 0)
Aug 24 11:07:20.254090 n-d-854247-2 devstack@placement-api.service[107653]: DEBUG placement.requestlog [req-6d941562-6635-4c46-b5da-b136348e395e req-47bc073d-10f3-4522-9e41-0972cbf64ceb None None] Starting request: 10.222.0.82 "GET /placement/resource_providers?in_tree=4057cd99-c279-4274-bdf8-bc447b8b4bf6" {{(pid=107653) __call__ /opt/stack/placement/placement/requestlog.py:55}}
Aug 24 11:07:20.262456 n-d-854247-2 devstack@placement-api.service[107652]: DEBUG placement.requestlog [req-812a176f-a26d-4389-bf74-367254a604d4 req-5807d76d-7b42-46af-8aef-875b4d48e9e8 None None] Starting request: 10.222.0.40 "GET /placement/allocations/51949be9-d5c0-4bc8-9443-51422809efec" {{(pid=107652) __call__ /opt/stack/placement/placement/requestlog.py:55}}
Aug 24 11:07:20.305780 n-d-854247-2 devstack@placement-api.service[107652]: INFO placement.requestlog [req-812a176f-a26d-4389-bf74-367254a604d4 req-5807d76d-7b42-46af-8aef-875b4d48e9e8 service placement] 10.222.0.40 "GET /placement/allocations/51949be9-d5c0-4bc8-9443-51422809efec" status: 200 len: 259 microversion: 1.28
Aug 24 11:07:20.306652 n-d-854247-2 devstack@placement-api.service[107652]: [pid: 107652|app: 0|req: 145/285] 10.222.0.40 () {60 vars in 1377 bytes} [Wed Aug 24 11:07:20 2022] GET /placement/allocations/51949be9-d5c0-4bc8-9443-51422809efec => generated 259 bytes in 51 msecs (HTTP/1.1 200) 8 headers in 296 bytes (1 switches on core 0)
Aug 24 11:07:20.307277 n-d-854247-2 devstack@placement-api.service[107653]: INFO placement.requestlog [req-6d941562-6635-4c46-b5da-b136348e395e req-47bc073d-10f3-4522-9e41-0972cbf64ceb service placement] 10.222.0.82 "GET /placement/resource_providers?in_tree=4057cd99-c279-4274-bdf8-bc447b8b4bf6" status: 200 len: 863 microversion: 1.14
Aug 24 11:07:20.307716 n-d-854247-2 devstack@placement-api.service[107653]: [pid: 107653|app: 0|req: 141/286] 10.222.0.82 () {60 vars in 1376 bytes} [Wed Aug 24 11:07:20 2022] GET /placement/resource_providers?in_tree=4057cd99-c279-4274-bdf8-bc447b8b4bf6 => generated 863 bytes in 54 msecs (HTTP/1.1 200) 6 headers in 225 bytes (1 switches on core 0)
Aug 24 11:07:20.314970 n-d-854247-2 devstack@placement-api.service[107652]: DEBUG placement.requestlog [req-812a176f-a26d-4389-bf74-367254a604d4 req-fb887b64-9cc6-40c3-b567-66e842a19bf0 None None] Starting request: 10.222.0.40 "GET /placement/allocations/37969069-c2c8-4ac3-b660-be7d82985553" {{(pid=107652) __call__ /opt/stack/placement/placement/requestlog.py:55}}
Aug 24 11:07:20.317764 n-d-854247-2 devstack@placement-api.service[107653]: DEBUG placement.requestlog [req-6d941562-6635-4c46-b5da-b136348e395e req-adf1b341-b42c-4c41-bf84-c28bc023f972 None None] Starting request: 10.222.0.82 "GET /placement/resource_providers/4057cd99-c279-4274-bdf8-bc447b8b4bf6/inventories" {{(pid=107653) __call__ /opt/stack/placement/placement/requestlog.py:55}}
Aug 24 11:07:20.356027 n-d-854247-2 devstack@placement-api.service[107652]: INFO placement.requestlog [req-812a176f-a26d-4389-bf74-367254a604d4 req-fb887b64-9cc6-40c3-b567-66e842a19bf0 service placement] 10.222.0.40 "GET /placement/allocations/37969069-c2c8-4ac3-b660-be7d82985553" status: 200 len: 259 microversion: 1.28
Aug 24 11:07:20.357373 n-d-854247-2 devstack@placement-api.service[107652]: [pid: 107652|app: 0|req: 146/287] 10.222.0.40 () {60 vars in 1377 bytes} [Wed Aug 24 11:07:20 2022] GET /placement/allocations/37969069-c2c8-4ac3-b660-be7d82985553 => generated 259 bytes in 43 msecs (HTTP/1.1 200) 8 headers in 296 bytes (2 switches on core 0)
Aug 24 11:07:20.366502 n-d-854247-2 devstack@placement-api.service[107652]: DEBUG placement.requestlog [req-812a176f-a26d-4389-bf74-367254a604d4 req-d4963378-603b-4e73-bc50-6edb6a85504d None None] Starting request: 10.222.0.40 "GET /placement/allocations/e95f988d-eddc-4b2d-bd47-142c290cd5f1" {{(pid=107652) __call__ /opt/stack/placement/placement/requestlog.py:55}}
Aug 24 11:07:20.367234 n-d-854247-2 devstack@placement-api.service[107653]: INFO placement.requestlog [req-6d941562-6635-4c46-b5da-b136348e395e req-adf1b341-b42c-4c41-bf84-c28bc023f972 service placement] 10.222.0.82 "GET /placement/resource_providers/4057cd99-c279-4274-bdf8-bc447b8b4bf6/inventories" status: 200 len: 398 microversion: 1.0
Aug 24 11:07:20.368398 n-d-854247-2 devstack@placement-api.service[107653]: [pid: 107653|app: 0|req: 142/288] 10.222.0.82 () {58 vars in 1390 bytes} [Wed Aug 24 11:07:20 2022] GET /placement/resource_providers/4057cd99-c279-4274-bdf8-bc447b8b4bf6/inventories => generated 398 bytes in 52 msecs (HTTP/1.1 200) 6 headers in 224 bytes (1 switches on core 0)
Aug 24 11:07:20.395289 n-d-854247-2 devstack@placement-api.service[107653]: DEBUG placement.requestlog [req-6d941562-6635-4c46-b5da-b136348e395e req-b4e6933f-4b6e-4ae3-8266-2fd08dafa7fb None None] Starting request: 10.222.0.82 "GET /placement/resource_providers/4057cd99-c279-4274-bdf8-bc447b8b4bf6/aggregates" {{(pid=107653) __call__ /opt/stack/placement/placement/requestlog.py:55}}
Aug 24 11:07:20.403552 n-d-854247-2 devstack@placement-api.service[107652]: INFO placement.requestlog [req-812a176f-a26d-4389-bf74-367254a604d4 req-d4963378-603b-4e73-bc50-6edb6a85504d service placement] 10.222.0.40 "GET /placement/allocations/e95f988d-eddc-4b2d-bd47-142c290cd5f1" status: 200 len: 259 microversion: 1.28
Aug 24 11:07:20.404197 n-d-854247-2 devstack@placement-api.service[107652]: [pid: 107652|app: 0|req: 147/289] 10.222.0.40 () {60 vars in 1377 bytes} [Wed Aug 24 11:07:20 2022] GET /placement/allocations/e95f988d-eddc-4b2d-bd47-142c290cd5f1 => generated 259 bytes in 38 msecs (HTTP/1.1 200) 8 headers in 296 bytes (1 switches on core 0)
Aug 24 11:07:20.413502 n-d-854247-2 devstack@placement-api.service[107652]: DEBUG placement.requestlog [req-812a176f-a26d-4389-bf74-367254a604d4 req-0c98e920-3c3f-47a7-927f-2c5be5f9b3c5 None None] Starting request: 10.222.0.40 "GET /placement/allocations/92be91e0-99d2-4fa2-aef1-834a4647ac93" {{(pid=107652) __call__ /opt/stack/placement/placement/requestlog.py:55}}
Aug 24 11:07:20.453637 n-d-854247-2 devstack@placement-api.service[107653]: INFO placement.requestlog [req-6d941562-6635-4c46-b5da-b136348e395e req-b4e6933f-4b6e-4ae3-8266-2fd08dafa7fb service placement] 10.222.0.82 "GET /placement/resource_providers/4057cd99-c279-4274-bdf8-bc447b8b4bf6/aggregates" status: 200 len: 54 microversion: 1.19
Aug 24 11:07:20.455008 n-d-854247-2 devstack@placement-api.service[107653]: [pid: 107653|app: 0|req: 143/290] 10.222.0.82 () {60 vars in 1431 bytes} [Wed Aug 24 11:07:20 2022] GET /placement/resource_providers/4057cd99-c279-4274-bdf8-bc447b8b4bf6/aggregates => generated 54 bytes in 60 msecs (HTTP/1.1 200) 8 headers in 295 bytes (1 switches on core 0)
Aug 24 11:07:20.463027 n-d-854247-2 devstack@placement-api.service[107652]: INFO placement.requestlog [req-812a176f-a26d-4389-bf74-367254a604d4 req-0c98e920-3c3f-47a7-927f-2c5be5f9b3c5 service placement] 10.222.0.40 "GET /placement/allocations/92be91e0-99d2-4fa2-aef1-834a4647ac93" status: 200 len: 259 microversion: 1.28
Aug 24 11:07:20.463841 n-d-854247-2 devstack@placement-api.service[107652]: [pid: 107652|app: 0|req: 148/291] 10.222.0.40 () {60 vars in 1377 bytes} [Wed Aug 24 11:07:20 2022] GET /placement/allocations/92be91e0-99d2-4fa2-aef1-834a4647ac93 => generated 259 bytes in 53 msecs (HTTP/1.1 200) 8 headers in 296 bytes (1 switches on core 0)
Aug 24 11:07:20.467977 n-d-854247-2 devstack@placement-api.service[107653]: DEBUG placement.requestlog [req-6d941562-6635-4c46-b5da-b136348e395e req-cf10211f-1654-49c4-a668-5bc0044e1762 None None] Starting request: 10.222.0.82 "GET /placement/resource_providers/4057cd99-c279-4274-bdf8-bc447b8b4bf6/traits" {{(pid=107653) __call__ /opt/stack/placement/placement/requestlog.py:55}}
Aug 24 11:07:20.518842 n-d-854247-2 devstack@placement-api.service[107653]: INFO placement.requestlog [req-6d941562-6635-4c46-b5da-b136348e395e req-cf10211f-1654-49c4-a668-5bc0044e1762 service placement] 10.222.0.82 "GET /placement/resource_providers/4057cd99-c279-4274-bdf8-bc447b8b4bf6/traits" status: 200 len: 212 microversion: 1.6
Aug 24 11:07:20.519550 n-d-854247-2 devstack@placement-api.service[107653]: [pid: 107653|app: 0|req: 144/292] 10.222.0.82 () {60 vars in 1418 bytes} [Wed Aug 24 11:07:20 2022] GET /placement/resource_providers/4057cd99-c279-4274-bdf8-bc447b8b4bf6/traits => generated 212 bytes in 52 msecs (HTTP/1.1 200) 6 headers in 224 bytes (1 switches on core 0)
Aug 24 11:07:20.528698 n-d-854247-2 devstack@placement-api.service[107652]: DEBUG placement.requestlog [req-6d941562-6635-4c46-b5da-b136348e395e req-3282cfcf-0dba-4d83-a478-27ea19fd2e9c None None] Starting request: 10.222.0.82 "GET /placement/resource_providers/4057cd99-c279-4274-bdf8-bc447b8b4bf6/allocations" {{(pid=107652) __call__ /opt/stack/placement/placement/requestlog.py:55}}
Aug 24 11:07:20.571796 n-d-854247-2 devstack@placement-api.service[107652]: INFO placement.requestlog [req-6d941562-6635-4c46-b5da-b136348e395e req-3282cfcf-0dba-4d83-a478-27ea19fd2e9c service placement] 10.222.0.82 "GET /placement/resource_providers/4057cd99-c279-4274-bdf8-bc447b8b4bf6/allocations" status: 200 len: 457 microversion: 1.0
Aug 24 11:07:20.572403 n-d-854247-2 devstack@placement-api.service[107652]: [pid: 107652|app: 0|req: 149/293] 10.222.0.82 () {58 vars in 1390 bytes} [Wed Aug 24 11:07:20 2022] GET /placement/resource_providers/4057cd99-c279-4274-bdf8-bc447b8b4bf6/allocations => generated 457 bytes in 44 msecs (HTTP/1.1 200) 6 headers in 224 bytes (1 switches on core 0)
Aug 24 11:07:20.587037 n-d-854247-2 devstack@placement-api.service[107653]: DEBUG placement.requestlog [req-6d941562-6635-4c46-b5da-b136348e395e req-fda1ae61-9002-4b1c-b2a4-9790173dd28a None None] Starting request: 10.222.0.82 "GET /placement/allocations/5fe8928e-a896-43a1-9877-6f83aa8b6b17" {{(pid=107653) __call__ /opt/stack/placement/placement/requestlog.py:55}}
Aug 24 11:07:20.607308 n-d-854247-2 devstack@placement-api.service[107653]: INFO placement.requestlog [req-6d941562-6635-4c46-b5da-b136348e395e req-fda1ae61-9002-4b1c-b2a4-9790173dd28a service placement] 10.222.0.82 "GET /placement/allocations/5fe8928e-a896-43a1-9877-6f83aa8b6b17" status: 200 len: 259 microversion: 1.28
Aug 24 11:07:20.608360 n-d-854247-2 devstack@placement-api.service[107653]: [pid: 107653|app: 0|req: 145/294] 10.222.0.82 () {60 vars in 1377 bytes} [Wed Aug 24 11:07:20 2022] GET /placement/allocations/5fe8928e-a896-43a1-9877-6f83aa8b6b17 => generated 259 bytes in 22 msecs (HTTP/1.1 200) 8 headers in 296 bytes (1 switches on core 0)
Aug 24 11:07:20.615575 n-d-854247-2 devstack@placement-api.service[107652]: DEBUG placement.requestlog [req-6d941562-6635-4c46-b5da-b136348e395e req-f0256201-a7c6-4283-92d6-828fcd01f2e9 None None] Starting request: 10.222.0.82 "GET /placement/allocations/fb1759b0-242b-4495-9749-0fccc7dc8011" {{(pid=107652) __call__ /opt/stack/placement/placement/requestlog.py:55}}
Aug 24 11:07:20.643474 n-d-854247-2 devstack@placement-api.service[107652]: INFO placement.requestlog [req-6d941562-6635-4c46-b5da-b136348e395e req-f0256201-a7c6-4283-92d6-828fcd01f2e9 service placement] 10.222.0.82 "GET /placement/allocations/fb1759b0-242b-4495-9749-0fccc7dc8011" status: 200 len: 259 microversion: 1.28
Aug 24 11:07:20.643874 n-d-854247-2 devstack@placement-api.service[107652]: [pid: 107652|app: 0|req: 150/295] 10.222.0.82 () {60 vars in 1377 bytes} [Wed Aug 24 11:07:20 2022] GET /placement/allocations/fb1759b0-242b-4495-9749-0fccc7dc8011 => generated 259 bytes in 29 msecs (HTTP/1.1 200) 8 headers in 296 bytes (1 switches on core 0)
Aug 24 11:07:20.659104 n-d-854247-2 devstack@placement-api.service[107653]: DEBUG placement.requestlog [req-6d941562-6635-4c46-b5da-b136348e395e req-ef1b258f-8aac-4d0b-b8cc-a587788bbef5 None None] Starting request: 10.222.0.82 "GET /placement/allocations/db5e3aec-f92e-4720-bb46-af9f8b1ab237" {{(pid=107653) __call__ /opt/stack/placement/placement/requestlog.py:55}}
Aug 24 11:07:20.687158 n-d-854247-2 devstack@placement-api.service[107653]: INFO placement.requestlog [req-6d941562-6635-4c46-b5da-b136348e395e req-ef1b258f-8aac-4d0b-b8cc-a587788bbef5 service placement] 10.222.0.82 "GET /placement/allocations/db5e3aec-f92e-4720-bb46-af9f8b1ab237" status: 200 len: 259 microversion: 1.28
Aug 24 11:07:20.689273 n-d-854247-2 devstack@placement-api.service[107653]: [pid: 107653|app: 0|req: 146/296] 10.222.0.82 () {60 vars in 1377 bytes} [Wed Aug 24 11:07:20 2022] GET /placement/allocations/db5e3aec-f92e-4720-bb46-af9f8b1ab237 => generated 259 bytes in 29 msecs (HTTP/1.1 200) 8 headers in 296 bytes (1 switches on core 0)
Aug 24 11:07:20.700277 n-d-854247-2 devstack@placement-api.service[107652]: DEBUG placement.requestlog [req-6d941562-6635-4c46-b5da-b136348e395e req-8513347b-8889-451a-94d5-90b3b34fb2ce None None] Starting request: 10.222.0.82 "GET /placement/allocations/98e68843-81f3-45e0-9088-2987063d8dc8" {{(pid=107652) __call__ /opt/stack/placement/placement/requestlog.py:55}}
Aug 24 11:07:20.777863 n-d-854247-2 devstack@placement-api.service[107652]: INFO placement.requestlog [req-6d941562-6635-4c46-b5da-b136348e395e req-8513347b-8889-451a-94d5-90b3b34fb2ce service placement] 10.222.0.82 "GET /placement/allocations/98e68843-81f3-45e0-9088-2987063d8dc8" status: 200 len: 259 microversion: 1.28
Aug 24 11:07:20.781398 n-d-854247-2 devstack@placement-api.service[107652]: [pid: 107652|app: 0|req: 151/297] 10.222.0.82 () {60 vars in 1377 bytes} [Wed Aug 24 11:07:20 2022] GET /placement/allocations/98e68843-81f3-45e0-9088-2987063d8dc8 => generated 259 bytes in 81 msecs (HTTP/1.1 200) 8 headers in 296 bytes (1 switches on core 0)
Aug 24 11:07:21.956760 n-d-854247-2 devstack@placement-api.service[107653]: DEBUG placement.requestlog [req-69b49b73-b39f-4368-b100-d1f403c33882 req-8bbf66b5-2ceb-4cc1-9cf8-c72fb2579e37 None None] Starting request: 10.222.0.40 "GET /placement/resource_providers/f9867900-8c81-4155-987c-f761a7b8ea90/allocations" {{(pid=107653) __call__ /opt/stack/placement/placement/requestlog.py:55}}
Aug 24 11:07:21.997071 n-d-854247-2 devstack@placement-api.service[107653]: INFO placement.requestlog [req-69b49b73-b39f-4368-b100-d1f403c33882 req-8bbf66b5-2ceb-4cc1-9cf8-c72fb2579e37 service placement] 10.222.0.40 "GET /placement/resource_providers/f9867900-8c81-4155-987c-f761a7b8ea90/allocations" status: 200 len: 659 microversion: 1.0
Aug 24 11:07:21.998527 n-d-854247-2 devstack@placement-api.service[107653]: [pid: 107653|app: 0|req: 147/298] 10.222.0.40 () {58 vars in 1390 bytes} [Wed Aug 24 11:07:21 2022] GET /placement/resource_providers/f9867900-8c81-4155-987c-f761a7b8ea90/allocations => generated 659 bytes in 45 msecs (HTTP/1.1 200) 6 headers in 224 bytes (1 switches on core 0)
Aug 24 11:07:22.006903 n-d-854247-2 devstack@placement-api.service[107652]: DEBUG placement.requestlog [req-69b49b73-b39f-4368-b100-d1f403c33882 req-2bc9bd1c-a4f0-4658-a15a-0db5f8fd64b2 None None] Starting request: 10.222.0.40 "GET /placement/allocations/ac7524b3-887d-4d37-a32a-0a485d28cdf5" {{(pid=107652) __call__ /opt/stack/placement/placement/requestlog.py:55}}
Aug 24 11:07:22.028074 n-d-854247-2 devstack@placement-api.service[107652]: INFO placement.requestlog [req-69b49b73-b39f-4368-b100-d1f403c33882 req-2bc9bd1c-a4f0-4658-a15a-0db5f8fd64b2 service placement] 10.222.0.40 "GET /placement/allocations/ac7524b3-887d-4d37-a32a-0a485d28cdf5" status: 200 len: 259 microversion: 1.28
Aug 24 11:07:22.029536 n-d-854247-2 devstack@placement-api.service[107652]: [pid: 107652|app: 0|req: 152/299] 10.222.0.40 () {60 vars in 1377 bytes} [Wed Aug 24 11:07:22 2022] GET /placement/allocations/ac7524b3-887d-4d37-a32a-0a485d28cdf5 => generated 259 bytes in 23 msecs (HTTP/1.1 200) 8 headers in 296 bytes (2 switches on core 0)
Aug 24 11:07:22.043023 n-d-854247-2 devstack@placement-api.service[107653]: DEBUG placement.requestlog [req-69b49b73-b39f-4368-b100-d1f403c33882 req-3536c4b1-0987-4c2a-8573-835f1f6d60b6 None None] Starting request: 10.222.0.40 "GET /placement/allocations/369a6307-2b99-4ae2-826e-4d2cf4bb1d10" {{(pid=107653) __call__ /opt/stack/placement/placement/requestlog.py:55}}
Aug 24 11:07:22.072133 n-d-854247-2 devstack@placement-api.service[107653]: INFO placement.requestlog [req-69b49b73-b39f-4368-b100-d1f403c33882 req-3536c4b1-0987-4c2a-8573-835f1f6d60b6 service placement] 10.222.0.40 "GET /placement/allocations/369a6307-2b99-4ae2-826e-4d2cf4bb1d10" status: 200 len: 259 microversion: 1.28
Aug 24 11:07:22.073338 n-d-854247-2 devstack@placement-api.service[107653]: [pid: 107653|app: 0|req: 148/300] 10.222.0.40 () {60 vars in 1377 bytes} [Wed Aug 24 11:07:22 2022] GET /placement/allocations/369a6307-2b99-4ae2-826e-4d2cf4bb1d10 => generated 259 bytes in 31 msecs (HTTP/1.1 200) 8 headers in 296 bytes (1 switches on core 0)
Aug 24 11:07:22.085755 n-d-854247-2 devstack@placement-api.service[107652]: DEBUG placement.requestlog [req-69b49b73-b39f-4368-b100-d1f403c33882 req-e2aeedd5-7a78-4845-a035-e9b761bf8348 None None] Starting request: 10.222.0.40 "GET /placement/allocations/51949be9-d5c0-4bc8-9443-51422809efec" {{(pid=107652) __call__ /opt/stack/placement/placement/requestlog.py:55}}
Aug 24 11:07:22.109751 n-d-854247-2 devstack@placement-api.service[107652]: INFO placement.requestlog [req-69b49b73-b39f-4368-b100-d1f403c33882 req-e2aeedd5-7a78-4845-a035-e9b761bf8348 service placement] 10.222.0.40 "GET /placement/allocations/51949be9-d5c0-4bc8-9443-51422809efec" status: 200 len: 259 microversion: 1.28
Aug 24 11:07:22.110861 n-d-854247-2 devstack@placement-api.service[107652]: [pid: 107652|app: 0|req: 153/301] 10.222.0.40 () {60 vars in 1377 bytes} [Wed Aug 24 11:07:22 2022] GET /placement/allocations/51949be9-d5c0-4bc8-9443-51422809efec => generated 259 bytes in 26 msecs (HTTP/1.1 200) 8 headers in 296 bytes (2 switches on core 0)
Aug 24 11:07:22.117672 n-d-854247-2 devstack@placement-api.service[107653]: DEBUG placement.requestlog [None req-5e114d51-949c-4b5d-bce8-f109603a9dd8 None None] Starting request: 10.222.0.71 "GET /placement/resource_providers/0cd113f0-9e24-4464-8885-a35f72bb99a0/aggregates" {{(pid=107653) __call__ /opt/stack/placement/placement/requestlog.py:55}}
Aug 24 11:07:22.129549 n-d-854247-2 devstack@placement-api.service[107653]: INFO placement.requestlog [None req-5e114d51-949c-4b5d-bce8-f109603a9dd8 service placement] 10.222.0.71 "GET /placement/resource_providers/0cd113f0-9e24-4464-8885-a35f72bb99a0/aggregates" status: 404 len: 235 microversion: 1.1
Aug 24 11:07:22.130503 n-d-854247-2 devstack@placement-api.service[107653]: [pid: 107653|app: 0|req: 149/302] 10.222.0.71 () {58 vars in 1362 bytes} [Wed Aug 24 11:07:22 2022] GET /placement/resource_providers/0cd113f0-9e24-4464-8885-a35f72bb99a0/aggregates => generated 235 bytes in 13 msecs (HTTP/1.1 404) 5 headers in 202 bytes (1 switches on core 0)
Aug 24 11:07:22.136669 n-d-854247-2 devstack@placement-api.service[107652]: DEBUG placement.requestlog [None req-d38ce762-63b3-4a61-bbef-54d8728056e7 None None] Starting request: 10.222.0.71 "DELETE /placement/resource_providers/0cd113f0-9e24-4464-8885-a35f72bb99a0" {{(pid=107652) __call__ /opt/stack/placement/placement/requestlog.py:55}}
Aug 24 11:07:22.164269 n-d-854247-2 devstack@placement-api.service[107652]: DEBUG placement.wsgi_wrapper [None req-d38ce762-63b3-4a61-bbef-54d8728056e7 service placement] Placement API returning an error response: No resource provider with uuid 0cd113f0-9e24-4464-8885-a35f72bb99a0 found for delete {{(pid=107652) call_func /opt/stack/placement/placement/wsgi_wrapper.py:31}}
Aug 24 11:07:22.166631 n-d-854247-2 devstack@placement-api.service[107652]: INFO placement.requestlog [None req-d38ce762-63b3-4a61-bbef-54d8728056e7 service placement] 10.222.0.71 "DELETE /placement/resource_providers/0cd113f0-9e24-4464-8885-a35f72bb99a0" status: 404 len: 246 microversion: 1.1
Aug 24 11:07:22.167479 n-d-854247-2 devstack@placement-api.service[107652]: [pid: 107652|app: 0|req: 154/303] 10.222.0.71 () {60 vars in 1351 bytes} [Wed Aug 24 11:07:22 2022] DELETE /placement/resource_providers/0cd113f0-9e24-4464-8885-a35f72bb99a0 => generated 246 bytes in 31 msecs (HTTP/1.1 404) 6 headers in 231 bytes (1 switches on core 0)
Aug 24 11:07:22.169463 n-d-854247-2 devstack@placement-api.service[107653]: DEBUG placement.requestlog [req-69b49b73-b39f-4368-b100-d1f403c33882 req-703237d8-bfab-4ed9-b7fe-80550639bc1b None None] Starting request: 10.222.0.40 "GET /placement/allocations/37969069-c2c8-4ac3-b660-be7d82985553" {{(pid=107653) __call__ /opt/stack/placement/placement/requestlog.py:55}}
Aug 24 11:07:22.197033 n-d-854247-2 devstack@placement-api.service[107653]: INFO placement.requestlog [req-69b49b73-b39f-4368-b100-d1f403c33882 req-703237d8-bfab-4ed9-b7fe-80550639bc1b service placement] 10.222.0.40 "GET /placement/allocations/37969069-c2c8-4ac3-b660-be7d82985553" status: 200 len: 259 microversion: 1.28
Aug 24 11:07:22.197702 n-d-854247-2 devstack@placement-api.service[107653]: [pid: 107653|app: 0|req: 150/304] 10.222.0.40 () {60 vars in 1377 bytes} [Wed Aug 24 11:07:22 2022] GET /placement/allocations/37969069-c2c8-4ac3-b660-be7d82985553 => generated 259 bytes in 28 msecs (HTTP/1.1 200) 8 headers in 296 bytes (1 switches on core 0)
Aug 24 11:07:22.205693 n-d-854247-2 devstack@placement-api.service[107652]: DEBUG placement.requestlog [req-69b49b73-b39f-4368-b100-d1f403c33882 req-d3e3de1f-0654-44fc-b661-f5455fc37eda None None] Starting request: 10.222.0.40 "GET /placement/allocations/e95f988d-eddc-4b2d-bd47-142c290cd5f1" {{(pid=107652) __call__ /opt/stack/placement/placement/requestlog.py:55}}
Aug 24 11:07:22.239115 n-d-854247-2 devstack@placement-api.service[107652]: INFO placement.requestlog [req-69b49b73-b39f-4368-b100-d1f403c33882 req-d3e3de1f-0654-44fc-b661-f5455fc37eda service placement] 10.222.0.40 "GET /placement/allocations/e95f988d-eddc-4b2d-bd47-142c290cd5f1" status: 200 len: 259 microversion: 1.28
Aug 24 11:07:22.240239 n-d-854247-2 devstack@placement-api.service[107652]: [pid: 107652|app: 0|req: 155/305] 10.222.0.40 () {60 vars in 1377 bytes} [Wed Aug 24 11:07:22 2022] GET /placement/allocations/e95f988d-eddc-4b2d-bd47-142c290cd5f1 => generated 259 bytes in 35 msecs (HTTP/1.1 200) 8 headers in 296 bytes (1 switches on core 0)
Aug 24 11:07:22.248012 n-d-854247-2 devstack@placement-api.service[107653]: DEBUG placement.requestlog [req-69b49b73-b39f-4368-b100-d1f403c33882 req-fcc8517f-309c-41b5-8103-69eb075a1978 None None] Starting request: 10.222.0.40 "GET /placement/allocations/92be91e0-99d2-4fa2-aef1-834a4647ac93" {{(pid=107653) __call__ /opt/stack/placement/placement/requestlog.py:55}}
Aug 24 11:07:22.272345 n-d-854247-2 devstack@placement-api.service[107653]: INFO placement.requestlog [req-69b49b73-b39f-4368-b100-d1f403c33882 req-fcc8517f-309c-41b5-8103-69eb075a1978 service placement] 10.222.0.40 "GET /placement/allocations/92be91e0-99d2-4fa2-aef1-834a4647ac93" status: 200 len: 259 microversion: 1.28
Aug 24 11:07:22.273305 n-d-854247-2 devstack@placement-api.service[107653]: [pid: 107653|app: 0|req: 151/306] 10.222.0.40 () {60 vars in 1377 bytes} [Wed Aug 24 11:07:22 2022] GET /placement/allocations/92be91e0-99d2-4fa2-aef1-834a4647ac93 => generated 259 bytes in 26 msecs (HTTP/1.1 200) 8 headers in 296 bytes (1 switches on core 0)
Aug 24 11:07:22.567564 n-d-854247-2 devstack@placement-api.service[107652]: DEBUG placement.requestlog [req-69b49b73-b39f-4368-b100-d1f403c33882 req-e0315dbb-7acc-40cc-a94f-3989e6f6e60d None None] Starting request: 10.222.0.40 "DELETE /placement/allocations/ac7524b3-887d-4d37-a32a-0a485d28cdf5" {{(pid=107652) __call__ /opt/stack/placement/placement/requestlog.py:55}}
Aug 24 11:07:22.613130 n-d-854247-2 devstack@placement-api.service[107652]: DEBUG placement.handlers.allocation [req-69b49b73-b39f-4368-b100-d1f403c33882 req-e0315dbb-7acc-40cc-a94f-3989e6f6e60d service placement] Successfully deleted allocations [, , ] {{(pid=107652) delete_allocations /opt/stack/placement/placement/handlers/allocation.py:627}}
Aug 24 11:07:22.613617 n-d-854247-2 devstack@placement-api.service[107652]: INFO placement.requestlog [req-69b49b73-b39f-4368-b100-d1f403c33882 req-e0315dbb-7acc-40cc-a94f-3989e6f6e60d service placement] 10.222.0.40 "DELETE /placement/allocations/ac7524b3-887d-4d37-a32a-0a485d28cdf5" status: 204 len: 0 microversion: 1.0
Aug 24 11:07:22.614768 n-d-854247-2 devstack@placement-api.service[107652]: [pid: 107652|app: 0|req: 156/307] 10.222.0.40 () {60 vars in 1355 bytes} [Wed Aug 24 11:07:22 2022] DELETE /placement/allocations/ac7524b3-887d-4d37-a32a-0a485d28cdf5 => generated 0 bytes in 47 msecs (HTTP/1.1 204) 5 headers in 198 bytes (1 switches on core 0)
Aug 24 11:07:23.212673 n-d-854247-2 devstack@placement-api.service[107653]: DEBUG placement.requestlog [req-88c500dd-5cbb-43d2-b879-2eaf5522aac2 req-60a77086-9a4a-4511-ac1b-e87553cac6c9 None None] Starting request: 10.222.0.82 "GET /placement/resource_providers/4057cd99-c279-4274-bdf8-bc447b8b4bf6/allocations" {{(pid=107653) __call__ /opt/stack/placement/placement/requestlog.py:55}}
Aug 24 11:07:23.259801 n-d-854247-2 devstack@placement-api.service[107653]: INFO placement.requestlog [req-88c500dd-5cbb-43d2-b879-2eaf5522aac2 req-60a77086-9a4a-4511-ac1b-e87553cac6c9 service placement] 10.222.0.82 "GET /placement/resource_providers/4057cd99-c279-4274-bdf8-bc447b8b4bf6/allocations" status: 200 len: 457 microversion: 1.0
Aug 24 11:07:23.261645 n-d-854247-2 devstack@placement-api.service[107653]: [pid: 107653|app: 0|req: 152/308] 10.222.0.82 () {58 vars in 1390 bytes} [Wed Aug 24 11:07:23 2022] GET /placement/resource_providers/4057cd99-c279-4274-bdf8-bc447b8b4bf6/allocations => generated 457 bytes in 50 msecs (HTTP/1.1 200) 6 headers in 224 bytes (1 switches on core 0)
Aug 24 11:07:23.273336 n-d-854247-2 devstack@placement-api.service[107652]: DEBUG placement.requestlog [req-88c500dd-5cbb-43d2-b879-2eaf5522aac2 req-deb9fd2b-efd5-41d6-9912-c5b389a251f6 None None] Starting request: 10.222.0.82 "GET /placement/resource_providers/4057cd99-c279-4274-bdf8-bc447b8b4bf6/allocations" {{(pid=107652) __call__ /opt/stack/placement/placement/requestlog.py:55}}
Aug 24 11:07:23.318939 n-d-854247-2 devstack@placement-api.service[107652]: INFO placement.requestlog [req-88c500dd-5cbb-43d2-b879-2eaf5522aac2 req-deb9fd2b-efd5-41d6-9912-c5b389a251f6 service placement] 10.222.0.82 "GET /placement/resource_providers/4057cd99-c279-4274-bdf8-bc447b8b4bf6/allocations" status: 200 len: 457 microversion: 1.0
Aug 24 11:07:23.319490 n-d-854247-2 devstack@placement-api.service[107652]: [pid: 107652|app: 0|req: 157/309] 10.222.0.82 () {58 vars in 1390 bytes} [Wed Aug 24 11:07:23 2022] GET /placement/resource_providers/4057cd99-c279-4274-bdf8-bc447b8b4bf6/allocations => generated 457 bytes in 47 msecs (HTTP/1.1 200) 6 headers in 224 bytes (1 switches on core 0)
Aug 24 11:07:23.330640 n-d-854247-2 devstack@placement-api.service[107653]: DEBUG placement.requestlog [req-88c500dd-5cbb-43d2-b879-2eaf5522aac2 req-5f396966-f938-4a3d-9dc0-35ef893c2453 None None] Starting request: 10.222.0.82 "GET /placement/allocations/5fe8928e-a896-43a1-9877-6f83aa8b6b17" {{(pid=107653) __call__ /opt/stack/placement/placement/requestlog.py:55}}
Aug 24 11:07:23.364197 n-d-854247-2 devstack@placement-api.service[107653]: INFO placement.requestlog [req-88c500dd-5cbb-43d2-b879-2eaf5522aac2 req-5f396966-f938-4a3d-9dc0-35ef893c2453 service placement] 10.222.0.82 "GET /placement/allocations/5fe8928e-a896-43a1-9877-6f83aa8b6b17" status: 200 len: 259 microversion: 1.28
Aug 24 11:07:23.364617 n-d-854247-2 devstack@placement-api.service[107653]: [pid: 107653|app: 0|req: 153/310] 10.222.0.82 () {60 vars in 1377 bytes} [Wed Aug 24 11:07:23 2022] GET /placement/allocations/5fe8928e-a896-43a1-9877-6f83aa8b6b17 => generated 259 bytes in 35 msecs (HTTP/1.1 200) 8 headers in 296 bytes (1 switches on core 0)
Aug 24 11:07:23.371079 n-d-854247-2 devstack@placement-api.service[107652]: DEBUG placement.requestlog [req-88c500dd-5cbb-43d2-b879-2eaf5522aac2 req-2135d087-864b-44ef-98de-c335d438bcc4 None None] Starting request: 10.222.0.82 "GET /placement/allocations/fb1759b0-242b-4495-9749-0fccc7dc8011" {{(pid=107652) __call__ /opt/stack/placement/placement/requestlog.py:55}}
Aug 24 11:07:23.381264 n-d-854247-2 devstack@placement-api.service[107652]: DEBUG dbcounter [-] [107652] Writing DB stats placement:SELECT=90,placement:INSERT=4,placement:DELETE=4,placement:UPDATE=2 {{(pid=107652) stat_writer /usr/local/lib/python3.8/dist-packages/dbcounter.py:114}}
Aug 24 11:07:23.403268 n-d-854247-2 devstack@placement-api.service[107652]: INFO placement.requestlog [req-88c500dd-5cbb-43d2-b879-2eaf5522aac2 req-2135d087-864b-44ef-98de-c335d438bcc4 service placement] 10.222.0.82 "GET /placement/allocations/fb1759b0-242b-4495-9749-0fccc7dc8011" status: 200 len: 259 microversion: 1.28
Aug 24 11:07:23.404219 n-d-854247-2 devstack@placement-api.service[107652]: [pid: 107652|app: 0|req: 158/311] 10.222.0.82 () {60 vars in 1377 bytes} [Wed Aug 24 11:07:23 2022] GET /placement/allocations/fb1759b0-242b-4495-9749-0fccc7dc8011 => generated 259 bytes in 33 msecs (HTTP/1.1 200) 8 headers in 296 bytes (1 switches on core 0)
Aug 24 11:07:23.411957 n-d-854247-2 devstack@placement-api.service[107653]: DEBUG placement.requestlog [req-88c500dd-5cbb-43d2-b879-2eaf5522aac2 req-b2c195d9-3ac9-4922-99ee-e8ccc8512ad3 None None] Starting request: 10.222.0.82 "GET /placement/allocations/db5e3aec-f92e-4720-bb46-af9f8b1ab237" {{(pid=107653) __call__ /opt/stack/placement/placement/requestlog.py:55}}
Aug 24 11:07:23.438008 n-d-854247-2 devstack@placement-api.service[107653]: INFO placement.requestlog [req-88c500dd-5cbb-43d2-b879-2eaf5522aac2 req-b2c195d9-3ac9-4922-99ee-e8ccc8512ad3 service placement] 10.222.0.82 "GET /placement/allocations/db5e3aec-f92e-4720-bb46-af9f8b1ab237" status: 200 len: 259 microversion: 1.28
Aug 24 11:07:23.440295 n-d-854247-2 devstack@placement-api.service[107653]: [pid: 107653|app: 0|req: 154/312] 10.222.0.82 () {60 vars in 1377 bytes} [Wed Aug 24 11:07:23 2022] GET /placement/allocations/db5e3aec-f92e-4720-bb46-af9f8b1ab237 => generated 259 bytes in 28 msecs (HTTP/1.1 200) 8 headers in 296 bytes (1 switches on core 0)
Aug 24 11:07:23.452663 n-d-854247-2 devstack@placement-api.service[107652]: DEBUG placement.requestlog [req-88c500dd-5cbb-43d2-b879-2eaf5522aac2 req-cb32b7f9-bbfc-40fb-abb4-dde1921d21e9 None None] Starting request: 10.222.0.82 "GET /placement/allocations/98e68843-81f3-45e0-9088-2987063d8dc8" {{(pid=107652) __call__ /opt/stack/placement/placement/requestlog.py:55}}
Aug 24 11:07:23.490302 n-d-854247-2 devstack@placement-api.service[107652]: INFO placement.requestlog [req-88c500dd-5cbb-43d2-b879-2eaf5522aac2 req-cb32b7f9-bbfc-40fb-abb4-dde1921d21e9 service placement] 10.222.0.82 "GET /placement/allocations/98e68843-81f3-45e0-9088-2987063d8dc8" status: 200 len: 259 microversion: 1.28
Aug 24 11:07:23.490966 n-d-854247-2 devstack@placement-api.service[107652]: [pid: 107652|app: 0|req: 159/313] 10.222.0.82 () {60 vars in 1377 bytes} [Wed Aug 24 11:07:23 2022] GET /placement/allocations/98e68843-81f3-45e0-9088-2987063d8dc8 => generated 259 bytes in 38 msecs (HTTP/1.1 200) 8 headers in 296 bytes (1 switches on core 0)
Aug 24 11:07:23.856989 n-d-854247-2 devstack@placement-api.service[107653]: DEBUG placement.requestlog [req-88c500dd-5cbb-43d2-b879-2eaf5522aac2 req-8065cba9-b551-4e9d-859f-5bea34cbd755 None None] Starting request: 10.222.0.82 "GET /placement/allocations/5fe8928e-a896-43a1-9877-6f83aa8b6b17" {{(pid=107653) __call__ /opt/stack/placement/placement/requestlog.py:55}}
Aug 24 11:07:23.885899 n-d-854247-2 devstack@placement-api.service[107653]: INFO placement.requestlog [req-88c500dd-5cbb-43d2-b879-2eaf5522aac2 req-8065cba9-b551-4e9d-859f-5bea34cbd755 service placement] 10.222.0.82 "GET /placement/allocations/5fe8928e-a896-43a1-9877-6f83aa8b6b17" status: 200 len: 259 microversion: 1.28
Aug 24 11:07:23.887186 n-d-854247-2 devstack@placement-api.service[107653]: [pid: 107653|app: 0|req: 155/314] 10.222.0.82 () {60 vars in 1377 bytes} [Wed Aug 24 11:07:23 2022] GET /placement/allocations/5fe8928e-a896-43a1-9877-6f83aa8b6b17 => generated 259 bytes in 30 msecs (HTTP/1.1 200) 8 headers in 296 bytes (1 switches on core 0)
Aug 24 11:07:23.894478 n-d-854247-2 devstack@placement-api.service[107652]: DEBUG placement.requestlog [req-88c500dd-5cbb-43d2-b879-2eaf5522aac2 req-f6365859-9793-4466-9066-1349f44d7d6f None None] Starting request: 10.222.0.82 "PUT /placement/allocations/5fe8928e-a896-43a1-9877-6f83aa8b6b17" {{(pid=107652) __call__ /opt/stack/placement/placement/requestlog.py:55}}
Aug 24 11:07:23.996631 n-d-854247-2 devstack@placement-api.service[107652]: DEBUG placement.handlers.allocation [req-88c500dd-5cbb-43d2-b879-2eaf5522aac2 req-f6365859-9793-4466-9066-1349f44d7d6f service placement] Successfully wrote allocations [, , ] {{(pid=107652) _update_consumers_and_create_allocations /opt/stack/placement/placement/handlers/allocation.py:462}}
Aug 24 11:07:24.000151 n-d-854247-2 devstack@placement-api.service[107652]: INFO placement.requestlog [req-88c500dd-5cbb-43d2-b879-2eaf5522aac2 req-f6365859-9793-4466-9066-1349f44d7d6f service placement] 10.222.0.82 "PUT /placement/allocations/5fe8928e-a896-43a1-9877-6f83aa8b6b17" status: 204 len: 0 microversion: 1.28
Aug 24 11:07:24.000914 n-d-854247-2 devstack@placement-api.service[107652]: [pid: 107652|app: 0|req: 160/315] 10.222.0.82 () {64 vars in 1430 bytes} [Wed Aug 24 11:07:23 2022] PUT /placement/allocations/5fe8928e-a896-43a1-9877-6f83aa8b6b17 => generated 0 bytes in 107 msecs (HTTP/1.1 204) 5 headers in 199 bytes (1 switches on core 0)
Aug 24 11:07:27.297636 n-d-854247-2 devstack@placement-api.service[107653]: DEBUG placement.requestlog [req-610d66b7-0cdb-4933-8fea-84d8b4b91f85 req-0fac8623-2c40-45fa-ad47-8557cdff95de None None] Starting request: 10.222.0.71 "GET /placement/allocation_candidates?limit=1000&resources=DISK_GB%3A1%2CMEMORY_MB%3A1024%2CVCPU%3A1&root_required=%21COMPUTE_STATUS_DISABLED" {{(pid=107653) __call__ /opt/stack/placement/placement/requestlog.py:55}}
Aug 24 11:07:27.343902 n-d-854247-2 devstack@placement-api.service[107653]: DEBUG placement.objects.research_context [req-610d66b7-0cdb-4933-8fea-84d8b4b91f85 req-0fac8623-2c40-45fa-ad47-8557cdff95de service placement] getting providers with 1 DISK_GB {{(pid=107653) __init__ /opt/stack/placement/placement/objects/research_context.py:136}}
Aug 24 11:07:27.350191 n-d-854247-2 devstack@placement-api.service[107653]: DEBUG placement.objects.research_context [req-610d66b7-0cdb-4933-8fea-84d8b4b91f85 req-0fac8623-2c40-45fa-ad47-8557cdff95de service placement] getting providers with 1024 MEMORY_MB {{(pid=107653) __init__ /opt/stack/placement/placement/objects/research_context.py:136}}
Aug 24 11:07:27.356632 n-d-854247-2 devstack@placement-api.service[107653]: DEBUG placement.objects.research_context [req-610d66b7-0cdb-4933-8fea-84d8b4b91f85 req-0fac8623-2c40-45fa-ad47-8557cdff95de service placement] getting providers with 1 VCPU {{(pid=107653) __init__ /opt/stack/placement/placement/objects/research_context.py:136}}
Aug 24 11:07:27.362170 n-d-854247-2 devstack@placement-api.service[107653]: DEBUG placement.objects.research_context [req-610d66b7-0cdb-4933-8fea-84d8b4b91f85 req-0fac8623-2c40-45fa-ad47-8557cdff95de service placement] found 2 providers with available 1 DISK_GB {{(pid=107653) get_provider_ids_matching /opt/stack/placement/placement/objects/research_context.py:563}}
Aug 24 11:07:27.362459 n-d-854247-2 devstack@placement-api.service[107653]: DEBUG placement.objects.research_context [req-610d66b7-0cdb-4933-8fea-84d8b4b91f85 req-0fac8623-2c40-45fa-ad47-8557cdff95de service placement] found 2 providers with available 1024 MEMORY_MB {{(pid=107653) get_provider_ids_matching /opt/stack/placement/placement/objects/research_context.py:563}}
Aug 24 11:07:27.362732 n-d-854247-2 devstack@placement-api.service[107653]: DEBUG placement.objects.research_context [req-610d66b7-0cdb-4933-8fea-84d8b4b91f85 req-0fac8623-2c40-45fa-ad47-8557cdff95de service placement] found 2 providers after filtering by previous result {{(pid=107653) get_provider_ids_matching /opt/stack/placement/placement/objects/research_context.py:594}}
Aug 24 11:07:27.362990 n-d-854247-2 devstack@placement-api.service[107653]: DEBUG placement.objects.research_context [req-610d66b7-0cdb-4933-8fea-84d8b4b91f85 req-0fac8623-2c40-45fa-ad47-8557cdff95de service placement] found 2 providers with available 1 VCPU {{(pid=107653) get_provider_ids_matching /opt/stack/placement/placement/objects/research_context.py:563}}
Aug 24 11:07:27.363443 n-d-854247-2 devstack@placement-api.service[107653]: DEBUG placement.objects.research_context [req-610d66b7-0cdb-4933-8fea-84d8b4b91f85 req-0fac8623-2c40-45fa-ad47-8557cdff95de service placement] found 2 providers after filtering by previous result {{(pid=107653) get_provider_ids_matching /opt/stack/placement/placement/objects/research_context.py:594}}
Aug 24 11:07:27.374337 n-d-854247-2 devstack@placement-api.service[107653]: DEBUG placement.objects.allocation_candidate [req-610d66b7-0cdb-4933-8fea-84d8b4b91f85 req-0fac8623-2c40-45fa-ad47-8557cdff95de service placement] RequestGroup(use_same_provider=False, resources={DISK_GB:1, MEMORY_MB:1024, VCPU:1}, traits=(), aggregates=[]) (suffix '') returned 2 matches {{(pid=107653) _get_by_requests /opt/stack/placement/placement/objects/allocation_candidate.py:156}}
Aug 24 11:07:27.374702 n-d-854247-2 devstack@placement-api.service[107653]: DEBUG placement.objects.allocation_candidate [req-610d66b7-0cdb-4933-8fea-84d8b4b91f85 req-0fac8623-2c40-45fa-ad47-8557cdff95de service placement] Merging candidates yields 2 allocation requests and 2 provider summaries {{(pid=107653) _merge_candidates /opt/stack/placement/placement/objects/allocation_candidate.py:809}}
Aug 24 11:07:27.376733 n-d-854247-2 devstack@placement-api.service[107653]: INFO placement.requestlog [req-610d66b7-0cdb-4933-8fea-84d8b4b91f85 req-0fac8623-2c40-45fa-ad47-8557cdff95de service placement] 10.222.0.71 "GET /placement/allocation_candidates?limit=1000&resources=DISK_GB%3A1%2CMEMORY_MB%3A1024%2CVCPU%3A1&root_required=%21COMPUTE_STATUS_DISABLED" status: 200 len: 1309 microversion: 1.36
Aug 24 11:07:27.377116 n-d-854247-2 devstack@placement-api.service[107653]: [pid: 107653|app: 0|req: 156/316] 10.222.0.71 () {60 vars in 1506 bytes} [Wed Aug 24 11:07:27 2022] GET /placement/allocation_candidates?limit=1000&resources=DISK_GB%3A1%2CMEMORY_MB%3A1024%2CVCPU%3A1&root_required=%21COMPUTE_STATUS_DISABLED => generated 1309 bytes in 80 msecs (HTTP/1.1 200) 8 headers in 297 bytes (1 switches on core 0)
Aug 24 11:07:27.442187 n-d-854247-2 devstack@placement-api.service[107652]: DEBUG placement.requestlog [req-610d66b7-0cdb-4933-8fea-84d8b4b91f85 req-f3d0b6ca-604a-41b1-afec-9b94451f93fa None None] Starting request: 10.222.0.71 "GET /placement/allocations/05f0ab54-b757-4f11-8f15-1fd49f093c51" {{(pid=107652) __call__ /opt/stack/placement/placement/requestlog.py:55}}
Aug 24 11:07:27.451654 n-d-854247-2 devstack@placement-api.service[107652]: INFO placement.requestlog [req-610d66b7-0cdb-4933-8fea-84d8b4b91f85 req-f3d0b6ca-604a-41b1-afec-9b94451f93fa service placement] 10.222.0.71 "GET /placement/allocations/05f0ab54-b757-4f11-8f15-1fd49f093c51" status: 200 len: 19 microversion: 1.28
Aug 24 11:07:27.452018 n-d-854247-2 devstack@placement-api.service[107652]: [pid: 107652|app: 0|req: 161/317] 10.222.0.71 () {60 vars in 1380 bytes} [Wed Aug 24 11:07:27 2022] GET /placement/allocations/05f0ab54-b757-4f11-8f15-1fd49f093c51 => generated 19 bytes in 12 msecs (HTTP/1.1 200) 8 headers in 295 bytes (1 switches on core 0)
Aug 24 11:07:27.463131 n-d-854247-2 devstack@placement-api.service[107653]: DEBUG placement.requestlog [req-610d66b7-0cdb-4933-8fea-84d8b4b91f85 req-23e53cf0-9f4b-4403-b4f7-36f20636c6f7 None None] Starting request: 10.222.0.71 "PUT /placement/allocations/05f0ab54-b757-4f11-8f15-1fd49f093c51" {{(pid=107653) __call__ /opt/stack/placement/placement/requestlog.py:55}}
Aug 24 11:07:27.484793 n-d-854247-2 devstack@placement-api.service[107653]: DEBUG dbcounter [-] [107653] Writing DB stats placement:SELECT=100 {{(pid=107653) stat_writer /usr/local/lib/python3.8/dist-packages/dbcounter.py:114}}
Aug 24 11:07:27.526957 n-d-854247-2 devstack@placement-api.service[107653]: DEBUG placement.handlers.allocation [req-610d66b7-0cdb-4933-8fea-84d8b4b91f85 req-23e53cf0-9f4b-4403-b4f7-36f20636c6f7 service placement] Successfully wrote allocations [, , ] {{(pid=107653) _update_consumers_and_create_allocations /opt/stack/placement/placement/handlers/allocation.py:462}}
Aug 24 11:07:27.531766 n-d-854247-2 devstack@placement-api.service[107653]: INFO placement.requestlog [req-610d66b7-0cdb-4933-8fea-84d8b4b91f85 req-23e53cf0-9f4b-4403-b4f7-36f20636c6f7 service placement] 10.222.0.71 "PUT /placement/allocations/05f0ab54-b757-4f11-8f15-1fd49f093c51" status: 204 len: 0 microversion: 1.36
Aug 24 11:07:27.532482 n-d-854247-2 devstack@placement-api.service[107653]: [pid: 107653|app: 0|req: 157/318] 10.222.0.71 () {64 vars in 1433 bytes} [Wed Aug 24 11:07:27 2022] PUT /placement/allocations/05f0ab54-b757-4f11-8f15-1fd49f093c51 => generated 0 bytes in 69 msecs (HTTP/1.1 204) 5 headers in 199 bytes (2 switches on core 0)
Aug 24 11:07:27.834421 n-d-854247-2 devstack@placement-api.service[107652]: DEBUG placement.requestlog [req-610d66b7-0cdb-4933-8fea-84d8b4b91f85 req-a1b9a160-c6f5-40ed-92b0-29d934d86191 None None] Starting request: 10.222.0.82 "GET /placement/allocations/05f0ab54-b757-4f11-8f15-1fd49f093c51" {{(pid=107652) __call__ /opt/stack/placement/placement/requestlog.py:55}}
Aug 24 11:07:27.850241 n-d-854247-2 devstack@placement-api.service[107652]: INFO placement.requestlog [req-610d66b7-0cdb-4933-8fea-84d8b4b91f85 req-a1b9a160-c6f5-40ed-92b0-29d934d86191 service placement] 10.222.0.82 "GET /placement/allocations/05f0ab54-b757-4f11-8f15-1fd49f093c51" status: 200 len: 259 microversion: 1.28
Aug 24 11:07:27.850999 n-d-854247-2 devstack@placement-api.service[107652]: [pid: 107652|app: 0|req: 162/319] 10.222.0.82 () {60 vars in 1377 bytes} [Wed Aug 24 11:07:27 2022] GET /placement/allocations/05f0ab54-b757-4f11-8f15-1fd49f093c51 => generated 259 bytes in 22 msecs (HTTP/1.1 200) 8 headers in 296 bytes (1 switches on core 0)
Aug 24 11:07:27.971399 n-d-854247-2 devstack@placement-api.service[107653]: DEBUG placement.requestlog [req-610d66b7-0cdb-4933-8fea-84d8b4b91f85 req-950da200-5960-4b23-9bbe-8996556819b1 None None] Starting request: 10.222.0.82 "GET /placement/resource_providers/4057cd99-c279-4274-bdf8-bc447b8b4bf6/allocations" {{(pid=107653) __call__ /opt/stack/placement/placement/requestlog.py:55}}
Aug 24 11:07:27.993666 n-d-854247-2 devstack@placement-api.service[107653]: INFO placement.requestlog [req-610d66b7-0cdb-4933-8fea-84d8b4b91f85 req-950da200-5960-4b23-9bbe-8996556819b1 service placement] 10.222.0.82 "GET /placement/resource_providers/4057cd99-c279-4274-bdf8-bc447b8b4bf6/allocations" status: 200 len: 457 microversion: 1.0
Aug 24 11:07:27.994222 n-d-854247-2 devstack@placement-api.service[107653]: [pid: 107653|app: 0|req: 158/320] 10.222.0.82 () {58 vars in 1390 bytes} [Wed Aug 24 11:07:27 2022] GET /placement/resource_providers/4057cd99-c279-4274-bdf8-bc447b8b4bf6/allocations => generated 457 bytes in 23 msecs (HTTP/1.1 200) 6 headers in 224 bytes (1 switches on core 0)
Aug 24 11:07:28.005107 n-d-854247-2 devstack@placement-api.service[107652]: DEBUG placement.requestlog [req-610d66b7-0cdb-4933-8fea-84d8b4b91f85 req-1ddaaf95-421b-4479-bcd1-19ed37258dd9 None None] Starting request: 10.222.0.82 "GET /placement/allocations/fb1759b0-242b-4495-9749-0fccc7dc8011" {{(pid=107652) __call__ /opt/stack/placement/placement/requestlog.py:55}}
Aug 24 11:07:28.021329 n-d-854247-2 devstack@placement-api.service[107652]: INFO placement.requestlog [req-610d66b7-0cdb-4933-8fea-84d8b4b91f85 req-1ddaaf95-421b-4479-bcd1-19ed37258dd9 service placement] 10.222.0.82 "GET /placement/allocations/fb1759b0-242b-4495-9749-0fccc7dc8011" status: 200 len: 259 microversion: 1.28
Aug 24 11:07:28.021711 n-d-854247-2 devstack@placement-api.service[107652]: [pid: 107652|app: 0|req: 163/321] 10.222.0.82 () {60 vars in 1377 bytes} [Wed Aug 24 11:07:28 2022] GET /placement/allocations/fb1759b0-242b-4495-9749-0fccc7dc8011 => generated 259 bytes in 17 msecs (HTTP/1.1 200) 8 headers in 296 bytes (1 switches on core 0)
Aug 24 11:07:28.028325 n-d-854247-2 devstack@placement-api.service[107653]: DEBUG placement.requestlog [req-610d66b7-0cdb-4933-8fea-84d8b4b91f85 req-6b9d0cb5-abb6-4730-9a04-6a04fbf9644c None None] Starting request: 10.222.0.82 "GET /placement/allocations/db5e3aec-f92e-4720-bb46-af9f8b1ab237" {{(pid=107653) __call__ /opt/stack/placement/placement/requestlog.py:55}}
Aug 24 11:07:28.045920 n-d-854247-2 devstack@placement-api.service[107653]: INFO placement.requestlog [req-610d66b7-0cdb-4933-8fea-84d8b4b91f85 req-6b9d0cb5-abb6-4730-9a04-6a04fbf9644c service placement] 10.222.0.82 "GET /placement/allocations/db5e3aec-f92e-4720-bb46-af9f8b1ab237" status: 200 len: 259 microversion: 1.28
Aug 24 11:07:28.046436 n-d-854247-2 devstack@placement-api.service[107653]: [pid: 107653|app: 0|req: 159/322] 10.222.0.82 () {60 vars in 1377 bytes} [Wed Aug 24 11:07:28 2022] GET /placement/allocations/db5e3aec-f92e-4720-bb46-af9f8b1ab237 => generated 259 bytes in 18 msecs (HTTP/1.1 200) 8 headers in 296 bytes (1 switches on core 0)
Aug 24 11:07:28.053213 n-d-854247-2 devstack@placement-api.service[107652]: DEBUG placement.requestlog [req-610d66b7-0cdb-4933-8fea-84d8b4b91f85 req-8bdfb7a0-77da-4487-bbb6-d502cc140695 None None] Starting request: 10.222.0.82 "GET /placement/allocations/98e68843-81f3-45e0-9088-2987063d8dc8" {{(pid=107652) __call__ /opt/stack/placement/placement/requestlog.py:55}}
Aug 24 11:07:28.070824 n-d-854247-2 devstack@placement-api.service[107652]: INFO placement.requestlog [req-610d66b7-0cdb-4933-8fea-84d8b4b91f85 req-8bdfb7a0-77da-4487-bbb6-d502cc140695 service placement] 10.222.0.82 "GET /placement/allocations/98e68843-81f3-45e0-9088-2987063d8dc8" status: 200 len: 259 microversion: 1.28
Aug 24 11:07:28.071804 n-d-854247-2 devstack@placement-api.service[107652]: [pid: 107652|app: 0|req: 164/323] 10.222.0.82 () {60 vars in 1377 bytes} [Wed Aug 24 11:07:28 2022] GET /placement/allocations/98e68843-81f3-45e0-9088-2987063d8dc8 => generated 259 bytes in 19 msecs (HTTP/1.1 200) 8 headers in 296 bytes (1 switches on core 0)
Aug 24 11:07:28.077727 n-d-854247-2 devstack@placement-api.service[107653]: DEBUG placement.requestlog [req-610d66b7-0cdb-4933-8fea-84d8b4b91f85 req-668cf269-4ea8-4704-97c6-f8c790b73842 None None] Starting request: 10.222.0.82 "GET /placement/allocations/05f0ab54-b757-4f11-8f15-1fd49f093c51" {{(pid=107653) __call__ /opt/stack/placement/placement/requestlog.py:55}}
Aug 24 11:07:28.113143 n-d-854247-2 devstack@placement-api.service[107653]: INFO placement.requestlog [req-610d66b7-0cdb-4933-8fea-84d8b4b91f85 req-668cf269-4ea8-4704-97c6-f8c790b73842 service placement] 10.222.0.82 "GET /placement/allocations/05f0ab54-b757-4f11-8f15-1fd49f093c51" status: 200 len: 259 microversion: 1.28
Aug 24 11:07:28.117449 n-d-854247-2 devstack@placement-api.service[107653]: [pid: 107653|app: 0|req: 160/324] 10.222.0.82 () {60 vars in 1377 bytes} [Wed Aug 24 11:07:28 2022] GET /placement/allocations/05f0ab54-b757-4f11-8f15-1fd49f093c51 => generated 259 bytes in 40 msecs (HTTP/1.1 200) 8 headers in 296 bytes (1 switches on core 0)
Aug 24 11:07:29.311002 n-d-854247-2 devstack@placement-api.service[107652]: DEBUG placement.requestlog [req-a68e6e04-71bf-4058-b64c-b5ba83324656 req-bae28218-d980-48af-89d4-5b5ccf1bb173 None None] Starting request: 10.222.0.82 "GET /placement/resource_providers/4057cd99-c279-4274-bdf8-bc447b8b4bf6/allocations" {{(pid=107652) __call__ /opt/stack/placement/placement/requestlog.py:55}}
Aug 24 11:07:29.338619 n-d-854247-2 devstack@placement-api.service[107652]: INFO placement.requestlog [req-a68e6e04-71bf-4058-b64c-b5ba83324656 req-bae28218-d980-48af-89d4-5b5ccf1bb173 service placement] 10.222.0.82 "GET /placement/resource_providers/4057cd99-c279-4274-bdf8-bc447b8b4bf6/allocations" status: 200 len: 457 microversion: 1.0
Aug 24 11:07:29.339657 n-d-854247-2 devstack@placement-api.service[107652]: [pid: 107652|app: 0|req: 165/325] 10.222.0.82 () {58 vars in 1390 bytes} [Wed Aug 24 11:07:29 2022] GET /placement/resource_providers/4057cd99-c279-4274-bdf8-bc447b8b4bf6/allocations => generated 457 bytes in 30 msecs (HTTP/1.1 200) 6 headers in 224 bytes (1 switches on core 0)
