Aug 24 03:05:25.295269 n-d-854247-1 devstack@keystone.service[82403]: DEBUG keystone.server.flask.request_processing.middleware.auth_context [None req-3d6bf229-6519-4bba-8120-c783a46a3a19 None admin] RBAC: auth_context: {'token': , 'domain_id': None, 'trust_id': None, 'trustor_id': None, 'trustee_id': None, 'domain_name': None, 'group_ids': [], 'user_id': '4437eeab31204483b69eae1d040dd01a', 'user_domain_id': 'default', 'system_scope': 'all', 'project_id': None, 'project_domain_id': None, 'roles': ['admin', 'member', 'reader'], 'is_admin_project': True, 'service_user_id': None, 'service_user_domain_id': None, 'service_project_id': None, 'service_project_domain_id': None, 'service_roles': []} {{(pid=82403) fill_context /opt/stack/keystone/keystone/server/flask/request_processing/middleware/auth_context.py:478}}
Aug 24 03:05:25.295901 n-d-854247-1 devstack@keystone.service[82403]: DEBUG keystone.server.flask.request_processing.req_logging [None req-3d6bf229-6519-4bba-8120-c783a46a3a19 None admin] REQUEST_METHOD: `GET` {{(pid=82403) log_request_info /opt/stack/keystone/keystone/server/flask/request_processing/req_logging.py:27}}
Aug 24 03:05:25.296185 n-d-854247-1 devstack@keystone.service[82403]: DEBUG keystone.server.flask.request_processing.req_logging [None req-3d6bf229-6519-4bba-8120-c783a46a3a19 None admin] SCRIPT_NAME: `/identity` {{(pid=82403) log_request_info /opt/stack/keystone/keystone/server/flask/request_processing/req_logging.py:28}}
Aug 24 03:05:25.296459 n-d-854247-1 devstack@keystone.service[82403]: DEBUG keystone.server.flask.request_processing.req_logging [None req-3d6bf229-6519-4bba-8120-c783a46a3a19 None admin] PATH_INFO: `/v3/domains/default` {{(pid=82403) log_request_info /opt/stack/keystone/keystone/server/flask/request_processing/req_logging.py:29}}
Aug 24 03:05:25.297592 n-d-854247-1 devstack@keystone.service[82403]: DEBUG keystone.common.rbac_enforcer.enforcer [None req-3d6bf229-6519-4bba-8120-c783a46a3a19 None admin] RBAC: Authorizing `identity:get_domain(domain_id=default)` {{(pid=82403) enforce_call /opt/stack/keystone/keystone/common/rbac_enforcer/enforcer.py:449}}
Aug 24 03:05:25.297756 n-d-854247-1 devstack@keystone.service[82404]: ERROR keystone.server.flask.application [None req-35760136-c592-4ea4-9d6b-4a244b5c9d05 None admin] Could not find role: member.: keystone.exception.RoleNotFound: Could not find role: member.
Aug 24 03:05:25.297756 n-d-854247-1 devstack@keystone.service[82404]: ERROR keystone.server.flask.application
Traceback (most recent call last):
Aug 24 03:05:25.297756 n-d-854247-1 devstack@keystone.service[82404]: ERROR keystone.server.flask.application
File "/usr/local/lib/python3.8/dist-packages/flask/app.py", line 1820, in full_dispatch_request
Aug 24 03:05:25.297756 n-d-854247-1 devstack@keystone.service[82404]: ERROR keystone.server.flask.application rv = self.dispatch_request()
Aug 24 03:05:25.297756 n-d-854247-1 devstack@keystone.service[82404]: ERROR keystone.server.flask.application
File "/usr/local/lib/python3.8/dist-packages/flask/app.py", line 1796, in dispatch_request
Aug 24 03:05:25.297756 n-d-854247-1 devstack@keystone.service[82404]: ERROR keystone.server.flask.application return self.ensure_sync(self.view_functions[rule.endpoint])(**view_args)
Aug 24 03:05:25.297756 n-d-854247-1 devstack@keystone.service[82404]: ERROR keystone.server.flask.application
File "/usr/local/lib/python3.8/dist-packages/flask_restful/__init__.py", line 467, in wrapper
Aug 24 03:05:25.297756 n-d-854247-1 devstack@keystone.service[82404]: ERROR keystone.server.flask.application resp = resource(*args, **kwargs)
Aug 24 03:05:25.297756 n-d-854247-1 devstack@keystone.service[82404]: ERROR keystone.server.flask.application
File "/usr/local/lib/python3.8/dist-packages/flask/views.py", line 107, in view
Aug 24 03:05:25.297756 n-d-854247-1 devstack@keystone.service[82404]: ERROR keystone.server.flask.application return current_app.ensure_sync(self.dispatch_request)(**kwargs)
Aug 24 03:05:25.297756 n-d-854247-1 devstack@keystone.service[82404]: ERROR keystone.server.flask.application
File "/usr/local/lib/python3.8/dist-packages/flask_restful/__init__.py", line 582, in dispatch_request
Aug 24 03:05:25.297756 n-d-854247-1 devstack@keystone.service[82404]: ERROR keystone.server.flask.application resp = meth(*args, **kwargs)
Aug 24 03:05:25.297756 n-d-854247-1 devstack@keystone.service[82404]: ERROR keystone.server.flask.application
File "/opt/stack/keystone/keystone/api/roles.py", line 50, in get
Aug 24 03:05:25.297756 n-d-854247-1 devstack@keystone.service[82404]: ERROR keystone.server.flask.application return self._get_role(role_id)
Aug 24 03:05:25.297756 n-d-854247-1 devstack@keystone.service[82404]: ERROR keystone.server.flask.application
File "/opt/stack/keystone/keystone/api/roles.py", line 70, in _get_role
Aug 24 03:05:25.297756 n-d-854247-1 devstack@keystone.service[82404]: ERROR keystone.server.flask.application ENFORCER.enforce_call(action='identity:get_role')
Aug 24 03:05:25.298633 n-d-854247-1 devstack@keystone.service[82404]: ERROR keystone.server.flask.application
File "/opt/stack/keystone/keystone/common/rbac_enforcer/enforcer.py", line 402, in enforce_call
Aug 24 03:05:25.298633 n-d-854247-1 devstack@keystone.service[82404]: ERROR keystone.server.flask.application policy_dict.update(cls._extract_member_target_data(
Aug 24 03:05:25.298633 n-d-854247-1 devstack@keystone.service[82404]: ERROR keystone.server.flask.application
File "/opt/stack/keystone/keystone/common/rbac_enforcer/enforcer.py", line 234, in _extract_member_target_data
Aug 24 03:05:25.298633 n-d-854247-1 devstack@keystone.service[82404]: ERROR keystone.server.flask.application member_name: func(flask.request.view_args[key])
Aug 24 03:05:25.298633 n-d-854247-1 devstack@keystone.service[82404]: ERROR keystone.server.flask.application
File "/opt/stack/keystone/keystone/common/manager.py", line 115, in wrapped
Aug 24 03:05:25.298633 n-d-854247-1 devstack@keystone.service[82404]: ERROR keystone.server.flask.application __ret_val = __f(*args, **kwargs)
Aug 24 03:05:25.298633 n-d-854247-1 devstack@keystone.service[82404]: ERROR keystone.server.flask.application
File "/usr/local/lib/python3.8/dist-packages/decorator.py", line 232, in fun
Aug 24 03:05:25.298633 n-d-854247-1 devstack@keystone.service[82404]: ERROR keystone.server.flask.application return caller(func, *(extras + args), **kw)
Aug 24 03:05:25.298633 n-d-854247-1 devstack@keystone.service[82404]: ERROR keystone.server.flask.application
File "/usr/local/lib/python3.8/dist-packages/dogpile/cache/region.py", line 1577, in get_or_create_for_user_func
Aug 24 03:05:25.298633 n-d-854247-1 devstack@keystone.service[82404]: ERROR keystone.server.flask.application return self.get_or_create(
Aug 24 03:05:25.298633 n-d-854247-1 devstack@keystone.service[82404]: ERROR keystone.server.flask.application
File "/usr/local/lib/python3.8/dist-packages/dogpile/cache/region.py", line 1042, in get_or_create
Aug 24 03:05:25.298633 n-d-854247-1 devstack@keystone.service[82404]: ERROR keystone.server.flask.application with Lock(
Aug 24 03:05:25.298633 n-d-854247-1 devstack@keystone.service[82404]: ERROR keystone.server.flask.application
File "/usr/local/lib/python3.8/dist-packages/dogpile/lock.py", line 185, in __enter__
Aug 24 03:05:25.298633 n-d-854247-1 devstack@keystone.service[82404]: ERROR keystone.server.flask.application return self._enter()
Aug 24 03:05:25.298633 n-d-854247-1 devstack@keystone.service[82404]: ERROR keystone.server.flask.application
File "/usr/local/lib/python3.8/dist-packages/dogpile/lock.py", line 94, in _enter
Aug 24 03:05:25.298633 n-d-854247-1 devstack@keystone.service[82404]: ERROR keystone.server.flask.application generated = self._enter_create(value, createdtime)
Aug 24 03:05:25.299515 n-d-854247-1 devstack@keystone.service[82404]: ERROR keystone.server.flask.application
File "/usr/local/lib/python3.8/dist-packages/dogpile/lock.py", line 178, in _enter_create
Aug 24 03:05:25.299515 n-d-854247-1 devstack@keystone.service[82404]: ERROR keystone.server.flask.application return self.creator()
Aug 24 03:05:25.299515 n-d-854247-1 devstack@keystone.service[82404]: ERROR keystone.server.flask.application
File "/usr/local/lib/python3.8/dist-packages/dogpile/cache/region.py", line 995, in gen_value
Aug 24 03:05:25.299515 n-d-854247-1 devstack@keystone.service[82404]: ERROR keystone.server.flask.application created_value = creator(
Aug 24 03:05:25.299515 n-d-854247-1 devstack@keystone.service[82404]: ERROR keystone.server.flask.application
File "/opt/stack/keystone/keystone/assignment/core.py", line 1276, in get_role
Aug 24 03:05:25.299515 n-d-854247-1 devstack@keystone.service[82404]: ERROR keystone.server.flask.application return self.driver.get_role(role_id)
Aug 24 03:05:25.299515 n-d-854247-1 devstack@keystone.service[82404]: ERROR keystone.server.flask.application
File "/opt/stack/keystone/keystone/assignment/role_backends/sql.py", line 70, in get_role
Aug 24 03:05:25.299515 n-d-854247-1 devstack@keystone.service[82404]: ERROR keystone.server.flask.application return self._get_role(session, role_id).to_dict()
Aug 24 03:05:25.299515 n-d-854247-1 devstack@keystone.service[82404]: ERROR keystone.server.flask.application
File "/opt/stack/keystone/keystone/assignment/role_backends/sql.py", line 65, in _get_role
Aug 24 03:05:25.299515 n-d-854247-1 devstack@keystone.service[82404]: ERROR keystone.server.flask.application raise exception.RoleNotFound(role_id=role_id)
Aug 24 03:05:25.299515 n-d-854247-1 devstack@keystone.service[82404]: ERROR keystone.server.flask.application keystone.exception.RoleNotFound: Could not find role: member.
Aug 24 03:05:25.299515 n-d-854247-1 devstack@keystone.service[82404]: ERROR keystone.server.flask.application
Aug 24 03:05:25.299515 n-d-854247-1 devstack@keystone.service[82404]: [pid: 82404|app: 0|req: 141/276] 10.222.0.20 () {56 vars in 1099 bytes} [Wed Aug 24 03:05:25 2022] GET /identity/v3/roles/member => generated 84 bytes in 184 msecs (HTTP/1.1 404) 5 headers in 183 bytes (2 switches on core 0)
Aug 24 03:05:25.300160 n-d-854247-1 devstack@keystone.service[82403]: DEBUG keystone.common.rbac_enforcer.enforcer [None req-3d6bf229-6519-4bba-8120-c783a46a3a19 None admin] RBAC: Authorization granted {{(pid=82403) enforce_call /opt/stack/keystone/keystone/common/rbac_enforcer/enforcer.py:457}}
Aug 24 03:05:25.300227 n-d-854247-1 devstack@keystone.service[82404]: DEBUG keystone.server.flask.request_processing.middleware.auth_context [None req-35760136-c592-4ea4-9d6b-4a244b5c9d05 None admin] Authenticating user token {{(pid=82404) process_request /usr/local/lib/python3.8/dist-packages/keystonemiddleware/auth_token/__init__.py:407}}
Aug 24 03:05:25.301700 n-d-854247-1 devstack@keystone.service[82403]: [pid: 82403|app: 0|req: 136/277] 10.222.0.20 () {56 vars in 1108 bytes} [Wed Aug 24 03:05:25 2022] GET /identity/v3/domains/default => generated 199 bytes in 165 msecs (HTTP/1.1 200) 5 headers in 177 bytes (1 switches on core 0)
Aug 24 03:05:25.306138 n-d-854247-1 devstack@keystone.service[82403]: DEBUG keystone.server.flask.request_processing.middleware.auth_context [None req-3d6bf229-6519-4bba-8120-c783a46a3a19 None admin] Authenticating user token {{(pid=82403) process_request /usr/local/lib/python3.8/dist-packages/keystonemiddleware/auth_token/__init__.py:407}}
Aug 24 03:05:25.316348 n-d-854247-1 devstack@keystone.service[82404]: DEBUG dbcounter [-] [82404] Writing DB stats keystone:SELECT=100 {{(pid=82404) stat_writer /usr/local/lib/python3.8/dist-packages/dbcounter.py:114}}
Aug 24 03:05:25.414831 n-d-854247-1 devstack@keystone.service[82404]: DEBUG keystone.server.flask.request_processing.middleware.auth_context [None req-35760136-c592-4ea4-9d6b-4a244b5c9d05 None admin] Validating token access rules against request {{(pid=82404) validate_allowed_request /usr/local/lib/python3.8/dist-packages/keystonemiddleware/auth_token/__init__.py:545}}
Aug 24 03:05:25.421714 n-d-854247-1 devstack@keystone.service[82403]: DEBUG keystone.server.flask.request_processing.middleware.auth_context [None req-3d6bf229-6519-4bba-8120-c783a46a3a19 None admin] Validating token access rules against request {{(pid=82403) validate_allowed_request /usr/local/lib/python3.8/dist-packages/keystonemiddleware/auth_token/__init__.py:545}}
Aug 24 03:05:25.453763 n-d-854247-1 devstack@keystone.service[82404]: DEBUG keystone.server.flask.request_processing.middleware.auth_context [None req-29473806-2d99-46de-98bc-428c6e0c412b None admin] RBAC: auth_context: {'token': , 'domain_id': None, 'trust_id': None, 'trustor_id': None, 'trustee_id': None, 'domain_name': None, 'group_ids': [], 'user_id': '4437eeab31204483b69eae1d040dd01a', 'user_domain_id': 'default', 'system_scope': 'all', 'project_id': None, 'project_domain_id': None, 'roles': ['admin', 'member', 'reader'], 'is_admin_project': True, 'service_user_id': None, 'service_user_domain_id': None, 'service_project_id': None, 'service_project_domain_id': None, 'service_roles': []} {{(pid=82404) fill_context /opt/stack/keystone/keystone/server/flask/request_processing/middleware/auth_context.py:478}}
Aug 24 03:05:25.454720 n-d-854247-1 devstack@keystone.service[82404]: DEBUG keystone.server.flask.request_processing.req_logging [None req-29473806-2d99-46de-98bc-428c6e0c412b None admin] REQUEST_METHOD: `GET` {{(pid=82404) log_request_info /opt/stack/keystone/keystone/server/flask/request_processing/req_logging.py:27}}
Aug 24 03:05:25.455007 n-d-854247-1 devstack@keystone.service[82404]: DEBUG keystone.server.flask.request_processing.req_logging [None req-29473806-2d99-46de-98bc-428c6e0c412b None admin] SCRIPT_NAME: `/identity` {{(pid=82404) log_request_info /opt/stack/keystone/keystone/server/flask/request_processing/req_logging.py:28}}
Aug 24 03:05:25.455284 n-d-854247-1 devstack@keystone.service[82404]: DEBUG keystone.server.flask.request_processing.req_logging [None req-29473806-2d99-46de-98bc-428c6e0c412b None admin] PATH_INFO: `/v3/roles/reader` {{(pid=82404) log_request_info /opt/stack/keystone/keystone/server/flask/request_processing/req_logging.py:29}}
Aug 24 03:05:25.459070 n-d-854247-1 devstack@keystone.service[82403]: DEBUG keystone.server.flask.request_processing.middleware.auth_context [None req-792a8492-6219-49c4-8d08-d38d15c688c1 None admin] RBAC: auth_context: {'token': , 'domain_id': None, 'trust_id': None, 'trustor_id': None, 'trustee_id': None, 'domain_name': None, 'group_ids': [], 'user_id': '4437eeab31204483b69eae1d040dd01a', 'user_domain_id': 'default', 'system_scope': 'all', 'project_id': None, 'project_domain_id': None, 'roles': ['admin', 'member', 'reader'], 'is_admin_project': True, 'service_user_id': None, 'service_user_domain_id': None, 'service_project_id': None, 'service_project_domain_id': None, 'service_roles': []} {{(pid=82403) fill_context /opt/stack/keystone/keystone/server/flask/request_processing/middleware/auth_context.py:478}}
Aug 24 03:05:25.459681 n-d-854247-1 devstack@keystone.service[82403]: DEBUG keystone.server.flask.request_processing.req_logging [None req-792a8492-6219-49c4-8d08-d38d15c688c1 None admin] REQUEST_METHOD: `POST` {{(pid=82403) log_request_info /opt/stack/keystone/keystone/server/flask/request_processing/req_logging.py:27}}
Aug 24 03:05:25.459964 n-d-854247-1 devstack@keystone.service[82403]: DEBUG keystone.server.flask.request_processing.req_logging [None req-792a8492-6219-49c4-8d08-d38d15c688c1 None admin] SCRIPT_NAME: `/identity` {{(pid=82403) log_request_info /opt/stack/keystone/keystone/server/flask/request_processing/req_logging.py:28}}
Aug 24 03:05:25.460237 n-d-854247-1 devstack@keystone.service[82403]: DEBUG keystone.server.flask.request_processing.req_logging [None req-792a8492-6219-49c4-8d08-d38d15c688c1 None admin] PATH_INFO: `/v3/users` {{(pid=82403) log_request_info /opt/stack/keystone/keystone/server/flask/request_processing/req_logging.py:29}}
Aug 24 03:05:25.460881 n-d-854247-1 devstack@keystone.service[82403]: DEBUG keystone.common.rbac_enforcer.enforcer [None req-792a8492-6219-49c4-8d08-d38d15c688c1 None admin] RBAC: Authorizing `identity:create_user()` {{(pid=82403) enforce_call /opt/stack/keystone/keystone/common/rbac_enforcer/enforcer.py:449}}
Aug 24 03:05:25.462487 n-d-854247-1 devstack@keystone.service[82403]: DEBUG keystone.common.rbac_enforcer.enforcer [None req-792a8492-6219-49c4-8d08-d38d15c688c1 None admin] RBAC: Authorization granted {{(pid=82403) enforce_call /opt/stack/keystone/keystone/common/rbac_enforcer/enforcer.py:457}}
Aug 24 03:05:25.465919 n-d-854247-1 devstack@keystone.service[82404]: DEBUG keystone.common.rbac_enforcer.enforcer [None req-29473806-2d99-46de-98bc-428c6e0c412b None admin] Extracting inferred target data resulted in "NOT FOUND (404)". {{(pid=82404) enforce_call /opt/stack/keystone/keystone/common/rbac_enforcer/enforcer.py:409}}
Aug 24 03:05:25.473101 n-d-854247-1 devstack@keystone.service[82404]: ERROR keystone.server.flask.application [None req-29473806-2d99-46de-98bc-428c6e0c412b None admin] Could not find role: reader.: keystone.exception.RoleNotFound: Could not find role: reader.
Aug 24 03:05:25.473101 n-d-854247-1 devstack@keystone.service[82404]: ERROR keystone.server.flask.application
Traceback (most recent call last):
Aug 24 03:05:25.473101 n-d-854247-1 devstack@keystone.service[82404]: ERROR keystone.server.flask.application
File "/usr/local/lib/python3.8/dist-packages/flask/app.py", line 1820, in full_dispatch_request
Aug 24 03:05:25.473101 n-d-854247-1 devstack@keystone.service[82404]: ERROR keystone.server.flask.application rv = self.dispatch_request()
Aug 24 03:05:25.473101 n-d-854247-1 devstack@keystone.service[82404]: ERROR keystone.server.flask.application
File "/usr/local/lib/python3.8/dist-packages/flask/app.py", line 1796, in dispatch_request
Aug 24 03:05:25.473101 n-d-854247-1 devstack@keystone.service[82404]: ERROR keystone.server.flask.application return self.ensure_sync(self.view_functions[rule.endpoint])(**view_args)
Aug 24 03:05:25.473101 n-d-854247-1 devstack@keystone.service[82404]: ERROR keystone.server.flask.application
File "/usr/local/lib/python3.8/dist-packages/flask_restful/__init__.py", line 467, in wrapper
Aug 24 03:05:25.473101 n-d-854247-1 devstack@keystone.service[82404]: ERROR keystone.server.flask.application resp = resource(*args, **kwargs)
Aug 24 03:05:25.473101 n-d-854247-1 devstack@keystone.service[82404]: ERROR keystone.server.flask.application
File "/usr/local/lib/python3.8/dist-packages/flask/views.py", line 107, in view
Aug 24 03:05:25.473101 n-d-854247-1 devstack@keystone.service[82404]: ERROR keystone.server.flask.application return current_app.ensure_sync(self.dispatch_request)(**kwargs)
Aug 24 03:05:25.473101 n-d-854247-1 devstack@keystone.service[82404]: ERROR keystone.server.flask.application
File "/usr/local/lib/python3.8/dist-packages/flask_restful/__init__.py", line 582, in dispatch_request
Aug 24 03:05:25.473101 n-d-854247-1 devstack@keystone.service[82404]: ERROR keystone.server.flask.application resp = meth(*args, **kwargs)
Aug 24 03:05:25.473101 n-d-854247-1 devstack@keystone.service[82404]: ERROR keystone.server.flask.application
File "/opt/stack/keystone/keystone/api/roles.py", line 50, in get
Aug 24 03:05:25.473101 n-d-854247-1 devstack@keystone.service[82404]: ERROR keystone.server.flask.application return self._get_role(role_id)
Aug 24 03:05:25.473101 n-d-854247-1 devstack@keystone.service[82404]: ERROR keystone.server.flask.application
File "/opt/stack/keystone/keystone/api/roles.py", line 70, in _get_role
Aug 24 03:05:25.473101 n-d-854247-1 devstack@keystone.service[82404]: ERROR keystone.server.flask.application ENFORCER.enforce_call(action='identity:get_role')
Aug 24 03:05:25.474139 n-d-854247-1 devstack@keystone.service[82404]: ERROR keystone.server.flask.application
File "/opt/stack/keystone/keystone/common/rbac_enforcer/enforcer.py", line 402, in enforce_call
Aug 24 03:05:25.474139 n-d-854247-1 devstack@keystone.service[82404]: ERROR keystone.server.flask.application policy_dict.update(cls._extract_member_target_data(
Aug 24 03:05:25.474139 n-d-854247-1 devstack@keystone.service[82404]: ERROR keystone.server.flask.application
File "/opt/stack/keystone/keystone/common/rbac_enforcer/enforcer.py", line 234, in _extract_member_target_data
Aug 24 03:05:25.474139 n-d-854247-1 devstack@keystone.service[82404]: ERROR keystone.server.flask.application member_name: func(flask.request.view_args[key])
Aug 24 03:05:25.474139 n-d-854247-1 devstack@keystone.service[82404]: ERROR keystone.server.flask.application
File "/opt/stack/keystone/keystone/common/manager.py", line 115, in wrapped
Aug 24 03:05:25.474139 n-d-854247-1 devstack@keystone.service[82404]: ERROR keystone.server.flask.application __ret_val = __f(*args, **kwargs)
Aug 24 03:05:25.474139 n-d-854247-1 devstack@keystone.service[82404]: ERROR keystone.server.flask.application
File "/usr/local/lib/python3.8/dist-packages/decorator.py", line 232, in fun
Aug 24 03:05:25.474139 n-d-854247-1 devstack@keystone.service[82404]: ERROR keystone.server.flask.application return caller(func, *(extras + args), **kw)
Aug 24 03:05:25.474139 n-d-854247-1 devstack@keystone.service[82404]: ERROR keystone.server.flask.application
File "/usr/local/lib/python3.8/dist-packages/dogpile/cache/region.py", line 1577, in get_or_create_for_user_func
Aug 24 03:05:25.474139 n-d-854247-1 devstack@keystone.service[82404]: ERROR keystone.server.flask.application return self.get_or_create(
Aug 24 03:05:25.474139 n-d-854247-1 devstack@keystone.service[82404]: ERROR keystone.server.flask.application
File "/usr/local/lib/python3.8/dist-packages/dogpile/cache/region.py", line 1042, in get_or_create
Aug 24 03:05:25.474139 n-d-854247-1 devstack@keystone.service[82404]: ERROR keystone.server.flask.application with Lock(
Aug 24 03:05:25.474139 n-d-854247-1 devstack@keystone.service[82404]: ERROR keystone.server.flask.application
File "/usr/local/lib/python3.8/dist-packages/dogpile/lock.py", line 185, in __enter__
Aug 24 03:05:25.474139 n-d-854247-1 devstack@keystone.service[82404]: ERROR keystone.server.flask.application return self._enter()
Aug 24 03:05:25.474139 n-d-854247-1 devstack@keystone.service[82404]: ERROR keystone.server.flask.application
File "/usr/local/lib/python3.8/dist-packages/dogpile/lock.py", line 94, in _enter
Aug 24 03:05:25.474139 n-d-854247-1 devstack@keystone.service[82404]: ERROR keystone.server.flask.application generated = self._enter_create(value, createdtime)
Aug 24 03:05:25.474965 n-d-854247-1 devstack@keystone.service[82404]: ERROR keystone.server.flask.application
File "/usr/local/lib/python3.8/dist-packages/dogpile/lock.py", line 178, in _enter_create
Aug 24 03:05:25.474965 n-d-854247-1 devstack@keystone.service[82404]: ERROR keystone.server.flask.application return self.creator()
Aug 24 03:05:25.474965 n-d-854247-1 devstack@keystone.service[82404]: ERROR keystone.server.flask.application
File "/usr/local/lib/python3.8/dist-packages/dogpile/cache/region.py", line 995, in gen_value
Aug 24 03:05:25.474965 n-d-854247-1 devstack@keystone.service[82404]: ERROR keystone.server.flask.application created_value = creator(
Aug 24 03:05:25.474965 n-d-854247-1 devstack@keystone.service[82404]: ERROR keystone.server.flask.application
File "/opt/stack/keystone/keystone/assignment/core.py", line 1276, in get_role
Aug 24 03:05:25.474965 n-d-854247-1 devstack@keystone.service[82404]: ERROR keystone.server.flask.application return self.driver.get_role(role_id)
Aug 24 03:05:25.474965 n-d-854247-1 devstack@keystone.service[82404]: ERROR keystone.server.flask.application
File "/opt/stack/keystone/keystone/assignment/role_backends/sql.py", line 70, in get_role
Aug 24 03:05:25.474965 n-d-854247-1 devstack@keystone.service[82404]: ERROR keystone.server.flask.application return self._get_role(session, role_id).to_dict()
Aug 24 03:05:25.474965 n-d-854247-1 devstack@keystone.service[82404]: ERROR keystone.server.flask.application
File "/opt/stack/keystone/keystone/assignment/role_backends/sql.py", line 65, in _get_role
Aug 24 03:05:25.474965 n-d-854247-1 devstack@keystone.service[82404]: ERROR keystone.server.flask.application raise exception.RoleNotFound(role_id=role_id)
Aug 24 03:05:25.474965 n-d-854247-1 devstack@keystone.service[82404]: ERROR keystone.server.flask.application keystone.exception.RoleNotFound: Could not find role: reader.
Aug 24 03:05:25.474965 n-d-854247-1 devstack@keystone.service[82404]: ERROR keystone.server.flask.application
Aug 24 03:05:25.474965 n-d-854247-1 devstack@keystone.service[82404]: [pid: 82404|app: 0|req: 142/278] 10.222.0.20 () {56 vars in 1099 bytes} [Wed Aug 24 03:05:25 2022] GET /identity/v3/roles/reader => generated 84 bytes in 175 msecs (HTTP/1.1 404) 5 headers in 183 bytes (1 switches on core 0)
Aug 24 03:05:25.476510 n-d-854247-1 devstack@keystone.service[82404]: DEBUG keystone.server.flask.request_processing.middleware.auth_context [None req-29473806-2d99-46de-98bc-428c6e0c412b None admin] Authenticating user token {{(pid=82404) process_request /usr/local/lib/python3.8/dist-packages/keystonemiddleware/auth_token/__init__.py:407}}
Aug 24 03:05:25.497264 n-d-854247-1 devstack@keystone.service[82403]: [pid: 82403|app: 0|req: 137/279] 10.222.0.20 () {60 vars in 1132 bytes} [Wed Aug 24 03:05:25 2022] POST /identity/v3/users => generated 293 bytes in 184 msecs (HTTP/1.1 201) 5 headers in 182 bytes (1 switches on core 0)
Aug 24 03:05:25.497264 n-d-854247-1 devstack@keystone.service[82403]: DEBUG keystone.server.flask.request_processing.middleware.auth_context [None req-792a8492-6219-49c4-8d08-d38d15c688c1 None admin] Authenticating user token {{(pid=82403) process_request /usr/local/lib/python3.8/dist-packages/keystonemiddleware/auth_token/__init__.py:407}}
Aug 24 03:05:25.533694 n-d-854247-1 devstack@keystone.service[82403]: DEBUG dbcounter [-] [82403] Writing DB stats keystone:SELECT=97,keystone:INSERT=3 {{(pid=82403) stat_writer /usr/local/lib/python3.8/dist-packages/dbcounter.py:114}}
Aug 24 03:05:25.574027 n-d-854247-1 devstack@keystone.service[82404]: DEBUG dbcounter [-] [82404] Writing DB stats keystone:SELECT=100 {{(pid=82404) stat_writer /usr/local/lib/python3.8/dist-packages/dbcounter.py:114}}
Aug 24 03:05:25.617915 n-d-854247-1 devstack@keystone.service[82404]: DEBUG keystone.server.flask.request_processing.middleware.auth_context [None req-29473806-2d99-46de-98bc-428c6e0c412b None admin] Validating token access rules against request {{(pid=82404) validate_allowed_request /usr/local/lib/python3.8/dist-packages/keystonemiddleware/auth_token/__init__.py:545}}
Aug 24 03:05:25.635523 n-d-854247-1 devstack@keystone.service[82403]: DEBUG keystone.server.flask.request_processing.middleware.auth_context [None req-792a8492-6219-49c4-8d08-d38d15c688c1 None admin] Validating token access rules against request {{(pid=82403) validate_allowed_request /usr/local/lib/python3.8/dist-packages/keystonemiddleware/auth_token/__init__.py:545}}
Aug 24 03:05:25.667129 n-d-854247-1 devstack@keystone.service[82404]: DEBUG keystone.server.flask.request_processing.middleware.auth_context [None req-20ff218e-aaed-41a1-8787-a5e1e6eb5bab None admin] RBAC: auth_context: {'token': , 'domain_id': None, 'trust_id': None, 'trustor_id': None, 'trustee_id': None, 'domain_name': None, 'group_ids': [], 'user_id': '4437eeab31204483b69eae1d040dd01a', 'user_domain_id': 'default', 'system_scope': 'all', 'project_id': None, 'project_domain_id': None, 'roles': ['admin', 'member', 'reader'], 'is_admin_project': True, 'service_user_id': None, 'service_user_domain_id': None, 'service_project_id': None, 'service_project_domain_id': None, 'service_roles': []} {{(pid=82404) fill_context /opt/stack/keystone/keystone/server/flask/request_processing/middleware/auth_context.py:478}}
Aug 24 03:05:25.668352 n-d-854247-1 devstack@keystone.service[82404]: DEBUG keystone.server.flask.request_processing.req_logging [None req-20ff218e-aaed-41a1-8787-a5e1e6eb5bab None admin] REQUEST_METHOD: `GET` {{(pid=82404) log_request_info /opt/stack/keystone/keystone/server/flask/request_processing/req_logging.py:27}}
Aug 24 03:05:25.668659 n-d-854247-1 devstack@keystone.service[82404]: DEBUG keystone.server.flask.request_processing.req_logging [None req-20ff218e-aaed-41a1-8787-a5e1e6eb5bab None admin] SCRIPT_NAME: `/identity` {{(pid=82404) log_request_info /opt/stack/keystone/keystone/server/flask/request_processing/req_logging.py:28}}
Aug 24 03:05:25.668904 n-d-854247-1 devstack@keystone.service[82404]: DEBUG keystone.server.flask.request_processing.req_logging [None req-20ff218e-aaed-41a1-8787-a5e1e6eb5bab None admin] PATH_INFO: `/v3/roles` {{(pid=82404) log_request_info /opt/stack/keystone/keystone/server/flask/request_processing/req_logging.py:29}}
Aug 24 03:05:25.669636 n-d-854247-1 devstack@keystone.service[82404]: DEBUG keystone.common.rbac_enforcer.enforcer [None req-20ff218e-aaed-41a1-8787-a5e1e6eb5bab None admin] RBAC: Adding query filter params (name=member) {{(pid=82404) _extract_filter_values /opt/stack/keystone/keystone/common/rbac_enforcer/enforcer.py:167}}
Aug 24 03:05:25.669915 n-d-854247-1 devstack@keystone.service[82404]: DEBUG keystone.common.rbac_enforcer.enforcer [None req-20ff218e-aaed-41a1-8787-a5e1e6eb5bab None admin] RBAC: Authorizing `identity:list_roles()` {{(pid=82404) enforce_call /opt/stack/keystone/keystone/common/rbac_enforcer/enforcer.py:449}}
Aug 24 03:05:25.671315 n-d-854247-1 devstack@keystone.service[82404]: DEBUG keystone.common.rbac_enforcer.enforcer [None req-20ff218e-aaed-41a1-8787-a5e1e6eb5bab None admin] RBAC: Authorization granted {{(pid=82404) enforce_call /opt/stack/keystone/keystone/common/rbac_enforcer/enforcer.py:457}}
Aug 24 03:05:25.681011 n-d-854247-1 devstack@keystone.service[82404]: [pid: 82404|app: 0|req: 143/280] 10.222.0.20 () {56 vars in 1101 bytes} [Wed Aug 24 03:05:25 2022] GET /identity/v3/roles?name=member => generated 341 bytes in 206 msecs (HTTP/1.1 200) 5 headers in 177 bytes (1 switches on core 0)
Aug 24 03:05:25.682739 n-d-854247-1 devstack@keystone.service[82403]: DEBUG keystone.server.flask.request_processing.middleware.auth_context [None req-aeac748a-4e81-443b-9b8d-21c44b79fcc6 None admin] RBAC: auth_context: {'token': , 'domain_id': None, 'trust_id': None, 'trustor_id': None, 'trustee_id': None, 'domain_name': None, 'group_ids': [], 'user_id': '4437eeab31204483b69eae1d040dd01a', 'user_domain_id': 'default', 'system_scope': 'all', 'project_id': None, 'project_domain_id': None, 'roles': ['admin', 'member', 'reader'], 'is_admin_project': True, 'service_user_id': None, 'service_user_domain_id': None, 'service_project_id': None, 'service_project_domain_id': None, 'service_roles': []} {{(pid=82403) fill_context /opt/stack/keystone/keystone/server/flask/request_processing/middleware/auth_context.py:478}}
Aug 24 03:05:25.684110 n-d-854247-1 devstack@keystone.service[82403]: DEBUG keystone.server.flask.request_processing.req_logging [None req-aeac748a-4e81-443b-9b8d-21c44b79fcc6 None admin] REQUEST_METHOD: `GET` {{(pid=82403) log_request_info /opt/stack/keystone/keystone/server/flask/request_processing/req_logging.py:27}}
Aug 24 03:05:25.684529 n-d-854247-1 devstack@keystone.service[82403]: DEBUG keystone.server.flask.request_processing.req_logging [None req-aeac748a-4e81-443b-9b8d-21c44b79fcc6 None admin] SCRIPT_NAME: `/identity` {{(pid=82403) log_request_info /opt/stack/keystone/keystone/server/flask/request_processing/req_logging.py:28}}
Aug 24 03:05:25.684943 n-d-854247-1 devstack@keystone.service[82403]: DEBUG keystone.server.flask.request_processing.req_logging [None req-aeac748a-4e81-443b-9b8d-21c44b79fcc6 None admin] PATH_INFO: `/v3/roles` {{(pid=82403) log_request_info /opt/stack/keystone/keystone/server/flask/request_processing/req_logging.py:29}}
Aug 24 03:05:25.685778 n-d-854247-1 devstack@keystone.service[82403]: DEBUG keystone.common.rbac_enforcer.enforcer [None req-aeac748a-4e81-443b-9b8d-21c44b79fcc6 None admin] RBAC: Adding query filter params (name=reader) {{(pid=82403) _extract_filter_values /opt/stack/keystone/keystone/common/rbac_enforcer/enforcer.py:167}}
Aug 24 03:05:25.686272 n-d-854247-1 devstack@keystone.service[82403]: DEBUG keystone.common.rbac_enforcer.enforcer [None req-aeac748a-4e81-443b-9b8d-21c44b79fcc6 None admin] RBAC: Authorizing `identity:list_roles()` {{(pid=82403) enforce_call /opt/stack/keystone/keystone/common/rbac_enforcer/enforcer.py:449}}
Aug 24 03:05:25.687816 n-d-854247-1 devstack@keystone.service[82403]: DEBUG keystone.common.rbac_enforcer.enforcer [None req-aeac748a-4e81-443b-9b8d-21c44b79fcc6 None admin] RBAC: Authorization granted {{(pid=82403) enforce_call /opt/stack/keystone/keystone/common/rbac_enforcer/enforcer.py:457}}
Aug 24 03:05:25.687932 n-d-854247-1 devstack@keystone.service[82404]: DEBUG keystone.server.flask.request_processing.middleware.auth_context [None req-20ff218e-aaed-41a1-8787-a5e1e6eb5bab None admin] Authenticating user token {{(pid=82404) process_request /usr/local/lib/python3.8/dist-packages/keystonemiddleware/auth_token/__init__.py:407}}
Aug 24 03:05:25.698956 n-d-854247-1 devstack@keystone.service[82403]: [pid: 82403|app: 0|req: 138/281] 10.222.0.20 () {56 vars in 1101 bytes} [Wed Aug 24 03:05:25 2022] GET /identity/v3/roles?name=reader => generated 341 bytes in 208 msecs (HTTP/1.1 200) 5 headers in 177 bytes (1 switches on core 0)
Aug 24 03:05:25.705621 n-d-854247-1 devstack@keystone.service[82403]: DEBUG keystone.server.flask.request_processing.middleware.auth_context [None req-aeac748a-4e81-443b-9b8d-21c44b79fcc6 None admin] Authenticating user token {{(pid=82403) process_request /usr/local/lib/python3.8/dist-packages/keystonemiddleware/auth_token/__init__.py:407}}
Aug 24 03:05:25.831446 n-d-854247-1 devstack@keystone.service[82404]: DEBUG keystone.server.flask.request_processing.middleware.auth_context [None req-20ff218e-aaed-41a1-8787-a5e1e6eb5bab None admin] Validating token access rules against request {{(pid=82404) validate_allowed_request /usr/local/lib/python3.8/dist-packages/keystonemiddleware/auth_token/__init__.py:545}}
Aug 24 03:05:25.847200 n-d-854247-1 devstack@keystone.service[82403]: DEBUG dbcounter [-] [82403] Writing DB stats keystone:SELECT=100 {{(pid=82403) stat_writer /usr/local/lib/python3.8/dist-packages/dbcounter.py:114}}
Aug 24 03:05:25.858859 n-d-854247-1 devstack@keystone.service[82403]: DEBUG keystone.server.flask.request_processing.middleware.auth_context [None req-aeac748a-4e81-443b-9b8d-21c44b79fcc6 None admin] Validating token access rules against request {{(pid=82403) validate_allowed_request /usr/local/lib/python3.8/dist-packages/keystonemiddleware/auth_token/__init__.py:545}}
Aug 24 03:05:25.868976 n-d-854247-1 devstack@keystone.service[82404]: DEBUG dbcounter [-] [82404] Writing DB stats keystone:SELECT=100 {{(pid=82404) stat_writer /usr/local/lib/python3.8/dist-packages/dbcounter.py:114}}
Aug 24 03:05:25.876385 n-d-854247-1 devstack@keystone.service[82404]: DEBUG keystone.server.flask.request_processing.middleware.auth_context [None req-44e4fab5-4ba9-40e3-af8b-f04412c9427d None admin] RBAC: auth_context: {'token': , 'domain_id': None, 'trust_id': None, 'trustor_id': None, 'trustee_id': None, 'domain_name': None, 'group_ids': [], 'user_id': '4437eeab31204483b69eae1d040dd01a', 'user_domain_id': 'default', 'system_scope': 'all', 'project_id': None, 'project_domain_id': None, 'roles': ['admin', 'member', 'reader'], 'is_admin_project': True, 'service_user_id': None, 'service_user_domain_id': None, 'service_project_id': None, 'service_project_domain_id': None, 'service_roles': []} {{(pid=82404) fill_context /opt/stack/keystone/keystone/server/flask/request_processing/middleware/auth_context.py:478}}
Aug 24 03:05:25.877018 n-d-854247-1 devstack@keystone.service[82404]: DEBUG keystone.server.flask.request_processing.req_logging [None req-44e4fab5-4ba9-40e3-af8b-f04412c9427d None admin] REQUEST_METHOD: `GET` {{(pid=82404) log_request_info /opt/stack/keystone/keystone/server/flask/request_processing/req_logging.py:27}}
Aug 24 03:05:25.877389 n-d-854247-1 devstack@keystone.service[82404]: DEBUG keystone.server.flask.request_processing.req_logging [None req-44e4fab5-4ba9-40e3-af8b-f04412c9427d None admin] SCRIPT_NAME: `/identity` {{(pid=82404) log_request_info /opt/stack/keystone/keystone/server/flask/request_processing/req_logging.py:28}}
Aug 24 03:05:25.877664 n-d-854247-1 devstack@keystone.service[82404]: DEBUG keystone.server.flask.request_processing.req_logging [None req-44e4fab5-4ba9-40e3-af8b-f04412c9427d None admin] PATH_INFO: `/v3/users/9158891380104cf2abd8a671f7638e45` {{(pid=82404) log_request_info /opt/stack/keystone/keystone/server/flask/request_processing/req_logging.py:29}}
Aug 24 03:05:25.897467 n-d-854247-1 devstack@keystone.service[82404]: DEBUG keystone.common.rbac_enforcer.enforcer [None req-44e4fab5-4ba9-40e3-af8b-f04412c9427d None admin] RBAC: Authorizing `identity:get_user(user_id=9158891380104cf2abd8a671f7638e45)` {{(pid=82404) enforce_call /opt/stack/keystone/keystone/common/rbac_enforcer/enforcer.py:449}}
Aug 24 03:05:25.899684 n-d-854247-1 devstack@keystone.service[82404]: DEBUG keystone.common.rbac_enforcer.enforcer [None req-44e4fab5-4ba9-40e3-af8b-f04412c9427d None admin] RBAC: Authorization granted {{(pid=82404) enforce_call /opt/stack/keystone/keystone/common/rbac_enforcer/enforcer.py:457}}
Aug 24 03:05:25.901487 n-d-854247-1 devstack@keystone.service[82404]: [pid: 82404|app: 0|req: 144/282] 10.222.0.20 () {56 vars in 1177 bytes} [Wed Aug 24 03:05:25 2022] GET /identity/v3/users/9158891380104cf2abd8a671f7638e45 => generated 293 bytes in 214 msecs (HTTP/1.1 200) 5 headers in 177 bytes (1 switches on core 0)
Aug 24 03:05:25.903949 n-d-854247-1 devstack@keystone.service[82403]: DEBUG keystone.server.flask.request_processing.middleware.auth_context [None req-d71e40db-f064-4c49-899a-a217cc97d066 None admin] RBAC: auth_context: {'token': , 'domain_id': None, 'trust_id': None, 'trustor_id': None, 'trustee_id': None, 'domain_name': None, 'group_ids': [], 'user_id': '4437eeab31204483b69eae1d040dd01a', 'user_domain_id': 'default', 'system_scope': 'all', 'project_id': None, 'project_domain_id': None, 'roles': ['admin', 'member', 'reader'], 'is_admin_project': True, 'service_user_id': None, 'service_user_domain_id': None, 'service_project_id': None, 'service_project_domain_id': None, 'service_roles': []} {{(pid=82403) fill_context /opt/stack/keystone/keystone/server/flask/request_processing/middleware/auth_context.py:478}}
Aug 24 03:05:25.904819 n-d-854247-1 devstack@keystone.service[82403]: DEBUG keystone.server.flask.request_processing.req_logging [None req-d71e40db-f064-4c49-899a-a217cc97d066 None admin] REQUEST_METHOD: `GET` {{(pid=82403) log_request_info /opt/stack/keystone/keystone/server/flask/request_processing/req_logging.py:27}}
Aug 24 03:05:25.905369 n-d-854247-1 devstack@keystone.service[82403]: DEBUG keystone.server.flask.request_processing.req_logging [None req-d71e40db-f064-4c49-899a-a217cc97d066 None admin] SCRIPT_NAME: `/identity` {{(pid=82403) log_request_info /opt/stack/keystone/keystone/server/flask/request_processing/req_logging.py:28}}
Aug 24 03:05:25.905826 n-d-854247-1 devstack@keystone.service[82403]: DEBUG keystone.server.flask.request_processing.req_logging [None req-d71e40db-f064-4c49-899a-a217cc97d066 None admin] PATH_INFO: `/v3/users/2ae1fb6a882e42cb98490c91c9080e18` {{(pid=82403) log_request_info /opt/stack/keystone/keystone/server/flask/request_processing/req_logging.py:29}}
Aug 24 03:05:25.907443 n-d-854247-1 devstack@keystone.service[82403]: DEBUG keystone.common.rbac_enforcer.enforcer [None req-d71e40db-f064-4c49-899a-a217cc97d066 None admin] RBAC: Authorizing `identity:get_user(user_id=2ae1fb6a882e42cb98490c91c9080e18)` {{(pid=82403) enforce_call /opt/stack/keystone/keystone/common/rbac_enforcer/enforcer.py:449}}
Aug 24 03:05:25.907748 n-d-854247-1 devstack@keystone.service[82404]: DEBUG keystone.server.flask.request_processing.middleware.auth_context [None req-44e4fab5-4ba9-40e3-af8b-f04412c9427d None admin] Authenticating user token {{(pid=82404) process_request /usr/local/lib/python3.8/dist-packages/keystonemiddleware/auth_token/__init__.py:407}}
Aug 24 03:05:25.911065 n-d-854247-1 devstack@keystone.service[82403]: DEBUG keystone.common.rbac_enforcer.enforcer [None req-d71e40db-f064-4c49-899a-a217cc97d066 None admin] RBAC: Authorization granted {{(pid=82403) enforce_call /opt/stack/keystone/keystone/common/rbac_enforcer/enforcer.py:457}}
Aug 24 03:05:25.913112 n-d-854247-1 devstack@keystone.service[82403]: [pid: 82403|app: 0|req: 139/283] 10.222.0.20 () {56 vars in 1177 bytes} [Wed Aug 24 03:05:25 2022] GET /identity/v3/users/2ae1fb6a882e42cb98490c91c9080e18 => generated 297 bytes in 209 msecs (HTTP/1.1 200) 5 headers in 177 bytes (2 switches on core 0)
Aug 24 03:05:25.920312 n-d-854247-1 devstack@keystone.service[82403]: DEBUG keystone.server.flask.request_processing.middleware.auth_context [None req-d71e40db-f064-4c49-899a-a217cc97d066 None admin] Authenticating user token {{(pid=82403) process_request /usr/local/lib/python3.8/dist-packages/keystonemiddleware/auth_token/__init__.py:407}}
Aug 24 03:05:26.039222 n-d-854247-1 devstack@keystone.service[82404]: DEBUG keystone.server.flask.request_processing.middleware.auth_context [None req-44e4fab5-4ba9-40e3-af8b-f04412c9427d None admin] Validating token access rules against request {{(pid=82404) validate_allowed_request /usr/local/lib/python3.8/dist-packages/keystonemiddleware/auth_token/__init__.py:545}}
Aug 24 03:05:26.046850 n-d-854247-1 devstack@keystone.service[82403]: DEBUG keystone.server.flask.request_processing.middleware.auth_context [None req-d71e40db-f064-4c49-899a-a217cc97d066 None admin] Validating token access rules against request {{(pid=82403) validate_allowed_request /usr/local/lib/python3.8/dist-packages/keystonemiddleware/auth_token/__init__.py:545}}
Aug 24 03:05:26.085249 n-d-854247-1 devstack@keystone.service[82404]: DEBUG keystone.server.flask.request_processing.middleware.auth_context [None req-31c7502c-b0da-402b-a5df-a6cc91037ebe None admin] RBAC: auth_context: {'token': , 'domain_id': None, 'trust_id': None, 'trustor_id': None, 'trustee_id': None, 'domain_name': None, 'group_ids': [], 'user_id': '4437eeab31204483b69eae1d040dd01a', 'user_domain_id': 'default', 'system_scope': 'all', 'project_id': None, 'project_domain_id': None, 'roles': ['admin', 'member', 'reader'], 'is_admin_project': True, 'service_user_id': None, 'service_user_domain_id': None, 'service_project_id': None, 'service_project_domain_id': None, 'service_roles': []} {{(pid=82404) fill_context /opt/stack/keystone/keystone/server/flask/request_processing/middleware/auth_context.py:478}}
Aug 24 03:05:26.085901 n-d-854247-1 devstack@keystone.service[82404]: DEBUG keystone.server.flask.request_processing.req_logging [None req-31c7502c-b0da-402b-a5df-a6cc91037ebe None admin] REQUEST_METHOD: `GET` {{(pid=82404) log_request_info /opt/stack/keystone/keystone/server/flask/request_processing/req_logging.py:27}}
Aug 24 03:05:26.086591 n-d-854247-1 devstack@keystone.service[82404]: DEBUG keystone.server.flask.request_processing.req_logging [None req-31c7502c-b0da-402b-a5df-a6cc91037ebe None admin] SCRIPT_NAME: `/identity` {{(pid=82404) log_request_info /opt/stack/keystone/keystone/server/flask/request_processing/req_logging.py:28}}
Aug 24 03:05:26.086878 n-d-854247-1 devstack@keystone.service[82404]: DEBUG keystone.server.flask.request_processing.req_logging [None req-31c7502c-b0da-402b-a5df-a6cc91037ebe None admin] PATH_INFO: `/v3/role_assignments` {{(pid=82404) log_request_info /opt/stack/keystone/keystone/server/flask/request_processing/req_logging.py:29}}
Aug 24 03:05:26.087909 n-d-854247-1 devstack@keystone.service[82404]: DEBUG keystone.common.rbac_enforcer.enforcer [None req-31c7502c-b0da-402b-a5df-a6cc91037ebe None admin] RBAC: Adding query filter params (role.id=c7de816527ad448691f3f75fb9569abc, user.id=9158891380104cf2abd8a671f7638e45, scope.system=all) {{(pid=82404) _extract_filter_values /opt/stack/keystone/keystone/common/rbac_enforcer/enforcer.py:167}}
Aug 24 03:05:26.088226 n-d-854247-1 devstack@keystone.service[82404]: DEBUG keystone.common.rbac_enforcer.enforcer [None req-31c7502c-b0da-402b-a5df-a6cc91037ebe None admin] RBAC: Authorizing `identity:list_role_assignments()` {{(pid=82404) enforce_call /opt/stack/keystone/keystone/common/rbac_enforcer/enforcer.py:449}}
Aug 24 03:05:26.090667 n-d-854247-1 devstack@keystone.service[82404]: DEBUG keystone.common.rbac_enforcer.enforcer [None req-31c7502c-b0da-402b-a5df-a6cc91037ebe None admin] RBAC: Authorization granted {{(pid=82404) enforce_call /opt/stack/keystone/keystone/common/rbac_enforcer/enforcer.py:457}}
Aug 24 03:05:26.093656 n-d-854247-1 devstack@keystone.service[82403]: DEBUG keystone.server.flask.request_processing.middleware.auth_context [None req-a91b90aa-50e0-4308-81b9-e63a21d56131 None admin] RBAC: auth_context: {'token': , 'domain_id': None, 'trust_id': None, 'trustor_id': None, 'trustee_id': None, 'domain_name': None, 'group_ids': [], 'user_id': '4437eeab31204483b69eae1d040dd01a', 'user_domain_id': 'default', 'system_scope': 'all', 'project_id': None, 'project_domain_id': None, 'roles': ['admin', 'member', 'reader'], 'is_admin_project': True, 'service_user_id': None, 'service_user_domain_id': None, 'service_project_id': None, 'service_project_domain_id': None, 'service_roles': []} {{(pid=82403) fill_context /opt/stack/keystone/keystone/server/flask/request_processing/middleware/auth_context.py:478}}
Aug 24 03:05:26.094594 n-d-854247-1 devstack@keystone.service[82403]: DEBUG keystone.server.flask.request_processing.req_logging [None req-a91b90aa-50e0-4308-81b9-e63a21d56131 None admin] REQUEST_METHOD: `GET` {{(pid=82403) log_request_info /opt/stack/keystone/keystone/server/flask/request_processing/req_logging.py:27}}
Aug 24 03:05:26.095076 n-d-854247-1 devstack@keystone.service[82403]: DEBUG keystone.server.flask.request_processing.req_logging [None req-a91b90aa-50e0-4308-81b9-e63a21d56131 None admin] SCRIPT_NAME: `/identity` {{(pid=82403) log_request_info /opt/stack/keystone/keystone/server/flask/request_processing/req_logging.py:28}}
Aug 24 03:05:26.095552 n-d-854247-1 devstack@keystone.service[82403]: DEBUG keystone.server.flask.request_processing.req_logging [None req-a91b90aa-50e0-4308-81b9-e63a21d56131 None admin] PATH_INFO: `/v3/projects/375301601f1c420c92ff0846641f667b` {{(pid=82403) log_request_info /opt/stack/keystone/keystone/server/flask/request_processing/req_logging.py:29}}
Aug 24 03:05:26.096692 n-d-854247-1 devstack@keystone.service[82404]: [pid: 82404|app: 0|req: 145/284] 10.222.0.20 () {56 vars in 1308 bytes} [Wed Aug 24 03:05:25 2022] GET /identity/v3/role_assignments?user.id=9158891380104cf2abd8a671f7638e45&scope.system=all&role.id=c7de816527ad448691f3f75fb9569abc => generated 226 bytes in 189 msecs (HTTP/1.1 200) 5 headers in 177 bytes (2 switches on core 0)
Aug 24 03:05:26.097440 n-d-854247-1 devstack@keystone.service[82403]: DEBUG keystone.common.rbac_enforcer.enforcer [None req-a91b90aa-50e0-4308-81b9-e63a21d56131 None admin] RBAC: Authorizing `identity:get_project(project_id=375301601f1c420c92ff0846641f667b)` {{(pid=82403) enforce_call /opt/stack/keystone/keystone/common/rbac_enforcer/enforcer.py:449}}
Aug 24 03:05:26.099223 n-d-854247-1 devstack@keystone.service[82403]: DEBUG keystone.common.rbac_enforcer.enforcer [None req-a91b90aa-50e0-4308-81b9-e63a21d56131 None admin] RBAC: Authorization granted {{(pid=82403) enforce_call /opt/stack/keystone/keystone/common/rbac_enforcer/enforcer.py:457}}
Aug 24 03:05:26.101768 n-d-854247-1 devstack@keystone.service[82403]: [pid: 82403|app: 0|req: 140/285] 10.222.0.20 () {56 vars in 1186 bytes} [Wed Aug 24 03:05:25 2022] GET /identity/v3/projects/375301601f1c420c92ff0846641f667b => generated 302 bytes in 182 msecs (HTTP/1.1 200) 5 headers in 177 bytes (1 switches on core 0)
Aug 24 03:05:26.110532 n-d-854247-1 devstack@keystone.service[82404]: DEBUG keystone.server.flask.request_processing.middleware.auth_context [None req-31c7502c-b0da-402b-a5df-a6cc91037ebe None admin] Authenticating user token {{(pid=82404) process_request /usr/local/lib/python3.8/dist-packages/keystonemiddleware/auth_token/__init__.py:407}}
Aug 24 03:05:26.123367 n-d-854247-1 devstack@keystone.service[82403]: DEBUG keystone.server.flask.request_processing.req_logging [None req-4d2acbfd-97b3-417f-8ba0-568c5e3192ba None None] REQUEST_METHOD: `GET` {{(pid=82403) log_request_info /opt/stack/keystone/keystone/server/flask/request_processing/req_logging.py:27}}
Aug 24 03:05:26.123761 n-d-854247-1 devstack@keystone.service[82403]: DEBUG keystone.server.flask.request_processing.req_logging [None req-4d2acbfd-97b3-417f-8ba0-568c5e3192ba None None] SCRIPT_NAME: `/identity` {{(pid=82403) log_request_info /opt/stack/keystone/keystone/server/flask/request_processing/req_logging.py:28}}
Aug 24 03:05:26.123926 n-d-854247-1 devstack@keystone.service[82403]: DEBUG keystone.server.flask.request_processing.req_logging [None req-4d2acbfd-97b3-417f-8ba0-568c5e3192ba None None] PATH_INFO: `/` {{(pid=82403) log_request_info /opt/stack/keystone/keystone/server/flask/request_processing/req_logging.py:29}}
Aug 24 03:05:26.125544 n-d-854247-1 devstack@keystone.service[82403]: [pid: 82403|app: 0|req: 141/286] 10.222.0.20 () {54 vars in 927 bytes} [Wed Aug 24 03:05:26 2022] GET /identity => generated 270 bytes in 4 msecs (HTTP/1.1 300) 6 headers in 234 bytes (1 switches on core 0)
Aug 24 03:05:26.131363 n-d-854247-1 devstack@keystone.service[82403]: DEBUG keystone.server.flask.request_processing.req_logging [None req-1c508204-d20a-47cf-9bcd-111b1f38ae96 None None] REQUEST_METHOD: `POST` {{(pid=82403) log_request_info /opt/stack/keystone/keystone/server/flask/request_processing/req_logging.py:27}}
