Aug 25 16:50:58.924391 n-d-854121-5 devstack@placement-api.service[108158]: INFO placement.requestlog [req-7449893d-8d0c-4347-92ae-4ea07a7ed6ea req-06baf3e5-037a-4154-b9df-2463a80000e7 service placement] 10.222.0.60 "PUT /placement/allocations/acddc577-52aa-419a-87b1-d18b3130e0e8" status: 204 len: 0 microversion: 1.36
Aug 25 16:50:58.925424 n-d-854121-5 devstack@placement-api.service[108158]: [pid: 108158|app: 0|req: 502/999] 10.222.0.60 () {64 vars in 1433 bytes} [Thu Aug 25 16:50:58 2022] PUT /placement/allocations/acddc577-52aa-419a-87b1-d18b3130e0e8 => generated 0 bytes in 432 msecs (HTTP/1.1 204) 5 headers in 199 bytes (1 switches on core 0)
Aug 25 16:51:00.289156 n-d-854121-5 devstack@placement-api.service[108157]: DEBUG placement.requestlog [req-7449893d-8d0c-4347-92ae-4ea07a7ed6ea req-13a2cd80-cea6-4bd3-829c-5b456dbab3c2 None None] Starting request: 10.222.0.18 "GET /placement/allocations/acddc577-52aa-419a-87b1-d18b3130e0e8" {{(pid=108157) __call__ /opt/stack/placement/placement/requestlog.py:55}}
Aug 25 16:51:00.317929 n-d-854121-5 devstack@placement-api.service[108157]: INFO placement.requestlog [req-7449893d-8d0c-4347-92ae-4ea07a7ed6ea req-13a2cd80-cea6-4bd3-829c-5b456dbab3c2 service placement] 10.222.0.18 "GET /placement/allocations/acddc577-52aa-419a-87b1-d18b3130e0e8" status: 200 len: 259 microversion: 1.28
Aug 25 16:51:00.318817 n-d-854121-5 devstack@placement-api.service[108157]: [pid: 108157|app: 0|req: 498/1000] 10.222.0.18 () {60 vars in 1377 bytes} [Thu Aug 25 16:51:00 2022] GET /placement/allocations/acddc577-52aa-419a-87b1-d18b3130e0e8 => generated 259 bytes in 30 msecs (HTTP/1.1 200) 8 headers in 296 bytes (1 switches on core 0)
Aug 25 16:51:02.773946 n-d-854121-5 devstack@placement-api.service[108158]: DEBUG placement.requestlog [req-1bd1a97e-bc08-4aab-9906-82ac98649fd9 req-19871e1b-c69f-470e-aa00-838d882e0779 None None] Starting request: 10.222.0.64 "GET /placement/resource_providers/b8b95753-5fa2-4049-ae99-9c9f5daf752c/allocations" {{(pid=108158) __call__ /opt/stack/placement/placement/requestlog.py:55}}
Aug 25 16:51:02.836986 n-d-854121-5 devstack@placement-api.service[108158]: INFO placement.requestlog [req-1bd1a97e-bc08-4aab-9906-82ac98649fd9 req-19871e1b-c69f-470e-aa00-838d882e0779 service placement] 10.222.0.64 "GET /placement/resource_providers/b8b95753-5fa2-4049-ae99-9c9f5daf752c/allocations" status: 200 len: 356 microversion: 1.0
Aug 25 16:51:02.836986 n-d-854121-5 devstack@placement-api.service[108158]: [pid: 108158|app: 0|req: 503/1001] 10.222.0.64 () {58 vars in 1390 bytes} [Thu Aug 25 16:51:02 2022] GET /placement/resource_providers/b8b95753-5fa2-4049-ae99-9c9f5daf752c/allocations => generated 356 bytes in 63 msecs (HTTP/1.1 200) 6 headers in 224 bytes (1 switches on core 0)
Aug 25 16:51:03.744485 n-d-854121-5 devstack@placement-api.service[108157]: DEBUG placement.requestlog [None req-9e475b1a-9ce0-4017-8758-dbdf89d0470d None None] Starting request: 10.222.0.60 "GET /placement/resource_providers/41754827-cbcc-4cad-97fe-50e37303fcca/aggregates" {{(pid=108157) __call__ /opt/stack/placement/placement/requestlog.py:55}}
Aug 25 16:51:03.757195 n-d-854121-5 devstack@placement-api.service[108157]: INFO placement.requestlog [None req-9e475b1a-9ce0-4017-8758-dbdf89d0470d service placement] 10.222.0.60 "GET /placement/resource_providers/41754827-cbcc-4cad-97fe-50e37303fcca/aggregates" status: 404 len: 235 microversion: 1.1
Aug 25 16:51:03.757786 n-d-854121-5 devstack@placement-api.service[108157]: [pid: 108157|app: 0|req: 499/1002] 10.222.0.60 () {58 vars in 1362 bytes} [Thu Aug 25 16:51:03 2022] GET /placement/resource_providers/41754827-cbcc-4cad-97fe-50e37303fcca/aggregates => generated 235 bytes in 13 msecs (HTTP/1.1 404) 5 headers in 202 bytes (1 switches on core 0)
Aug 25 16:51:03.810983 n-d-854121-5 devstack@placement-api.service[108158]: DEBUG placement.requestlog [None req-f4b78f14-079c-48e6-8057-63e2eb22caf0 None None] Starting request: 10.222.0.60 "DELETE /placement/resource_providers/41754827-cbcc-4cad-97fe-50e37303fcca" {{(pid=108158) __call__ /opt/stack/placement/placement/requestlog.py:55}}
Aug 25 16:51:03.820414 n-d-854121-5 devstack@placement-api.service[108158]: DEBUG placement.wsgi_wrapper [None req-f4b78f14-079c-48e6-8057-63e2eb22caf0 service placement] Placement API returning an error response: No resource provider with uuid 41754827-cbcc-4cad-97fe-50e37303fcca found for delete {{(pid=108158) call_func /opt/stack/placement/placement/wsgi_wrapper.py:31}}
Aug 25 16:51:03.821393 n-d-854121-5 devstack@placement-api.service[108158]: INFO placement.requestlog [None req-f4b78f14-079c-48e6-8057-63e2eb22caf0 service placement] 10.222.0.60 "DELETE /placement/resource_providers/41754827-cbcc-4cad-97fe-50e37303fcca" status: 404 len: 246 microversion: 1.1
Aug 25 16:51:03.822219 n-d-854121-5 devstack@placement-api.service[108158]: [pid: 108158|app: 0|req: 504/1003] 10.222.0.60 () {60 vars in 1351 bytes} [Thu Aug 25 16:51:03 2022] DELETE /placement/resource_providers/41754827-cbcc-4cad-97fe-50e37303fcca => generated 246 bytes in 11 msecs (HTTP/1.1 404) 6 headers in 231 bytes (1 switches on core 0)
Aug 25 16:51:10.094454 n-d-854121-5 devstack@placement-api.service[108157]: DEBUG placement.requestlog [None req-6538eb61-37fc-4f8a-b93c-511f4e08c600 None None] Starting request: 10.222.0.60 "GET /placement/resource_providers/1ac4a86e-ceda-4f1b-bc71-9ce426f5f289/aggregates" {{(pid=108157) __call__ /opt/stack/placement/placement/requestlog.py:55}}
Aug 25 16:51:10.119973 n-d-854121-5 devstack@placement-api.service[108157]: INFO placement.requestlog [None req-6538eb61-37fc-4f8a-b93c-511f4e08c600 service placement] 10.222.0.60 "GET /placement/resource_providers/1ac4a86e-ceda-4f1b-bc71-9ce426f5f289/aggregates" status: 404 len: 235 microversion: 1.1
Aug 25 16:51:10.122440 n-d-854121-5 devstack@placement-api.service[108157]: [pid: 108157|app: 0|req: 500/1004] 10.222.0.60 () {58 vars in 1362 bytes} [Thu Aug 25 16:51:10 2022] GET /placement/resource_providers/1ac4a86e-ceda-4f1b-bc71-9ce426f5f289/aggregates => generated 235 bytes in 28 msecs (HTTP/1.1 404) 5 headers in 202 bytes (1 switches on core 0)
Aug 25 16:51:10.182084 n-d-854121-5 devstack@placement-api.service[108158]: DEBUG placement.requestlog [None req-f607de17-c98a-4a87-96ca-39affbf12ae5 None None] Starting request: 10.222.0.60 "DELETE /placement/resource_providers/1ac4a86e-ceda-4f1b-bc71-9ce426f5f289" {{(pid=108158) __call__ /opt/stack/placement/placement/requestlog.py:55}}
Aug 25 16:51:10.197825 n-d-854121-5 devstack@placement-api.service[108158]: DEBUG placement.wsgi_wrapper [None req-f607de17-c98a-4a87-96ca-39affbf12ae5 service placement] Placement API returning an error response: No resource provider with uuid 1ac4a86e-ceda-4f1b-bc71-9ce426f5f289 found for delete {{(pid=108158) call_func /opt/stack/placement/placement/wsgi_wrapper.py:31}}
Aug 25 16:51:10.198621 n-d-854121-5 devstack@placement-api.service[108158]: INFO placement.requestlog [None req-f607de17-c98a-4a87-96ca-39affbf12ae5 service placement] 10.222.0.60 "DELETE /placement/resource_providers/1ac4a86e-ceda-4f1b-bc71-9ce426f5f289" status: 404 len: 246 microversion: 1.1
Aug 25 16:51:10.199152 n-d-854121-5 devstack@placement-api.service[108158]: [pid: 108158|app: 0|req: 505/1005] 10.222.0.60 () {60 vars in 1351 bytes} [Thu Aug 25 16:51:10 2022] DELETE /placement/resource_providers/1ac4a86e-ceda-4f1b-bc71-9ce426f5f289 => generated 246 bytes in 17 msecs (HTTP/1.1 404) 6 headers in 231 bytes (1 switches on core 0)
Aug 25 16:51:20.112482 n-d-854121-5 devstack@placement-api.service[108157]: DEBUG dbcounter [-] [108157] Writing DB stats placement:SELECT=17 {{(pid=108157) stat_writer /usr/local/lib/python3.8/dist-packages/dbcounter.py:114}}
Aug 25 16:51:20.193371 n-d-854121-5 devstack@placement-api.service[108158]: DEBUG dbcounter [-] [108158] Writing DB stats placement:SELECT=42,placement:INSERT=6,placement:DELETE=2,placement:UPDATE=2 {{(pid=108158) stat_writer /usr/local/lib/python3.8/dist-packages/dbcounter.py:114}}
Aug 25 16:51:34.734944 n-d-854121-5 devstack@placement-api.service[108157]: DEBUG placement.requestlog [None req-0031ba94-afb8-4504-b716-36ee8122d180 None None] Starting request: 10.222.0.60 "GET /placement/resource_providers/db1fe1b3-7062-4848-a08a-8dac7398b757/aggregates" {{(pid=108157) __call__ /opt/stack/placement/placement/requestlog.py:55}}
Aug 25 16:51:34.746094 n-d-854121-5 devstack@placement-api.service[108157]: INFO placement.requestlog [None req-0031ba94-afb8-4504-b716-36ee8122d180 service placement] 10.222.0.60 "GET /placement/resource_providers/db1fe1b3-7062-4848-a08a-8dac7398b757/aggregates" status: 404 len: 235 microversion: 1.1
Aug 25 16:51:34.746987 n-d-854121-5 devstack@placement-api.service[108157]: [pid: 108157|app: 0|req: 501/1006] 10.222.0.60 () {58 vars in 1362 bytes} [Thu Aug 25 16:51:34 2022] GET /placement/resource_providers/db1fe1b3-7062-4848-a08a-8dac7398b757/aggregates => generated 235 bytes in 12 msecs (HTTP/1.1 404) 5 headers in 202 bytes (1 switches on core 0)
Aug 25 16:51:34.779474 n-d-854121-5 devstack@placement-api.service[108158]: DEBUG placement.requestlog [None req-9a2ff209-7605-419b-b9d0-63f60986389e None None] Starting request: 10.222.0.60 "DELETE /placement/resource_providers/db1fe1b3-7062-4848-a08a-8dac7398b757" {{(pid=108158) __call__ /opt/stack/placement/placement/requestlog.py:55}}
Aug 25 16:51:34.800178 n-d-854121-5 devstack@placement-api.service[108158]: DEBUG placement.wsgi_wrapper [None req-9a2ff209-7605-419b-b9d0-63f60986389e service placement] Placement API returning an error response: No resource provider with uuid db1fe1b3-7062-4848-a08a-8dac7398b757 found for delete {{(pid=108158) call_func /opt/stack/placement/placement/wsgi_wrapper.py:31}}
Aug 25 16:51:34.801491 n-d-854121-5 devstack@placement-api.service[108158]: INFO placement.requestlog [None req-9a2ff209-7605-419b-b9d0-63f60986389e service placement] 10.222.0.60 "DELETE /placement/resource_providers/db1fe1b3-7062-4848-a08a-8dac7398b757" status: 404 len: 246 microversion: 1.1
Aug 25 16:51:34.804761 n-d-854121-5 devstack@placement-api.service[108158]: [pid: 108158|app: 0|req: 506/1007] 10.222.0.60 () {60 vars in 1351 bytes} [Thu Aug 25 16:51:34 2022] DELETE /placement/resource_providers/db1fe1b3-7062-4848-a08a-8dac7398b757 => generated 246 bytes in 28 msecs (HTTP/1.1 404) 6 headers in 231 bytes (1 switches on core 0)
Aug 25 16:51:44.743982 n-d-854121-5 devstack@placement-api.service[108157]: DEBUG dbcounter [-] [108157] Writing DB stats placement:SELECT=2 {{(pid=108157) stat_writer /usr/local/lib/python3.8/dist-packages/dbcounter.py:114}}
Aug 25 16:51:44.803470 n-d-854121-5 devstack@placement-api.service[108158]: DEBUG dbcounter [-] [108158] Writing DB stats placement:SELECT=2 {{(pid=108158) stat_writer /usr/local/lib/python3.8/dist-packages/dbcounter.py:114}}
Aug 25 16:51:49.532691 n-d-854121-5 devstack@placement-api.service[108157]: DEBUG placement.requestlog [req-a704015d-0262-4259-8261-3d9d866dd66b req-4057b835-b713-4c47-ad10-87f6b5d5a6e4 None None] Starting request: 10.222.0.18 "DELETE /placement/allocations/a9653ed7-a3f6-4b5c-b9ad-92cb5aa19b87" {{(pid=108157) __call__ /opt/stack/placement/placement/requestlog.py:55}}
Aug 25 16:51:49.731186 n-d-854121-5 devstack@placement-api.service[108157]: DEBUG placement.handlers.allocation [req-a704015d-0262-4259-8261-3d9d866dd66b req-4057b835-b713-4c47-ad10-87f6b5d5a6e4 service placement] Successfully deleted allocations [, , ] {{(pid=108157) delete_allocations /opt/stack/placement/placement/handlers/allocation.py:627}}
Aug 25 16:51:49.734576 n-d-854121-5 devstack@placement-api.service[108157]: INFO placement.requestlog [req-a704015d-0262-4259-8261-3d9d866dd66b req-4057b835-b713-4c47-ad10-87f6b5d5a6e4 service placement] 10.222.0.18 "DELETE /placement/allocations/a9653ed7-a3f6-4b5c-b9ad-92cb5aa19b87" status: 204 len: 0 microversion: 1.0
Aug 25 16:51:49.737006 n-d-854121-5 devstack@placement-api.service[108157]: [pid: 108157|app: 0|req: 502/1008] 10.222.0.18 () {60 vars in 1355 bytes} [Thu Aug 25 16:51:49 2022] DELETE /placement/allocations/a9653ed7-a3f6-4b5c-b9ad-92cb5aa19b87 => generated 0 bytes in 205 msecs (HTTP/1.1 204) 5 headers in 198 bytes (1 switches on core 0)
Aug 25 16:51:50.224720 n-d-854121-5 devstack@placement-api.service[108158]: DEBUG placement.requestlog [req-3f582523-76bb-4517-b031-8a35f0377a0a req-5c6a32b7-8f1b-4718-8d6b-fbccd8b619ac None None] Starting request: 10.222.0.60 "GET /placement/allocation_candidates?limit=1000&resources=DISK_GB%3A1%2CMEMORY_MB%3A1024%2CVCPU%3A1&root_required=%21COMPUTE_STATUS_DISABLED" {{(pid=108158) __call__ /opt/stack/placement/placement/requestlog.py:55}}
Aug 25 16:51:50.288509 n-d-854121-5 devstack@placement-api.service[108158]: DEBUG placement.objects.research_context [req-3f582523-76bb-4517-b031-8a35f0377a0a req-5c6a32b7-8f1b-4718-8d6b-fbccd8b619ac service placement] getting providers with 1 DISK_GB {{(pid=108158) __init__ /opt/stack/placement/placement/objects/research_context.py:136}}
Aug 25 16:51:50.294887 n-d-854121-5 devstack@placement-api.service[108158]: DEBUG placement.objects.research_context [req-3f582523-76bb-4517-b031-8a35f0377a0a req-5c6a32b7-8f1b-4718-8d6b-fbccd8b619ac service placement] getting providers with 1024 MEMORY_MB {{(pid=108158) __init__ /opt/stack/placement/placement/objects/research_context.py:136}}
Aug 25 16:51:50.301790 n-d-854121-5 devstack@placement-api.service[108158]: DEBUG placement.objects.research_context [req-3f582523-76bb-4517-b031-8a35f0377a0a req-5c6a32b7-8f1b-4718-8d6b-fbccd8b619ac service placement] getting providers with 1 VCPU {{(pid=108158) __init__ /opt/stack/placement/placement/objects/research_context.py:136}}
Aug 25 16:51:50.310358 n-d-854121-5 devstack@placement-api.service[108158]: DEBUG placement.objects.research_context [req-3f582523-76bb-4517-b031-8a35f0377a0a req-5c6a32b7-8f1b-4718-8d6b-fbccd8b619ac service placement] found 2 providers with available 1 DISK_GB {{(pid=108158) get_provider_ids_matching /opt/stack/placement/placement/objects/research_context.py:563}}
Aug 25 16:51:50.310999 n-d-854121-5 devstack@placement-api.service[108158]: DEBUG placement.objects.research_context [req-3f582523-76bb-4517-b031-8a35f0377a0a req-5c6a32b7-8f1b-4718-8d6b-fbccd8b619ac service placement] found 2 providers with available 1024 MEMORY_MB {{(pid=108158) get_provider_ids_matching /opt/stack/placement/placement/objects/research_context.py:563}}
Aug 25 16:51:50.311625 n-d-854121-5 devstack@placement-api.service[108158]: DEBUG placement.objects.research_context [req-3f582523-76bb-4517-b031-8a35f0377a0a req-5c6a32b7-8f1b-4718-8d6b-fbccd8b619ac service placement] found 2 providers after filtering by previous result {{(pid=108158) get_provider_ids_matching /opt/stack/placement/placement/objects/research_context.py:594}}
Aug 25 16:51:50.312114 n-d-854121-5 devstack@placement-api.service[108158]: DEBUG placement.objects.research_context [req-3f582523-76bb-4517-b031-8a35f0377a0a req-5c6a32b7-8f1b-4718-8d6b-fbccd8b619ac service placement] found 2 providers with available 1 VCPU {{(pid=108158) get_provider_ids_matching /opt/stack/placement/placement/objects/research_context.py:563}}
Aug 25 16:51:50.312585 n-d-854121-5 devstack@placement-api.service[108158]: DEBUG placement.objects.research_context [req-3f582523-76bb-4517-b031-8a35f0377a0a req-5c6a32b7-8f1b-4718-8d6b-fbccd8b619ac service placement] found 2 providers after filtering by previous result {{(pid=108158) get_provider_ids_matching /opt/stack/placement/placement/objects/research_context.py:594}}
Aug 25 16:51:50.328976 n-d-854121-5 devstack@placement-api.service[108158]: DEBUG placement.objects.allocation_candidate [req-3f582523-76bb-4517-b031-8a35f0377a0a req-5c6a32b7-8f1b-4718-8d6b-fbccd8b619ac service placement] RequestGroup(use_same_provider=False, resources={DISK_GB:1, MEMORY_MB:1024, VCPU:1}, traits=(), aggregates=[]) (suffix '') returned 2 matches {{(pid=108158) _get_by_requests /opt/stack/placement/placement/objects/allocation_candidate.py:156}}
Aug 25 16:51:50.329595 n-d-854121-5 devstack@placement-api.service[108158]: DEBUG placement.objects.allocation_candidate [req-3f582523-76bb-4517-b031-8a35f0377a0a req-5c6a32b7-8f1b-4718-8d6b-fbccd8b619ac service placement] Merging candidates yields 2 allocation requests and 2 provider summaries {{(pid=108158) _merge_candidates /opt/stack/placement/placement/objects/allocation_candidate.py:809}}
Aug 25 16:51:50.331947 n-d-854121-5 devstack@placement-api.service[108158]: INFO placement.requestlog [req-3f582523-76bb-4517-b031-8a35f0377a0a req-5c6a32b7-8f1b-4718-8d6b-fbccd8b619ac service placement] 10.222.0.60 "GET /placement/allocation_candidates?limit=1000&resources=DISK_GB%3A1%2CMEMORY_MB%3A1024%2CVCPU%3A1&root_required=%21COMPUTE_STATUS_DISABLED" status: 200 len: 1309 microversion: 1.36
Aug 25 16:51:50.339594 n-d-854121-5 devstack@placement-api.service[108158]: [pid: 108158|app: 0|req: 507/1009] 10.222.0.60 () {60 vars in 1506 bytes} [Thu Aug 25 16:51:50 2022] GET /placement/allocation_candidates?limit=1000&resources=DISK_GB%3A1%2CMEMORY_MB%3A1024%2CVCPU%3A1&root_required=%21COMPUTE_STATUS_DISABLED => generated 1309 bytes in 115 msecs (HTTP/1.1 200) 8 headers in 297 bytes (1 switches on core 0)
Aug 25 16:51:50.441044 n-d-854121-5 devstack@placement-api.service[108157]: DEBUG placement.requestlog [None req-384ba269-6469-4537-b6c2-68791c727867 None None] Starting request: 10.222.0.60 "GET /placement/resource_providers/a58d4d68-5656-4866-9434-9c26c075b522/aggregates" {{(pid=108157) __call__ /opt/stack/placement/placement/requestlog.py:55}}
Aug 25 16:51:50.441236 n-d-854121-5 devstack@placement-api.service[108158]: DEBUG placement.requestlog [req-3f582523-76bb-4517-b031-8a35f0377a0a req-99659522-6890-4d9c-8263-30c58702a4a6 None None] Starting request: 10.222.0.60 "GET /placement/allocations/5a1546a0-ca89-4b7b-8607-18d40100b0ab" {{(pid=108158) __call__ /opt/stack/placement/placement/requestlog.py:55}}
Aug 25 16:51:50.456357 n-d-854121-5 devstack@placement-api.service[108157]: INFO placement.requestlog [None req-384ba269-6469-4537-b6c2-68791c727867 service placement] 10.222.0.60 "GET /placement/resource_providers/a58d4d68-5656-4866-9434-9c26c075b522/aggregates" status: 404 len: 235 microversion: 1.1
Aug 25 16:51:50.458026 n-d-854121-5 devstack@placement-api.service[108158]: INFO placement.requestlog [req-3f582523-76bb-4517-b031-8a35f0377a0a req-99659522-6890-4d9c-8263-30c58702a4a6 service placement] 10.222.0.60 "GET /placement/allocations/5a1546a0-ca89-4b7b-8607-18d40100b0ab" status: 200 len: 19 microversion: 1.28
Aug 25 16:51:50.458526 n-d-854121-5 devstack@placement-api.service[108158]: [pid: 108158|app: 0|req: 508/1010] 10.222.0.60 () {60 vars in 1380 bytes} [Thu Aug 25 16:51:50 2022] GET /placement/allocations/5a1546a0-ca89-4b7b-8607-18d40100b0ab => generated 19 bytes in 18 msecs (HTTP/1.1 200) 8 headers in 295 bytes (2 switches on core 0)
Aug 25 16:51:50.459813 n-d-854121-5 devstack@placement-api.service[108157]: [pid: 108157|app: 0|req: 503/1011] 10.222.0.60 () {58 vars in 1362 bytes} [Thu Aug 25 16:51:50 2022] GET /placement/resource_providers/a58d4d68-5656-4866-9434-9c26c075b522/aggregates => generated 235 bytes in 19 msecs (HTTP/1.1 404) 5 headers in 202 bytes (1 switches on core 0)
Aug 25 16:51:50.465485 n-d-854121-5 devstack@placement-api.service[108158]: DEBUG placement.requestlog [req-3f582523-76bb-4517-b031-8a35f0377a0a req-f758621f-98ba-450d-923b-f57f8d6d3a78 None None] Starting request: 10.222.0.60 "PUT /placement/allocations/5a1546a0-ca89-4b7b-8607-18d40100b0ab" {{(pid=108158) __call__ /opt/stack/placement/placement/requestlog.py:55}}
Aug 25 16:51:50.499949 n-d-854121-5 devstack@placement-api.service[108157]: DEBUG placement.requestlog [None req-692f2f0f-7b09-4165-9c34-22bea75ca50b None None] Starting request: 10.222.0.60 "DELETE /placement/resource_providers/a58d4d68-5656-4866-9434-9c26c075b522" {{(pid=108157) __call__ /opt/stack/placement/placement/requestlog.py:55}}
Aug 25 16:51:50.514426 n-d-854121-5 devstack@placement-api.service[108157]: DEBUG placement.wsgi_wrapper [None req-692f2f0f-7b09-4165-9c34-22bea75ca50b service placement] Placement API returning an error response: No resource provider with uuid a58d4d68-5656-4866-9434-9c26c075b522 found for delete {{(pid=108157) call_func /opt/stack/placement/placement/wsgi_wrapper.py:31}}
Aug 25 16:51:50.515184 n-d-854121-5 devstack@placement-api.service[108157]: INFO placement.requestlog [None req-692f2f0f-7b09-4165-9c34-22bea75ca50b service placement] 10.222.0.60 "DELETE /placement/resource_providers/a58d4d68-5656-4866-9434-9c26c075b522" status: 404 len: 246 microversion: 1.1
Aug 25 16:51:50.517686 n-d-854121-5 devstack@placement-api.service[108157]: [pid: 108157|app: 0|req: 504/1012] 10.222.0.60 () {60 vars in 1351 bytes} [Thu Aug 25 16:51:50 2022] DELETE /placement/resource_providers/a58d4d68-5656-4866-9434-9c26c075b522 => generated 246 bytes in 18 msecs (HTTP/1.1 404) 6 headers in 231 bytes (1 switches on core 0)
Aug 25 16:51:50.715789 n-d-854121-5 devstack@placement-api.service[108158]: DEBUG placement.handlers.allocation [req-3f582523-76bb-4517-b031-8a35f0377a0a req-f758621f-98ba-450d-923b-f57f8d6d3a78 service placement] Successfully wrote allocations [, , ] {{(pid=108158) _update_consumers_and_create_allocations /opt/stack/placement/placement/handlers/allocation.py:462}}
Aug 25 16:51:50.795479 n-d-854121-5 devstack@placement-api.service[108158]: INFO placement.requestlog [req-3f582523-76bb-4517-b031-8a35f0377a0a req-f758621f-98ba-450d-923b-f57f8d6d3a78 service placement] 10.222.0.60 "PUT /placement/allocations/5a1546a0-ca89-4b7b-8607-18d40100b0ab" status: 204 len: 0 microversion: 1.36
Aug 25 16:51:50.811268 n-d-854121-5 devstack@placement-api.service[108158]: [pid: 108158|app: 0|req: 509/1013] 10.222.0.60 () {64 vars in 1433 bytes} [Thu Aug 25 16:51:50 2022] PUT /placement/allocations/5a1546a0-ca89-4b7b-8607-18d40100b0ab => generated 0 bytes in 331 msecs (HTTP/1.1 204) 5 headers in 199 bytes (1 switches on core 0)
Aug 25 16:51:52.071164 n-d-854121-5 devstack@placement-api.service[108157]: DEBUG placement.requestlog [req-3f582523-76bb-4517-b031-8a35f0377a0a req-02991121-047b-4ce5-9454-e095c9a1aa62 None None] Starting request: 10.222.0.18 "GET /placement/allocations/5a1546a0-ca89-4b7b-8607-18d40100b0ab" {{(pid=108157) __call__ /opt/stack/placement/placement/requestlog.py:55}}
Aug 25 16:51:52.101795 n-d-854121-5 devstack@placement-api.service[108157]: INFO placement.requestlog [req-3f582523-76bb-4517-b031-8a35f0377a0a req-02991121-047b-4ce5-9454-e095c9a1aa62 service placement] 10.222.0.18 "GET /placement/allocations/5a1546a0-ca89-4b7b-8607-18d40100b0ab" status: 200 len: 259 microversion: 1.28
Aug 25 16:51:52.102212 n-d-854121-5 devstack@placement-api.service[108157]: [pid: 108157|app: 0|req: 505/1014] 10.222.0.18 () {60 vars in 1377 bytes} [Thu Aug 25 16:51:52 2022] GET /placement/allocations/5a1546a0-ca89-4b7b-8607-18d40100b0ab => generated 259 bytes in 31 msecs (HTTP/1.1 200) 8 headers in 296 bytes (2 switches on core 0)
Aug 25 16:51:52.546861 n-d-854121-5 devstack@placement-api.service[108158]: DEBUG placement.requestlog [None req-9f456e77-ab43-417a-947a-64380484d80b None None] Starting request: 10.222.0.60 "GET /placement/resource_providers/a58d4d68-5656-4866-9434-9c26c075b522/aggregates" {{(pid=108158) __call__ /opt/stack/placement/placement/requestlog.py:55}}
Aug 25 16:51:52.564650 n-d-854121-5 devstack@placement-api.service[108158]: INFO placement.requestlog [None req-9f456e77-ab43-417a-947a-64380484d80b service placement] 10.222.0.60 "GET /placement/resource_providers/a58d4d68-5656-4866-9434-9c26c075b522/aggregates" status: 404 len: 235 microversion: 1.1
Aug 25 16:51:52.566824 n-d-854121-5 devstack@placement-api.service[108158]: [pid: 108158|app: 0|req: 510/1015] 10.222.0.60 () {58 vars in 1362 bytes} [Thu Aug 25 16:51:52 2022] GET /placement/resource_providers/a58d4d68-5656-4866-9434-9c26c075b522/aggregates => generated 235 bytes in 20 msecs (HTTP/1.1 404) 5 headers in 202 bytes (1 switches on core 0)
Aug 25 16:51:52.607425 n-d-854121-5 devstack@placement-api.service[108157]: DEBUG placement.requestlog [None req-13956c5e-8373-4269-8410-0eb1503ee3ce None None] Starting request: 10.222.0.60 "DELETE /placement/resource_providers/a58d4d68-5656-4866-9434-9c26c075b522" {{(pid=108157) __call__ /opt/stack/placement/placement/requestlog.py:55}}
Aug 25 16:51:52.624736 n-d-854121-5 devstack@placement-api.service[108157]: DEBUG placement.wsgi_wrapper [None req-13956c5e-8373-4269-8410-0eb1503ee3ce service placement] Placement API returning an error response: No resource provider with uuid a58d4d68-5656-4866-9434-9c26c075b522 found for delete {{(pid=108157) call_func /opt/stack/placement/placement/wsgi_wrapper.py:31}}
Aug 25 16:51:52.625632 n-d-854121-5 devstack@placement-api.service[108157]: INFO placement.requestlog [None req-13956c5e-8373-4269-8410-0eb1503ee3ce service placement] 10.222.0.60 "DELETE /placement/resource_providers/a58d4d68-5656-4866-9434-9c26c075b522" status: 404 len: 246 microversion: 1.1
Aug 25 16:51:52.626360 n-d-854121-5 devstack@placement-api.service[108157]: [pid: 108157|app: 0|req: 506/1016] 10.222.0.60 () {60 vars in 1351 bytes} [Thu Aug 25 16:51:52 2022] DELETE /placement/resource_providers/a58d4d68-5656-4866-9434-9c26c075b522 => generated 246 bytes in 19 msecs (HTTP/1.1 404) 6 headers in 231 bytes (1 switches on core 0)
Aug 25 16:51:55.719408 n-d-854121-5 devstack@placement-api.service[108158]: DEBUG placement.requestlog [req-e28d9c33-546e-4470-86e5-e88d915d0a5d req-7ffc08cc-b501-40ca-90b7-f19ab150b2d1 None None] Starting request: 10.222.0.60 "GET /placement/allocation_candidates?limit=1000&resources=DISK_GB%3A1%2CMEMORY_MB%3A1024%2CVCPU%3A1&root_required=%21COMPUTE_STATUS_DISABLED" {{(pid=108158) __call__ /opt/stack/placement/placement/requestlog.py:55}}
Aug 25 16:51:55.825020 n-d-854121-5 devstack@placement-api.service[108158]: DEBUG placement.objects.research_context [req-e28d9c33-546e-4470-86e5-e88d915d0a5d req-7ffc08cc-b501-40ca-90b7-f19ab150b2d1 service placement] getting providers with 1 DISK_GB {{(pid=108158) __init__ /opt/stack/placement/placement/objects/research_context.py:136}}
Aug 25 16:51:55.846138 n-d-854121-5 devstack@placement-api.service[108158]: DEBUG placement.objects.research_context [req-e28d9c33-546e-4470-86e5-e88d915d0a5d req-7ffc08cc-b501-40ca-90b7-f19ab150b2d1 service placement] getting providers with 1024 MEMORY_MB {{(pid=108158) __init__ /opt/stack/placement/placement/objects/research_context.py:136}}
Aug 25 16:51:55.864116 n-d-854121-5 devstack@placement-api.service[108158]: DEBUG placement.objects.research_context [req-e28d9c33-546e-4470-86e5-e88d915d0a5d req-7ffc08cc-b501-40ca-90b7-f19ab150b2d1 service placement] getting providers with 1 VCPU {{(pid=108158) __init__ /opt/stack/placement/placement/objects/research_context.py:136}}
Aug 25 16:51:55.884013 n-d-854121-5 devstack@placement-api.service[108158]: DEBUG placement.objects.research_context [req-e28d9c33-546e-4470-86e5-e88d915d0a5d req-7ffc08cc-b501-40ca-90b7-f19ab150b2d1 service placement] found 2 providers with available 1 DISK_GB {{(pid=108158) get_provider_ids_matching /opt/stack/placement/placement/objects/research_context.py:563}}
Aug 25 16:51:55.889560 n-d-854121-5 devstack@placement-api.service[108158]: DEBUG placement.objects.research_context [req-e28d9c33-546e-4470-86e5-e88d915d0a5d req-7ffc08cc-b501-40ca-90b7-f19ab150b2d1 service placement] found 2 providers with available 1024 MEMORY_MB {{(pid=108158) get_provider_ids_matching /opt/stack/placement/placement/objects/research_context.py:563}}
Aug 25 16:51:55.889837 n-d-854121-5 devstack@placement-api.service[108158]: DEBUG placement.objects.research_context [req-e28d9c33-546e-4470-86e5-e88d915d0a5d req-7ffc08cc-b501-40ca-90b7-f19ab150b2d1 service placement] found 2 providers after filtering by previous result {{(pid=108158) get_provider_ids_matching /opt/stack/placement/placement/objects/research_context.py:594}}
Aug 25 16:51:55.890282 n-d-854121-5 devstack@placement-api.service[108158]: DEBUG placement.objects.research_context [req-e28d9c33-546e-4470-86e5-e88d915d0a5d req-7ffc08cc-b501-40ca-90b7-f19ab150b2d1 service placement] found 2 providers with available 1 VCPU {{(pid=108158) get_provider_ids_matching /opt/stack/placement/placement/objects/research_context.py:563}}
Aug 25 16:51:55.891856 n-d-854121-5 devstack@placement-api.service[108158]: DEBUG placement.objects.research_context [req-e28d9c33-546e-4470-86e5-e88d915d0a5d req-7ffc08cc-b501-40ca-90b7-f19ab150b2d1 service placement] found 2 providers after filtering by previous result {{(pid=108158) get_provider_ids_matching /opt/stack/placement/placement/objects/research_context.py:594}}
Aug 25 16:51:55.912895 n-d-854121-5 devstack@placement-api.service[108158]: DEBUG placement.objects.allocation_candidate [req-e28d9c33-546e-4470-86e5-e88d915d0a5d req-7ffc08cc-b501-40ca-90b7-f19ab150b2d1 service placement] RequestGroup(use_same_provider=False, resources={DISK_GB:1, MEMORY_MB:1024, VCPU:1}, traits=(), aggregates=[]) (suffix '') returned 2 matches {{(pid=108158) _get_by_requests /opt/stack/placement/placement/objects/allocation_candidate.py:156}}
Aug 25 16:51:55.913514 n-d-854121-5 devstack@placement-api.service[108158]: DEBUG placement.objects.allocation_candidate [req-e28d9c33-546e-4470-86e5-e88d915d0a5d req-7ffc08cc-b501-40ca-90b7-f19ab150b2d1 service placement] Merging candidates yields 2 allocation requests and 2 provider summaries {{(pid=108158) _merge_candidates /opt/stack/placement/placement/objects/allocation_candidate.py:809}}
Aug 25 16:51:55.920485 n-d-854121-5 devstack@placement-api.service[108158]: INFO placement.requestlog [req-e28d9c33-546e-4470-86e5-e88d915d0a5d req-7ffc08cc-b501-40ca-90b7-f19ab150b2d1 service placement] 10.222.0.60 "GET /placement/allocation_candidates?limit=1000&resources=DISK_GB%3A1%2CMEMORY_MB%3A1024%2CVCPU%3A1&root_required=%21COMPUTE_STATUS_DISABLED" status: 200 len: 1309 microversion: 1.36
Aug 25 16:51:55.930231 n-d-854121-5 devstack@placement-api.service[108158]: [pid: 108158|app: 0|req: 511/1017] 10.222.0.60 () {60 vars in 1506 bytes} [Thu Aug 25 16:51:55 2022] GET /placement/allocation_candidates?limit=1000&resources=DISK_GB%3A1%2CMEMORY_MB%3A1024%2CVCPU%3A1&root_required=%21COMPUTE_STATUS_DISABLED => generated 1309 bytes in 211 msecs (HTTP/1.1 200) 8 headers in 297 bytes (1 switches on core 0)
Aug 25 16:51:56.009728 n-d-854121-5 devstack@placement-api.service[108157]: DEBUG placement.requestlog [req-e28d9c33-546e-4470-86e5-e88d915d0a5d req-f60e1206-6969-4e65-99a0-53d62ae78b19 None None] Starting request: 10.222.0.60 "GET /placement/allocations/a9653ed7-a3f6-4b5c-b9ad-92cb5aa19b87" {{(pid=108157) __call__ /opt/stack/placement/placement/requestlog.py:55}}
Aug 25 16:51:56.024100 n-d-854121-5 devstack@placement-api.service[108157]: INFO placement.requestlog [req-e28d9c33-546e-4470-86e5-e88d915d0a5d req-f60e1206-6969-4e65-99a0-53d62ae78b19 service placement] 10.222.0.60 "GET /placement/allocations/a9653ed7-a3f6-4b5c-b9ad-92cb5aa19b87" status: 200 len: 19 microversion: 1.28
Aug 25 16:51:56.025063 n-d-854121-5 devstack@placement-api.service[108157]: [pid: 108157|app: 0|req: 507/1018] 10.222.0.60 () {60 vars in 1380 bytes} [Thu Aug 25 16:51:56 2022] GET /placement/allocations/a9653ed7-a3f6-4b5c-b9ad-92cb5aa19b87 => generated 19 bytes in 15 msecs (HTTP/1.1 200) 8 headers in 295 bytes (1 switches on core 0)
Aug 25 16:51:56.032379 n-d-854121-5 devstack@placement-api.service[108158]: DEBUG placement.requestlog [req-e28d9c33-546e-4470-86e5-e88d915d0a5d req-9395c77a-151e-4209-b6f7-173e5cf8fb0a None None] Starting request: 10.222.0.60 "PUT /placement/allocations/a9653ed7-a3f6-4b5c-b9ad-92cb5aa19b87" {{(pid=108158) __call__ /opt/stack/placement/placement/requestlog.py:55}}
Aug 25 16:51:56.181362 n-d-854121-5 devstack@placement-api.service[108158]: DEBUG placement.handlers.allocation [req-e28d9c33-546e-4470-86e5-e88d915d0a5d req-9395c77a-151e-4209-b6f7-173e5cf8fb0a service placement] Successfully wrote allocations [, , ] {{(pid=108158) _update_consumers_and_create_allocations /opt/stack/placement/placement/handlers/allocation.py:462}}
Aug 25 16:51:56.259296 n-d-854121-5 devstack@placement-api.service[108158]: INFO placement.requestlog [req-e28d9c33-546e-4470-86e5-e88d915d0a5d req-9395c77a-151e-4209-b6f7-173e5cf8fb0a service placement] 10.222.0.60 "PUT /placement/allocations/a9653ed7-a3f6-4b5c-b9ad-92cb5aa19b87" status: 204 len: 0 microversion: 1.36
Aug 25 16:51:56.263740 n-d-854121-5 devstack@placement-api.service[108158]: [pid: 108158|app: 0|req: 512/1019] 10.222.0.60 () {64 vars in 1433 bytes} [Thu Aug 25 16:51:56 2022] PUT /placement/allocations/a9653ed7-a3f6-4b5c-b9ad-92cb5aa19b87 => generated 0 bytes in 228 msecs (HTTP/1.1 204) 5 headers in 199 bytes (1 switches on core 0)
Aug 25 16:51:56.329429 n-d-854121-5 devstack@placement-api.service[108157]: DEBUG placement.requestlog [req-93110af8-0590-4616-bdfe-f70570264f8a req-6b5eaeff-fd48-4383-bdad-0399df166ef5 None None] Starting request: 10.222.0.18 "GET /placement/resource_providers/76f72327-2a00-4c5e-8a2a-79e59101b75b/allocations" {{(pid=108157) __call__ /opt/stack/placement/placement/requestlog.py:55}}
Aug 25 16:51:56.367594 n-d-854121-5 devstack@placement-api.service[108157]: INFO placement.requestlog [req-93110af8-0590-4616-bdfe-f70570264f8a req-6b5eaeff-fd48-4383-bdad-0399df166ef5 service placement] 10.222.0.18 "GET /placement/resource_providers/76f72327-2a00-4c5e-8a2a-79e59101b75b/allocations" status: 200 len: 558 microversion: 1.0
Aug 25 16:51:56.368716 n-d-854121-5 devstack@placement-api.service[108157]: [pid: 108157|app: 0|req: 508/1020] 10.222.0.18 () {58 vars in 1390 bytes} [Thu Aug 25 16:51:56 2022] GET /placement/resource_providers/76f72327-2a00-4c5e-8a2a-79e59101b75b/allocations => generated 558 bytes in 41 msecs (HTTP/1.1 200) 6 headers in 224 bytes (1 switches on core 0)
Aug 25 16:51:57.014753 n-d-854121-5 devstack@placement-api.service[108158]: DEBUG placement.requestlog [req-e28d9c33-546e-4470-86e5-e88d915d0a5d req-738d9a8b-d59d-4064-a3a6-bf10e668b3ff None None] Starting request: 10.222.0.64 "GET /placement/allocations/a9653ed7-a3f6-4b5c-b9ad-92cb5aa19b87" {{(pid=108158) __call__ /opt/stack/placement/placement/requestlog.py:55}}
Aug 25 16:51:57.061048 n-d-854121-5 devstack@placement-api.service[108158]: INFO placement.requestlog [req-e28d9c33-546e-4470-86e5-e88d915d0a5d req-738d9a8b-d59d-4064-a3a6-bf10e668b3ff service placement] 10.222.0.64 "GET /placement/allocations/a9653ed7-a3f6-4b5c-b9ad-92cb5aa19b87" status: 200 len: 259 microversion: 1.28
Aug 25 16:51:57.062572 n-d-854121-5 devstack@placement-api.service[108158]: [pid: 108158|app: 0|req: 513/1021] 10.222.0.64 () {60 vars in 1377 bytes} [Thu Aug 25 16:51:57 2022] GET /placement/allocations/a9653ed7-a3f6-4b5c-b9ad-92cb5aa19b87 => generated 259 bytes in 48 msecs (HTTP/1.1 200) 8 headers in 296 bytes (1 switches on core 0)
Aug 25 16:52:01.342732 n-d-854121-5 devstack@placement-api.service[108157]: DEBUG placement.requestlog [None req-a5be3ebd-7622-4cf9-ab51-d56ec7646c8a None None] Starting request: 10.222.0.60 "GET /placement/resource_providers/ee7e44a8-b177-46c1-8002-4eb7dbb03bfe/aggregates" {{(pid=108157) __call__ /opt/stack/placement/placement/requestlog.py:55}}
Aug 25 16:52:01.359370 n-d-854121-5 devstack@placement-api.service[108157]: INFO placement.requestlog [None req-a5be3ebd-7622-4cf9-ab51-d56ec7646c8a service placement] 10.222.0.60 "GET /placement/resource_providers/ee7e44a8-b177-46c1-8002-4eb7dbb03bfe/aggregates" status: 404 len: 235 microversion: 1.1
Aug 25 16:52:01.363750 n-d-854121-5 devstack@placement-api.service[108157]: [pid: 108157|app: 0|req: 509/1022] 10.222.0.60 () {58 vars in 1362 bytes} [Thu Aug 25 16:52:01 2022] GET /placement/resource_providers/ee7e44a8-b177-46c1-8002-4eb7dbb03bfe/aggregates => generated 235 bytes in 21 msecs (HTTP/1.1 404) 5 headers in 202 bytes (1 switches on core 0)
Aug 25 16:52:01.452511 n-d-854121-5 devstack@placement-api.service[108158]: DEBUG placement.requestlog [None req-df6ceed8-0dc7-406b-9d37-acd348b006e2 None None] Starting request: 10.222.0.60 "DELETE /placement/resource_providers/ee7e44a8-b177-46c1-8002-4eb7dbb03bfe" {{(pid=108158) __call__ /opt/stack/placement/placement/requestlog.py:55}}
Aug 25 16:52:01.479588 n-d-854121-5 devstack@placement-api.service[108158]: DEBUG placement.wsgi_wrapper [None req-df6ceed8-0dc7-406b-9d37-acd348b006e2 service placement] Placement API returning an error response: No resource provider with uuid ee7e44a8-b177-46c1-8002-4eb7dbb03bfe found for delete {{(pid=108158) call_func /opt/stack/placement/placement/wsgi_wrapper.py:31}}
Aug 25 16:52:01.481311 n-d-854121-5 devstack@placement-api.service[108158]: INFO placement.requestlog [None req-df6ceed8-0dc7-406b-9d37-acd348b006e2 service placement] 10.222.0.60 "DELETE /placement/resource_providers/ee7e44a8-b177-46c1-8002-4eb7dbb03bfe" status: 404 len: 246 microversion: 1.1
Aug 25 16:52:01.484456 n-d-854121-5 devstack@placement-api.service[108158]: [pid: 108158|app: 0|req: 514/1023] 10.222.0.60 () {60 vars in 1351 bytes} [Thu Aug 25 16:52:01 2022] DELETE /placement/resource_providers/ee7e44a8-b177-46c1-8002-4eb7dbb03bfe => generated 246 bytes in 32 msecs (HTTP/1.1 404) 6 headers in 231 bytes (1 switches on core 0)
Aug 25 16:52:01.575292 n-d-854121-5 devstack@placement-api.service[108157]: DEBUG placement.requestlog [req-4effb6ed-4c6a-40c7-a319-f175fc0ed1f3 req-71c027ce-837a-4674-a16c-7be3815cbe2a None None] Starting request: 10.222.0.64 "GET /placement/resource_providers/b8b95753-5fa2-4049-ae99-9c9f5daf752c/allocations" {{(pid=108157) __call__ /opt/stack/placement/placement/requestlog.py:55}}
Aug 25 16:52:01.651863 n-d-854121-5 devstack@placement-api.service[108157]: INFO placement.requestlog [req-4effb6ed-4c6a-40c7-a319-f175fc0ed1f3 req-71c027ce-837a-4674-a16c-7be3815cbe2a service placement] 10.222.0.64 "GET /placement/resource_providers/b8b95753-5fa2-4049-ae99-9c9f5daf752c/allocations" status: 200 len: 457 microversion: 1.0
Aug 25 16:52:01.656447 n-d-854121-5 devstack@placement-api.service[108157]: [pid: 108157|app: 0|req: 510/1024] 10.222.0.64 () {58 vars in 1390 bytes} [Thu Aug 25 16:52:01 2022] GET /placement/resource_providers/b8b95753-5fa2-4049-ae99-9c9f5daf752c/allocations => generated 457 bytes in 79 msecs (HTTP/1.1 200) 6 headers in 224 bytes (1 switches on core 0)
Aug 25 16:52:03.629744 n-d-854121-5 devstack@placement-api.service[108158]: DEBUG placement.requestlog [None req-f847eafd-8474-4f43-98ec-ad4d07272089 None None] Starting request: 10.222.0.60 "GET /placement/resource_providers/6f12fb3b-d1ed-4cd5-a59a-b45c0d5ec059/aggregates" {{(pid=108158) __call__ /opt/stack/placement/placement/requestlog.py:55}}
Aug 25 16:52:03.645307 n-d-854121-5 devstack@placement-api.service[108158]: INFO placement.requestlog [None req-f847eafd-8474-4f43-98ec-ad4d07272089 service placement] 10.222.0.60 "GET /placement/resource_providers/6f12fb3b-d1ed-4cd5-a59a-b45c0d5ec059/aggregates" status: 404 len: 235 microversion: 1.1
Aug 25 16:52:03.647229 n-d-854121-5 devstack@placement-api.service[108158]: [pid: 108158|app: 0|req: 515/1025] 10.222.0.60 () {58 vars in 1362 bytes} [Thu Aug 25 16:52:03 2022] GET /placement/resource_providers/6f12fb3b-d1ed-4cd5-a59a-b45c0d5ec059/aggregates => generated 235 bytes in 17 msecs (HTTP/1.1 404) 5 headers in 202 bytes (1 switches on core 0)
Aug 25 16:52:03.660402 n-d-854121-5 devstack@placement-api.service[108157]: DEBUG placement.requestlog [None req-36787147-e3a4-4bcb-8116-990c626d975f None None] Starting request: 10.222.0.60 "DELETE /placement/resource_providers/6f12fb3b-d1ed-4cd5-a59a-b45c0d5ec059" {{(pid=108157) __call__ /opt/stack/placement/placement/requestlog.py:55}}
Aug 25 16:52:03.672150 n-d-854121-5 devstack@placement-api.service[108157]: DEBUG placement.wsgi_wrapper [None req-36787147-e3a4-4bcb-8116-990c626d975f service placement] Placement API returning an error response: No resource provider with uuid 6f12fb3b-d1ed-4cd5-a59a-b45c0d5ec059 found for delete {{(pid=108157) call_func /opt/stack/placement/placement/wsgi_wrapper.py:31}}
Aug 25 16:52:03.677037 n-d-854121-5 devstack@placement-api.service[108157]: INFO placement.requestlog [None req-36787147-e3a4-4bcb-8116-990c626d975f service placement] 10.222.0.60 "DELETE /placement/resource_providers/6f12fb3b-d1ed-4cd5-a59a-b45c0d5ec059" status: 404 len: 246 microversion: 1.1
Aug 25 16:52:03.677562 n-d-854121-5 devstack@placement-api.service[108157]: [pid: 108157|app: 0|req: 511/1026] 10.222.0.60 () {60 vars in 1351 bytes} [Thu Aug 25 16:52:03 2022] DELETE /placement/resource_providers/6f12fb3b-d1ed-4cd5-a59a-b45c0d5ec059 => generated 246 bytes in 17 msecs (HTTP/1.1 404) 6 headers in 231 bytes (1 switches on core 0)
Aug 25 16:52:06.098236 n-d-854121-5 devstack@placement-api.service[108158]: DEBUG placement.requestlog [None req-6a92b9f1-f6dd-4b57-952d-e1de66863554 None None] Starting request: 10.222.0.60 "GET /placement/resource_providers/ee7e44a8-b177-46c1-8002-4eb7dbb03bfe/aggregates" {{(pid=108158) __call__ /opt/stack/placement/placement/requestlog.py:55}}
Aug 25 16:52:06.114811 n-d-854121-5 devstack@placement-api.service[108158]: INFO placement.requestlog [None req-6a92b9f1-f6dd-4b57-952d-e1de66863554 service placement] 10.222.0.60 "GET /placement/resource_providers/ee7e44a8-b177-46c1-8002-4eb7dbb03bfe/aggregates" status: 404 len: 235 microversion: 1.1
Aug 25 16:52:06.115822 n-d-854121-5 devstack@placement-api.service[108158]: [pid: 108158|app: 0|req: 516/1027] 10.222.0.60 () {58 vars in 1362 bytes} [Thu Aug 25 16:52:06 2022] GET /placement/resource_providers/ee7e44a8-b177-46c1-8002-4eb7dbb03bfe/aggregates => generated 235 bytes in 20 msecs (HTTP/1.1 404) 5 headers in 202 bytes (1 switches on core 0)
Aug 25 16:52:06.182729 n-d-854121-5 devstack@placement-api.service[108157]: DEBUG placement.requestlog [None req-cbd1aaa3-55b1-422d-8c76-20f12d1ff240 None None] Starting request: 10.222.0.60 "DELETE /placement/resource_providers/ee7e44a8-b177-46c1-8002-4eb7dbb03bfe" {{(pid=108157) __call__ /opt/stack/placement/placement/requestlog.py:55}}
Aug 25 16:52:06.203438 n-d-854121-5 devstack@placement-api.service[108157]: DEBUG placement.wsgi_wrapper [None req-cbd1aaa3-55b1-422d-8c76-20f12d1ff240 service placement] Placement API returning an error response: No resource provider with uuid ee7e44a8-b177-46c1-8002-4eb7dbb03bfe found for delete {{(pid=108157) call_func /opt/stack/placement/placement/wsgi_wrapper.py:31}}
Aug 25 16:52:06.204214 n-d-854121-5 devstack@placement-api.service[108157]: INFO placement.requestlog [None req-cbd1aaa3-55b1-422d-8c76-20f12d1ff240 service placement] 10.222.0.60 "DELETE /placement/resource_providers/ee7e44a8-b177-46c1-8002-4eb7dbb03bfe" status: 404 len: 246 microversion: 1.1
Aug 25 16:52:06.204570 n-d-854121-5 devstack@placement-api.service[108157]: [pid: 108157|app: 0|req: 512/1028] 10.222.0.60 () {60 vars in 1351 bytes} [Thu Aug 25 16:52:06 2022] DELETE /placement/resource_providers/ee7e44a8-b177-46c1-8002-4eb7dbb03bfe => generated 246 bytes in 22 msecs (HTTP/1.1 404) 6 headers in 231 bytes (1 switches on core 0)
Aug 25 16:52:11.159348 n-d-854121-5 devstack@placement-api.service[108158]: DEBUG placement.requestlog [None req-f602a32d-8b9b-45d7-89b1-7bac3268bb45 None None] Starting request: 10.222.0.60 "GET /placement/resource_providers/4878919a-9b5b-4c8a-b819-31073e91132e/aggregates" {{(pid=108158) __call__ /opt/stack/placement/placement/requestlog.py:55}}
Aug 25 16:52:11.183221 n-d-854121-5 devstack@placement-api.service[108158]: INFO placement.requestlog [None req-f602a32d-8b9b-45d7-89b1-7bac3268bb45 service placement] 10.222.0.60 "GET /placement/resource_providers/4878919a-9b5b-4c8a-b819-31073e91132e/aggregates" status: 404 len: 235 microversion: 1.1
Aug 25 16:52:11.187984 n-d-854121-5 devstack@placement-api.service[108158]: [pid: 108158|app: 0|req: 517/1029] 10.222.0.60 () {58 vars in 1362 bytes} [Thu Aug 25 16:52:11 2022] GET /placement/resource_providers/4878919a-9b5b-4c8a-b819-31073e91132e/aggregates => generated 235 bytes in 29 msecs (HTTP/1.1 404) 5 headers in 202 bytes (1 switches on core 0)
Aug 25 16:52:11.259877 n-d-854121-5 devstack@placement-api.service[108157]: DEBUG placement.requestlog [None req-90c5c111-51de-4e41-8d7c-98318322993f None None] Starting request: 10.222.0.60 "DELETE /placement/resource_providers/4878919a-9b5b-4c8a-b819-31073e91132e" {{(pid=108157) __call__ /opt/stack/placement/placement/requestlog.py:55}}
Aug 25 16:52:11.281470 n-d-854121-5 devstack@placement-api.service[108157]: DEBUG placement.wsgi_wrapper [None req-90c5c111-51de-4e41-8d7c-98318322993f service placement] Placement API returning an error response: No resource provider with uuid 4878919a-9b5b-4c8a-b819-31073e91132e found for delete {{(pid=108157) call_func /opt/stack/placement/placement/wsgi_wrapper.py:31}}
Aug 25 16:52:11.281966 n-d-854121-5 devstack@placement-api.service[108157]: INFO placement.requestlog [None req-90c5c111-51de-4e41-8d7c-98318322993f service placement] 10.222.0.60 "DELETE /placement/resource_providers/4878919a-9b5b-4c8a-b819-31073e91132e" status: 404 len: 246 microversion: 1.1
Aug 25 16:52:11.283702 n-d-854121-5 devstack@placement-api.service[108157]: [pid: 108157|app: 0|req: 513/1030] 10.222.0.60 () {60 vars in 1351 bytes} [Thu Aug 25 16:52:11 2022] DELETE /placement/resource_providers/4878919a-9b5b-4c8a-b819-31073e91132e => generated 246 bytes in 24 msecs (HTTP/1.1 404) 6 headers in 231 bytes (1 switches on core 0)
Aug 25 16:52:11.514541 n-d-854121-5 devstack@placement-api.service[108158]: DEBUG placement.requestlog [None req-534581ad-7a87-43a7-a295-cbe450394358 None None] Starting request: 10.222.0.60 "GET /placement/resource_providers/5ac6e703-b06f-4d7f-8dfa-413d6b20d6ed/aggregates" {{(pid=108158) __call__ /opt/stack/placement/placement/requestlog.py:55}}
Aug 25 16:52:11.540896 n-d-854121-5 devstack@placement-api.service[108158]: INFO placement.requestlog [None req-534581ad-7a87-43a7-a295-cbe450394358 service placement] 10.222.0.60 "GET /placement/resource_providers/5ac6e703-b06f-4d7f-8dfa-413d6b20d6ed/aggregates" status: 404 len: 235 microversion: 1.1
Aug 25 16:52:11.541275 n-d-854121-5 devstack@placement-api.service[108158]: [pid: 108158|app: 0|req: 518/1031] 10.222.0.60 () {58 vars in 1362 bytes} [Thu Aug 25 16:52:11 2022] GET /placement/resource_providers/5ac6e703-b06f-4d7f-8dfa-413d6b20d6ed/aggregates => generated 235 bytes in 27 msecs (HTTP/1.1 404) 5 headers in 202 bytes (1 switches on core 0)
Aug 25 16:52:11.613387 n-d-854121-5 devstack@placement-api.service[108157]: DEBUG placement.requestlog [None req-cfd3bed9-08a7-4ab6-bf1c-f17c2639b864 None None] Starting request: 10.222.0.60 "DELETE /placement/resource_providers/5ac6e703-b06f-4d7f-8dfa-413d6b20d6ed" {{(pid=108157) __call__ /opt/stack/placement/placement/requestlog.py:55}}
Aug 25 16:52:11.636551 n-d-854121-5 devstack@placement-api.service[108157]: DEBUG placement.wsgi_wrapper [None req-cfd3bed9-08a7-4ab6-bf1c-f17c2639b864 service placement] Placement API returning an error response: No resource provider with uuid 5ac6e703-b06f-4d7f-8dfa-413d6b20d6ed found for delete {{(pid=108157) call_func /opt/stack/placement/placement/wsgi_wrapper.py:31}}
Aug 25 16:52:11.638437 n-d-854121-5 devstack@placement-api.service[108157]: INFO placement.requestlog [None req-cfd3bed9-08a7-4ab6-bf1c-f17c2639b864 service placement] 10.222.0.60 "DELETE /placement/resource_providers/5ac6e703-b06f-4d7f-8dfa-413d6b20d6ed" status: 404 len: 246 microversion: 1.1
Aug 25 16:52:11.661571 n-d-854121-5 devstack@placement-api.service[108157]: [pid: 108157|app: 0|req: 514/1032] 10.222.0.60 () {60 vars in 1351 bytes} [Thu Aug 25 16:52:11 2022] DELETE /placement/resource_providers/5ac6e703-b06f-4d7f-8dfa-413d6b20d6ed => generated 246 bytes in 48 msecs (HTTP/1.1 404) 6 headers in 231 bytes (1 switches on core 0)
Aug 25 16:52:15.875117 n-d-854121-5 devstack@placement-api.service[108158]: DEBUG placement.requestlog [None req-08902d13-d858-4b3c-9e2e-7e4b0d8653d3 None None] Starting request: 10.222.0.60 "GET /placement/resource_providers/bef63753-3ce7-4a9f-8f79-17860423120f/aggregates" {{(pid=108158) __call__ /opt/stack/placement/placement/requestlog.py:55}}
Aug 25 16:52:15.893746 n-d-854121-5 devstack@placement-api.service[108158]: DEBUG dbcounter [-] [108158] Writing DB stats placement:SELECT=69,placement:INSERT=8,placement:DELETE=4,placement:UPDATE=4 {{(pid=108158) stat_writer /usr/local/lib/python3.8/dist-packages/dbcounter.py:114}}
Aug 25 16:52:15.907543 n-d-854121-5 devstack@placement-api.service[108158]: INFO placement.requestlog [None req-08902d13-d858-4b3c-9e2e-7e4b0d8653d3 service placement] 10.222.0.60 "GET /placement/resource_providers/bef63753-3ce7-4a9f-8f79-17860423120f/aggregates" status: 404 len: 235 microversion: 1.1
Aug 25 16:52:15.910497 n-d-854121-5 devstack@placement-api.service[108158]: [pid: 108158|app: 0|req: 519/1033] 10.222.0.60 () {58 vars in 1362 bytes} [Thu Aug 25 16:52:15 2022] GET /placement/resource_providers/bef63753-3ce7-4a9f-8f79-17860423120f/aggregates => generated 235 bytes in 35 msecs (HTTP/1.1 404) 5 headers in 202 bytes (1 switches on core 0)
Aug 25 16:52:15.956358 n-d-854121-5 devstack@placement-api.service[108157]: DEBUG placement.requestlog [None req-c52c512f-685d-4608-877a-ddd6bdbd432c None None] Starting request: 10.222.0.60 "DELETE /placement/resource_providers/bef63753-3ce7-4a9f-8f79-17860423120f" {{(pid=108157) __call__ /opt/stack/placement/placement/requestlog.py:55}}
Aug 25 16:52:15.977063 n-d-854121-5 devstack@placement-api.service[108157]: DEBUG dbcounter [-] [108157] Writing DB stats placement:SELECT=42,placement:DELETE=2 {{(pid=108157) stat_writer /usr/local/lib/python3.8/dist-packages/dbcounter.py:114}}
