Aug 29 23:28:01.837158 n-d-854121-11 devstack@placement-api.service[107804]: [pid: 107804|app: 0|req: 571/1137] 10.222.0.69 () {60 vars in 1506 bytes} [Mon Aug 29 23:28:01 2022] GET /placement/allocation_candidates?limit=1000&resources=DISK_GB%3A1%2CMEMORY_MB%3A1024%2CVCPU%3A1&root_required=%21COMPUTE_STATUS_DISABLED => generated 1309 bytes in 267 msecs (HTTP/1.1 200) 8 headers in 297 bytes (1 switches on core 0)
Aug 29 23:28:01.996439 n-d-854121-11 devstack@placement-api.service[107803]: DEBUG placement.requestlog [req-ad6c544a-d075-447b-91e6-4c67b3c109dc req-06211caa-c8f2-466a-abf0-68e53dcb6797 None None] Starting request: 10.222.0.69 "GET /placement/allocations/e9c58d8c-e840-4f9a-8456-19a2d54abed1" {{(pid=107803) __call__ /opt/stack/placement/placement/requestlog.py:55}}
Aug 29 23:28:02.035556 n-d-854121-11 devstack@placement-api.service[107803]: INFO placement.requestlog [req-ad6c544a-d075-447b-91e6-4c67b3c109dc req-06211caa-c8f2-466a-abf0-68e53dcb6797 service placement] 10.222.0.69 "GET /placement/allocations/e9c58d8c-e840-4f9a-8456-19a2d54abed1" status: 200 len: 19 microversion: 1.28
Aug 29 23:28:02.050056 n-d-854121-11 devstack@placement-api.service[107804]: DEBUG placement.requestlog [req-ad6c544a-d075-447b-91e6-4c67b3c109dc req-bcfb4d14-6786-48fc-b86f-acc914124189 None None] Starting request: 10.222.0.69 "PUT /placement/allocations/e9c58d8c-e840-4f9a-8456-19a2d54abed1" {{(pid=107804) __call__ /opt/stack/placement/placement/requestlog.py:55}}
Aug 29 23:28:02.068882 n-d-854121-11 devstack@placement-api.service[107803]: [pid: 107803|app: 0|req: 567/1138] 10.222.0.69 () {60 vars in 1380 bytes} [Mon Aug 29 23:28:01 2022] GET /placement/allocations/e9c58d8c-e840-4f9a-8456-19a2d54abed1 => generated 19 bytes in 73 msecs (HTTP/1.1 200) 8 headers in 295 bytes (2 switches on core 0)
Aug 29 23:28:02.221718 n-d-854121-11 devstack@placement-api.service[107804]: DEBUG placement.handlers.allocation [req-ad6c544a-d075-447b-91e6-4c67b3c109dc req-bcfb4d14-6786-48fc-b86f-acc914124189 service placement] Successfully wrote allocations [, , ] {{(pid=107804) _update_consumers_and_create_allocations /opt/stack/placement/placement/handlers/allocation.py:462}}
Aug 29 23:28:02.230165 n-d-854121-11 devstack@placement-api.service[107804]: INFO placement.requestlog [req-ad6c544a-d075-447b-91e6-4c67b3c109dc req-bcfb4d14-6786-48fc-b86f-acc914124189 service placement] 10.222.0.69 "PUT /placement/allocations/e9c58d8c-e840-4f9a-8456-19a2d54abed1" status: 204 len: 0 microversion: 1.36
Aug 29 23:28:02.231721 n-d-854121-11 devstack@placement-api.service[107804]: [pid: 107804|app: 0|req: 572/1139] 10.222.0.69 () {64 vars in 1433 bytes} [Mon Aug 29 23:28:02 2022] PUT /placement/allocations/e9c58d8c-e840-4f9a-8456-19a2d54abed1 => generated 0 bytes in 182 msecs (HTTP/1.1 204) 5 headers in 199 bytes (1 switches on core 0)
Aug 29 23:28:02.878523 n-d-854121-11 devstack@placement-api.service[107803]: DEBUG placement.requestlog [req-ad6c544a-d075-447b-91e6-4c67b3c109dc req-bbdd9202-4076-433e-9285-7e2336b26736 None None] Starting request: 10.222.0.64 "GET /placement/allocations/e9c58d8c-e840-4f9a-8456-19a2d54abed1" {{(pid=107803) __call__ /opt/stack/placement/placement/requestlog.py:55}}
Aug 29 23:28:02.919946 n-d-854121-11 devstack@placement-api.service[107803]: INFO placement.requestlog [req-ad6c544a-d075-447b-91e6-4c67b3c109dc req-bbdd9202-4076-433e-9285-7e2336b26736 service placement] 10.222.0.64 "GET /placement/allocations/e9c58d8c-e840-4f9a-8456-19a2d54abed1" status: 200 len: 259 microversion: 1.28
Aug 29 23:28:02.923031 n-d-854121-11 devstack@placement-api.service[107803]: [pid: 107803|app: 0|req: 568/1140] 10.222.0.64 () {60 vars in 1377 bytes} [Mon Aug 29 23:28:02 2022] GET /placement/allocations/e9c58d8c-e840-4f9a-8456-19a2d54abed1 => generated 259 bytes in 43 msecs (HTTP/1.1 200) 8 headers in 296 bytes (1 switches on core 0)
Aug 29 23:28:03.174290 n-d-854121-11 devstack@placement-api.service[107804]: DEBUG placement.requestlog [req-6286aa3b-31ce-429f-b3a8-a077530d0356 req-82e1db8c-964a-4ac8-9eee-1d5888856951 None None] Starting request: 10.222.0.64 "GET /placement/resource_providers/8e8306c2-c248-40df-bd6a-b3eb194cdb07/allocations" {{(pid=107804) __call__ /opt/stack/placement/placement/requestlog.py:55}}
Aug 29 23:28:03.213086 n-d-854121-11 devstack@placement-api.service[107803]: DEBUG placement.requestlog [req-ad6c544a-d075-447b-91e6-4c67b3c109dc req-310185f0-a96e-45b3-80d8-f57298f49433 None None] Starting request: 10.222.0.64 "GET /placement/resource_providers/8e8306c2-c248-40df-bd6a-b3eb194cdb07/allocations" {{(pid=107803) __call__ /opt/stack/placement/placement/requestlog.py:55}}
Aug 29 23:28:03.301653 n-d-854121-11 devstack@placement-api.service[107804]: INFO placement.requestlog [req-6286aa3b-31ce-429f-b3a8-a077530d0356 req-82e1db8c-964a-4ac8-9eee-1d5888856951 service placement] 10.222.0.64 "GET /placement/resource_providers/8e8306c2-c248-40df-bd6a-b3eb194cdb07/allocations" status: 200 len: 659 microversion: 1.0
Aug 29 23:28:03.304119 n-d-854121-11 devstack@placement-api.service[107804]: [pid: 107804|app: 0|req: 573/1141] 10.222.0.64 () {58 vars in 1390 bytes} [Mon Aug 29 23:28:03 2022] GET /placement/resource_providers/8e8306c2-c248-40df-bd6a-b3eb194cdb07/allocations => generated 659 bytes in 130 msecs (HTTP/1.1 200) 6 headers in 224 bytes (1 switches on core 0)
Aug 29 23:28:03.312921 n-d-854121-11 devstack@placement-api.service[107804]: DEBUG placement.requestlog [req-6286aa3b-31ce-429f-b3a8-a077530d0356 req-c93fe446-1d9a-4904-890a-b77e788386f5 None None] Starting request: 10.222.0.64 "GET /placement/allocations/d725d050-8663-4b0c-a3ad-69362db08480" {{(pid=107804) __call__ /opt/stack/placement/placement/requestlog.py:55}}
Aug 29 23:28:03.342240 n-d-854121-11 devstack@placement-api.service[107803]: INFO placement.requestlog [req-ad6c544a-d075-447b-91e6-4c67b3c109dc req-310185f0-a96e-45b3-80d8-f57298f49433 service placement] 10.222.0.64 "GET /placement/resource_providers/8e8306c2-c248-40df-bd6a-b3eb194cdb07/allocations" status: 200 len: 659 microversion: 1.0
Aug 29 23:28:03.342746 n-d-854121-11 devstack@placement-api.service[107803]: [pid: 107803|app: 0|req: 569/1142] 10.222.0.64 () {58 vars in 1390 bytes} [Mon Aug 29 23:28:03 2022] GET /placement/resource_providers/8e8306c2-c248-40df-bd6a-b3eb194cdb07/allocations => generated 659 bytes in 130 msecs (HTTP/1.1 200) 6 headers in 224 bytes (1 switches on core 0)
Aug 29 23:28:03.359551 n-d-854121-11 devstack@placement-api.service[107803]: DEBUG placement.requestlog [req-ad6c544a-d075-447b-91e6-4c67b3c109dc req-a5e456d2-9cf1-46ef-bcd9-3f38512daf67 None None] Starting request: 10.222.0.64 "GET /placement/allocations/d725d050-8663-4b0c-a3ad-69362db08480" {{(pid=107803) __call__ /opt/stack/placement/placement/requestlog.py:55}}
Aug 29 23:28:03.399082 n-d-854121-11 devstack@placement-api.service[107804]: INFO placement.requestlog [req-6286aa3b-31ce-429f-b3a8-a077530d0356 req-c93fe446-1d9a-4904-890a-b77e788386f5 service placement] 10.222.0.64 "GET /placement/allocations/d725d050-8663-4b0c-a3ad-69362db08480" status: 200 len: 259 microversion: 1.28
Aug 29 23:28:03.400037 n-d-854121-11 devstack@placement-api.service[107804]: [pid: 107804|app: 0|req: 574/1143] 10.222.0.64 () {60 vars in 1377 bytes} [Mon Aug 29 23:28:03 2022] GET /placement/allocations/d725d050-8663-4b0c-a3ad-69362db08480 => generated 259 bytes in 88 msecs (HTTP/1.1 200) 8 headers in 296 bytes (2 switches on core 0)
Aug 29 23:28:03.409459 n-d-854121-11 devstack@placement-api.service[107804]: DEBUG placement.requestlog [req-6286aa3b-31ce-429f-b3a8-a077530d0356 req-a29da36f-e4f4-48a8-bb9a-a43bd42dad7d None None] Starting request: 10.222.0.64 "GET /placement/allocations/68311c5e-8f52-427f-a3de-1d961c62ab8d" {{(pid=107804) __call__ /opt/stack/placement/placement/requestlog.py:55}}
Aug 29 23:28:03.431102 n-d-854121-11 devstack@placement-api.service[107803]: INFO placement.requestlog [req-ad6c544a-d075-447b-91e6-4c67b3c109dc req-a5e456d2-9cf1-46ef-bcd9-3f38512daf67 service placement] 10.222.0.64 "GET /placement/allocations/d725d050-8663-4b0c-a3ad-69362db08480" status: 200 len: 259 microversion: 1.28
Aug 29 23:28:03.431500 n-d-854121-11 devstack@placement-api.service[107803]: [pid: 107803|app: 0|req: 570/1144] 10.222.0.64 () {60 vars in 1377 bytes} [Mon Aug 29 23:28:03 2022] GET /placement/allocations/d725d050-8663-4b0c-a3ad-69362db08480 => generated 259 bytes in 74 msecs (HTTP/1.1 200) 8 headers in 296 bytes (1 switches on core 0)
Aug 29 23:28:03.439983 n-d-854121-11 devstack@placement-api.service[107803]: DEBUG placement.requestlog [req-ad6c544a-d075-447b-91e6-4c67b3c109dc req-6329f357-fa8c-41b8-a83d-7e432312d56c None None] Starting request: 10.222.0.64 "GET /placement/allocations/68311c5e-8f52-427f-a3de-1d961c62ab8d" {{(pid=107803) __call__ /opt/stack/placement/placement/requestlog.py:55}}
Aug 29 23:28:03.472717 n-d-854121-11 devstack@placement-api.service[107804]: INFO placement.requestlog [req-6286aa3b-31ce-429f-b3a8-a077530d0356 req-a29da36f-e4f4-48a8-bb9a-a43bd42dad7d service placement] 10.222.0.64 "GET /placement/allocations/68311c5e-8f52-427f-a3de-1d961c62ab8d" status: 200 len: 259 microversion: 1.28
Aug 29 23:28:03.476062 n-d-854121-11 devstack@placement-api.service[107804]: [pid: 107804|app: 0|req: 575/1145] 10.222.0.64 () {60 vars in 1377 bytes} [Mon Aug 29 23:28:03 2022] GET /placement/allocations/68311c5e-8f52-427f-a3de-1d961c62ab8d => generated 259 bytes in 67 msecs (HTTP/1.1 200) 8 headers in 296 bytes (1 switches on core 0)
Aug 29 23:28:03.485025 n-d-854121-11 devstack@placement-api.service[107804]: DEBUG placement.requestlog [req-6286aa3b-31ce-429f-b3a8-a077530d0356 req-6e1fb75d-e77d-4d20-b963-a6ada6293fbd None None] Starting request: 10.222.0.64 "GET /placement/allocations/276a2497-20d8-47a0-9351-60aaf4299d55" {{(pid=107804) __call__ /opt/stack/placement/placement/requestlog.py:55}}
Aug 29 23:28:03.492587 n-d-854121-11 devstack@placement-api.service[107803]: INFO placement.requestlog [req-ad6c544a-d075-447b-91e6-4c67b3c109dc req-6329f357-fa8c-41b8-a83d-7e432312d56c service placement] 10.222.0.64 "GET /placement/allocations/68311c5e-8f52-427f-a3de-1d961c62ab8d" status: 200 len: 259 microversion: 1.28
Aug 29 23:28:03.495392 n-d-854121-11 devstack@placement-api.service[107803]: [pid: 107803|app: 0|req: 571/1146] 10.222.0.64 () {60 vars in 1377 bytes} [Mon Aug 29 23:28:03 2022] GET /placement/allocations/68311c5e-8f52-427f-a3de-1d961c62ab8d => generated 259 bytes in 56 msecs (HTTP/1.1 200) 8 headers in 296 bytes (1 switches on core 0)
Aug 29 23:28:03.501309 n-d-854121-11 devstack@placement-api.service[107803]: DEBUG placement.requestlog [req-ad6c544a-d075-447b-91e6-4c67b3c109dc req-a173fe3b-781b-412f-b2be-bc85004698fe None None] Starting request: 10.222.0.64 "GET /placement/allocations/276a2497-20d8-47a0-9351-60aaf4299d55" {{(pid=107803) __call__ /opt/stack/placement/placement/requestlog.py:55}}
Aug 29 23:28:03.530752 n-d-854121-11 devstack@placement-api.service[107804]: INFO placement.requestlog [req-6286aa3b-31ce-429f-b3a8-a077530d0356 req-6e1fb75d-e77d-4d20-b963-a6ada6293fbd service placement] 10.222.0.64 "GET /placement/allocations/276a2497-20d8-47a0-9351-60aaf4299d55" status: 200 len: 259 microversion: 1.28
Aug 29 23:28:03.542425 n-d-854121-11 devstack@placement-api.service[107804]: [pid: 107804|app: 0|req: 576/1147] 10.222.0.64 () {60 vars in 1377 bytes} [Mon Aug 29 23:28:03 2022] GET /placement/allocations/276a2497-20d8-47a0-9351-60aaf4299d55 => generated 259 bytes in 58 msecs (HTTP/1.1 200) 8 headers in 296 bytes (2 switches on core 0)
Aug 29 23:28:03.548971 n-d-854121-11 devstack@placement-api.service[107804]: DEBUG placement.requestlog [req-6286aa3b-31ce-429f-b3a8-a077530d0356 req-a9017602-1a5a-4430-994a-9aed59197523 None None] Starting request: 10.222.0.64 "GET /placement/allocations/e9c58d8c-e840-4f9a-8456-19a2d54abed1" {{(pid=107804) __call__ /opt/stack/placement/placement/requestlog.py:55}}
Aug 29 23:28:03.560467 n-d-854121-11 devstack@placement-api.service[107803]: INFO placement.requestlog [req-ad6c544a-d075-447b-91e6-4c67b3c109dc req-a173fe3b-781b-412f-b2be-bc85004698fe service placement] 10.222.0.64 "GET /placement/allocations/276a2497-20d8-47a0-9351-60aaf4299d55" status: 200 len: 259 microversion: 1.28
Aug 29 23:28:03.567242 n-d-854121-11 devstack@placement-api.service[107803]: [pid: 107803|app: 0|req: 572/1148] 10.222.0.64 () {60 vars in 1377 bytes} [Mon Aug 29 23:28:03 2022] GET /placement/allocations/276a2497-20d8-47a0-9351-60aaf4299d55 => generated 259 bytes in 67 msecs (HTTP/1.1 200) 8 headers in 296 bytes (1 switches on core 0)
Aug 29 23:28:03.580426 n-d-854121-11 devstack@placement-api.service[107803]: DEBUG placement.requestlog [req-ad6c544a-d075-447b-91e6-4c67b3c109dc req-9db45219-1a78-473b-986a-6de5a9c96330 None None] Starting request: 10.222.0.64 "GET /placement/allocations/e9c58d8c-e840-4f9a-8456-19a2d54abed1" {{(pid=107803) __call__ /opt/stack/placement/placement/requestlog.py:55}}
Aug 29 23:28:03.638310 n-d-854121-11 devstack@placement-api.service[107804]: INFO placement.requestlog [req-6286aa3b-31ce-429f-b3a8-a077530d0356 req-a9017602-1a5a-4430-994a-9aed59197523 service placement] 10.222.0.64 "GET /placement/allocations/e9c58d8c-e840-4f9a-8456-19a2d54abed1" status: 200 len: 259 microversion: 1.28
Aug 29 23:28:03.638929 n-d-854121-11 devstack@placement-api.service[107804]: [pid: 107804|app: 0|req: 577/1149] 10.222.0.64 () {60 vars in 1377 bytes} [Mon Aug 29 23:28:03 2022] GET /placement/allocations/e9c58d8c-e840-4f9a-8456-19a2d54abed1 => generated 259 bytes in 90 msecs (HTTP/1.1 200) 8 headers in 296 bytes (2 switches on core 0)
Aug 29 23:28:03.681445 n-d-854121-11 devstack@placement-api.service[107803]: INFO placement.requestlog [req-ad6c544a-d075-447b-91e6-4c67b3c109dc req-9db45219-1a78-473b-986a-6de5a9c96330 service placement] 10.222.0.64 "GET /placement/allocations/e9c58d8c-e840-4f9a-8456-19a2d54abed1" status: 200 len: 259 microversion: 1.28
Aug 29 23:28:03.681445 n-d-854121-11 devstack@placement-api.service[107803]: [pid: 107803|app: 0|req: 573/1150] 10.222.0.64 () {60 vars in 1377 bytes} [Mon Aug 29 23:28:03 2022] GET /placement/allocations/e9c58d8c-e840-4f9a-8456-19a2d54abed1 => generated 259 bytes in 99 msecs (HTTP/1.1 200) 8 headers in 296 bytes (1 switches on core 0)
Aug 29 23:28:03.840357 n-d-854121-11 devstack@placement-api.service[107804]: DEBUG placement.requestlog [req-6286aa3b-31ce-429f-b3a8-a077530d0356 req-df793555-87f1-464a-8340-15012157d1ad None None] Starting request: 10.222.0.64 "GET /placement/allocations/f54766ec-ffb0-4311-975d-569e75a4c58f" {{(pid=107804) __call__ /opt/stack/placement/placement/requestlog.py:55}}
Aug 29 23:28:03.841729 n-d-854121-11 devstack@placement-api.service[107803]: DEBUG placement.requestlog [req-ad6c544a-d075-447b-91e6-4c67b3c109dc req-21e74e53-8b1e-4330-8501-4d3b3be759dd None None] Starting request: 10.222.0.64 "GET /placement/allocations/f54766ec-ffb0-4311-975d-569e75a4c58f" {{(pid=107803) __call__ /opt/stack/placement/placement/requestlog.py:55}}
Aug 29 23:28:03.881193 n-d-854121-11 devstack@placement-api.service[107803]: INFO placement.requestlog [req-ad6c544a-d075-447b-91e6-4c67b3c109dc req-21e74e53-8b1e-4330-8501-4d3b3be759dd service placement] 10.222.0.64 "GET /placement/allocations/f54766ec-ffb0-4311-975d-569e75a4c58f" status: 200 len: 259 microversion: 1.28
Aug 29 23:28:03.885057 n-d-854121-11 devstack@placement-api.service[107803]: [pid: 107803|app: 0|req: 574/1151] 10.222.0.64 () {60 vars in 1377 bytes} [Mon Aug 29 23:28:03 2022] GET /placement/allocations/f54766ec-ffb0-4311-975d-569e75a4c58f => generated 259 bytes in 43 msecs (HTTP/1.1 200) 8 headers in 296 bytes (1 switches on core 0)
Aug 29 23:28:03.886449 n-d-854121-11 devstack@placement-api.service[107804]: INFO placement.requestlog [req-6286aa3b-31ce-429f-b3a8-a077530d0356 req-df793555-87f1-464a-8340-15012157d1ad service placement] 10.222.0.64 "GET /placement/allocations/f54766ec-ffb0-4311-975d-569e75a4c58f" status: 200 len: 259 microversion: 1.28
Aug 29 23:28:03.888252 n-d-854121-11 devstack@placement-api.service[107804]: [pid: 107804|app: 0|req: 578/1152] 10.222.0.64 () {60 vars in 1377 bytes} [Mon Aug 29 23:28:03 2022] GET /placement/allocations/f54766ec-ffb0-4311-975d-569e75a4c58f => generated 259 bytes in 48 msecs (HTTP/1.1 200) 8 headers in 296 bytes (2 switches on core 0)
Aug 29 23:28:03.905636 n-d-854121-11 devstack@placement-api.service[107803]: DEBUG placement.requestlog [req-ad6c544a-d075-447b-91e6-4c67b3c109dc req-e7a55b5e-57f1-4bd6-8a56-364f972d732a None None] Starting request: 10.222.0.64 "GET /placement/allocations/014edb33-3efe-4ab2-80a7-f0047fc7b78c" {{(pid=107803) __call__ /opt/stack/placement/placement/requestlog.py:55}}
Aug 29 23:28:03.907086 n-d-854121-11 devstack@placement-api.service[107804]: DEBUG placement.requestlog [req-6286aa3b-31ce-429f-b3a8-a077530d0356 req-aac2ba0d-da6d-4ced-bca6-c2d6d35d735f None None] Starting request: 10.222.0.64 "GET /placement/allocations/014edb33-3efe-4ab2-80a7-f0047fc7b78c" {{(pid=107804) __call__ /opt/stack/placement/placement/requestlog.py:55}}
Aug 29 23:28:03.989532 n-d-854121-11 devstack@placement-api.service[107803]: INFO placement.requestlog [req-ad6c544a-d075-447b-91e6-4c67b3c109dc req-e7a55b5e-57f1-4bd6-8a56-364f972d732a service placement] 10.222.0.64 "GET /placement/allocations/014edb33-3efe-4ab2-80a7-f0047fc7b78c" status: 200 len: 259 microversion: 1.28
Aug 29 23:28:03.991488 n-d-854121-11 devstack@placement-api.service[107803]: [pid: 107803|app: 0|req: 575/1153] 10.222.0.64 () {60 vars in 1377 bytes} [Mon Aug 29 23:28:03 2022] GET /placement/allocations/014edb33-3efe-4ab2-80a7-f0047fc7b78c => generated 259 bytes in 86 msecs (HTTP/1.1 200) 8 headers in 296 bytes (1 switches on core 0)
Aug 29 23:28:03.993633 n-d-854121-11 devstack@placement-api.service[107804]: INFO placement.requestlog [req-6286aa3b-31ce-429f-b3a8-a077530d0356 req-aac2ba0d-da6d-4ced-bca6-c2d6d35d735f service placement] 10.222.0.64 "GET /placement/allocations/014edb33-3efe-4ab2-80a7-f0047fc7b78c" status: 200 len: 259 microversion: 1.28
Aug 29 23:28:03.994533 n-d-854121-11 devstack@placement-api.service[107804]: [pid: 107804|app: 0|req: 579/1154] 10.222.0.64 () {60 vars in 1377 bytes} [Mon Aug 29 23:28:03 2022] GET /placement/allocations/014edb33-3efe-4ab2-80a7-f0047fc7b78c => generated 259 bytes in 87 msecs (HTTP/1.1 200) 8 headers in 296 bytes (1 switches on core 0)
Aug 29 23:28:04.979583 n-d-854121-11 devstack@placement-api.service[107803]: DEBUG placement.requestlog [req-6286aa3b-31ce-429f-b3a8-a077530d0356 req-4410e52d-f465-4091-ab59-44f310af6f5f None None] Starting request: 10.222.0.64 "DELETE /placement/allocations/68311c5e-8f52-427f-a3de-1d961c62ab8d" {{(pid=107803) __call__ /opt/stack/placement/placement/requestlog.py:55}}
Aug 29 23:28:05.018967 n-d-854121-11 devstack@placement-api.service[107804]: DEBUG placement.requestlog [None req-98a51596-071d-4a93-a4a9-a714f7f12b03 None None] Starting request: 10.222.0.69 "GET /placement/resource_providers/c77ab1d7-c608-4ea4-aa87-75c6578c66af/aggregates" {{(pid=107804) __call__ /opt/stack/placement/placement/requestlog.py:55}}
Aug 29 23:28:05.039860 n-d-854121-11 devstack@placement-api.service[107804]: INFO placement.requestlog [None req-98a51596-071d-4a93-a4a9-a714f7f12b03 service placement] 10.222.0.69 "GET /placement/resource_providers/c77ab1d7-c608-4ea4-aa87-75c6578c66af/aggregates" status: 404 len: 235 microversion: 1.1
Aug 29 23:28:05.041407 n-d-854121-11 devstack@placement-api.service[107804]: [pid: 107804|app: 0|req: 580/1155] 10.222.0.69 () {58 vars in 1362 bytes} [Mon Aug 29 23:28:05 2022] GET /placement/resource_providers/c77ab1d7-c608-4ea4-aa87-75c6578c66af/aggregates => generated 235 bytes in 23 msecs (HTTP/1.1 404) 5 headers in 202 bytes (2 switches on core 0)
Aug 29 23:28:05.054565 n-d-854121-11 devstack@placement-api.service[107804]: DEBUG placement.requestlog [None req-b99bba4b-b5ff-4308-baf6-9d64c42acc59 None None] Starting request: 10.222.0.69 "DELETE /placement/resource_providers/c77ab1d7-c608-4ea4-aa87-75c6578c66af" {{(pid=107804) __call__ /opt/stack/placement/placement/requestlog.py:55}}
Aug 29 23:28:05.077775 n-d-854121-11 devstack@placement-api.service[107803]: DEBUG placement.handlers.allocation [req-6286aa3b-31ce-429f-b3a8-a077530d0356 req-4410e52d-f465-4091-ab59-44f310af6f5f service placement] Successfully deleted allocations [, , ] {{(pid=107803) delete_allocations /opt/stack/placement/placement/handlers/allocation.py:627}}
Aug 29 23:28:05.079044 n-d-854121-11 devstack@placement-api.service[107803]: INFO placement.requestlog [req-6286aa3b-31ce-429f-b3a8-a077530d0356 req-4410e52d-f465-4091-ab59-44f310af6f5f service placement] 10.222.0.64 "DELETE /placement/allocations/68311c5e-8f52-427f-a3de-1d961c62ab8d" status: 204 len: 0 microversion: 1.0
Aug 29 23:28:05.079912 n-d-854121-11 devstack@placement-api.service[107803]: [pid: 107803|app: 0|req: 576/1156] 10.222.0.64 () {60 vars in 1355 bytes} [Mon Aug 29 23:28:04 2022] DELETE /placement/allocations/68311c5e-8f52-427f-a3de-1d961c62ab8d => generated 0 bytes in 101 msecs (HTTP/1.1 204) 5 headers in 198 bytes (1 switches on core 0)
Aug 29 23:28:05.095051 n-d-854121-11 devstack@placement-api.service[107804]: DEBUG placement.wsgi_wrapper [None req-b99bba4b-b5ff-4308-baf6-9d64c42acc59 service placement] Placement API returning an error response: No resource provider with uuid c77ab1d7-c608-4ea4-aa87-75c6578c66af found for delete {{(pid=107804) call_func /opt/stack/placement/placement/wsgi_wrapper.py:31}}
Aug 29 23:28:05.097200 n-d-854121-11 devstack@placement-api.service[107804]: INFO placement.requestlog [None req-b99bba4b-b5ff-4308-baf6-9d64c42acc59 service placement] 10.222.0.69 "DELETE /placement/resource_providers/c77ab1d7-c608-4ea4-aa87-75c6578c66af" status: 404 len: 246 microversion: 1.1
Aug 29 23:28:05.097979 n-d-854121-11 devstack@placement-api.service[107804]: [pid: 107804|app: 0|req: 581/1157] 10.222.0.69 () {60 vars in 1351 bytes} [Mon Aug 29 23:28:05 2022] DELETE /placement/resource_providers/c77ab1d7-c608-4ea4-aa87-75c6578c66af => generated 246 bytes in 44 msecs (HTTP/1.1 404) 6 headers in 231 bytes (2 switches on core 0)
Aug 29 23:28:06.088855 n-d-854121-11 devstack@placement-api.service[107803]: DEBUG placement.requestlog [req-f8d43a24-38b9-404c-a9a2-2eca01b80eb5 req-082c0438-6cc4-448d-b559-7859c4f175a6 None None] Starting request: 10.222.0.85 "GET /placement/resource_providers/0b382ee8-3722-44ae-96b6-0562c163fcef/allocations" {{(pid=107803) __call__ /opt/stack/placement/placement/requestlog.py:55}}
Aug 29 23:28:06.156005 n-d-854121-11 devstack@placement-api.service[107803]: INFO placement.requestlog [req-f8d43a24-38b9-404c-a9a2-2eca01b80eb5 req-082c0438-6cc4-448d-b559-7859c4f175a6 service placement] 10.222.0.85 "GET /placement/resource_providers/0b382ee8-3722-44ae-96b6-0562c163fcef/allocations" status: 200 len: 342 microversion: 1.0
Aug 29 23:28:06.157342 n-d-854121-11 devstack@placement-api.service[107803]: [pid: 107803|app: 0|req: 577/1158] 10.222.0.85 () {58 vars in 1390 bytes} [Mon Aug 29 23:28:06 2022] GET /placement/resource_providers/0b382ee8-3722-44ae-96b6-0562c163fcef/allocations => generated 342 bytes in 69 msecs (HTTP/1.1 200) 6 headers in 224 bytes (1 switches on core 0)
Aug 29 23:28:06.169427 n-d-854121-11 devstack@placement-api.service[107804]: DEBUG placement.requestlog [req-f8d43a24-38b9-404c-a9a2-2eca01b80eb5 req-ac09dfe9-4bad-4dac-9793-9aa3e974c521 None None] Starting request: 10.222.0.85 "GET /placement/allocations/220c9a18-ab18-4fe7-9662-9e1410be6aee" {{(pid=107804) __call__ /opt/stack/placement/placement/requestlog.py:55}}
Aug 29 23:28:06.218518 n-d-854121-11 devstack@placement-api.service[107804]: INFO placement.requestlog [req-f8d43a24-38b9-404c-a9a2-2eca01b80eb5 req-ac09dfe9-4bad-4dac-9793-9aa3e974c521 service placement] 10.222.0.85 "GET /placement/allocations/220c9a18-ab18-4fe7-9662-9e1410be6aee" status: 200 len: 259 microversion: 1.28
Aug 29 23:28:06.218902 n-d-854121-11 devstack@placement-api.service[107804]: [pid: 107804|app: 0|req: 582/1159] 10.222.0.85 () {60 vars in 1377 bytes} [Mon Aug 29 23:28:06 2022] GET /placement/allocations/220c9a18-ab18-4fe7-9662-9e1410be6aee => generated 259 bytes in 50 msecs (HTTP/1.1 200) 8 headers in 296 bytes (1 switches on core 0)
Aug 29 23:28:06.238196 n-d-854121-11 devstack@placement-api.service[107803]: DEBUG placement.requestlog [req-f8d43a24-38b9-404c-a9a2-2eca01b80eb5 req-77aa0593-2ad6-4a93-987c-46fa2f6ac842 None None] Starting request: 10.222.0.85 "GET /placement/allocations/ee0f8a6b-1a6f-407e-b52c-be527b57c131" {{(pid=107803) __call__ /opt/stack/placement/placement/requestlog.py:55}}
Aug 29 23:28:06.280491 n-d-854121-11 devstack@placement-api.service[107803]: INFO placement.requestlog [req-f8d43a24-38b9-404c-a9a2-2eca01b80eb5 req-77aa0593-2ad6-4a93-987c-46fa2f6ac842 service placement] 10.222.0.85 "GET /placement/allocations/ee0f8a6b-1a6f-407e-b52c-be527b57c131" status: 200 len: 259 microversion: 1.28
Aug 29 23:28:06.282015 n-d-854121-11 devstack@placement-api.service[107803]: [pid: 107803|app: 0|req: 578/1160] 10.222.0.85 () {60 vars in 1377 bytes} [Mon Aug 29 23:28:06 2022] GET /placement/allocations/ee0f8a6b-1a6f-407e-b52c-be527b57c131 => generated 259 bytes in 56 msecs (HTTP/1.1 200) 8 headers in 296 bytes (1 switches on core 0)
Aug 29 23:28:06.287448 n-d-854121-11 devstack@placement-api.service[107804]: DEBUG placement.requestlog [req-f8d43a24-38b9-404c-a9a2-2eca01b80eb5 req-b837460e-498b-4231-8011-b7fadcad8014 None None] Starting request: 10.222.0.85 "GET /placement/allocations/b16e954f-128d-4172-9229-cd821e946eec" {{(pid=107804) __call__ /opt/stack/placement/placement/requestlog.py:55}}
Aug 29 23:28:06.320074 n-d-854121-11 devstack@placement-api.service[107804]: INFO placement.requestlog [req-f8d43a24-38b9-404c-a9a2-2eca01b80eb5 req-b837460e-498b-4231-8011-b7fadcad8014 service placement] 10.222.0.85 "GET /placement/allocations/b16e954f-128d-4172-9229-cd821e946eec" status: 200 len: 245 microversion: 1.28
Aug 29 23:28:06.320830 n-d-854121-11 devstack@placement-api.service[107804]: [pid: 107804|app: 0|req: 583/1161] 10.222.0.85 () {60 vars in 1377 bytes} [Mon Aug 29 23:28:06 2022] GET /placement/allocations/b16e954f-128d-4172-9229-cd821e946eec => generated 245 bytes in 34 msecs (HTTP/1.1 200) 8 headers in 296 bytes (1 switches on core 0)
Aug 29 23:28:06.695573 n-d-854121-11 devstack@placement-api.service[107803]: DEBUG placement.requestlog [req-f8d43a24-38b9-404c-a9a2-2eca01b80eb5 req-20fa7b54-44c2-4fe9-baad-98f42dcf9d71 None None] Starting request: 10.222.0.85 "DELETE /placement/allocations/b16e954f-128d-4172-9229-cd821e946eec" {{(pid=107803) __call__ /opt/stack/placement/placement/requestlog.py:55}}
Aug 29 23:28:06.799929 n-d-854121-11 devstack@placement-api.service[107803]: DEBUG placement.handlers.allocation [req-f8d43a24-38b9-404c-a9a2-2eca01b80eb5 req-20fa7b54-44c2-4fe9-baad-98f42dcf9d71 service placement] Successfully deleted allocations [, ] {{(pid=107803) delete_allocations /opt/stack/placement/placement/handlers/allocation.py:627}}
Aug 29 23:28:06.800960 n-d-854121-11 devstack@placement-api.service[107803]: INFO placement.requestlog [req-f8d43a24-38b9-404c-a9a2-2eca01b80eb5 req-20fa7b54-44c2-4fe9-baad-98f42dcf9d71 service placement] 10.222.0.85 "DELETE /placement/allocations/b16e954f-128d-4172-9229-cd821e946eec" status: 204 len: 0 microversion: 1.0
Aug 29 23:28:06.801464 n-d-854121-11 devstack@placement-api.service[107803]: [pid: 107803|app: 0|req: 579/1162] 10.222.0.85 () {60 vars in 1355 bytes} [Mon Aug 29 23:28:06 2022] DELETE /placement/allocations/b16e954f-128d-4172-9229-cd821e946eec => generated 0 bytes in 108 msecs (HTTP/1.1 204) 5 headers in 198 bytes (2 switches on core 0)
Aug 29 23:28:09.114328 n-d-854121-11 devstack@placement-api.service[107804]: DEBUG placement.requestlog [req-2e27792a-9613-42d9-ad88-da8aa2372a42 req-d6fcf979-52b1-43bb-af18-b171ff493f9b None None] Starting request: 10.222.0.64 "GET /placement/resource_providers/8e8306c2-c248-40df-bd6a-b3eb194cdb07/allocations" {{(pid=107804) __call__ /opt/stack/placement/placement/requestlog.py:55}}
Aug 29 23:28:09.137769 n-d-854121-11 devstack@placement-api.service[107804]: DEBUG dbcounter [-] [107804] Writing DB stats placement:UPDATE=4,placement:SELECT=87,placement:DELETE=3,placement:INSERT=6 {{(pid=107804) stat_writer /usr/local/lib/python3.8/dist-packages/dbcounter.py:114}}
Aug 29 23:28:09.309146 n-d-854121-11 devstack@placement-api.service[107804]: INFO placement.requestlog [req-2e27792a-9613-42d9-ad88-da8aa2372a42 req-d6fcf979-52b1-43bb-af18-b171ff493f9b service placement] 10.222.0.64 "GET /placement/resource_providers/8e8306c2-c248-40df-bd6a-b3eb194cdb07/allocations" status: 200 len: 558 microversion: 1.0
Aug 29 23:28:09.310199 n-d-854121-11 devstack@placement-api.service[107804]: [pid: 107804|app: 0|req: 584/1163] 10.222.0.64 () {58 vars in 1390 bytes} [Mon Aug 29 23:28:09 2022] GET /placement/resource_providers/8e8306c2-c248-40df-bd6a-b3eb194cdb07/allocations => generated 558 bytes in 197 msecs (HTTP/1.1 200) 6 headers in 224 bytes (1 switches on core 0)
Aug 29 23:28:09.319045 n-d-854121-11 devstack@placement-api.service[107803]: DEBUG placement.requestlog [req-2e27792a-9613-42d9-ad88-da8aa2372a42 req-3fd7a9c1-9358-4634-97c4-285da43036f4 None None] Starting request: 10.222.0.64 "GET /placement/allocations/d725d050-8663-4b0c-a3ad-69362db08480" {{(pid=107803) __call__ /opt/stack/placement/placement/requestlog.py:55}}
Aug 29 23:28:09.436551 n-d-854121-11 devstack@placement-api.service[107804]: DEBUG placement.requestlog [req-48bfe33c-293c-429b-a90e-0ad4d1151519 req-28c6cb35-62cb-4be2-9dd3-25af4a92edda None None] Starting request: 10.222.0.69 "GET /placement/allocation_candidates?limit=1000&resources=DISK_GB%3A1%2CMEMORY_MB%3A1024%2CVCPU%3A1&root_required=%21COMPUTE_STATUS_DISABLED" {{(pid=107804) __call__ /opt/stack/placement/placement/requestlog.py:55}}
Aug 29 23:28:09.447812 n-d-854121-11 devstack@placement-api.service[107803]: INFO placement.requestlog [req-2e27792a-9613-42d9-ad88-da8aa2372a42 req-3fd7a9c1-9358-4634-97c4-285da43036f4 service placement] 10.222.0.64 "GET /placement/allocations/d725d050-8663-4b0c-a3ad-69362db08480" status: 200 len: 259 microversion: 1.28
Aug 29 23:28:09.448530 n-d-854121-11 devstack@placement-api.service[107803]: [pid: 107803|app: 0|req: 580/1164] 10.222.0.64 () {60 vars in 1377 bytes} [Mon Aug 29 23:28:09 2022] GET /placement/allocations/d725d050-8663-4b0c-a3ad-69362db08480 => generated 259 bytes in 130 msecs (HTTP/1.1 200) 8 headers in 296 bytes (1 switches on core 0)
Aug 29 23:28:09.457856 n-d-854121-11 devstack@placement-api.service[107803]: DEBUG placement.requestlog [req-2e27792a-9613-42d9-ad88-da8aa2372a42 req-dccbf483-4835-4e62-8b76-b6f48d74f4f4 None None] Starting request: 10.222.0.64 "GET /placement/allocations/276a2497-20d8-47a0-9351-60aaf4299d55" {{(pid=107803) __call__ /opt/stack/placement/placement/requestlog.py:55}}
Aug 29 23:28:09.519611 n-d-854121-11 devstack@placement-api.service[107803]: DEBUG dbcounter [-] [107803] Writing DB stats placement:SELECT=94,placement:DELETE=6 {{(pid=107803) stat_writer /usr/local/lib/python3.8/dist-packages/dbcounter.py:114}}
Aug 29 23:28:09.543135 n-d-854121-11 devstack@placement-api.service[107803]: INFO placement.requestlog [req-2e27792a-9613-42d9-ad88-da8aa2372a42 req-dccbf483-4835-4e62-8b76-b6f48d74f4f4 service placement] 10.222.0.64 "GET /placement/allocations/276a2497-20d8-47a0-9351-60aaf4299d55" status: 200 len: 259 microversion: 1.28
Aug 29 23:28:09.545332 n-d-854121-11 devstack@placement-api.service[107803]: [pid: 107803|app: 0|req: 581/1165] 10.222.0.64 () {60 vars in 1377 bytes} [Mon Aug 29 23:28:09 2022] GET /placement/allocations/276a2497-20d8-47a0-9351-60aaf4299d55 => generated 259 bytes in 88 msecs (HTTP/1.1 200) 8 headers in 296 bytes (2 switches on core 0)
Aug 29 23:28:09.553760 n-d-854121-11 devstack@placement-api.service[107803]: DEBUG placement.requestlog [req-2e27792a-9613-42d9-ad88-da8aa2372a42 req-16e7c358-f416-4a36-bb26-4950777e0b0c None None] Starting request: 10.222.0.64 "GET /placement/allocations/e9c58d8c-e840-4f9a-8456-19a2d54abed1" {{(pid=107803) __call__ /opt/stack/placement/placement/requestlog.py:55}}
Aug 29 23:28:09.608621 n-d-854121-11 devstack@placement-api.service[107803]: INFO placement.requestlog [req-2e27792a-9613-42d9-ad88-da8aa2372a42 req-16e7c358-f416-4a36-bb26-4950777e0b0c service placement] 10.222.0.64 "GET /placement/allocations/e9c58d8c-e840-4f9a-8456-19a2d54abed1" status: 200 len: 259 microversion: 1.28
Aug 29 23:28:09.609505 n-d-854121-11 devstack@placement-api.service[107803]: [pid: 107803|app: 0|req: 582/1166] 10.222.0.64 () {60 vars in 1377 bytes} [Mon Aug 29 23:28:09 2022] GET /placement/allocations/e9c58d8c-e840-4f9a-8456-19a2d54abed1 => generated 259 bytes in 57 msecs (HTTP/1.1 200) 8 headers in 296 bytes (2 switches on core 0)
Aug 29 23:28:09.619414 n-d-854121-11 devstack@placement-api.service[107803]: DEBUG placement.requestlog [req-2e27792a-9613-42d9-ad88-da8aa2372a42 req-5053264b-eb40-4c3c-8a9f-4bb78cb8e566 None None] Starting request: 10.222.0.64 "GET /placement/allocations/f54766ec-ffb0-4311-975d-569e75a4c58f" {{(pid=107803) __call__ /opt/stack/placement/placement/requestlog.py:55}}
Aug 29 23:28:09.679421 n-d-854121-11 devstack@placement-api.service[107803]: INFO placement.requestlog [req-2e27792a-9613-42d9-ad88-da8aa2372a42 req-5053264b-eb40-4c3c-8a9f-4bb78cb8e566 service placement] 10.222.0.64 "GET /placement/allocations/f54766ec-ffb0-4311-975d-569e75a4c58f" status: 200 len: 259 microversion: 1.28
Aug 29 23:28:09.688662 n-d-854121-11 devstack@placement-api.service[107803]: [pid: 107803|app: 0|req: 583/1167] 10.222.0.64 () {60 vars in 1377 bytes} [Mon Aug 29 23:28:09 2022] GET /placement/allocations/f54766ec-ffb0-4311-975d-569e75a4c58f => generated 259 bytes in 70 msecs (HTTP/1.1 200) 8 headers in 296 bytes (2 switches on core 0)
Aug 29 23:28:09.690997 n-d-854121-11 devstack@placement-api.service[107803]: DEBUG placement.requestlog [req-2e27792a-9613-42d9-ad88-da8aa2372a42 req-030bda18-1ee5-4a1c-9055-46e3346e1ee2 None None] Starting request: 10.222.0.64 "GET /placement/allocations/014edb33-3efe-4ab2-80a7-f0047fc7b78c" {{(pid=107803) __call__ /opt/stack/placement/placement/requestlog.py:55}}
Aug 29 23:28:09.746183 n-d-854121-11 devstack@placement-api.service[107803]: INFO placement.requestlog [req-2e27792a-9613-42d9-ad88-da8aa2372a42 req-030bda18-1ee5-4a1c-9055-46e3346e1ee2 service placement] 10.222.0.64 "GET /placement/allocations/014edb33-3efe-4ab2-80a7-f0047fc7b78c" status: 200 len: 259 microversion: 1.28
Aug 29 23:28:09.746868 n-d-854121-11 devstack@placement-api.service[107803]: [pid: 107803|app: 0|req: 584/1168] 10.222.0.64 () {60 vars in 1377 bytes} [Mon Aug 29 23:28:09 2022] GET /placement/allocations/014edb33-3efe-4ab2-80a7-f0047fc7b78c => generated 259 bytes in 57 msecs (HTTP/1.1 200) 8 headers in 296 bytes (2 switches on core 0)
Aug 29 23:28:10.120418 n-d-854121-11 devstack@placement-api.service[107803]: DEBUG placement.requestlog [req-2e27792a-9613-42d9-ad88-da8aa2372a42 req-0564e945-4113-45b5-9c78-410212b81d82 None None] Starting request: 10.222.0.64 "DELETE /placement/allocations/276a2497-20d8-47a0-9351-60aaf4299d55" {{(pid=107803) __call__ /opt/stack/placement/placement/requestlog.py:55}}
Aug 29 23:28:10.253743 n-d-854121-11 devstack@placement-api.service[107803]: DEBUG placement.handlers.allocation [req-2e27792a-9613-42d9-ad88-da8aa2372a42 req-0564e945-4113-45b5-9c78-410212b81d82 service placement] Successfully deleted allocations [, , ] {{(pid=107803) delete_allocations /opt/stack/placement/placement/handlers/allocation.py:627}}
Aug 29 23:28:10.254341 n-d-854121-11 devstack@placement-api.service[107803]: INFO placement.requestlog [req-2e27792a-9613-42d9-ad88-da8aa2372a42 req-0564e945-4113-45b5-9c78-410212b81d82 service placement] 10.222.0.64 "DELETE /placement/allocations/276a2497-20d8-47a0-9351-60aaf4299d55" status: 204 len: 0 microversion: 1.0
Aug 29 23:28:10.255006 n-d-854121-11 devstack@placement-api.service[107803]: [pid: 107803|app: 0|req: 585/1169] 10.222.0.64 () {60 vars in 1355 bytes} [Mon Aug 29 23:28:10 2022] DELETE /placement/allocations/276a2497-20d8-47a0-9351-60aaf4299d55 => generated 0 bytes in 135 msecs (HTTP/1.1 204) 5 headers in 198 bytes (2 switches on core 0)
Aug 29 23:28:10.280151 n-d-854121-11 devstack@placement-api.service[107804]: DEBUG placement.objects.research_context [req-48bfe33c-293c-429b-a90e-0ad4d1151519 req-28c6cb35-62cb-4be2-9dd3-25af4a92edda service placement] getting providers with 1 DISK_GB {{(pid=107804) __init__ /opt/stack/placement/placement/objects/research_context.py:136}}
Aug 29 23:28:10.302024 n-d-854121-11 devstack@placement-api.service[107804]: DEBUG placement.objects.research_context [req-48bfe33c-293c-429b-a90e-0ad4d1151519 req-28c6cb35-62cb-4be2-9dd3-25af4a92edda service placement] getting providers with 1024 MEMORY_MB {{(pid=107804) __init__ /opt/stack/placement/placement/objects/research_context.py:136}}
Aug 29 23:28:10.317771 n-d-854121-11 devstack@placement-api.service[107804]: DEBUG placement.objects.research_context [req-48bfe33c-293c-429b-a90e-0ad4d1151519 req-28c6cb35-62cb-4be2-9dd3-25af4a92edda service placement] getting providers with 1 VCPU {{(pid=107804) __init__ /opt/stack/placement/placement/objects/research_context.py:136}}
Aug 29 23:28:10.340128 n-d-854121-11 devstack@placement-api.service[107804]: DEBUG placement.objects.research_context [req-48bfe33c-293c-429b-a90e-0ad4d1151519 req-28c6cb35-62cb-4be2-9dd3-25af4a92edda service placement] found 2 providers with available 1 DISK_GB {{(pid=107804) get_provider_ids_matching /opt/stack/placement/placement/objects/research_context.py:563}}
Aug 29 23:28:10.341332 n-d-854121-11 devstack@placement-api.service[107804]: DEBUG placement.objects.research_context [req-48bfe33c-293c-429b-a90e-0ad4d1151519 req-28c6cb35-62cb-4be2-9dd3-25af4a92edda service placement] found 2 providers with available 1024 MEMORY_MB {{(pid=107804) get_provider_ids_matching /opt/stack/placement/placement/objects/research_context.py:563}}
Aug 29 23:28:10.341835 n-d-854121-11 devstack@placement-api.service[107804]: DEBUG placement.objects.research_context [req-48bfe33c-293c-429b-a90e-0ad4d1151519 req-28c6cb35-62cb-4be2-9dd3-25af4a92edda service placement] found 2 providers after filtering by previous result {{(pid=107804) get_provider_ids_matching /opt/stack/placement/placement/objects/research_context.py:594}}
Aug 29 23:28:10.342249 n-d-854121-11 devstack@placement-api.service[107804]: DEBUG placement.objects.research_context [req-48bfe33c-293c-429b-a90e-0ad4d1151519 req-28c6cb35-62cb-4be2-9dd3-25af4a92edda service placement] found 2 providers with available 1 VCPU {{(pid=107804) get_provider_ids_matching /opt/stack/placement/placement/objects/research_context.py:563}}
Aug 29 23:28:10.342706 n-d-854121-11 devstack@placement-api.service[107804]: DEBUG placement.objects.research_context [req-48bfe33c-293c-429b-a90e-0ad4d1151519 req-28c6cb35-62cb-4be2-9dd3-25af4a92edda service placement] found 2 providers after filtering by previous result {{(pid=107804) get_provider_ids_matching /opt/stack/placement/placement/objects/research_context.py:594}}
Aug 29 23:28:10.400501 n-d-854121-11 devstack@placement-api.service[107803]: DEBUG placement.requestlog [None req-a9d43bde-e6df-4239-8e3d-903ac87c802d None None] Starting request: 10.222.0.69 "GET /placement/resource_providers/1e7fbe5b-7ee0-4393-9ef8-52989d6fc1f8/aggregates" {{(pid=107803) __call__ /opt/stack/placement/placement/requestlog.py:55}}
Aug 29 23:28:10.415610 n-d-854121-11 devstack@placement-api.service[107804]: DEBUG placement.objects.allocation_candidate [req-48bfe33c-293c-429b-a90e-0ad4d1151519 req-28c6cb35-62cb-4be2-9dd3-25af4a92edda service placement] RequestGroup(use_same_provider=False, resources={DISK_GB:1, MEMORY_MB:1024, VCPU:1}, traits=(), aggregates=[]) (suffix '') returned 2 matches {{(pid=107804) _get_by_requests /opt/stack/placement/placement/objects/allocation_candidate.py:156}}
Aug 29 23:28:10.416266 n-d-854121-11 devstack@placement-api.service[107804]: DEBUG placement.objects.allocation_candidate [req-48bfe33c-293c-429b-a90e-0ad4d1151519 req-28c6cb35-62cb-4be2-9dd3-25af4a92edda service placement] Merging candidates yields 2 allocation requests and 2 provider summaries {{(pid=107804) _merge_candidates /opt/stack/placement/placement/objects/allocation_candidate.py:809}}
Aug 29 23:28:10.419405 n-d-854121-11 devstack@placement-api.service[107803]: INFO placement.requestlog [None req-a9d43bde-e6df-4239-8e3d-903ac87c802d service placement] 10.222.0.69 "GET /placement/resource_providers/1e7fbe5b-7ee0-4393-9ef8-52989d6fc1f8/aggregates" status: 404 len: 235 microversion: 1.1
Aug 29 23:28:10.426970 n-d-854121-11 devstack@placement-api.service[107804]: INFO placement.requestlog [req-48bfe33c-293c-429b-a90e-0ad4d1151519 req-28c6cb35-62cb-4be2-9dd3-25af4a92edda service placement] 10.222.0.69 "GET /placement/allocation_candidates?limit=1000&resources=DISK_GB%3A1%2CMEMORY_MB%3A1024%2CVCPU%3A1&root_required=%21COMPUTE_STATUS_DISABLED" status: 200 len: 1309 microversion: 1.36
Aug 29 23:28:10.428565 n-d-854121-11 devstack@placement-api.service[107803]: [pid: 107803|app: 0|req: 586/1171] 10.222.0.69 () {58 vars in 1362 bytes} [Mon Aug 29 23:28:10 2022] GET /placement/resource_providers/1e7fbe5b-7ee0-4393-9ef8-52989d6fc1f8/aggregates => generated 235 bytes in 31 msecs (HTTP/1.1 404) 5 headers in 202 bytes (2 switches on core 0)
Aug 29 23:28:10.430405 n-d-854121-11 devstack@placement-api.service[107804]: [pid: 107804|app: 0|req: 585/1171] 10.222.0.69 () {60 vars in 1506 bytes} [Mon Aug 29 23:28:09 2022] GET /placement/allocation_candidates?limit=1000&resources=DISK_GB%3A1%2CMEMORY_MB%3A1024%2CVCPU%3A1&root_required=%21COMPUTE_STATUS_DISABLED => generated 1309 bytes in 993 msecs (HTTP/1.1 200) 8 headers in 297 bytes (1 switches on core 0)
Aug 29 23:28:10.453289 n-d-854121-11 devstack@placement-api.service[107803]: DEBUG placement.requestlog [None req-c6a9c91b-355f-43a9-a30a-5d7dc09a613b None None] Starting request: 10.222.0.69 "DELETE /placement/resource_providers/1e7fbe5b-7ee0-4393-9ef8-52989d6fc1f8" {{(pid=107803) __call__ /opt/stack/placement/placement/requestlog.py:55}}
Aug 29 23:28:10.473777 n-d-854121-11 devstack@placement-api.service[107803]: DEBUG placement.wsgi_wrapper [None req-c6a9c91b-355f-43a9-a30a-5d7dc09a613b service placement] Placement API returning an error response: No resource provider with uuid 1e7fbe5b-7ee0-4393-9ef8-52989d6fc1f8 found for delete {{(pid=107803) call_func /opt/stack/placement/placement/wsgi_wrapper.py:31}}
Aug 29 23:28:10.477123 n-d-854121-11 devstack@placement-api.service[107803]: INFO placement.requestlog [None req-c6a9c91b-355f-43a9-a30a-5d7dc09a613b service placement] 10.222.0.69 "DELETE /placement/resource_providers/1e7fbe5b-7ee0-4393-9ef8-52989d6fc1f8" status: 404 len: 246 microversion: 1.1
Aug 29 23:28:10.483717 n-d-854121-11 devstack@placement-api.service[107803]: [pid: 107803|app: 0|req: 587/1172] 10.222.0.69 () {60 vars in 1351 bytes} [Mon Aug 29 23:28:10 2022] DELETE /placement/resource_providers/1e7fbe5b-7ee0-4393-9ef8-52989d6fc1f8 => generated 246 bytes in 28 msecs (HTTP/1.1 404) 6 headers in 231 bytes (1 switches on core 0)
Aug 29 23:28:10.625487 n-d-854121-11 devstack@placement-api.service[107804]: DEBUG placement.requestlog [req-48bfe33c-293c-429b-a90e-0ad4d1151519 req-922f435c-ca99-4171-9ac8-391147a8c16c None None] Starting request: 10.222.0.69 "GET /placement/allocations/fc8dc024-516c-4cf6-91d5-d7017594d2e3" {{(pid=107804) __call__ /opt/stack/placement/placement/requestlog.py:55}}
Aug 29 23:28:10.651380 n-d-854121-11 devstack@placement-api.service[107804]: INFO placement.requestlog [req-48bfe33c-293c-429b-a90e-0ad4d1151519 req-922f435c-ca99-4171-9ac8-391147a8c16c service placement] 10.222.0.69 "GET /placement/allocations/fc8dc024-516c-4cf6-91d5-d7017594d2e3" status: 200 len: 19 microversion: 1.28
Aug 29 23:28:10.656803 n-d-854121-11 devstack@placement-api.service[107804]: [pid: 107804|app: 0|req: 586/1173] 10.222.0.69 () {60 vars in 1380 bytes} [Mon Aug 29 23:28:10 2022] GET /placement/allocations/fc8dc024-516c-4cf6-91d5-d7017594d2e3 => generated 19 bytes in 31 msecs (HTTP/1.1 200) 8 headers in 295 bytes (1 switches on core 0)
Aug 29 23:28:10.662271 n-d-854121-11 devstack@placement-api.service[107803]: DEBUG placement.requestlog [req-48bfe33c-293c-429b-a90e-0ad4d1151519 req-9abbe27d-3524-46ad-8595-5216310fcce6 None None] Starting request: 10.222.0.69 "PUT /placement/allocations/fc8dc024-516c-4cf6-91d5-d7017594d2e3" {{(pid=107803) __call__ /opt/stack/placement/placement/requestlog.py:55}}
Aug 29 23:28:10.944521 n-d-854121-11 devstack@placement-api.service[107803]: DEBUG placement.handlers.allocation [req-48bfe33c-293c-429b-a90e-0ad4d1151519 req-9abbe27d-3524-46ad-8595-5216310fcce6 service placement] Successfully wrote allocations [, , ] {{(pid=107803) _update_consumers_and_create_allocations /opt/stack/placement/placement/handlers/allocation.py:462}}
Aug 29 23:28:10.950864 n-d-854121-11 devstack@placement-api.service[107803]: INFO placement.requestlog [req-48bfe33c-293c-429b-a90e-0ad4d1151519 req-9abbe27d-3524-46ad-8595-5216310fcce6 service placement] 10.222.0.69 "PUT /placement/allocations/fc8dc024-516c-4cf6-91d5-d7017594d2e3" status: 204 len: 0 microversion: 1.36
Aug 29 23:28:10.952940 n-d-854121-11 devstack@placement-api.service[107803]: [pid: 107803|app: 0|req: 588/1174] 10.222.0.69 () {64 vars in 1433 bytes} [Mon Aug 29 23:28:10 2022] PUT /placement/allocations/fc8dc024-516c-4cf6-91d5-d7017594d2e3 => generated 0 bytes in 291 msecs (HTTP/1.1 204) 5 headers in 199 bytes (2 switches on core 0)
Aug 29 23:28:11.700132 n-d-854121-11 devstack@placement-api.service[107804]: DEBUG placement.requestlog [req-48bfe33c-293c-429b-a90e-0ad4d1151519 req-52c19d60-6249-495d-a0ac-15cb9a213952 None None] Starting request: 10.222.0.85 "GET /placement/allocations/fc8dc024-516c-4cf6-91d5-d7017594d2e3" {{(pid=107804) __call__ /opt/stack/placement/placement/requestlog.py:55}}
Aug 29 23:28:11.778977 n-d-854121-11 devstack@placement-api.service[107804]: INFO placement.requestlog [req-48bfe33c-293c-429b-a90e-0ad4d1151519 req-52c19d60-6249-495d-a0ac-15cb9a213952 service placement] 10.222.0.85 "GET /placement/allocations/fc8dc024-516c-4cf6-91d5-d7017594d2e3" status: 200 len: 259 microversion: 1.28
Aug 29 23:28:11.781358 n-d-854121-11 devstack@placement-api.service[107804]: [pid: 107804|app: 0|req: 587/1175] 10.222.0.85 () {60 vars in 1377 bytes} [Mon Aug 29 23:28:11 2022] GET /placement/allocations/fc8dc024-516c-4cf6-91d5-d7017594d2e3 => generated 259 bytes in 82 msecs (HTTP/1.1 200) 8 headers in 296 bytes (2 switches on core 0)
Aug 29 23:28:12.022637 n-d-854121-11 devstack@placement-api.service[107803]: DEBUG placement.requestlog [req-48bfe33c-293c-429b-a90e-0ad4d1151519 req-bd7479dc-fcce-468b-a323-6430d796d433 None None] Starting request: 10.222.0.85 "GET /placement/resource_providers/0b382ee8-3722-44ae-96b6-0562c163fcef/allocations" {{(pid=107803) __call__ /opt/stack/placement/placement/requestlog.py:55}}
Aug 29 23:28:12.081126 n-d-854121-11 devstack@placement-api.service[107803]: INFO placement.requestlog [req-48bfe33c-293c-429b-a90e-0ad4d1151519 req-bd7479dc-fcce-468b-a323-6430d796d433 service placement] 10.222.0.85 "GET /placement/resource_providers/0b382ee8-3722-44ae-96b6-0562c163fcef/allocations" status: 200 len: 356 microversion: 1.0
Aug 29 23:28:12.081536 n-d-854121-11 devstack@placement-api.service[107803]: [pid: 107803|app: 0|req: 589/1176] 10.222.0.85 () {58 vars in 1390 bytes} [Mon Aug 29 23:28:12 2022] GET /placement/resource_providers/0b382ee8-3722-44ae-96b6-0562c163fcef/allocations => generated 356 bytes in 60 msecs (HTTP/1.1 200) 6 headers in 224 bytes (2 switches on core 0)
Aug 29 23:28:12.089204 n-d-854121-11 devstack@placement-api.service[107804]: DEBUG placement.requestlog [req-48bfe33c-293c-429b-a90e-0ad4d1151519 req-02ceb9e5-0821-4d08-b684-54d900cd565d None None] Starting request: 10.222.0.85 "GET /placement/allocations/220c9a18-ab18-4fe7-9662-9e1410be6aee" {{(pid=107804) __call__ /opt/stack/placement/placement/requestlog.py:55}}
Aug 29 23:28:12.129180 n-d-854121-11 devstack@placement-api.service[107804]: INFO placement.requestlog [req-48bfe33c-293c-429b-a90e-0ad4d1151519 req-02ceb9e5-0821-4d08-b684-54d900cd565d service placement] 10.222.0.85 "GET /placement/allocations/220c9a18-ab18-4fe7-9662-9e1410be6aee" status: 200 len: 259 microversion: 1.28
Aug 29 23:28:12.131270 n-d-854121-11 devstack@placement-api.service[107804]: [pid: 107804|app: 0|req: 588/1177] 10.222.0.85 () {60 vars in 1377 bytes} [Mon Aug 29 23:28:12 2022] GET /placement/allocations/220c9a18-ab18-4fe7-9662-9e1410be6aee => generated 259 bytes in 42 msecs (HTTP/1.1 200) 8 headers in 296 bytes (1 switches on core 0)
Aug 29 23:28:12.429776 n-d-854121-11 devstack@placement-api.service[107803]: DEBUG placement.requestlog [req-48bfe33c-293c-429b-a90e-0ad4d1151519 req-67e04881-846f-460d-81c8-21c5207dbc84 None None] Starting request: 10.222.0.85 "GET /placement/allocations/ee0f8a6b-1a6f-407e-b52c-be527b57c131" {{(pid=107803) __call__ /opt/stack/placement/placement/requestlog.py:55}}
Aug 29 23:28:12.493585 n-d-854121-11 devstack@placement-api.service[107803]: INFO placement.requestlog [req-48bfe33c-293c-429b-a90e-0ad4d1151519 req-67e04881-846f-460d-81c8-21c5207dbc84 service placement] 10.222.0.85 "GET /placement/allocations/ee0f8a6b-1a6f-407e-b52c-be527b57c131" status: 200 len: 259 microversion: 1.28
Aug 29 23:28:12.494707 n-d-854121-11 devstack@placement-api.service[107803]: [pid: 107803|app: 0|req: 590/1178] 10.222.0.85 () {60 vars in 1377 bytes} [Mon Aug 29 23:28:12 2022] GET /placement/allocations/ee0f8a6b-1a6f-407e-b52c-be527b57c131 => generated 259 bytes in 66 msecs (HTTP/1.1 200) 8 headers in 296 bytes (1 switches on core 0)
