Aug 25 15:22:11.227570 n-d-854120-5 devstack@keystone.service[82076]: DEBUG keystone.auth.core [None req-7b953060-1c5e-4b1b-9fce-129d971afc5b None None] MFA Rules not processed for user `c46aea3c52ef472f8656b0468613db39`. Rule list: `[]` (Enabled: `True`). {{(pid=82076) check_auth_methods_against_rules /opt/stack/keystone/keystone/auth/core.py:438}}
Aug 25 15:22:11.229133 n-d-854120-5 devstack@keystone.service[82076]: DEBUG keystone.common.fernet_utils [None req-7b953060-1c5e-4b1b-9fce-129d971afc5b None None] Loaded 2 Fernet keys from /etc/keystone/fernet-keys/, but `[fernet_tokens] max_active_keys = 3`; perhaps there have not been enough key rotations to reach `max_active_keys` yet? {{(pid=82076) load_keys /opt/stack/keystone/keystone/common/fernet_utils.py:286}}
Aug 25 15:22:11.299869 n-d-854120-5 devstack@keystone.service[82077]: DEBUG keystone.server.flask.request_processing.middleware.auth_context [None req-cd98d491-3bd9-4f73-8626-57ef10598aed None None] Validating token access rules against request {{(pid=82077) validate_allowed_request /usr/local/lib/python3.8/dist-packages/keystonemiddleware/auth_token/__init__.py:545}}
Aug 25 15:22:11.323620 n-d-854120-5 devstack@keystone.service[82076]: [pid: 82076|app: 0|req: 106/224] 10.222.0.15 () {58 vars in 1024 bytes} [Thu Aug 25 15:22:11 2022] POST /identity/v3/auth/tokens => generated 799 bytes in 122 msecs (HTTP/1.1 201) 6 headers in 363 bytes (1 switches on core 0)
Aug 25 15:22:11.325140 n-d-854120-5 devstack@keystone.service[82076]: DEBUG keystone.server.flask.request_processing.middleware.auth_context [None req-7b953060-1c5e-4b1b-9fce-129d971afc5b None None] Authenticating user token {{(pid=82076) process_request /usr/local/lib/python3.8/dist-packages/keystonemiddleware/auth_token/__init__.py:407}}
Aug 25 15:22:11.370530 n-d-854120-5 devstack@keystone.service[82077]: DEBUG keystone.server.flask.request_processing.middleware.auth_context [None req-e788ed77-f17b-4511-9fca-a6a2092e9837 None admin] RBAC: auth_context: {'token': , 'domain_id': None, 'trust_id': None, 'trustor_id': None, 'trustee_id': None, 'domain_name': None, 'group_ids': [], 'user_id': 'c46aea3c52ef472f8656b0468613db39', 'user_domain_id': 'default', 'system_scope': 'all', 'project_id': None, 'project_domain_id': None, 'roles': ['admin', 'member', 'reader'], 'is_admin_project': True, 'service_user_id': None, 'service_user_domain_id': None, 'service_project_id': None, 'service_project_domain_id': None, 'service_roles': []} {{(pid=82077) fill_context /opt/stack/keystone/keystone/server/flask/request_processing/middleware/auth_context.py:478}}
Aug 25 15:22:11.371185 n-d-854120-5 devstack@keystone.service[82077]: DEBUG keystone.server.flask.request_processing.req_logging [None req-e788ed77-f17b-4511-9fca-a6a2092e9837 None admin] REQUEST_METHOD: `GET` {{(pid=82077) log_request_info /opt/stack/keystone/keystone/server/flask/request_processing/req_logging.py:27}}
Aug 25 15:22:11.371464 n-d-854120-5 devstack@keystone.service[82077]: DEBUG keystone.server.flask.request_processing.req_logging [None req-e788ed77-f17b-4511-9fca-a6a2092e9837 None admin] SCRIPT_NAME: `/identity` {{(pid=82077) log_request_info /opt/stack/keystone/keystone/server/flask/request_processing/req_logging.py:28}}
Aug 25 15:22:11.371739 n-d-854120-5 devstack@keystone.service[82077]: DEBUG keystone.server.flask.request_processing.req_logging [None req-e788ed77-f17b-4511-9fca-a6a2092e9837 None admin] PATH_INFO: `/v3/users/ef98b6aae91c46be802cdd64d2ad1713` {{(pid=82077) log_request_info /opt/stack/keystone/keystone/server/flask/request_processing/req_logging.py:29}}
Aug 25 15:22:11.372990 n-d-854120-5 devstack@keystone.service[82077]: DEBUG keystone.common.rbac_enforcer.enforcer [None req-e788ed77-f17b-4511-9fca-a6a2092e9837 None admin] RBAC: Authorizing `identity:get_user(user_id=ef98b6aae91c46be802cdd64d2ad1713)` {{(pid=82077) enforce_call /opt/stack/keystone/keystone/common/rbac_enforcer/enforcer.py:449}}
Aug 25 15:22:11.374480 n-d-854120-5 devstack@keystone.service[82077]: DEBUG keystone.common.rbac_enforcer.enforcer [None req-e788ed77-f17b-4511-9fca-a6a2092e9837 None admin] RBAC: Authorization granted {{(pid=82077) enforce_call /opt/stack/keystone/keystone/common/rbac_enforcer/enforcer.py:457}}
Aug 25 15:22:11.376159 n-d-854120-5 devstack@keystone.service[82077]: [pid: 82077|app: 0|req: 119/225] 10.222.0.15 () {56 vars in 1177 bytes} [Thu Aug 25 15:22:11 2022] GET /identity/v3/users/ef98b6aae91c46be802cdd64d2ad1713 => generated 283 bytes in 223 msecs (HTTP/1.1 200) 5 headers in 177 bytes (1 switches on core 0)
Aug 25 15:22:11.384853 n-d-854120-5 devstack@keystone.service[82077]: DEBUG keystone.server.flask.request_processing.middleware.auth_context [None req-e788ed77-f17b-4511-9fca-a6a2092e9837 None admin] Authenticating user token {{(pid=82077) process_request /usr/local/lib/python3.8/dist-packages/keystonemiddleware/auth_token/__init__.py:407}}
Aug 25 15:22:11.436675 n-d-854120-5 devstack@keystone.service[82077]: DEBUG dbcounter [-] [82077] Writing DB stats keystone:SELECT=100 {{(pid=82077) stat_writer /usr/local/lib/python3.8/dist-packages/dbcounter.py:114}}
Aug 25 15:22:11.509952 n-d-854120-5 devstack@keystone.service[82076]: DEBUG keystone.server.flask.request_processing.middleware.auth_context [None req-7b953060-1c5e-4b1b-9fce-129d971afc5b None None] Validating token access rules against request {{(pid=82076) validate_allowed_request /usr/local/lib/python3.8/dist-packages/keystonemiddleware/auth_token/__init__.py:545}}
Aug 25 15:22:11.532860 n-d-854120-5 devstack@keystone.service[82077]: DEBUG keystone.server.flask.request_processing.middleware.auth_context [None req-e788ed77-f17b-4511-9fca-a6a2092e9837 None admin] Validating token access rules against request {{(pid=82077) validate_allowed_request /usr/local/lib/python3.8/dist-packages/keystonemiddleware/auth_token/__init__.py:545}}
Aug 25 15:22:11.554430 n-d-854120-5 devstack@keystone.service[82076]: DEBUG keystone.server.flask.request_processing.middleware.auth_context [None req-88e0ea19-cf82-43da-a198-847ad25f2e43 None admin] RBAC: auth_context: {'token': , 'domain_id': None, 'trust_id': None, 'trustor_id': None, 'trustee_id': None, 'domain_name': None, 'group_ids': [], 'user_id': 'c46aea3c52ef472f8656b0468613db39', 'user_domain_id': 'default', 'system_scope': 'all', 'project_id': None, 'project_domain_id': None, 'roles': ['admin', 'member', 'reader'], 'is_admin_project': True, 'service_user_id': None, 'service_user_domain_id': None, 'service_project_id': None, 'service_project_domain_id': None, 'service_roles': []} {{(pid=82076) fill_context /opt/stack/keystone/keystone/server/flask/request_processing/middleware/auth_context.py:478}}
Aug 25 15:22:11.555198 n-d-854120-5 devstack@keystone.service[82076]: DEBUG keystone.server.flask.request_processing.req_logging [None req-88e0ea19-cf82-43da-a198-847ad25f2e43 None admin] REQUEST_METHOD: `GET` {{(pid=82076) log_request_info /opt/stack/keystone/keystone/server/flask/request_processing/req_logging.py:27}}
Aug 25 15:22:11.555604 n-d-854120-5 devstack@keystone.service[82076]: DEBUG keystone.server.flask.request_processing.req_logging [None req-88e0ea19-cf82-43da-a198-847ad25f2e43 None admin] SCRIPT_NAME: `/identity` {{(pid=82076) log_request_info /opt/stack/keystone/keystone/server/flask/request_processing/req_logging.py:28}}
Aug 25 15:22:11.556073 n-d-854120-5 devstack@keystone.service[82076]: DEBUG keystone.server.flask.request_processing.req_logging [None req-88e0ea19-cf82-43da-a198-847ad25f2e43 None admin] PATH_INFO: `/v3/projects/4e879951640f45d3acac1ec0b130edb4` {{(pid=82076) log_request_info /opt/stack/keystone/keystone/server/flask/request_processing/req_logging.py:29}}
Aug 25 15:22:11.557488 n-d-854120-5 devstack@keystone.service[82076]: DEBUG keystone.common.rbac_enforcer.enforcer [None req-88e0ea19-cf82-43da-a198-847ad25f2e43 None admin] RBAC: Authorizing `identity:get_project(project_id=4e879951640f45d3acac1ec0b130edb4)` {{(pid=82076) enforce_call /opt/stack/keystone/keystone/common/rbac_enforcer/enforcer.py:449}}
Aug 25 15:22:11.559101 n-d-854120-5 devstack@keystone.service[82076]: DEBUG keystone.common.rbac_enforcer.enforcer [None req-88e0ea19-cf82-43da-a198-847ad25f2e43 None admin] RBAC: Authorization granted {{(pid=82076) enforce_call /opt/stack/keystone/keystone/common/rbac_enforcer/enforcer.py:457}}
Aug 25 15:22:11.561337 n-d-854120-5 devstack@keystone.service[82076]: DEBUG dbcounter [-] [82076] Writing DB stats keystone:SELECT=100 {{(pid=82076) stat_writer /usr/local/lib/python3.8/dist-packages/dbcounter.py:114}}
Aug 25 15:22:11.566006 n-d-854120-5 devstack@keystone.service[82076]: [pid: 82076|app: 0|req: 107/226] 10.222.0.15 () {56 vars in 1186 bytes} [Thu Aug 25 15:22:11 2022] GET /identity/v3/projects/4e879951640f45d3acac1ec0b130edb4 => generated 302 bytes in 241 msecs (HTTP/1.1 200) 5 headers in 177 bytes (1 switches on core 0)
Aug 25 15:22:11.575581 n-d-854120-5 devstack@keystone.service[82076]: DEBUG keystone.server.flask.request_processing.middleware.auth_context [None req-88e0ea19-cf82-43da-a198-847ad25f2e43 None admin] Authenticating user token {{(pid=82076) process_request /usr/local/lib/python3.8/dist-packages/keystonemiddleware/auth_token/__init__.py:407}}
Aug 25 15:22:11.622107 n-d-854120-5 devstack@keystone.service[82077]: DEBUG keystone.server.flask.request_processing.middleware.auth_context [None req-edf43075-dd38-4816-bc44-a56bb6a5ea25 None admin] RBAC: auth_context: {'token': , 'domain_id': None, 'trust_id': None, 'trustor_id': None, 'trustee_id': None, 'domain_name': None, 'group_ids': [], 'user_id': 'c46aea3c52ef472f8656b0468613db39', 'user_domain_id': 'default', 'system_scope': 'all', 'project_id': None, 'project_domain_id': None, 'roles': ['admin', 'member', 'reader'], 'is_admin_project': True, 'service_user_id': None, 'service_user_domain_id': None, 'service_project_id': None, 'service_project_domain_id': None, 'service_roles': []} {{(pid=82077) fill_context /opt/stack/keystone/keystone/server/flask/request_processing/middleware/auth_context.py:478}}
Aug 25 15:22:11.629240 n-d-854120-5 devstack@keystone.service[82077]: DEBUG keystone.server.flask.request_processing.req_logging [None req-edf43075-dd38-4816-bc44-a56bb6a5ea25 None admin] REQUEST_METHOD: `GET` {{(pid=82077) log_request_info /opt/stack/keystone/keystone/server/flask/request_processing/req_logging.py:27}}
Aug 25 15:22:11.630327 n-d-854120-5 devstack@keystone.service[82077]: DEBUG keystone.server.flask.request_processing.req_logging [None req-edf43075-dd38-4816-bc44-a56bb6a5ea25 None admin] SCRIPT_NAME: `/identity` {{(pid=82077) log_request_info /opt/stack/keystone/keystone/server/flask/request_processing/req_logging.py:28}}
Aug 25 15:22:11.630799 n-d-854120-5 devstack@keystone.service[82077]: DEBUG keystone.server.flask.request_processing.req_logging [None req-edf43075-dd38-4816-bc44-a56bb6a5ea25 None admin] PATH_INFO: `/v3/projects/4e879951640f45d3acac1ec0b130edb4` {{(pid=82077) log_request_info /opt/stack/keystone/keystone/server/flask/request_processing/req_logging.py:29}}
Aug 25 15:22:11.633722 n-d-854120-5 devstack@keystone.service[82077]: DEBUG keystone.common.rbac_enforcer.enforcer [None req-edf43075-dd38-4816-bc44-a56bb6a5ea25 None admin] RBAC: Authorizing `identity:get_project(project_id=4e879951640f45d3acac1ec0b130edb4)` {{(pid=82077) enforce_call /opt/stack/keystone/keystone/common/rbac_enforcer/enforcer.py:449}}
Aug 25 15:22:11.637327 n-d-854120-5 devstack@keystone.service[82077]: DEBUG keystone.common.rbac_enforcer.enforcer [None req-edf43075-dd38-4816-bc44-a56bb6a5ea25 None admin] RBAC: Authorization granted {{(pid=82077) enforce_call /opt/stack/keystone/keystone/common/rbac_enforcer/enforcer.py:457}}
Aug 25 15:22:11.647408 n-d-854120-5 devstack@keystone.service[82077]: [pid: 82077|app: 0|req: 120/227] 10.222.0.15 () {56 vars in 1186 bytes} [Thu Aug 25 15:22:11 2022] GET /identity/v3/projects/4e879951640f45d3acac1ec0b130edb4 => generated 302 bytes in 257 msecs (HTTP/1.1 200) 5 headers in 177 bytes (1 switches on core 0)
Aug 25 15:22:11.655781 n-d-854120-5 devstack@keystone.service[82077]: DEBUG keystone.server.flask.request_processing.middleware.auth_context [None req-edf43075-dd38-4816-bc44-a56bb6a5ea25 None admin] Authenticating user token {{(pid=82077) process_request /usr/local/lib/python3.8/dist-packages/keystonemiddleware/auth_token/__init__.py:407}}
Aug 25 15:22:11.777276 n-d-854120-5 devstack@keystone.service[82076]: DEBUG keystone.server.flask.request_processing.middleware.auth_context [None req-88e0ea19-cf82-43da-a198-847ad25f2e43 None admin] Validating token access rules against request {{(pid=82076) validate_allowed_request /usr/local/lib/python3.8/dist-packages/keystonemiddleware/auth_token/__init__.py:545}}
Aug 25 15:22:11.819336 n-d-854120-5 devstack@keystone.service[82076]: DEBUG keystone.server.flask.request_processing.middleware.auth_context [None req-80329693-e46a-40ce-b407-8ec35097a2c7 None admin] RBAC: auth_context: {'token': , 'domain_id': None, 'trust_id': None, 'trustor_id': None, 'trustee_id': None, 'domain_name': None, 'group_ids': [], 'user_id': 'c46aea3c52ef472f8656b0468613db39', 'user_domain_id': 'default', 'system_scope': 'all', 'project_id': None, 'project_domain_id': None, 'roles': ['admin', 'member', 'reader'], 'is_admin_project': True, 'service_user_id': None, 'service_user_domain_id': None, 'service_project_id': None, 'service_project_domain_id': None, 'service_roles': []} {{(pid=82076) fill_context /opt/stack/keystone/keystone/server/flask/request_processing/middleware/auth_context.py:478}}
Aug 25 15:22:11.819913 n-d-854120-5 devstack@keystone.service[82076]: DEBUG keystone.server.flask.request_processing.req_logging [None req-80329693-e46a-40ce-b407-8ec35097a2c7 None admin] REQUEST_METHOD: `GET` {{(pid=82076) log_request_info /opt/stack/keystone/keystone/server/flask/request_processing/req_logging.py:27}}
Aug 25 15:22:11.820190 n-d-854120-5 devstack@keystone.service[82076]: DEBUG keystone.server.flask.request_processing.req_logging [None req-80329693-e46a-40ce-b407-8ec35097a2c7 None admin] SCRIPT_NAME: `/identity` {{(pid=82076) log_request_info /opt/stack/keystone/keystone/server/flask/request_processing/req_logging.py:28}}
Aug 25 15:22:11.821196 n-d-854120-5 devstack@keystone.service[82076]: DEBUG keystone.server.flask.request_processing.req_logging [None req-80329693-e46a-40ce-b407-8ec35097a2c7 None admin] PATH_INFO: `/v3/role_assignments` {{(pid=82076) log_request_info /opt/stack/keystone/keystone/server/flask/request_processing/req_logging.py:29}}
Aug 25 15:22:11.821945 n-d-854120-5 devstack@keystone.service[82076]: DEBUG keystone.common.rbac_enforcer.enforcer [None req-80329693-e46a-40ce-b407-8ec35097a2c7 None admin] RBAC: Adding query filter params (role.id=d10bc919598144af99e23f4936069b73, scope.project.id=4e879951640f45d3acac1ec0b130edb4, user.id=4b85b4a7985c4af2813b5ddad29521f8) {{(pid=82076) _extract_filter_values /opt/stack/keystone/keystone/common/rbac_enforcer/enforcer.py:167}}
Aug 25 15:22:11.822251 n-d-854120-5 devstack@keystone.service[82076]: DEBUG keystone.common.rbac_enforcer.enforcer [None req-80329693-e46a-40ce-b407-8ec35097a2c7 None admin] RBAC: Authorizing `identity:list_role_assignments()` {{(pid=82076) enforce_call /opt/stack/keystone/keystone/common/rbac_enforcer/enforcer.py:449}}
Aug 25 15:22:11.823714 n-d-854120-5 devstack@keystone.service[82076]: DEBUG keystone.common.rbac_enforcer.enforcer [None req-80329693-e46a-40ce-b407-8ec35097a2c7 None admin] RBAC: Authorization granted {{(pid=82076) enforce_call /opt/stack/keystone/keystone/common/rbac_enforcer/enforcer.py:457}}
Aug 25 15:22:11.839976 n-d-854120-5 devstack@keystone.service[82076]: [pid: 82076|app: 0|req: 108/228] 10.222.0.15 () {56 vars in 1374 bytes} [Thu Aug 25 15:22:11 2022] GET /identity/v3/role_assignments?user.id=4b85b4a7985c4af2813b5ddad29521f8&scope.project.id=4e879951640f45d3acac1ec0b130edb4&role.id=d10bc919598144af99e23f4936069b73 => generated 259 bytes in 265 msecs (HTTP/1.1 200) 5 headers in 177 bytes (1 switches on core 0)
Aug 25 15:22:11.841574 n-d-854120-5 devstack@keystone.service[82076]: DEBUG keystone.server.flask.request_processing.middleware.auth_context [None req-80329693-e46a-40ce-b407-8ec35097a2c7 None admin] Authenticating user token {{(pid=82076) process_request /usr/local/lib/python3.8/dist-packages/keystonemiddleware/auth_token/__init__.py:407}}
Aug 25 15:22:11.913342 n-d-854120-5 devstack@keystone.service[82077]: DEBUG dbcounter [-] [82077] Writing DB stats keystone:SELECT=100 {{(pid=82077) stat_writer /usr/local/lib/python3.8/dist-packages/dbcounter.py:114}}
Aug 25 15:22:11.937427 n-d-854120-5 devstack@keystone.service[82076]: DEBUG dbcounter [-] [82076] Writing DB stats keystone:SELECT=100 {{(pid=82076) stat_writer /usr/local/lib/python3.8/dist-packages/dbcounter.py:114}}
Aug 25 15:22:11.964116 n-d-854120-5 devstack@keystone.service[82077]: DEBUG keystone.server.flask.request_processing.middleware.auth_context [None req-edf43075-dd38-4816-bc44-a56bb6a5ea25 None admin] Validating token access rules against request {{(pid=82077) validate_allowed_request /usr/local/lib/python3.8/dist-packages/keystonemiddleware/auth_token/__init__.py:545}}
Aug 25 15:22:12.018447 n-d-854120-5 devstack@keystone.service[82076]: DEBUG keystone.server.flask.request_processing.middleware.auth_context [None req-80329693-e46a-40ce-b407-8ec35097a2c7 None admin] Validating token access rules against request {{(pid=82076) validate_allowed_request /usr/local/lib/python3.8/dist-packages/keystonemiddleware/auth_token/__init__.py:545}}
Aug 25 15:22:12.074166 n-d-854120-5 devstack@keystone.service[82077]: DEBUG keystone.server.flask.request_processing.middleware.auth_context [None req-570fbbb5-04a8-4c9a-86c2-7a2c4fb4dba9 None admin] RBAC: auth_context: {'token': , 'domain_id': None, 'trust_id': None, 'trustor_id': None, 'trustee_id': None, 'domain_name': None, 'group_ids': [], 'user_id': 'c46aea3c52ef472f8656b0468613db39', 'user_domain_id': 'default', 'system_scope': 'all', 'project_id': None, 'project_domain_id': None, 'roles': ['admin', 'member', 'reader'], 'is_admin_project': True, 'service_user_id': None, 'service_user_domain_id': None, 'service_project_id': None, 'service_project_domain_id': None, 'service_roles': []} {{(pid=82077) fill_context /opt/stack/keystone/keystone/server/flask/request_processing/middleware/auth_context.py:478}}
Aug 25 15:22:12.075160 n-d-854120-5 devstack@keystone.service[82077]: DEBUG keystone.server.flask.request_processing.req_logging [None req-570fbbb5-04a8-4c9a-86c2-7a2c4fb4dba9 None admin] REQUEST_METHOD: `PUT` {{(pid=82077) log_request_info /opt/stack/keystone/keystone/server/flask/request_processing/req_logging.py:27}}
Aug 25 15:22:12.075422 n-d-854120-5 devstack@keystone.service[82077]: DEBUG keystone.server.flask.request_processing.req_logging [None req-570fbbb5-04a8-4c9a-86c2-7a2c4fb4dba9 None admin] SCRIPT_NAME: `/identity` {{(pid=82077) log_request_info /opt/stack/keystone/keystone/server/flask/request_processing/req_logging.py:28}}
Aug 25 15:22:12.075698 n-d-854120-5 devstack@keystone.service[82077]: DEBUG keystone.server.flask.request_processing.req_logging [None req-570fbbb5-04a8-4c9a-86c2-7a2c4fb4dba9 None admin] PATH_INFO: `/v3/projects/4e879951640f45d3acac1ec0b130edb4/users/ef98b6aae91c46be802cdd64d2ad1713/roles/514c38e2fa474c84b3bbc812ea3d1313` {{(pid=82077) log_request_info /opt/stack/keystone/keystone/server/flask/request_processing/req_logging.py:29}}
Aug 25 15:22:12.077817 n-d-854120-5 devstack@keystone.service[82076]: DEBUG keystone.server.flask.request_processing.middleware.auth_context [None req-7f39d45f-5352-42b3-a8aa-955f87f884bf None admin] RBAC: auth_context: {'token': , 'domain_id': None, 'trust_id': None, 'trustor_id': None, 'trustee_id': None, 'domain_name': None, 'group_ids': [], 'user_id': 'c46aea3c52ef472f8656b0468613db39', 'user_domain_id': 'default', 'system_scope': 'all', 'project_id': None, 'project_domain_id': None, 'roles': ['admin', 'member', 'reader'], 'is_admin_project': True, 'service_user_id': None, 'service_user_domain_id': None, 'service_project_id': None, 'service_project_domain_id': None, 'service_roles': []} {{(pid=82076) fill_context /opt/stack/keystone/keystone/server/flask/request_processing/middleware/auth_context.py:478}}
Aug 25 15:22:12.078780 n-d-854120-5 devstack@keystone.service[82076]: DEBUG keystone.server.flask.request_processing.req_logging [None req-7f39d45f-5352-42b3-a8aa-955f87f884bf None admin] REQUEST_METHOD: `GET` {{(pid=82076) log_request_info /opt/stack/keystone/keystone/server/flask/request_processing/req_logging.py:27}}
Aug 25 15:22:12.079249 n-d-854120-5 devstack@keystone.service[82076]: DEBUG keystone.server.flask.request_processing.req_logging [None req-7f39d45f-5352-42b3-a8aa-955f87f884bf None admin] SCRIPT_NAME: `/identity` {{(pid=82076) log_request_info /opt/stack/keystone/keystone/server/flask/request_processing/req_logging.py:28}}
Aug 25 15:22:12.079718 n-d-854120-5 devstack@keystone.service[82076]: DEBUG keystone.server.flask.request_processing.req_logging [None req-7f39d45f-5352-42b3-a8aa-955f87f884bf None admin] PATH_INFO: `/v3/roles/anotherrole` {{(pid=82076) log_request_info /opt/stack/keystone/keystone/server/flask/request_processing/req_logging.py:29}}
Aug 25 15:22:12.086340 n-d-854120-5 devstack@keystone.service[82077]: DEBUG keystone.common.rbac_enforcer.enforcer [None req-570fbbb5-04a8-4c9a-86c2-7a2c4fb4dba9 None admin] RBAC: Authorizing `identity:create_grant(project_id=4e879951640f45d3acac1ec0b130edb4, user_id=ef98b6aae91c46be802cdd64d2ad1713, role_id=514c38e2fa474c84b3bbc812ea3d1313)` {{(pid=82077) enforce_call /opt/stack/keystone/keystone/common/rbac_enforcer/enforcer.py:449}}
Aug 25 15:22:12.089136 n-d-854120-5 devstack@keystone.service[82077]: DEBUG keystone.common.rbac_enforcer.enforcer [None req-570fbbb5-04a8-4c9a-86c2-7a2c4fb4dba9 None admin] RBAC: Authorization granted {{(pid=82077) enforce_call /opt/stack/keystone/keystone/common/rbac_enforcer/enforcer.py:457}}
Aug 25 15:22:12.093902 n-d-854120-5 devstack@keystone.service[82076]: DEBUG keystone.common.rbac_enforcer.enforcer [None req-7f39d45f-5352-42b3-a8aa-955f87f884bf None admin] Extracting inferred target data resulted in "NOT FOUND (404)". {{(pid=82076) enforce_call /opt/stack/keystone/keystone/common/rbac_enforcer/enforcer.py:409}}
Aug 25 15:22:12.099867 n-d-854120-5 devstack@keystone.service[82076]: ERROR keystone.server.flask.application [None req-7f39d45f-5352-42b3-a8aa-955f87f884bf None admin] Could not find role: anotherrole.: keystone.exception.RoleNotFound: Could not find role: anotherrole.
Aug 25 15:22:12.099867 n-d-854120-5 devstack@keystone.service[82076]: ERROR keystone.server.flask.application
Traceback (most recent call last):
Aug 25 15:22:12.099867 n-d-854120-5 devstack@keystone.service[82076]: ERROR keystone.server.flask.application
File "/usr/local/lib/python3.8/dist-packages/flask/app.py", line 1820, in full_dispatch_request
Aug 25 15:22:12.099867 n-d-854120-5 devstack@keystone.service[82076]: ERROR keystone.server.flask.application rv = self.dispatch_request()
Aug 25 15:22:12.099867 n-d-854120-5 devstack@keystone.service[82076]: ERROR keystone.server.flask.application
File "/usr/local/lib/python3.8/dist-packages/flask/app.py", line 1796, in dispatch_request
Aug 25 15:22:12.099867 n-d-854120-5 devstack@keystone.service[82076]: ERROR keystone.server.flask.application return self.ensure_sync(self.view_functions[rule.endpoint])(**view_args)
Aug 25 15:22:12.099867 n-d-854120-5 devstack@keystone.service[82076]: ERROR keystone.server.flask.application
File "/usr/local/lib/python3.8/dist-packages/flask_restful/__init__.py", line 467, in wrapper
Aug 25 15:22:12.099867 n-d-854120-5 devstack@keystone.service[82076]: ERROR keystone.server.flask.application resp = resource(*args, **kwargs)
Aug 25 15:22:12.099867 n-d-854120-5 devstack@keystone.service[82076]: ERROR keystone.server.flask.application
File "/usr/local/lib/python3.8/dist-packages/flask/views.py", line 107, in view
Aug 25 15:22:12.099867 n-d-854120-5 devstack@keystone.service[82076]: ERROR keystone.server.flask.application return current_app.ensure_sync(self.dispatch_request)(**kwargs)
Aug 25 15:22:12.099867 n-d-854120-5 devstack@keystone.service[82076]: ERROR keystone.server.flask.application
File "/usr/local/lib/python3.8/dist-packages/flask_restful/__init__.py", line 582, in dispatch_request
Aug 25 15:22:12.099867 n-d-854120-5 devstack@keystone.service[82076]: ERROR keystone.server.flask.application resp = meth(*args, **kwargs)
Aug 25 15:22:12.099867 n-d-854120-5 devstack@keystone.service[82076]: ERROR keystone.server.flask.application
File "/opt/stack/keystone/keystone/api/roles.py", line 50, in get
Aug 25 15:22:12.099867 n-d-854120-5 devstack@keystone.service[82076]: ERROR keystone.server.flask.application return self._get_role(role_id)
Aug 25 15:22:12.099867 n-d-854120-5 devstack@keystone.service[82076]: ERROR keystone.server.flask.application
File "/opt/stack/keystone/keystone/api/roles.py", line 70, in _get_role
Aug 25 15:22:12.099867 n-d-854120-5 devstack@keystone.service[82076]: ERROR keystone.server.flask.application ENFORCER.enforce_call(action='identity:get_role')
Aug 25 15:22:12.101463 n-d-854120-5 devstack@keystone.service[82076]: ERROR keystone.server.flask.application
File "/opt/stack/keystone/keystone/common/rbac_enforcer/enforcer.py", line 402, in enforce_call
Aug 25 15:22:12.101463 n-d-854120-5 devstack@keystone.service[82076]: ERROR keystone.server.flask.application policy_dict.update(cls._extract_member_target_data(
Aug 25 15:22:12.101463 n-d-854120-5 devstack@keystone.service[82076]: ERROR keystone.server.flask.application
File "/opt/stack/keystone/keystone/common/rbac_enforcer/enforcer.py", line 234, in _extract_member_target_data
Aug 25 15:22:12.101463 n-d-854120-5 devstack@keystone.service[82076]: ERROR keystone.server.flask.application member_name: func(flask.request.view_args[key])
Aug 25 15:22:12.101463 n-d-854120-5 devstack@keystone.service[82076]: ERROR keystone.server.flask.application
File "/opt/stack/keystone/keystone/common/manager.py", line 115, in wrapped
Aug 25 15:22:12.101463 n-d-854120-5 devstack@keystone.service[82076]: ERROR keystone.server.flask.application __ret_val = __f(*args, **kwargs)
Aug 25 15:22:12.101463 n-d-854120-5 devstack@keystone.service[82076]: ERROR keystone.server.flask.application
File "/usr/local/lib/python3.8/dist-packages/decorator.py", line 232, in fun
Aug 25 15:22:12.101463 n-d-854120-5 devstack@keystone.service[82076]: ERROR keystone.server.flask.application return caller(func, *(extras + args), **kw)
Aug 25 15:22:12.101463 n-d-854120-5 devstack@keystone.service[82076]: ERROR keystone.server.flask.application
File "/usr/local/lib/python3.8/dist-packages/dogpile/cache/region.py", line 1577, in get_or_create_for_user_func
Aug 25 15:22:12.101463 n-d-854120-5 devstack@keystone.service[82076]: ERROR keystone.server.flask.application return self.get_or_create(
Aug 25 15:22:12.101463 n-d-854120-5 devstack@keystone.service[82076]: ERROR keystone.server.flask.application
File "/usr/local/lib/python3.8/dist-packages/dogpile/cache/region.py", line 1042, in get_or_create
Aug 25 15:22:12.101463 n-d-854120-5 devstack@keystone.service[82076]: ERROR keystone.server.flask.application with Lock(
Aug 25 15:22:12.101463 n-d-854120-5 devstack@keystone.service[82076]: ERROR keystone.server.flask.application
File "/usr/local/lib/python3.8/dist-packages/dogpile/lock.py", line 185, in __enter__
Aug 25 15:22:12.101463 n-d-854120-5 devstack@keystone.service[82076]: ERROR keystone.server.flask.application return self._enter()
Aug 25 15:22:12.101463 n-d-854120-5 devstack@keystone.service[82076]: ERROR keystone.server.flask.application
File "/usr/local/lib/python3.8/dist-packages/dogpile/lock.py", line 94, in _enter
Aug 25 15:22:12.101463 n-d-854120-5 devstack@keystone.service[82076]: ERROR keystone.server.flask.application generated = self._enter_create(value, createdtime)
Aug 25 15:22:12.102299 n-d-854120-5 devstack@keystone.service[82076]: ERROR keystone.server.flask.application
File "/usr/local/lib/python3.8/dist-packages/dogpile/lock.py", line 178, in _enter_create
Aug 25 15:22:12.102299 n-d-854120-5 devstack@keystone.service[82076]: ERROR keystone.server.flask.application return self.creator()
Aug 25 15:22:12.102299 n-d-854120-5 devstack@keystone.service[82076]: ERROR keystone.server.flask.application
File "/usr/local/lib/python3.8/dist-packages/dogpile/cache/region.py", line 995, in gen_value
Aug 25 15:22:12.102299 n-d-854120-5 devstack@keystone.service[82076]: ERROR keystone.server.flask.application created_value = creator(
Aug 25 15:22:12.102299 n-d-854120-5 devstack@keystone.service[82076]: ERROR keystone.server.flask.application
File "/opt/stack/keystone/keystone/assignment/core.py", line 1276, in get_role
Aug 25 15:22:12.102299 n-d-854120-5 devstack@keystone.service[82076]: ERROR keystone.server.flask.application return self.driver.get_role(role_id)
Aug 25 15:22:12.102299 n-d-854120-5 devstack@keystone.service[82076]: ERROR keystone.server.flask.application
File "/opt/stack/keystone/keystone/assignment/role_backends/sql.py", line 70, in get_role
Aug 25 15:22:12.102299 n-d-854120-5 devstack@keystone.service[82076]: ERROR keystone.server.flask.application return self._get_role(session, role_id).to_dict()
Aug 25 15:22:12.102299 n-d-854120-5 devstack@keystone.service[82076]: ERROR keystone.server.flask.application
File "/opt/stack/keystone/keystone/assignment/role_backends/sql.py", line 65, in _get_role
Aug 25 15:22:12.102299 n-d-854120-5 devstack@keystone.service[82076]: ERROR keystone.server.flask.application raise exception.RoleNotFound(role_id=role_id)
Aug 25 15:22:12.102299 n-d-854120-5 devstack@keystone.service[82076]: ERROR keystone.server.flask.application keystone.exception.RoleNotFound: Could not find role: anotherrole.
Aug 25 15:22:12.102299 n-d-854120-5 devstack@keystone.service[82076]: ERROR keystone.server.flask.application
Aug 25 15:22:12.105158 n-d-854120-5 devstack@keystone.service[82076]: [pid: 82076|app: 0|req: 109/229] 10.222.0.15 () {56 vars in 1114 bytes} [Thu Aug 25 15:22:11 2022] GET /identity/v3/roles/anotherrole => generated 89 bytes in 264 msecs (HTTP/1.1 404) 5 headers in 183 bytes (1 switches on core 0)
Aug 25 15:22:12.111364 n-d-854120-5 devstack@keystone.service[82076]: DEBUG keystone.server.flask.request_processing.middleware.auth_context [None req-7f39d45f-5352-42b3-a8aa-955f87f884bf None admin] Authenticating user token {{(pid=82076) process_request /usr/local/lib/python3.8/dist-packages/keystonemiddleware/auth_token/__init__.py:407}}
Aug 25 15:22:12.120463 n-d-854120-5 devstack@keystone.service[82077]: [pid: 82077|app: 0|req: 121/230] 10.222.0.15 () {58 vars in 1439 bytes} [Thu Aug 25 15:22:11 2022] PUT /identity/v3/projects/4e879951640f45d3acac1ec0b130edb4/users/ef98b6aae91c46be802cdd64d2ad1713/roles/514c38e2fa474c84b3bbc812ea3d1313 => generated 0 bytes in 467 msecs (HTTP/1.1 204) 3 headers in 132 bytes (0 switches on core 0)
Aug 25 15:22:12.313432 n-d-854120-5 devstack@keystone.service[82076]: DEBUG keystone.server.flask.request_processing.middleware.auth_context [None req-7f39d45f-5352-42b3-a8aa-955f87f884bf None admin] Validating token access rules against request {{(pid=82076) validate_allowed_request /usr/local/lib/python3.8/dist-packages/keystonemiddleware/auth_token/__init__.py:545}}
Aug 25 15:22:12.356836 n-d-854120-5 devstack@keystone.service[82076]: DEBUG dbcounter [-] [82076] Writing DB stats keystone:SELECT=100 {{(pid=82076) stat_writer /usr/local/lib/python3.8/dist-packages/dbcounter.py:114}}
Aug 25 15:22:12.387085 n-d-854120-5 devstack@keystone.service[82076]: DEBUG keystone.server.flask.request_processing.middleware.auth_context [None req-2c5857ca-0dd0-42b8-a954-fd80ba5a37f7 None admin] RBAC: auth_context: {'token': , 'domain_id': None, 'trust_id': None, 'trustor_id': None, 'trustee_id': None, 'domain_name': None, 'group_ids': [], 'user_id': 'c46aea3c52ef472f8656b0468613db39', 'user_domain_id': 'default', 'system_scope': 'all', 'project_id': None, 'project_domain_id': None, 'roles': ['admin', 'member', 'reader'], 'is_admin_project': True, 'service_user_id': None, 'service_user_domain_id': None, 'service_project_id': None, 'service_project_domain_id': None, 'service_roles': []} {{(pid=82076) fill_context /opt/stack/keystone/keystone/server/flask/request_processing/middleware/auth_context.py:478}}
Aug 25 15:22:12.388330 n-d-854120-5 devstack@keystone.service[82076]: DEBUG keystone.server.flask.request_processing.req_logging [None req-2c5857ca-0dd0-42b8-a954-fd80ba5a37f7 None admin] REQUEST_METHOD: `GET` {{(pid=82076) log_request_info /opt/stack/keystone/keystone/server/flask/request_processing/req_logging.py:27}}
Aug 25 15:22:12.388864 n-d-854120-5 devstack@keystone.service[82076]: DEBUG keystone.server.flask.request_processing.req_logging [None req-2c5857ca-0dd0-42b8-a954-fd80ba5a37f7 None admin] SCRIPT_NAME: `/identity` {{(pid=82076) log_request_info /opt/stack/keystone/keystone/server/flask/request_processing/req_logging.py:28}}
Aug 25 15:22:12.389365 n-d-854120-5 devstack@keystone.service[82076]: DEBUG keystone.server.flask.request_processing.req_logging [None req-2c5857ca-0dd0-42b8-a954-fd80ba5a37f7 None admin] PATH_INFO: `/v3/roles` {{(pid=82076) log_request_info /opt/stack/keystone/keystone/server/flask/request_processing/req_logging.py:29}}
Aug 25 15:22:12.390730 n-d-854120-5 devstack@keystone.service[82076]: DEBUG keystone.common.rbac_enforcer.enforcer [None req-2c5857ca-0dd0-42b8-a954-fd80ba5a37f7 None admin] RBAC: Adding query filter params (name=anotherrole) {{(pid=82076) _extract_filter_values /opt/stack/keystone/keystone/common/rbac_enforcer/enforcer.py:167}}
Aug 25 15:22:12.391324 n-d-854120-5 devstack@keystone.service[82076]: DEBUG keystone.common.rbac_enforcer.enforcer [None req-2c5857ca-0dd0-42b8-a954-fd80ba5a37f7 None admin] RBAC: Authorizing `identity:list_roles()` {{(pid=82076) enforce_call /opt/stack/keystone/keystone/common/rbac_enforcer/enforcer.py:449}}
Aug 25 15:22:12.394240 n-d-854120-5 devstack@keystone.service[82076]: DEBUG keystone.common.rbac_enforcer.enforcer [None req-2c5857ca-0dd0-42b8-a954-fd80ba5a37f7 None admin] RBAC: Authorization granted {{(pid=82076) enforce_call /opt/stack/keystone/keystone/common/rbac_enforcer/enforcer.py:457}}
Aug 25 15:22:12.416566 n-d-854120-5 devstack@keystone.service[82076]: [pid: 82076|app: 0|req: 110/231] 10.222.0.15 () {56 vars in 1111 bytes} [Thu Aug 25 15:22:12 2022] GET /identity/v3/roles?name=anotherrole => generated 334 bytes in 304 msecs (HTTP/1.1 200) 5 headers in 177 bytes (1 switches on core 0)
Aug 25 15:22:12.425548 n-d-854120-5 devstack@keystone.service[82077]: DEBUG keystone.server.flask.request_processing.middleware.auth_context [None req-570fbbb5-04a8-4c9a-86c2-7a2c4fb4dba9 None admin] Authenticating user token {{(pid=82077) process_request /usr/local/lib/python3.8/dist-packages/keystonemiddleware/auth_token/__init__.py:407}}
Aug 25 15:22:12.596764 n-d-854120-5 devstack@keystone.service[82077]: DEBUG keystone.server.flask.request_processing.middleware.auth_context [None req-570fbbb5-04a8-4c9a-86c2-7a2c4fb4dba9 None admin] Validating token access rules against request {{(pid=82077) validate_allowed_request /usr/local/lib/python3.8/dist-packages/keystonemiddleware/auth_token/__init__.py:545}}
Aug 25 15:22:12.669808 n-d-854120-5 devstack@keystone.service[82077]: DEBUG keystone.server.flask.request_processing.middleware.auth_context [None req-3a5fe286-f740-4f64-8a84-8e56382064e3 None admin] RBAC: auth_context: {'token': , 'domain_id': None, 'trust_id': None, 'trustor_id': None, 'trustee_id': None, 'domain_name': None, 'group_ids': [], 'user_id': 'c46aea3c52ef472f8656b0468613db39', 'user_domain_id': 'default', 'system_scope': 'all', 'project_id': None, 'project_domain_id': None, 'roles': ['admin', 'member', 'reader'], 'is_admin_project': True, 'service_user_id': None, 'service_user_domain_id': None, 'service_project_id': None, 'service_project_domain_id': None, 'service_roles': []} {{(pid=82077) fill_context /opt/stack/keystone/keystone/server/flask/request_processing/middleware/auth_context.py:478}}
Aug 25 15:22:12.670486 n-d-854120-5 devstack@keystone.service[82077]: DEBUG keystone.server.flask.request_processing.req_logging [None req-3a5fe286-f740-4f64-8a84-8e56382064e3 None admin] REQUEST_METHOD: `GET` {{(pid=82077) log_request_info /opt/stack/keystone/keystone/server/flask/request_processing/req_logging.py:27}}
Aug 25 15:22:12.670761 n-d-854120-5 devstack@keystone.service[82077]: DEBUG keystone.server.flask.request_processing.req_logging [None req-3a5fe286-f740-4f64-8a84-8e56382064e3 None admin] SCRIPT_NAME: `/identity` {{(pid=82077) log_request_info /opt/stack/keystone/keystone/server/flask/request_processing/req_logging.py:28}}
Aug 25 15:22:12.671031 n-d-854120-5 devstack@keystone.service[82077]: DEBUG keystone.server.flask.request_processing.req_logging [None req-3a5fe286-f740-4f64-8a84-8e56382064e3 None admin] PATH_INFO: `/v3/users/ef98b6aae91c46be802cdd64d2ad1713` {{(pid=82077) log_request_info /opt/stack/keystone/keystone/server/flask/request_processing/req_logging.py:29}}
Aug 25 15:22:12.673086 n-d-854120-5 devstack@keystone.service[82077]: DEBUG keystone.common.rbac_enforcer.enforcer [None req-3a5fe286-f740-4f64-8a84-8e56382064e3 None admin] RBAC: Authorizing `identity:get_user(user_id=ef98b6aae91c46be802cdd64d2ad1713)` {{(pid=82077) enforce_call /opt/stack/keystone/keystone/common/rbac_enforcer/enforcer.py:449}}
Aug 25 15:22:12.674621 n-d-854120-5 devstack@keystone.service[82077]: DEBUG keystone.common.rbac_enforcer.enforcer [None req-3a5fe286-f740-4f64-8a84-8e56382064e3 None admin] RBAC: Authorization granted {{(pid=82077) enforce_call /opt/stack/keystone/keystone/common/rbac_enforcer/enforcer.py:457}}
Aug 25 15:22:12.676795 n-d-854120-5 devstack@keystone.service[82077]: [pid: 82077|app: 0|req: 122/232] 10.222.0.15 () {56 vars in 1177 bytes} [Thu Aug 25 15:22:12 2022] GET /identity/v3/users/ef98b6aae91c46be802cdd64d2ad1713 => generated 283 bytes in 252 msecs (HTTP/1.1 200) 5 headers in 177 bytes (1 switches on core 0)
Aug 25 15:22:12.683307 n-d-854120-5 devstack@keystone.service[82076]: DEBUG keystone.server.flask.request_processing.middleware.auth_context [None req-2c5857ca-0dd0-42b8-a954-fd80ba5a37f7 None admin] Authenticating user token {{(pid=82076) process_request /usr/local/lib/python3.8/dist-packages/keystonemiddleware/auth_token/__init__.py:407}}
Aug 25 15:22:12.931542 n-d-854120-5 devstack@keystone.service[82076]: DEBUG keystone.server.flask.request_processing.middleware.auth_context [None req-2c5857ca-0dd0-42b8-a954-fd80ba5a37f7 None admin] Validating token access rules against request {{(pid=82076) validate_allowed_request /usr/local/lib/python3.8/dist-packages/keystonemiddleware/auth_token/__init__.py:545}}
Aug 25 15:22:13.010636 n-d-854120-5 devstack@keystone.service[82076]: DEBUG keystone.server.flask.request_processing.middleware.auth_context [None req-adae850d-0693-4473-a1a0-d980c1c4d341 None admin] RBAC: auth_context: {'token': , 'domain_id': None, 'trust_id': None, 'trustor_id': None, 'trustee_id': None, 'domain_name': None, 'group_ids': [], 'user_id': 'c46aea3c52ef472f8656b0468613db39', 'user_domain_id': 'default', 'system_scope': 'all', 'project_id': None, 'project_domain_id': None, 'roles': ['admin', 'member', 'reader'], 'is_admin_project': True, 'service_user_id': None, 'service_user_domain_id': None, 'service_project_id': None, 'service_project_domain_id': None, 'service_roles': []} {{(pid=82076) fill_context /opt/stack/keystone/keystone/server/flask/request_processing/middleware/auth_context.py:478}}
Aug 25 15:22:13.011451 n-d-854120-5 devstack@keystone.service[82076]: DEBUG keystone.server.flask.request_processing.req_logging [None req-adae850d-0693-4473-a1a0-d980c1c4d341 None admin] REQUEST_METHOD: `GET` {{(pid=82076) log_request_info /opt/stack/keystone/keystone/server/flask/request_processing/req_logging.py:27}}
Aug 25 15:22:13.011796 n-d-854120-5 devstack@keystone.service[82076]: DEBUG keystone.server.flask.request_processing.req_logging [None req-adae850d-0693-4473-a1a0-d980c1c4d341 None admin] SCRIPT_NAME: `/identity` {{(pid=82076) log_request_info /opt/stack/keystone/keystone/server/flask/request_processing/req_logging.py:28}}
Aug 25 15:22:13.012093 n-d-854120-5 devstack@keystone.service[82076]: DEBUG keystone.server.flask.request_processing.req_logging [None req-adae850d-0693-4473-a1a0-d980c1c4d341 None admin] PATH_INFO: `/v3/projects/4e879951640f45d3acac1ec0b130edb4` {{(pid=82076) log_request_info /opt/stack/keystone/keystone/server/flask/request_processing/req_logging.py:29}}
Aug 25 15:22:13.013741 n-d-854120-5 devstack@keystone.service[82076]: DEBUG keystone.common.rbac_enforcer.enforcer [None req-adae850d-0693-4473-a1a0-d980c1c4d341 None admin] RBAC: Authorizing `identity:get_project(project_id=4e879951640f45d3acac1ec0b130edb4)` {{(pid=82076) enforce_call /opt/stack/keystone/keystone/common/rbac_enforcer/enforcer.py:449}}
Aug 25 15:22:13.015413 n-d-854120-5 devstack@keystone.service[82076]: DEBUG keystone.common.rbac_enforcer.enforcer [None req-adae850d-0693-4473-a1a0-d980c1c4d341 None admin] RBAC: Authorization granted {{(pid=82076) enforce_call /opt/stack/keystone/keystone/common/rbac_enforcer/enforcer.py:457}}
Aug 25 15:22:13.017174 n-d-854120-5 devstack@keystone.service[82076]: [pid: 82076|app: 0|req: 111/233] 10.222.0.15 () {56 vars in 1186 bytes} [Thu Aug 25 15:22:12 2022] GET /identity/v3/projects/4e879951640f45d3acac1ec0b130edb4 => generated 302 bytes in 335 msecs (HTTP/1.1 200) 5 headers in 177 bytes (1 switches on core 0)
Aug 25 15:22:13.026170 n-d-854120-5 devstack@keystone.service[82077]: DEBUG keystone.server.flask.request_processing.middleware.auth_context [None req-3a5fe286-f740-4f64-8a84-8e56382064e3 None admin] Authenticating user token {{(pid=82077) process_request /usr/local/lib/python3.8/dist-packages/keystonemiddleware/auth_token/__init__.py:407}}
Aug 25 15:22:13.068035 n-d-854120-5 devstack@keystone.service[82077]: DEBUG dbcounter [-] [82077] Writing DB stats keystone:SELECT=99,keystone:INSERT=1 {{(pid=82077) stat_writer /usr/local/lib/python3.8/dist-packages/dbcounter.py:114}}
Aug 25 15:22:13.204485 n-d-854120-5 devstack@keystone.service[82077]: DEBUG keystone.server.flask.request_processing.middleware.auth_context [None req-3a5fe286-f740-4f64-8a84-8e56382064e3 None admin] Validating token access rules against request {{(pid=82077) validate_allowed_request /usr/local/lib/python3.8/dist-packages/keystonemiddleware/auth_token/__init__.py:545}}
Aug 25 15:22:13.254996 n-d-854120-5 devstack@keystone.service[82077]: DEBUG keystone.server.flask.request_processing.middleware.auth_context [None req-4beff7d1-409c-47d4-9c64-5397dc348330 None admin] RBAC: auth_context: {'token': , 'domain_id': None, 'trust_id': None, 'trustor_id': None, 'trustee_id': None, 'domain_name': None, 'group_ids': [], 'user_id': 'c46aea3c52ef472f8656b0468613db39', 'user_domain_id': 'default', 'system_scope': 'all', 'project_id': None, 'project_domain_id': None, 'roles': ['admin', 'member', 'reader'], 'is_admin_project': True, 'service_user_id': None, 'service_user_domain_id': None, 'service_project_id': None, 'service_project_domain_id': None, 'service_roles': []} {{(pid=82077) fill_context /opt/stack/keystone/keystone/server/flask/request_processing/middleware/auth_context.py:478}}
Aug 25 15:22:13.256908 n-d-854120-5 devstack@keystone.service[82077]: DEBUG keystone.server.flask.request_processing.req_logging [None req-4beff7d1-409c-47d4-9c64-5397dc348330 None admin] REQUEST_METHOD: `PUT` {{(pid=82077) log_request_info /opt/stack/keystone/keystone/server/flask/request_processing/req_logging.py:27}}
Aug 25 15:22:13.257233 n-d-854120-5 devstack@keystone.service[82077]: DEBUG keystone.server.flask.request_processing.req_logging [None req-4beff7d1-409c-47d4-9c64-5397dc348330 None admin] SCRIPT_NAME: `/identity` {{(pid=82077) log_request_info /opt/stack/keystone/keystone/server/flask/request_processing/req_logging.py:28}}
Aug 25 15:22:13.257611 n-d-854120-5 devstack@keystone.service[82077]: DEBUG keystone.server.flask.request_processing.req_logging [None req-4beff7d1-409c-47d4-9c64-5397dc348330 None admin] PATH_INFO: `/v3/projects/4e879951640f45d3acac1ec0b130edb4/users/ef98b6aae91c46be802cdd64d2ad1713/roles/6ac6f416d19e4b8095e3da1ff6bf46b9` {{(pid=82077) log_request_info /opt/stack/keystone/keystone/server/flask/request_processing/req_logging.py:29}}
Aug 25 15:22:13.265104 n-d-854120-5 devstack@keystone.service[82077]: DEBUG keystone.common.rbac_enforcer.enforcer [None req-4beff7d1-409c-47d4-9c64-5397dc348330 None admin] RBAC: Authorizing `identity:create_grant(project_id=4e879951640f45d3acac1ec0b130edb4, user_id=ef98b6aae91c46be802cdd64d2ad1713, role_id=6ac6f416d19e4b8095e3da1ff6bf46b9)` {{(pid=82077) enforce_call /opt/stack/keystone/keystone/common/rbac_enforcer/enforcer.py:449}}
Aug 25 15:22:13.268112 n-d-854120-5 devstack@keystone.service[82077]: DEBUG keystone.common.rbac_enforcer.enforcer [None req-4beff7d1-409c-47d4-9c64-5397dc348330 None admin] RBAC: Authorization granted {{(pid=82077) enforce_call /opt/stack/keystone/keystone/common/rbac_enforcer/enforcer.py:457}}
Aug 25 15:22:13.289968 n-d-854120-5 devstack@keystone.service[82077]: [pid: 82077|app: 0|req: 123/234] 10.222.0.15 () {58 vars in 1439 bytes} [Thu Aug 25 15:22:13 2022] PUT /identity/v3/projects/4e879951640f45d3acac1ec0b130edb4/users/ef98b6aae91c46be802cdd64d2ad1713/roles/6ac6f416d19e4b8095e3da1ff6bf46b9 => generated 0 bytes in 265 msecs (HTTP/1.1 204) 3 headers in 132 bytes (0 switches on core 0)
Aug 25 15:22:13.817649 n-d-854120-5 devstack@keystone.service[82076]: DEBUG keystone.server.flask.request_processing.req_logging [None req-878801f8-5969-42c3-8e4b-7d1a6637eec8 None None] REQUEST_METHOD: `GET` {{(pid=82076) log_request_info /opt/stack/keystone/keystone/server/flask/request_processing/req_logging.py:27}}
Aug 25 15:22:13.818179 n-d-854120-5 devstack@keystone.service[82076]: DEBUG keystone.server.flask.request_processing.req_logging [None req-878801f8-5969-42c3-8e4b-7d1a6637eec8 None None] SCRIPT_NAME: `/identity` {{(pid=82076) log_request_info /opt/stack/keystone/keystone/server/flask/request_processing/req_logging.py:28}}
Aug 25 15:22:13.818448 n-d-854120-5 devstack@keystone.service[82076]: DEBUG keystone.server.flask.request_processing.req_logging [None req-878801f8-5969-42c3-8e4b-7d1a6637eec8 None None] PATH_INFO: `/` {{(pid=82076) log_request_info /opt/stack/keystone/keystone/server/flask/request_processing/req_logging.py:29}}
Aug 25 15:22:13.820803 n-d-854120-5 devstack@keystone.service[82076]: [pid: 82076|app: 0|req: 112/235] 10.222.0.15 () {54 vars in 927 bytes} [Thu Aug 25 15:22:13 2022] GET /identity => generated 270 bytes in 5 msecs (HTTP/1.1 300) 6 headers in 234 bytes (1 switches on core 0)
Aug 25 15:22:13.828465 n-d-854120-5 devstack@keystone.service[82077]: DEBUG keystone.server.flask.request_processing.req_logging [None req-9f9ad69b-f6f6-49e0-bd47-c0d28b70f14b None None] REQUEST_METHOD: `POST` {{(pid=82077) log_request_info /opt/stack/keystone/keystone/server/flask/request_processing/req_logging.py:27}}
Aug 25 15:22:13.828970 n-d-854120-5 devstack@keystone.service[82077]: DEBUG keystone.server.flask.request_processing.req_logging [None req-9f9ad69b-f6f6-49e0-bd47-c0d28b70f14b None None] SCRIPT_NAME: `/identity` {{(pid=82077) log_request_info /opt/stack/keystone/keystone/server/flask/request_processing/req_logging.py:28}}
Aug 25 15:22:13.829044 n-d-854120-5 devstack@keystone.service[82077]: DEBUG keystone.server.flask.request_processing.req_logging [None req-9f9ad69b-f6f6-49e0-bd47-c0d28b70f14b None None] PATH_INFO: `/v3/auth/tokens` {{(pid=82077) log_request_info /opt/stack/keystone/keystone/server/flask/request_processing/req_logging.py:29}}
Aug 25 15:22:13.841481 n-d-854120-5 devstack@keystone.service[82076]: DEBUG keystone.server.flask.request_processing.req_logging [None req-56ca5e21-1558-4ada-a6a8-0e027048ed54 None None] REQUEST_METHOD: `GET` {{(pid=82076) log_request_info /opt/stack/keystone/keystone/server/flask/request_processing/req_logging.py:27}}
Aug 25 15:22:13.841799 n-d-854120-5 devstack@keystone.service[82076]: DEBUG keystone.server.flask.request_processing.req_logging [None req-56ca5e21-1558-4ada-a6a8-0e027048ed54 None None] SCRIPT_NAME: `/identity` {{(pid=82076) log_request_info /opt/stack/keystone/keystone/server/flask/request_processing/req_logging.py:28}}
Aug 25 15:22:13.842040 n-d-854120-5 devstack@keystone.service[82076]: DEBUG keystone.server.flask.request_processing.req_logging [None req-56ca5e21-1558-4ada-a6a8-0e027048ed54 None None] PATH_INFO: `/` {{(pid=82076) log_request_info /opt/stack/keystone/keystone/server/flask/request_processing/req_logging.py:29}}
Aug 25 15:22:13.843644 n-d-854120-5 devstack@keystone.service[82076]: [pid: 82076|app: 0|req: 113/236] 10.222.0.15 () {54 vars in 927 bytes} [Thu Aug 25 15:22:13 2022] GET /identity => generated 270 bytes in 3 msecs (HTTP/1.1 300) 6 headers in 234 bytes (2 switches on core 0)
Aug 25 15:22:13.856971 n-d-854120-5 devstack@keystone.service[82077]: DEBUG keystone.auth.core [None req-9f9ad69b-f6f6-49e0-bd47-c0d28b70f14b None None] MFA Rules not processed for user `c46aea3c52ef472f8656b0468613db39`. Rule list: `[]` (Enabled: `True`). {{(pid=82077) check_auth_methods_against_rules /opt/stack/keystone/keystone/auth/core.py:438}}
Aug 25 15:22:13.857427 n-d-854120-5 devstack@keystone.service[82076]: DEBUG keystone.server.flask.request_processing.req_logging [None req-6dae3c00-70c0-40b5-abd2-b79f0e49c00a None None] REQUEST_METHOD: `POST` {{(pid=82076) log_request_info /opt/stack/keystone/keystone/server/flask/request_processing/req_logging.py:27}}
