Aug 30 18:39:49.804579 n-d-854120-12 devstack@g-api.service[116750]: DEBUG glance_store.backend [None req-cf3626fe-c70d-46d9-a2f0-2677669a0808 tempest-ListImageFiltersTestJSON-1299268529 tempest-ListImageFiltersTestJSON-1299268529-project] Attempting to import store swift {{(pid=116750) _load_store /usr/local/lib/python3.8/dist-packages/glance_store/backend.py:216}}
Aug 30 18:39:49.809182 n-d-854120-12 devstack@g-api.service[116750]: DEBUG glance_store.capabilities [None req-cf3626fe-c70d-46d9-a2f0-2677669a0808 tempest-ListImageFiltersTestJSON-1299268529 tempest-ListImageFiltersTestJSON-1299268529-project] Store glance_store._drivers.swift.store.SingleTenantStore doesn't support updating dynamic storage capabilities. Please overwrite 'update_capabilities' method of the store to implement updating logics if needed. {{(pid=116750) update_capabilities /usr/local/lib/python3.8/dist-packages/glance_store/capabilities.py:91}}
Aug 30 18:39:49.816853 n-d-854120-12 devstack@g-api.service[116750]: DEBUG glance_store.driver [None req-cf3626fe-c70d-46d9-a2f0-2677669a0808 tempest-ListImageFiltersTestJSON-1299268529 tempest-ListImageFiltersTestJSON-1299268529-project] Late loading location class glance_store._drivers.swift.store.StoreLocation {{(pid=116750) get_store_location_class /usr/local/lib/python3.8/dist-packages/glance_store/driver.py:116}}
Aug 30 18:39:49.816853 n-d-854120-12 devstack@g-api.service[116750]: DEBUG glance_store.location [None req-cf3626fe-c70d-46d9-a2f0-2677669a0808 tempest-ListImageFiltersTestJSON-1299268529 tempest-ListImageFiltersTestJSON-1299268529-project] Registering scheme swift+https with {'store': , 'location_class': , 'store_entry': 'swift'} {{(pid=116750) register_scheme_map /usr/local/lib/python3.8/dist-packages/glance_store/location.py:146}}
Aug 30 18:39:49.816853 n-d-854120-12 devstack@g-api.service[116750]: DEBUG glance_store.location [None req-cf3626fe-c70d-46d9-a2f0-2677669a0808 tempest-ListImageFiltersTestJSON-1299268529 tempest-ListImageFiltersTestJSON-1299268529-project] Registering scheme swift+https with {'store': , 'location_class': , 'store_entry': 'swift'} {{(pid=116750) register_scheme_map /usr/local/lib/python3.8/dist-packages/glance_store/location.py:146}}
Aug 30 18:39:49.816853 n-d-854120-12 devstack@g-api.service[116750]: DEBUG glance_store.location [None req-cf3626fe-c70d-46d9-a2f0-2677669a0808 tempest-ListImageFiltersTestJSON-1299268529 tempest-ListImageFiltersTestJSON-1299268529-project] Registering scheme swift with {'store': , 'location_class': , 'store_entry': 'swift'} {{(pid=116750) register_scheme_map /usr/local/lib/python3.8/dist-packages/glance_store/location.py:146}}
Aug 30 18:39:49.816853 n-d-854120-12 devstack@g-api.service[116750]: DEBUG glance_store.location [None req-cf3626fe-c70d-46d9-a2f0-2677669a0808 tempest-ListImageFiltersTestJSON-1299268529 tempest-ListImageFiltersTestJSON-1299268529-project] Registering scheme swift+https with {'store': , 'location_class': , 'store_entry': 'swift'} {{(pid=116750) register_scheme_map /usr/local/lib/python3.8/dist-packages/glance_store/location.py:146}}
Aug 30 18:39:49.816853 n-d-854120-12 devstack@g-api.service[116750]: DEBUG glance_store.location [None req-cf3626fe-c70d-46d9-a2f0-2677669a0808 tempest-ListImageFiltersTestJSON-1299268529 tempest-ListImageFiltersTestJSON-1299268529-project] Registering scheme swift with {'store': , 'location_class': , 'store_entry': 'swift'} {{(pid=116750) register_scheme_map /usr/local/lib/python3.8/dist-packages/glance_store/location.py:146}}
Aug 30 18:39:49.816853 n-d-854120-12 devstack@g-api.service[116750]: DEBUG glance_store.location [None req-cf3626fe-c70d-46d9-a2f0-2677669a0808 tempest-ListImageFiltersTestJSON-1299268529 tempest-ListImageFiltersTestJSON-1299268529-project] Registering scheme swift+http with {'store': , 'location_class': , 'store_entry': 'swift'} {{(pid=116750) register_scheme_map /usr/local/lib/python3.8/dist-packages/glance_store/location.py:146}}
Aug 30 18:39:49.816853 n-d-854120-12 devstack@g-api.service[116750]: DEBUG glance_store.location [None req-cf3626fe-c70d-46d9-a2f0-2677669a0808 tempest-ListImageFiltersTestJSON-1299268529 tempest-ListImageFiltersTestJSON-1299268529-project] Registering scheme swift+https with {'store': , 'location_class': , 'store_entry': 'swift'} {{(pid=116750) register_scheme_map /usr/local/lib/python3.8/dist-packages/glance_store/location.py:146}}
Aug 30 18:39:49.816853 n-d-854120-12 devstack@g-api.service[116750]: DEBUG glance_store.location [None req-cf3626fe-c70d-46d9-a2f0-2677669a0808 tempest-ListImageFiltersTestJSON-1299268529 tempest-ListImageFiltersTestJSON-1299268529-project] Registering scheme swift with {'store': , 'location_class': , 'store_entry': 'swift'} {{(pid=116750) register_scheme_map /usr/local/lib/python3.8/dist-packages/glance_store/location.py:146}}
Aug 30 18:39:49.816853 n-d-854120-12 devstack@g-api.service[116750]: DEBUG glance_store.location [None req-cf3626fe-c70d-46d9-a2f0-2677669a0808 tempest-ListImageFiltersTestJSON-1299268529 tempest-ListImageFiltersTestJSON-1299268529-project] Registering scheme swift+http with {'store': , 'location_class': , 'store_entry': 'swift'} {{(pid=116750) register_scheme_map /usr/local/lib/python3.8/dist-packages/glance_store/location.py:146}}
Aug 30 18:39:49.816853 n-d-854120-12 devstack@g-api.service[116750]: DEBUG glance_store.location [None req-cf3626fe-c70d-46d9-a2f0-2677669a0808 tempest-ListImageFiltersTestJSON-1299268529 tempest-ListImageFiltersTestJSON-1299268529-project] Registering scheme swift+config with {'store': , 'location_class': , 'store_entry': 'swift'} {{(pid=116750) register_scheme_map /usr/local/lib/python3.8/dist-packages/glance_store/location.py:146}}
Aug 30 18:39:50.021149 n-d-854120-12 devstack@g-api.service[116749]: DEBUG swiftclient [None req-a02dc902-5613-4158-96e1-99e4714ecbd4 tempest-ImagesTestJSON-1052417422 tempest-ImagesTestJSON-1052417422-project] REQ: curl -i http://10.222.0.64:8080/v1/AUTH_be219d80110843a99e24044acb07bad7/glance/d8f901ce-5e9f-4b66-a3bc-1d06a4f5d271 -I -H "X-Auth-Token: gAAAAABjDll1K9Pb..." {{(pid=116749) http_log /usr/local/lib/python3.8/dist-packages/swiftclient/client.py:157}}
Aug 30 18:39:50.021386 n-d-854120-12 devstack@g-api.service[116749]: DEBUG swiftclient [None req-a02dc902-5613-4158-96e1-99e4714ecbd4 tempest-ImagesTestJSON-1052417422 tempest-ImagesTestJSON-1052417422-project] RESP STATUS: 200 OK {{(pid=116749) http_log /usr/local/lib/python3.8/dist-packages/swiftclient/client.py:158}}
Aug 30 18:39:50.021755 n-d-854120-12 devstack@g-api.service[116749]: DEBUG swiftclient [None req-a02dc902-5613-4158-96e1-99e4714ecbd4 tempest-ImagesTestJSON-1052417422 tempest-ImagesTestJSON-1052417422-project] RESP HEADERS: {'Content-Type': 'application/octet-stream', 'X-Object-Manifest': 'glance/d8f901ce-5e9f-4b66-a3bc-1d06a4f5d271-', 'Last-Modified': 'Tue, 30 Aug 2022 18:39:49 GMT', 'X-Timestamp': '1661884788.02720', 'Accept-Ranges': 'bytes', 'Content-Length': '645922816', 'Etag': '"9c860eb728487227a3dafdfcc99f318d"', 'X-Trans-Id': 'tx187c6892c7c94df5849fd-00630e5975', 'X-Openstack-Request-Id': 'tx187c6892c7c94df5849fd-00630e5975', 'Date': 'Tue, 30 Aug 2022 18:39:50 GMT'} {{(pid=116749) http_log /usr/local/lib/python3.8/dist-packages/swiftclient/client.py:159}}
Aug 30 18:39:50.046791 n-d-854120-12 devstack@g-api.service[116750]: DEBUG swiftclient [None req-cf3626fe-c70d-46d9-a2f0-2677669a0808 tempest-ListImageFiltersTestJSON-1299268529 tempest-ListImageFiltersTestJSON-1299268529-project] REQ: curl -i http://10.222.0.64:8080/v1/AUTH_be219d80110843a99e24044acb07bad7/glance -I -H "X-Auth-Token: gAAAAABjDll1FMpF..." {{(pid=116750) http_log /usr/local/lib/python3.8/dist-packages/swiftclient/client.py:157}}
Aug 30 18:39:50.046791 n-d-854120-12 devstack@g-api.service[116750]: DEBUG swiftclient [None req-cf3626fe-c70d-46d9-a2f0-2677669a0808 tempest-ListImageFiltersTestJSON-1299268529 tempest-ListImageFiltersTestJSON-1299268529-project] RESP STATUS: 204 No Content {{(pid=116750) http_log /usr/local/lib/python3.8/dist-packages/swiftclient/client.py:158}}
Aug 30 18:39:50.046791 n-d-854120-12 devstack@g-api.service[116750]: DEBUG swiftclient [None req-cf3626fe-c70d-46d9-a2f0-2677669a0808 tempest-ListImageFiltersTestJSON-1299268529 tempest-ListImageFiltersTestJSON-1299268529-project] RESP HEADERS: {'Content-Type': 'text/plain; charset=utf-8', 'X-Container-Object-Count': '8', 'X-Container-Bytes-Used': '1291847680', 'X-Timestamp': '1661883446.23780', 'Last-Modified': 'Tue, 30 Aug 2022 18:17:27 GMT', 'Accept-Ranges': 'bytes', 'X-Storage-Policy': 'Policy-0', 'X-Container-Sharding': 'False', 'Vary': 'Accept', 'Content-Length': '0', 'X-Trans-Id': 'tx5348ea28ee3840b8844ca-00630e5975', 'X-Openstack-Request-Id': 'tx5348ea28ee3840b8844ca-00630e5975', 'Date': 'Tue, 30 Aug 2022 18:39:50 GMT'} {{(pid=116750) http_log /usr/local/lib/python3.8/dist-packages/swiftclient/client.py:159}}
Aug 30 18:39:50.046791 n-d-854120-12 devstack@g-api.service[116750]: DEBUG glance_store._drivers.swift.store [None req-cf3626fe-c70d-46d9-a2f0-2677669a0808 tempest-ListImageFiltersTestJSON-1299268529 tempest-ListImageFiltersTestJSON-1299268529-project] Adding image object 'ab4710a8-fcb4-4f88-8693-85674fa1c5cd' to Swift {{(pid=116750) add /usr/local/lib/python3.8/dist-packages/glance_store/_drivers/swift/store.py:941}}
Aug 30 18:39:50.069133 n-d-854120-12 devstack@g-api.service[116749]: DEBUG swiftclient [None req-a02dc902-5613-4158-96e1-99e4714ecbd4 tempest-ImagesTestJSON-1052417422 tempest-ImagesTestJSON-1052417422-project] REQ: curl -i http://10.222.0.64:8080/v1/AUTH_be219d80110843a99e24044acb07bad7/glance?format=json&prefix=d8f901ce-5e9f-4b66-a3bc-1d06a4f5d271- -X GET -H "X-Auth-Token: gAAAAABjDll1K9Pb..." -H "Accept-Encoding: gzip" {{(pid=116749) http_log /usr/local/lib/python3.8/dist-packages/swiftclient/client.py:157}}
Aug 30 18:39:50.069383 n-d-854120-12 devstack@g-api.service[116749]: DEBUG swiftclient [None req-a02dc902-5613-4158-96e1-99e4714ecbd4 tempest-ImagesTestJSON-1052417422 tempest-ImagesTestJSON-1052417422-project] RESP STATUS: 200 OK {{(pid=116749) http_log /usr/local/lib/python3.8/dist-packages/swiftclient/client.py:158}}
Aug 30 18:39:50.070536 n-d-854120-12 devstack@g-api.service[116749]: DEBUG swiftclient [None req-a02dc902-5613-4158-96e1-99e4714ecbd4 tempest-ImagesTestJSON-1052417422 tempest-ImagesTestJSON-1052417422-project] RESP HEADERS: {'Content-Type': 'application/json; charset=utf-8', 'Content-Length': '843', 'X-Container-Object-Count': '8', 'X-Container-Bytes-Used': '1291847680', 'X-Timestamp': '1661883446.23780', 'Last-Modified': 'Tue, 30 Aug 2022 18:17:27 GMT', 'Accept-Ranges': 'bytes', 'X-Storage-Policy': 'Policy-0', 'X-Container-Sharding': 'False', 'X-Trans-Id': 'txd73010613108420491f8d-00630e5976', 'X-Openstack-Request-Id': 'txd73010613108420491f8d-00630e5976', 'Date': 'Tue, 30 Aug 2022 18:39:50 GMT'} {{(pid=116749) http_log /usr/local/lib/python3.8/dist-packages/swiftclient/client.py:159}}
Aug 30 18:39:50.071101 n-d-854120-12 devstack@g-api.service[116749]: DEBUG swiftclient [None req-a02dc902-5613-4158-96e1-99e4714ecbd4 tempest-ImagesTestJSON-1052417422 tempest-ImagesTestJSON-1052417422-project] RESP BODY: b'[{"bytes": 204800000, "hash": "365bad522405a1385328b4384be641ec", "name": "d8f901ce-5e9f-4b66-a3bc-1d06a4f5d271-00001", "content_type": "application/octet-stream", "last_modified": "2022-08-30T18:39:31.276330"}, {"bytes": 204800000, "hash": "0cac3120b17bb1686ec6c5f9aa93c86d", "name": "d8f901ce-5e9f-4b66-a3bc-1d06a4f5d271-00002", "content_type": "application/octet-stream", "last_modified": "2022-08-30T18:39:38.110860"}, {"bytes": 204800000, "hash": "474c454a7d42aa08dc839c761619c10b", "name": "d8f901ce-5e9f-4b66-a3bc-1d06a4f5d271-00003", "content_type": "application/octet-stream", "last_modified": "2022-08-30T18:39:43.668200"}, {"bytes": 31522816, "hash": "0be982c76a84f3b50fdfe738452bdba1", "name": "d8f901ce-5e9f-4b66-a3bc-1d06a4f5d271-00004", "content_type": "application/octet-stream", "last_modified": "2022-08-30T18:39:47.172070"}]' {{(pid=116749) http_log /usr/local/lib/python3.8/dist-packages/swiftclient/client.py:163}}
Aug 30 18:39:50.264561 n-d-854120-12 devstack@g-api.service[116750]: DEBUG swiftclient [None req-cf3626fe-c70d-46d9-a2f0-2677669a0808 tempest-ListImageFiltersTestJSON-1299268529 tempest-ListImageFiltersTestJSON-1299268529-project] REQ: curl -i http://10.222.0.64:8080/v1/AUTH_be219d80110843a99e24044acb07bad7/glance/ab4710a8-fcb4-4f88-8693-85674fa1c5cd -X PUT -H "X-Auth-Token: gAAAAABjDll1FMpF..." -H "Content-Length: 1024" {{(pid=116750) http_log /usr/local/lib/python3.8/dist-packages/swiftclient/client.py:157}}
Aug 30 18:39:50.265091 n-d-854120-12 devstack@g-api.service[116750]: DEBUG swiftclient [None req-cf3626fe-c70d-46d9-a2f0-2677669a0808 tempest-ListImageFiltersTestJSON-1299268529 tempest-ListImageFiltersTestJSON-1299268529-project] RESP STATUS: 201 Created {{(pid=116750) http_log /usr/local/lib/python3.8/dist-packages/swiftclient/client.py:158}}
Aug 30 18:39:50.265091 n-d-854120-12 devstack@g-api.service[116750]: DEBUG swiftclient [None req-cf3626fe-c70d-46d9-a2f0-2677669a0808 tempest-ListImageFiltersTestJSON-1299268529 tempest-ListImageFiltersTestJSON-1299268529-project] RESP HEADERS: {'Content-Type': 'text/html; charset=UTF-8', 'Content-Length': '0', 'Etag': 'fb10c6486390bec8414be90a93dfff3b', 'Last-Modified': 'Tue, 30 Aug 2022 18:39:51 GMT', 'X-Trans-Id': 'tx9bef01f8a89f4553a62c5-00630e5976', 'X-Openstack-Request-Id': 'tx9bef01f8a89f4553a62c5-00630e5976', 'Date': 'Tue, 30 Aug 2022 18:39:50 GMT'} {{(pid=116750) http_log /usr/local/lib/python3.8/dist-packages/swiftclient/client.py:159}}
Aug 30 18:39:50.265538 n-d-854120-12 devstack@g-api.service[116750]: INFO glance.location [None req-cf3626fe-c70d-46d9-a2f0-2677669a0808 tempest-ListImageFiltersTestJSON-1299268529 tempest-ListImageFiltersTestJSON-1299268529-project] Image format matched and virtual size computed: 1024
Aug 30 18:39:50.318456 n-d-854120-12 devstack@g-api.service[116749]: DEBUG swiftclient [None req-a02dc902-5613-4158-96e1-99e4714ecbd4 tempest-ImagesTestJSON-1052417422 tempest-ImagesTestJSON-1052417422-project] REQ: curl -i http://10.222.0.64:8080/v1/AUTH_be219d80110843a99e24044acb07bad7/glance/d8f901ce-5e9f-4b66-a3bc-1d06a4f5d271-00001 DELETE -H "X-Auth-Token: gAAAAABjDll1K9Pb..." {{(pid=116749) http_log /usr/local/lib/python3.8/dist-packages/swiftclient/client.py:157}}
Aug 30 18:39:50.319581 n-d-854120-12 devstack@g-api.service[116749]: DEBUG swiftclient [None req-a02dc902-5613-4158-96e1-99e4714ecbd4 tempest-ImagesTestJSON-1052417422 tempest-ImagesTestJSON-1052417422-project] RESP STATUS: 204 No Content {{(pid=116749) http_log /usr/local/lib/python3.8/dist-packages/swiftclient/client.py:158}}
Aug 30 18:39:50.320094 n-d-854120-12 devstack@g-api.service[116749]: DEBUG swiftclient [None req-a02dc902-5613-4158-96e1-99e4714ecbd4 tempest-ImagesTestJSON-1052417422 tempest-ImagesTestJSON-1052417422-project] RESP HEADERS: {'Content-Type': 'text/html; charset=UTF-8', 'Content-Length': '0', 'X-Trans-Id': 'txa2d3fbc351f043aea43dd-00630e5976', 'X-Openstack-Request-Id': 'txa2d3fbc351f043aea43dd-00630e5976', 'Date': 'Tue, 30 Aug 2022 18:39:50 GMT'} {{(pid=116749) http_log /usr/local/lib/python3.8/dist-packages/swiftclient/client.py:159}}
Aug 30 18:39:50.461356 n-d-854120-12 devstack@g-api.service[116750]: DEBUG glance_store.backend [None req-cf3626fe-c70d-46d9-a2f0-2677669a0808 tempest-ListImageFiltersTestJSON-1299268529 tempest-ListImageFiltersTestJSON-1299268529-project] Attempting to import store swift {{(pid=116750) _load_store /usr/local/lib/python3.8/dist-packages/glance_store/backend.py:216}}
Aug 30 18:39:50.466992 n-d-854120-12 devstack@g-api.service[116750]: DEBUG glance_store.capabilities [None req-cf3626fe-c70d-46d9-a2f0-2677669a0808 tempest-ListImageFiltersTestJSON-1299268529 tempest-ListImageFiltersTestJSON-1299268529-project] Store glance_store._drivers.swift.store.SingleTenantStore doesn't support updating dynamic storage capabilities. Please overwrite 'update_capabilities' method of the store to implement updating logics if needed. {{(pid=116750) update_capabilities /usr/local/lib/python3.8/dist-packages/glance_store/capabilities.py:91}}
Aug 30 18:39:50.467364 n-d-854120-12 devstack@g-api.service[116750]: DEBUG glance_store.driver [None req-cf3626fe-c70d-46d9-a2f0-2677669a0808 tempest-ListImageFiltersTestJSON-1299268529 tempest-ListImageFiltersTestJSON-1299268529-project] Late loading location class glance_store._drivers.swift.store.StoreLocation {{(pid=116750) get_store_location_class /usr/local/lib/python3.8/dist-packages/glance_store/driver.py:116}}
Aug 30 18:39:50.467900 n-d-854120-12 devstack@g-api.service[116750]: DEBUG glance_store.location [None req-cf3626fe-c70d-46d9-a2f0-2677669a0808 tempest-ListImageFiltersTestJSON-1299268529 tempest-ListImageFiltersTestJSON-1299268529-project] Registering scheme swift+https with {'store': , 'location_class': , 'store_entry': 'swift'} {{(pid=116750) register_scheme_map /usr/local/lib/python3.8/dist-packages/glance_store/location.py:146}}
Aug 30 18:39:50.468255 n-d-854120-12 devstack@g-api.service[116750]: DEBUG glance_store.location [None req-cf3626fe-c70d-46d9-a2f0-2677669a0808 tempest-ListImageFiltersTestJSON-1299268529 tempest-ListImageFiltersTestJSON-1299268529-project] Registering scheme swift+https with {'store': , 'location_class': , 'store_entry': 'swift'} {{(pid=116750) register_scheme_map /usr/local/lib/python3.8/dist-packages/glance_store/location.py:146}}
Aug 30 18:39:50.469643 n-d-854120-12 devstack@g-api.service[116750]: DEBUG glance_store.location [None req-cf3626fe-c70d-46d9-a2f0-2677669a0808 tempest-ListImageFiltersTestJSON-1299268529 tempest-ListImageFiltersTestJSON-1299268529-project] Registering scheme swift with {'store': , 'location_class': , 'store_entry': 'swift'} {{(pid=116750) register_scheme_map /usr/local/lib/python3.8/dist-packages/glance_store/location.py:146}}
Aug 30 18:39:50.471093 n-d-854120-12 devstack@g-api.service[116750]: DEBUG glance_store.location [None req-cf3626fe-c70d-46d9-a2f0-2677669a0808 tempest-ListImageFiltersTestJSON-1299268529 tempest-ListImageFiltersTestJSON-1299268529-project] Registering scheme swift+https with {'store': , 'location_class': , 'store_entry': 'swift'} {{(pid=116750) register_scheme_map /usr/local/lib/python3.8/dist-packages/glance_store/location.py:146}}
Aug 30 18:39:50.472375 n-d-854120-12 devstack@g-api.service[116750]: DEBUG glance_store.location [None req-cf3626fe-c70d-46d9-a2f0-2677669a0808 tempest-ListImageFiltersTestJSON-1299268529 tempest-ListImageFiltersTestJSON-1299268529-project] Registering scheme swift with {'store': , 'location_class': , 'store_entry': 'swift'} {{(pid=116750) register_scheme_map /usr/local/lib/python3.8/dist-packages/glance_store/location.py:146}}
Aug 30 18:39:50.472866 n-d-854120-12 devstack@g-api.service[116750]: DEBUG glance_store.location [None req-cf3626fe-c70d-46d9-a2f0-2677669a0808 tempest-ListImageFiltersTestJSON-1299268529 tempest-ListImageFiltersTestJSON-1299268529-project] Registering scheme swift+http with {'store': , 'location_class': , 'store_entry': 'swift'} {{(pid=116750) register_scheme_map /usr/local/lib/python3.8/dist-packages/glance_store/location.py:146}}
Aug 30 18:39:50.473212 n-d-854120-12 devstack@g-api.service[116750]: DEBUG glance_store.location [None req-cf3626fe-c70d-46d9-a2f0-2677669a0808 tempest-ListImageFiltersTestJSON-1299268529 tempest-ListImageFiltersTestJSON-1299268529-project] Registering scheme swift+https with {'store': , 'location_class': , 'store_entry': 'swift'} {{(pid=116750) register_scheme_map /usr/local/lib/python3.8/dist-packages/glance_store/location.py:146}}
Aug 30 18:39:50.473874 n-d-854120-12 devstack@g-api.service[116750]: DEBUG glance_store.location [None req-cf3626fe-c70d-46d9-a2f0-2677669a0808 tempest-ListImageFiltersTestJSON-1299268529 tempest-ListImageFiltersTestJSON-1299268529-project] Registering scheme swift with {'store': , 'location_class': , 'store_entry': 'swift'} {{(pid=116750) register_scheme_map /usr/local/lib/python3.8/dist-packages/glance_store/location.py:146}}
Aug 30 18:39:50.475349 n-d-854120-12 devstack@g-api.service[116750]: DEBUG glance_store.location [None req-cf3626fe-c70d-46d9-a2f0-2677669a0808 tempest-ListImageFiltersTestJSON-1299268529 tempest-ListImageFiltersTestJSON-1299268529-project] Registering scheme swift+http with {'store': , 'location_class': , 'store_entry': 'swift'} {{(pid=116750) register_scheme_map /usr/local/lib/python3.8/dist-packages/glance_store/location.py:146}}
Aug 30 18:39:50.477253 n-d-854120-12 devstack@g-api.service[116750]: DEBUG glance_store.location [None req-cf3626fe-c70d-46d9-a2f0-2677669a0808 tempest-ListImageFiltersTestJSON-1299268529 tempest-ListImageFiltersTestJSON-1299268529-project] Registering scheme swift+config with {'store': , 'location_class': , 'store_entry': 'swift'} {{(pid=116750) register_scheme_map /usr/local/lib/python3.8/dist-packages/glance_store/location.py:146}}
Aug 30 18:39:50.477617 n-d-854120-12 devstack@g-api.service[116750]: DEBUG glance_store.backend [None req-cf3626fe-c70d-46d9-a2f0-2677669a0808 tempest-ListImageFiltersTestJSON-1299268529 tempest-ListImageFiltersTestJSON-1299268529-project] Skipping store.set_acls... not implemented. {{(pid=116750) set_acls /usr/local/lib/python3.8/dist-packages/glance_store/backend.py:508}}
Aug 30 18:39:50.488037 n-d-854120-12 devstack@g-api.service[116750]: [pid: 116750|app: 0|req: 232/572] 127.0.0.1 () {38 vars in 786 bytes} [Tue Aug 30 18:39:49 2022] PUT /v2/images/ab4710a8-fcb4-4f88-8693-85674fa1c5cd/file => generated 0 bytes in 889 msecs (HTTP/1.1 204) 4 headers in 171 bytes (1 switches on core 0)
Aug 30 18:39:50.501585 n-d-854120-12 devstack@g-api.service[116749]: DEBUG swiftclient [None req-a02dc902-5613-4158-96e1-99e4714ecbd4 tempest-ImagesTestJSON-1052417422 tempest-ImagesTestJSON-1052417422-project] REQ: curl -i http://10.222.0.64:8080/v1/AUTH_be219d80110843a99e24044acb07bad7/glance/d8f901ce-5e9f-4b66-a3bc-1d06a4f5d271-00002 DELETE -H "X-Auth-Token: gAAAAABjDll1K9Pb..." {{(pid=116749) http_log /usr/local/lib/python3.8/dist-packages/swiftclient/client.py:157}}
Aug 30 18:39:50.501955 n-d-854120-12 devstack@g-api.service[116749]: DEBUG swiftclient [None req-a02dc902-5613-4158-96e1-99e4714ecbd4 tempest-ImagesTestJSON-1052417422 tempest-ImagesTestJSON-1052417422-project] RESP STATUS: 204 No Content {{(pid=116749) http_log /usr/local/lib/python3.8/dist-packages/swiftclient/client.py:158}}
Aug 30 18:39:50.502496 n-d-854120-12 devstack@g-api.service[116749]: DEBUG swiftclient [None req-a02dc902-5613-4158-96e1-99e4714ecbd4 tempest-ImagesTestJSON-1052417422 tempest-ImagesTestJSON-1052417422-project] RESP HEADERS: {'Content-Type': 'text/html; charset=UTF-8', 'Content-Length': '0', 'X-Trans-Id': 'tx2c4566dda65546b18ec9f-00630e5976', 'X-Openstack-Request-Id': 'tx2c4566dda65546b18ec9f-00630e5976', 'Date': 'Tue, 30 Aug 2022 18:39:50 GMT'} {{(pid=116749) http_log /usr/local/lib/python3.8/dist-packages/swiftclient/client.py:159}}
Aug 30 18:39:50.507441 n-d-854120-12 devstack@g-api.service[116750]: DEBUG glance.api.middleware.version_negotiation [None req-cf3626fe-c70d-46d9-a2f0-2677669a0808 tempest-ListImageFiltersTestJSON-1299268529 tempest-ListImageFiltersTestJSON-1299268529-project] Determining version of request: GET /v2/images/ab4710a8-fcb4-4f88-8693-85674fa1c5cd Accept: */* {{(pid=116750) process_request /opt/stack/glance/glance/api/middleware/version_negotiation.py:44}}
Aug 30 18:39:50.507934 n-d-854120-12 devstack@g-api.service[116750]: DEBUG glance.api.middleware.version_negotiation [None req-cf3626fe-c70d-46d9-a2f0-2677669a0808 tempest-ListImageFiltersTestJSON-1299268529 tempest-ListImageFiltersTestJSON-1299268529-project] Using url versioning {{(pid=116750) process_request /opt/stack/glance/glance/api/middleware/version_negotiation.py:57}}
Aug 30 18:39:50.508360 n-d-854120-12 devstack@g-api.service[116750]: DEBUG glance.api.middleware.version_negotiation [None req-cf3626fe-c70d-46d9-a2f0-2677669a0808 tempest-ListImageFiltersTestJSON-1299268529 tempest-ListImageFiltersTestJSON-1299268529-project] Matched version: v2 {{(pid=116750) process_request /opt/stack/glance/glance/api/middleware/version_negotiation.py:69}}
Aug 30 18:39:50.508744 n-d-854120-12 devstack@g-api.service[116750]: DEBUG glance.api.middleware.version_negotiation [None req-cf3626fe-c70d-46d9-a2f0-2677669a0808 tempest-ListImageFiltersTestJSON-1299268529 tempest-ListImageFiltersTestJSON-1299268529-project] new path /v2/images/ab4710a8-fcb4-4f88-8693-85674fa1c5cd {{(pid=116750) process_request /opt/stack/glance/glance/api/middleware/version_negotiation.py:70}}
Aug 30 18:39:50.551708 n-d-854120-12 devstack@g-api.service[116750]: [pid: 116750|app: 0|req: 233/573] 127.0.0.1 () {42 vars in 1052 bytes} [Tue Aug 30 18:39:50 2022] GET /v2/images/ab4710a8-fcb4-4f88-8693-85674fa1c5cd => generated 817 bytes in 45 msecs (HTTP/1.1 200) 4 headers in 157 bytes (1 switches on core 0)
Aug 30 18:39:50.552570 n-d-854120-12 devstack@g-api.service[116750]: DEBUG glance.api.middleware.version_negotiation [None req-16b89084-ff5e-48b6-9735-d15823e10dae tempest-ListImageFiltersTestJSON-1299268529 tempest-ListImageFiltersTestJSON-1299268529-project] Determining version of request: GET /v2/schemas/image Accept: */* {{(pid=116750) process_request /opt/stack/glance/glance/api/middleware/version_negotiation.py:44}}
Aug 30 18:39:50.561473 n-d-854120-12 devstack@g-api.service[116750]: DEBUG glance.api.middleware.version_negotiation [None req-16b89084-ff5e-48b6-9735-d15823e10dae tempest-ListImageFiltersTestJSON-1299268529 tempest-ListImageFiltersTestJSON-1299268529-project] Using url versioning {{(pid=116750) process_request /opt/stack/glance/glance/api/middleware/version_negotiation.py:57}}
Aug 30 18:39:50.561473 n-d-854120-12 devstack@g-api.service[116750]: DEBUG glance.api.middleware.version_negotiation [None req-16b89084-ff5e-48b6-9735-d15823e10dae tempest-ListImageFiltersTestJSON-1299268529 tempest-ListImageFiltersTestJSON-1299268529-project] Matched version: v2 {{(pid=116750) process_request /opt/stack/glance/glance/api/middleware/version_negotiation.py:69}}
Aug 30 18:39:50.561473 n-d-854120-12 devstack@g-api.service[116750]: DEBUG glance.api.middleware.version_negotiation [None req-16b89084-ff5e-48b6-9735-d15823e10dae tempest-ListImageFiltersTestJSON-1299268529 tempest-ListImageFiltersTestJSON-1299268529-project] new path /v2/schemas/image {{(pid=116750) process_request /opt/stack/glance/glance/api/middleware/version_negotiation.py:70}}
Aug 30 18:39:50.574202 n-d-854120-12 devstack@g-api.service[116750]: [pid: 116750|app: 0|req: 234/574] 127.0.0.1 () {42 vars in 992 bytes} [Tue Aug 30 18:39:50 2022] GET /v2/schemas/image => generated 6083 bytes in 20 msecs (HTTP/1.1 200) 4 headers in 158 bytes (1 switches on core 0)
Aug 30 18:39:50.699753 n-d-854120-12 devstack@g-api.service[116749]: DEBUG swiftclient [None req-a02dc902-5613-4158-96e1-99e4714ecbd4 tempest-ImagesTestJSON-1052417422 tempest-ImagesTestJSON-1052417422-project] REQ: curl -i http://10.222.0.64:8080/v1/AUTH_be219d80110843a99e24044acb07bad7/glance/d8f901ce-5e9f-4b66-a3bc-1d06a4f5d271-00003 DELETE -H "X-Auth-Token: gAAAAABjDll1K9Pb..." {{(pid=116749) http_log /usr/local/lib/python3.8/dist-packages/swiftclient/client.py:157}}
Aug 30 18:39:50.700276 n-d-854120-12 devstack@g-api.service[116749]: DEBUG swiftclient [None req-a02dc902-5613-4158-96e1-99e4714ecbd4 tempest-ImagesTestJSON-1052417422 tempest-ImagesTestJSON-1052417422-project] RESP STATUS: 204 No Content {{(pid=116749) http_log /usr/local/lib/python3.8/dist-packages/swiftclient/client.py:158}}
Aug 30 18:39:50.700781 n-d-854120-12 devstack@g-api.service[116749]: DEBUG swiftclient [None req-a02dc902-5613-4158-96e1-99e4714ecbd4 tempest-ImagesTestJSON-1052417422 tempest-ImagesTestJSON-1052417422-project] RESP HEADERS: {'Content-Type': 'text/html; charset=UTF-8', 'Content-Length': '0', 'X-Trans-Id': 'tx9e9a61b346024c68b4c13-00630e5976', 'X-Openstack-Request-Id': 'tx9e9a61b346024c68b4c13-00630e5976', 'Date': 'Tue, 30 Aug 2022 18:39:50 GMT'} {{(pid=116749) http_log /usr/local/lib/python3.8/dist-packages/swiftclient/client.py:159}}
Aug 30 18:39:50.879604 n-d-854120-12 devstack@g-api.service[116749]: DEBUG swiftclient [None req-a02dc902-5613-4158-96e1-99e4714ecbd4 tempest-ImagesTestJSON-1052417422 tempest-ImagesTestJSON-1052417422-project] REQ: curl -i http://10.222.0.64:8080/v1/AUTH_be219d80110843a99e24044acb07bad7/glance/d8f901ce-5e9f-4b66-a3bc-1d06a4f5d271-00004 DELETE -H "X-Auth-Token: gAAAAABjDll1K9Pb..." {{(pid=116749) http_log /usr/local/lib/python3.8/dist-packages/swiftclient/client.py:157}}
Aug 30 18:39:50.880096 n-d-854120-12 devstack@g-api.service[116749]: DEBUG swiftclient [None req-a02dc902-5613-4158-96e1-99e4714ecbd4 tempest-ImagesTestJSON-1052417422 tempest-ImagesTestJSON-1052417422-project] RESP STATUS: 204 No Content {{(pid=116749) http_log /usr/local/lib/python3.8/dist-packages/swiftclient/client.py:158}}
Aug 30 18:39:50.880626 n-d-854120-12 devstack@g-api.service[116749]: DEBUG swiftclient [None req-a02dc902-5613-4158-96e1-99e4714ecbd4 tempest-ImagesTestJSON-1052417422 tempest-ImagesTestJSON-1052417422-project] RESP HEADERS: {'Content-Type': 'text/html; charset=UTF-8', 'Content-Length': '0', 'X-Trans-Id': 'txf9129668d52941cc9463d-00630e5976', 'X-Openstack-Request-Id': 'txf9129668d52941cc9463d-00630e5976', 'Date': 'Tue, 30 Aug 2022 18:39:50 GMT'} {{(pid=116749) http_log /usr/local/lib/python3.8/dist-packages/swiftclient/client.py:159}}
Aug 30 18:39:50.899116 n-d-854120-12 devstack@g-api.service[116750]: DEBUG glance.api.middleware.version_negotiation [None req-16b89084-ff5e-48b6-9735-d15823e10dae tempest-ListImageFiltersTestJSON-1299268529 tempest-ListImageFiltersTestJSON-1299268529-project] Determining version of request: GET /v2/images/ab4710a8-fcb4-4f88-8693-85674fa1c5cd Accept: */* {{(pid=116750) process_request /opt/stack/glance/glance/api/middleware/version_negotiation.py:44}}
Aug 30 18:39:50.900209 n-d-854120-12 devstack@g-api.service[116750]: DEBUG glance.api.middleware.version_negotiation [None req-16b89084-ff5e-48b6-9735-d15823e10dae tempest-ListImageFiltersTestJSON-1299268529 tempest-ListImageFiltersTestJSON-1299268529-project] Using url versioning {{(pid=116750) process_request /opt/stack/glance/glance/api/middleware/version_negotiation.py:57}}
Aug 30 18:39:50.900890 n-d-854120-12 devstack@g-api.service[116750]: DEBUG glance.api.middleware.version_negotiation [None req-16b89084-ff5e-48b6-9735-d15823e10dae tempest-ListImageFiltersTestJSON-1299268529 tempest-ListImageFiltersTestJSON-1299268529-project] Matched version: v2 {{(pid=116750) process_request /opt/stack/glance/glance/api/middleware/version_negotiation.py:69}}
Aug 30 18:39:50.901377 n-d-854120-12 devstack@g-api.service[116750]: DEBUG glance.api.middleware.version_negotiation [None req-16b89084-ff5e-48b6-9735-d15823e10dae tempest-ListImageFiltersTestJSON-1299268529 tempest-ListImageFiltersTestJSON-1299268529-project] new path /v2/images/ab4710a8-fcb4-4f88-8693-85674fa1c5cd {{(pid=116750) process_request /opt/stack/glance/glance/api/middleware/version_negotiation.py:70}}
Aug 30 18:39:50.920782 n-d-854120-12 devstack@g-api.service[116750]: [pid: 116750|app: 0|req: 235/575] 127.0.0.1 () {42 vars in 1052 bytes} [Tue Aug 30 18:39:50 2022] GET /v2/images/ab4710a8-fcb4-4f88-8693-85674fa1c5cd => generated 817 bytes in 22 msecs (HTTP/1.1 200) 4 headers in 157 bytes (1 switches on core 0)
Aug 30 18:39:50.926439 n-d-854120-12 devstack@g-api.service[116750]: DEBUG glance.api.middleware.version_negotiation [None req-96bb5e62-59b9-432c-bdfc-fc69e133f057 tempest-ListImageFiltersTestJSON-1299268529 tempest-ListImageFiltersTestJSON-1299268529-project] Determining version of request: GET /v2/schemas/image Accept: */* {{(pid=116750) process_request /opt/stack/glance/glance/api/middleware/version_negotiation.py:44}}
Aug 30 18:39:50.927038 n-d-854120-12 devstack@g-api.service[116750]: DEBUG glance.api.middleware.version_negotiation [None req-96bb5e62-59b9-432c-bdfc-fc69e133f057 tempest-ListImageFiltersTestJSON-1299268529 tempest-ListImageFiltersTestJSON-1299268529-project] Using url versioning {{(pid=116750) process_request /opt/stack/glance/glance/api/middleware/version_negotiation.py:57}}
Aug 30 18:39:50.927566 n-d-854120-12 devstack@g-api.service[116750]: DEBUG glance.api.middleware.version_negotiation [None req-96bb5e62-59b9-432c-bdfc-fc69e133f057 tempest-ListImageFiltersTestJSON-1299268529 tempest-ListImageFiltersTestJSON-1299268529-project] Matched version: v2 {{(pid=116750) process_request /opt/stack/glance/glance/api/middleware/version_negotiation.py:69}}
Aug 30 18:39:50.928087 n-d-854120-12 devstack@g-api.service[116750]: DEBUG glance.api.middleware.version_negotiation [None req-96bb5e62-59b9-432c-bdfc-fc69e133f057 tempest-ListImageFiltersTestJSON-1299268529 tempest-ListImageFiltersTestJSON-1299268529-project] new path /v2/schemas/image {{(pid=116750) process_request /opt/stack/glance/glance/api/middleware/version_negotiation.py:70}}
Aug 30 18:39:50.936149 n-d-854120-12 devstack@g-api.service[116750]: [pid: 116750|app: 0|req: 236/576] 127.0.0.1 () {42 vars in 992 bytes} [Tue Aug 30 18:39:50 2022] GET /v2/schemas/image => generated 6083 bytes in 8 msecs (HTTP/1.1 200) 4 headers in 158 bytes (1 switches on core 0)
Aug 30 18:39:51.013308 n-d-854120-12 devstack@g-api.service[116749]: DEBUG swiftclient [None req-a02dc902-5613-4158-96e1-99e4714ecbd4 tempest-ImagesTestJSON-1052417422 tempest-ImagesTestJSON-1052417422-project] REQ: curl -i http://10.222.0.64:8080/v1/AUTH_be219d80110843a99e24044acb07bad7/glance/d8f901ce-5e9f-4b66-a3bc-1d06a4f5d271 DELETE -H "X-Auth-Token: gAAAAABjDll1K9Pb..." {{(pid=116749) http_log /usr/local/lib/python3.8/dist-packages/swiftclient/client.py:157}}
Aug 30 18:39:51.013308 n-d-854120-12 devstack@g-api.service[116749]: DEBUG swiftclient [None req-a02dc902-5613-4158-96e1-99e4714ecbd4 tempest-ImagesTestJSON-1052417422 tempest-ImagesTestJSON-1052417422-project] RESP STATUS: 204 No Content {{(pid=116749) http_log /usr/local/lib/python3.8/dist-packages/swiftclient/client.py:158}}
Aug 30 18:39:51.013308 n-d-854120-12 devstack@g-api.service[116749]: DEBUG swiftclient [None req-a02dc902-5613-4158-96e1-99e4714ecbd4 tempest-ImagesTestJSON-1052417422 tempest-ImagesTestJSON-1052417422-project] RESP HEADERS: {'Content-Type': 'text/html; charset=UTF-8', 'Content-Length': '0', 'X-Trans-Id': 'tx3e55d502aac14fbca3012-00630e5976', 'X-Openstack-Request-Id': 'tx3e55d502aac14fbca3012-00630e5976', 'Date': 'Tue, 30 Aug 2022 18:39:51 GMT'} {{(pid=116749) http_log /usr/local/lib/python3.8/dist-packages/swiftclient/client.py:159}}
Aug 30 18:39:51.265943 n-d-854120-12 devstack@g-api.service[116750]: DEBUG glance.api.middleware.version_negotiation [None req-96bb5e62-59b9-432c-bdfc-fc69e133f057 tempest-ListImageFiltersTestJSON-1299268529 tempest-ListImageFiltersTestJSON-1299268529-project] Determining version of request: GET /v2/images/39ca365d-3df7-41ae-9154-ae924a79b330 Accept: */* {{(pid=116750) process_request /opt/stack/glance/glance/api/middleware/version_negotiation.py:44}}
Aug 30 18:39:51.268284 n-d-854120-12 devstack@g-api.service[116750]: DEBUG glance.api.middleware.version_negotiation [None req-96bb5e62-59b9-432c-bdfc-fc69e133f057 tempest-ListImageFiltersTestJSON-1299268529 tempest-ListImageFiltersTestJSON-1299268529-project] Using url versioning {{(pid=116750) process_request /opt/stack/glance/glance/api/middleware/version_negotiation.py:57}}
Aug 30 18:39:51.270983 n-d-854120-12 devstack@g-api.service[116750]: DEBUG glance.api.middleware.version_negotiation [None req-96bb5e62-59b9-432c-bdfc-fc69e133f057 tempest-ListImageFiltersTestJSON-1299268529 tempest-ListImageFiltersTestJSON-1299268529-project] Matched version: v2 {{(pid=116750) process_request /opt/stack/glance/glance/api/middleware/version_negotiation.py:69}}
Aug 30 18:39:51.279744 n-d-854120-12 devstack@g-api.service[116750]: DEBUG glance.api.middleware.version_negotiation [None req-96bb5e62-59b9-432c-bdfc-fc69e133f057 tempest-ListImageFiltersTestJSON-1299268529 tempest-ListImageFiltersTestJSON-1299268529-project] new path /v2/images/39ca365d-3df7-41ae-9154-ae924a79b330 {{(pid=116750) process_request /opt/stack/glance/glance/api/middleware/version_negotiation.py:70}}
Aug 30 18:39:51.323438 n-d-854120-12 devstack@g-api.service[116750]: [pid: 116750|app: 0|req: 237/577] 127.0.0.1 () {42 vars in 1052 bytes} [Tue Aug 30 18:39:51 2022] GET /v2/images/39ca365d-3df7-41ae-9154-ae924a79b330 => generated 946 bytes in 62 msecs (HTTP/1.1 200) 4 headers in 157 bytes (1 switches on core 0)
Aug 30 18:39:51.328969 n-d-854120-12 devstack@g-api.service[116750]: DEBUG glance.api.middleware.version_negotiation [None req-58eb4f92-d8f9-4ac8-aee2-34e8530d60c0 tempest-ListImageFiltersTestJSON-1299268529 tempest-ListImageFiltersTestJSON-1299268529-project] Determining version of request: GET /v2/schemas/image Accept: */* {{(pid=116750) process_request /opt/stack/glance/glance/api/middleware/version_negotiation.py:44}}
Aug 30 18:39:51.329292 n-d-854120-12 devstack@g-api.service[116750]: DEBUG glance.api.middleware.version_negotiation [None req-58eb4f92-d8f9-4ac8-aee2-34e8530d60c0 tempest-ListImageFiltersTestJSON-1299268529 tempest-ListImageFiltersTestJSON-1299268529-project] Using url versioning {{(pid=116750) process_request /opt/stack/glance/glance/api/middleware/version_negotiation.py:57}}
Aug 30 18:39:51.329609 n-d-854120-12 devstack@g-api.service[116750]: DEBUG glance.api.middleware.version_negotiation [None req-58eb4f92-d8f9-4ac8-aee2-34e8530d60c0 tempest-ListImageFiltersTestJSON-1299268529 tempest-ListImageFiltersTestJSON-1299268529-project] Matched version: v2 {{(pid=116750) process_request /opt/stack/glance/glance/api/middleware/version_negotiation.py:69}}
Aug 30 18:39:51.329891 n-d-854120-12 devstack@g-api.service[116750]: DEBUG glance.api.middleware.version_negotiation [None req-58eb4f92-d8f9-4ac8-aee2-34e8530d60c0 tempest-ListImageFiltersTestJSON-1299268529 tempest-ListImageFiltersTestJSON-1299268529-project] new path /v2/schemas/image {{(pid=116750) process_request /opt/stack/glance/glance/api/middleware/version_negotiation.py:70}}
Aug 30 18:39:51.342826 n-d-854120-12 devstack@g-api.service[116750]: [pid: 116750|app: 0|req: 238/578] 127.0.0.1 () {42 vars in 992 bytes} [Tue Aug 30 18:39:51 2022] GET /v2/schemas/image => generated 6083 bytes in 14 msecs (HTTP/1.1 200) 4 headers in 158 bytes (1 switches on core 0)
Aug 30 18:39:51.446574 n-d-854120-12 devstack@g-api.service[116749]: [pid: 116749|app: 0|req: 341/579] 127.0.0.1 () {44 vars in 1074 bytes} [Tue Aug 30 18:39:49 2022] DELETE /v2/images/d8f901ce-5e9f-4b66-a3bc-1d06a4f5d271 => generated 0 bytes in 1808 msecs (HTTP/1.1 204) 4 headers in 171 bytes (1 switches on core 0)
Aug 30 18:39:52.060176 n-d-854120-12 devstack@g-api.service[116750]: DEBUG glance.api.middleware.version_negotiation [None req-58eb4f92-d8f9-4ac8-aee2-34e8530d60c0 tempest-ListImageFiltersTestJSON-1299268529 tempest-ListImageFiltersTestJSON-1299268529-project] Determining version of request: GET /v2/images/39ca365d-3df7-41ae-9154-ae924a79b330 Accept: */* {{(pid=116750) process_request /opt/stack/glance/glance/api/middleware/version_negotiation.py:44}}
Aug 30 18:39:52.060970 n-d-854120-12 devstack@g-api.service[116750]: DEBUG glance.api.middleware.version_negotiation [None req-58eb4f92-d8f9-4ac8-aee2-34e8530d60c0 tempest-ListImageFiltersTestJSON-1299268529 tempest-ListImageFiltersTestJSON-1299268529-project] Using url versioning {{(pid=116750) process_request /opt/stack/glance/glance/api/middleware/version_negotiation.py:57}}
Aug 30 18:39:52.061529 n-d-854120-12 devstack@g-api.service[116750]: DEBUG glance.api.middleware.version_negotiation [None req-58eb4f92-d8f9-4ac8-aee2-34e8530d60c0 tempest-ListImageFiltersTestJSON-1299268529 tempest-ListImageFiltersTestJSON-1299268529-project] Matched version: v2 {{(pid=116750) process_request /opt/stack/glance/glance/api/middleware/version_negotiation.py:69}}
Aug 30 18:39:52.062057 n-d-854120-12 devstack@g-api.service[116750]: DEBUG glance.api.middleware.version_negotiation [None req-58eb4f92-d8f9-4ac8-aee2-34e8530d60c0 tempest-ListImageFiltersTestJSON-1299268529 tempest-ListImageFiltersTestJSON-1299268529-project] new path /v2/images/39ca365d-3df7-41ae-9154-ae924a79b330 {{(pid=116750) process_request /opt/stack/glance/glance/api/middleware/version_negotiation.py:70}}
Aug 30 18:39:52.108547 n-d-854120-12 devstack@g-api.service[116749]: DEBUG glance.api.middleware.version_negotiation [None req-a02dc902-5613-4158-96e1-99e4714ecbd4 tempest-ImagesTestJSON-1052417422 tempest-ImagesTestJSON-1052417422-project] Determining version of request: GET /v2/schemas/image Accept: */* {{(pid=116749) process_request /opt/stack/glance/glance/api/middleware/version_negotiation.py:44}}
Aug 30 18:39:52.109807 n-d-854120-12 devstack@g-api.service[116749]: DEBUG glance.api.middleware.version_negotiation [None req-a02dc902-5613-4158-96e1-99e4714ecbd4 tempest-ImagesTestJSON-1052417422 tempest-ImagesTestJSON-1052417422-project] Using url versioning {{(pid=116749) process_request /opt/stack/glance/glance/api/middleware/version_negotiation.py:57}}
Aug 30 18:39:52.110267 n-d-854120-12 devstack@g-api.service[116749]: DEBUG glance.api.middleware.version_negotiation [None req-a02dc902-5613-4158-96e1-99e4714ecbd4 tempest-ImagesTestJSON-1052417422 tempest-ImagesTestJSON-1052417422-project] Matched version: v2 {{(pid=116749) process_request /opt/stack/glance/glance/api/middleware/version_negotiation.py:69}}
Aug 30 18:39:52.110695 n-d-854120-12 devstack@g-api.service[116749]: DEBUG glance.api.middleware.version_negotiation [None req-a02dc902-5613-4158-96e1-99e4714ecbd4 tempest-ImagesTestJSON-1052417422 tempest-ImagesTestJSON-1052417422-project] new path /v2/schemas/image {{(pid=116749) process_request /opt/stack/glance/glance/api/middleware/version_negotiation.py:70}}
Aug 30 18:39:52.117317 n-d-854120-12 devstack@g-api.service[116749]: [pid: 116749|app: 0|req: 342/581] 127.0.0.1 () {42 vars in 992 bytes} [Tue Aug 30 18:39:52 2022] GET /v2/schemas/image => generated 6083 bytes in 10 msecs (HTTP/1.1 200) 4 headers in 158 bytes (1 switches on core 0)
Aug 30 18:39:52.128388 n-d-854120-12 devstack@g-api.service[116750]: [pid: 116750|app: 0|req: 239/581] 127.0.0.1 () {42 vars in 1052 bytes} [Tue Aug 30 18:39:52 2022] GET /v2/images/39ca365d-3df7-41ae-9154-ae924a79b330 => generated 946 bytes in 47 msecs (HTTP/1.1 200) 4 headers in 157 bytes (1 switches on core 0)
Aug 30 18:39:52.572160 n-d-854120-12 devstack@g-api.service[116749]: DEBUG glance.api.middleware.version_negotiation [None req-2d1412f9-43fb-4ac2-b74f-f18dcda973d4 tempest-ListImageFiltersTestJSON-1299268529 tempest-ListImageFiltersTestJSON-1299268529-project] Determining version of request: GET /v2/images/39ca365d-3df7-41ae-9154-ae924a79b330 Accept: */* {{(pid=116749) process_request /opt/stack/glance/glance/api/middleware/version_negotiation.py:44}}
Aug 30 18:39:52.573108 n-d-854120-12 devstack@g-api.service[116749]: DEBUG glance.api.middleware.version_negotiation [None req-2d1412f9-43fb-4ac2-b74f-f18dcda973d4 tempest-ListImageFiltersTestJSON-1299268529 tempest-ListImageFiltersTestJSON-1299268529-project] Using url versioning {{(pid=116749) process_request /opt/stack/glance/glance/api/middleware/version_negotiation.py:57}}
Aug 30 18:39:52.573604 n-d-854120-12 devstack@g-api.service[116749]: DEBUG glance.api.middleware.version_negotiation [None req-2d1412f9-43fb-4ac2-b74f-f18dcda973d4 tempest-ListImageFiltersTestJSON-1299268529 tempest-ListImageFiltersTestJSON-1299268529-project] Matched version: v2 {{(pid=116749) process_request /opt/stack/glance/glance/api/middleware/version_negotiation.py:69}}
Aug 30 18:39:52.574051 n-d-854120-12 devstack@g-api.service[116749]: DEBUG glance.api.middleware.version_negotiation [None req-2d1412f9-43fb-4ac2-b74f-f18dcda973d4 tempest-ListImageFiltersTestJSON-1299268529 tempest-ListImageFiltersTestJSON-1299268529-project] new path /v2/images/39ca365d-3df7-41ae-9154-ae924a79b330 {{(pid=116749) process_request /opt/stack/glance/glance/api/middleware/version_negotiation.py:70}}
Aug 30 18:39:52.597692 n-d-854120-12 devstack@g-api.service[116749]: [pid: 116749|app: 0|req: 343/582] 127.0.0.1 () {42 vars in 1052 bytes} [Tue Aug 30 18:39:52 2022] GET /v2/images/39ca365d-3df7-41ae-9154-ae924a79b330 => generated 946 bytes in 26 msecs (HTTP/1.1 200) 4 headers in 157 bytes (1 switches on core 0)
Aug 30 18:39:52.606135 n-d-854120-12 devstack@g-api.service[116750]: DEBUG glance.api.middleware.version_negotiation [None req-2d1412f9-43fb-4ac2-b74f-f18dcda973d4 tempest-ListImageFiltersTestJSON-1299268529 tempest-ListImageFiltersTestJSON-1299268529-project] Determining version of request: GET /v2/schemas/image Accept: */* {{(pid=116750) process_request /opt/stack/glance/glance/api/middleware/version_negotiation.py:44}}
Aug 30 18:39:52.606628 n-d-854120-12 devstack@g-api.service[116750]: DEBUG glance.api.middleware.version_negotiation [None req-2d1412f9-43fb-4ac2-b74f-f18dcda973d4 tempest-ListImageFiltersTestJSON-1299268529 tempest-ListImageFiltersTestJSON-1299268529-project] Using url versioning {{(pid=116750) process_request /opt/stack/glance/glance/api/middleware/version_negotiation.py:57}}
Aug 30 18:39:52.608572 n-d-854120-12 devstack@g-api.service[116750]: DEBUG glance.api.middleware.version_negotiation [None req-2d1412f9-43fb-4ac2-b74f-f18dcda973d4 tempest-ListImageFiltersTestJSON-1299268529 tempest-ListImageFiltersTestJSON-1299268529-project] Matched version: v2 {{(pid=116750) process_request /opt/stack/glance/glance/api/middleware/version_negotiation.py:69}}
Aug 30 18:39:52.608928 n-d-854120-12 devstack@g-api.service[116750]: DEBUG glance.api.middleware.version_negotiation [None req-2d1412f9-43fb-4ac2-b74f-f18dcda973d4 tempest-ListImageFiltersTestJSON-1299268529 tempest-ListImageFiltersTestJSON-1299268529-project] new path /v2/schemas/image {{(pid=116750) process_request /opt/stack/glance/glance/api/middleware/version_negotiation.py:70}}
Aug 30 18:39:52.620654 n-d-854120-12 devstack@g-api.service[116750]: [pid: 116750|app: 0|req: 240/583] 127.0.0.1 () {42 vars in 992 bytes} [Tue Aug 30 18:39:52 2022] GET /v2/schemas/image => generated 6083 bytes in 16 msecs (HTTP/1.1 200) 4 headers in 158 bytes (1 switches on core 0)
Aug 30 18:39:59.820038 n-d-854120-12 devstack@g-api.service[116749]: DEBUG glance.api.middleware.version_negotiation [None req-e95fa9c5-6ac8-4bc2-85a4-a3dec9d78b68 tempest-ImagesTestJSON-1052417422 tempest-ImagesTestJSON-1052417422-project] Determining version of request: GET /v2/images/39ca365d-3df7-41ae-9154-ae924a79b330 Accept: */* {{(pid=116749) process_request /opt/stack/glance/glance/api/middleware/version_negotiation.py:44}}
Aug 30 18:39:59.822034 n-d-854120-12 devstack@g-api.service[116749]: DEBUG glance.api.middleware.version_negotiation [None req-e95fa9c5-6ac8-4bc2-85a4-a3dec9d78b68 tempest-ImagesTestJSON-1052417422 tempest-ImagesTestJSON-1052417422-project] Using url versioning {{(pid=116749) process_request /opt/stack/glance/glance/api/middleware/version_negotiation.py:57}}
Aug 30 18:39:59.822624 n-d-854120-12 devstack@g-api.service[116749]: DEBUG glance.api.middleware.version_negotiation [None req-e95fa9c5-6ac8-4bc2-85a4-a3dec9d78b68 tempest-ImagesTestJSON-1052417422 tempest-ImagesTestJSON-1052417422-project] Matched version: v2 {{(pid=116749) process_request /opt/stack/glance/glance/api/middleware/version_negotiation.py:69}}
Aug 30 18:39:59.823132 n-d-854120-12 devstack@g-api.service[116749]: DEBUG glance.api.middleware.version_negotiation [None req-e95fa9c5-6ac8-4bc2-85a4-a3dec9d78b68 tempest-ImagesTestJSON-1052417422 tempest-ImagesTestJSON-1052417422-project] new path /v2/images/39ca365d-3df7-41ae-9154-ae924a79b330 {{(pid=116749) process_request /opt/stack/glance/glance/api/middleware/version_negotiation.py:70}}
Aug 30 18:39:59.846776 n-d-854120-12 devstack@g-api.service[116749]: [pid: 116749|app: 0|req: 344/584] 127.0.0.1 () {42 vars in 1052 bytes} [Tue Aug 30 18:39:59 2022] GET /v2/images/39ca365d-3df7-41ae-9154-ae924a79b330 => generated 946 bytes in 28 msecs (HTTP/1.1 200) 4 headers in 157 bytes (1 switches on core 0)
Aug 30 18:39:59.851824 n-d-854120-12 devstack@g-api.service[116750]: DEBUG glance.api.middleware.version_negotiation [None req-e95fa9c5-6ac8-4bc2-85a4-a3dec9d78b68 tempest-ImagesTestJSON-1052417422 tempest-ImagesTestJSON-1052417422-project] Determining version of request: GET /v2/schemas/image Accept: */* {{(pid=116750) process_request /opt/stack/glance/glance/api/middleware/version_negotiation.py:44}}
Aug 30 18:39:59.852377 n-d-854120-12 devstack@g-api.service[116750]: DEBUG glance.api.middleware.version_negotiation [None req-e95fa9c5-6ac8-4bc2-85a4-a3dec9d78b68 tempest-ImagesTestJSON-1052417422 tempest-ImagesTestJSON-1052417422-project] Using url versioning {{(pid=116750) process_request /opt/stack/glance/glance/api/middleware/version_negotiation.py:57}}
Aug 30 18:39:59.852466 n-d-854120-12 devstack@g-api.service[116750]: DEBUG glance.api.middleware.version_negotiation [None req-e95fa9c5-6ac8-4bc2-85a4-a3dec9d78b68 tempest-ImagesTestJSON-1052417422 tempest-ImagesTestJSON-1052417422-project] Matched version: v2 {{(pid=116750) process_request /opt/stack/glance/glance/api/middleware/version_negotiation.py:69}}
Aug 30 18:39:59.852977 n-d-854120-12 devstack@g-api.service[116750]: DEBUG glance.api.middleware.version_negotiation [None req-e95fa9c5-6ac8-4bc2-85a4-a3dec9d78b68 tempest-ImagesTestJSON-1052417422 tempest-ImagesTestJSON-1052417422-project] new path /v2/schemas/image {{(pid=116750) process_request /opt/stack/glance/glance/api/middleware/version_negotiation.py:70}}
Aug 30 18:39:59.858076 n-d-854120-12 devstack@g-api.service[116750]: [pid: 116750|app: 0|req: 241/585] 127.0.0.1 () {42 vars in 992 bytes} [Tue Aug 30 18:39:59 2022] GET /v2/schemas/image => generated 6083 bytes in 7 msecs (HTTP/1.1 200) 4 headers in 158 bytes (1 switches on core 0)
