Aug 28 23:45:35.600464 n-d-854118-8 devstack@placement-api.service[114253]: [pid: 114253|app: 0|req: 85/167] 10.222.0.69 () {60 vars in 1380 bytes} [Sun Aug 28 23:45:35 2022] GET /placement/allocations/7a35da63-fae4-49e3-a23e-88370e8074cf => generated 19 bytes in 43 msecs (HTTP/1.1 200) 8 headers in 295 bytes (1 switches on core 0)
Aug 28 23:45:35.819998 n-d-854118-8 devstack@placement-api.service[114252]: DEBUG placement.handlers.allocation [req-76bdc3e1-0605-4768-b735-ad233fab0454 req-3b69126f-0d16-40e4-8e71-73551a7a7d42 service placement] Successfully wrote allocations [, , ] {{(pid=114252) _update_consumers_and_create_allocations /opt/stack/placement/placement/handlers/allocation.py:462}}
Aug 28 23:45:35.836272 n-d-854118-8 devstack@placement-api.service[114252]: INFO placement.requestlog [req-76bdc3e1-0605-4768-b735-ad233fab0454 req-3b69126f-0d16-40e4-8e71-73551a7a7d42 service placement] 10.222.0.69 "PUT /placement/allocations/7a35da63-fae4-49e3-a23e-88370e8074cf" status: 204 len: 0 microversion: 1.36
Aug 28 23:45:35.839078 n-d-854118-8 devstack@placement-api.service[114252]: [pid: 114252|app: 0|req: 83/168] 10.222.0.69 () {64 vars in 1433 bytes} [Sun Aug 28 23:45:35 2022] PUT /placement/allocations/7a35da63-fae4-49e3-a23e-88370e8074cf => generated 0 bytes in 239 msecs (HTTP/1.1 204) 5 headers in 199 bytes (1 switches on core 0)
Aug 28 23:45:36.397161 n-d-854118-8 devstack@placement-api.service[114253]: DEBUG placement.requestlog [req-f29fcec3-80bc-4897-8e8a-6bc0643d403c req-83c675f2-c58c-44d0-9635-20f31b4bb422 None None] Starting request: 10.222.0.70 "GET /placement/resource_providers/a645c99c-d808-46c9-9c1c-64677260a9f3/allocations" {{(pid=114253) __call__ /opt/stack/placement/placement/requestlog.py:55}}
Aug 28 23:45:36.465382 n-d-854118-8 devstack@placement-api.service[114253]: INFO placement.requestlog [req-f29fcec3-80bc-4897-8e8a-6bc0643d403c req-83c675f2-c58c-44d0-9635-20f31b4bb422 service placement] 10.222.0.70 "GET /placement/resource_providers/a645c99c-d808-46c9-9c1c-64677260a9f3/allocations" status: 200 len: 356 microversion: 1.0
Aug 28 23:45:36.467986 n-d-854118-8 devstack@placement-api.service[114253]: [pid: 114253|app: 0|req: 86/169] 10.222.0.70 () {58 vars in 1390 bytes} [Sun Aug 28 23:45:36 2022] GET /placement/resource_providers/a645c99c-d808-46c9-9c1c-64677260a9f3/allocations => generated 356 bytes in 71 msecs (HTTP/1.1 200) 6 headers in 224 bytes (1 switches on core 0)
Aug 28 23:45:36.489897 n-d-854118-8 devstack@placement-api.service[114252]: DEBUG placement.requestlog [req-76bdc3e1-0605-4768-b735-ad233fab0454 req-3bd5263a-7ee4-47b3-866b-de37395e4629 None None] Starting request: 10.222.0.20 "GET /placement/allocations/7a35da63-fae4-49e3-a23e-88370e8074cf" {{(pid=114252) __call__ /opt/stack/placement/placement/requestlog.py:55}}
Aug 28 23:45:36.517346 n-d-854118-8 devstack@placement-api.service[114252]: INFO placement.requestlog [req-76bdc3e1-0605-4768-b735-ad233fab0454 req-3bd5263a-7ee4-47b3-866b-de37395e4629 service placement] 10.222.0.20 "GET /placement/allocations/7a35da63-fae4-49e3-a23e-88370e8074cf" status: 200 len: 258 microversion: 1.28
Aug 28 23:45:36.518686 n-d-854118-8 devstack@placement-api.service[114252]: [pid: 114252|app: 0|req: 84/170] 10.222.0.20 () {60 vars in 1377 bytes} [Sun Aug 28 23:45:36 2022] GET /placement/allocations/7a35da63-fae4-49e3-a23e-88370e8074cf => generated 258 bytes in 29 msecs (HTTP/1.1 200) 8 headers in 296 bytes (1 switches on core 0)
Aug 28 23:45:36.544624 n-d-854118-8 devstack@placement-api.service[114253]: DEBUG placement.requestlog [req-f29fcec3-80bc-4897-8e8a-6bc0643d403c req-2fa22326-71e6-46dd-abad-db6b060727e8 None None] Starting request: 10.222.0.70 "GET /placement/resource_providers/a645c99c-d808-46c9-9c1c-64677260a9f3/allocations" {{(pid=114253) __call__ /opt/stack/placement/placement/requestlog.py:55}}
Aug 28 23:45:36.608387 n-d-854118-8 devstack@placement-api.service[114253]: INFO placement.requestlog [req-f29fcec3-80bc-4897-8e8a-6bc0643d403c req-2fa22326-71e6-46dd-abad-db6b060727e8 service placement] 10.222.0.70 "GET /placement/resource_providers/a645c99c-d808-46c9-9c1c-64677260a9f3/allocations" status: 200 len: 356 microversion: 1.0
Aug 28 23:45:36.609361 n-d-854118-8 devstack@placement-api.service[114253]: [pid: 114253|app: 0|req: 87/171] 10.222.0.70 () {58 vars in 1390 bytes} [Sun Aug 28 23:45:36 2022] GET /placement/resource_providers/a645c99c-d808-46c9-9c1c-64677260a9f3/allocations => generated 356 bytes in 65 msecs (HTTP/1.1 200) 6 headers in 224 bytes (1 switches on core 0)
Aug 28 23:45:36.618766 n-d-854118-8 devstack@placement-api.service[114252]: DEBUG placement.requestlog [req-f29fcec3-80bc-4897-8e8a-6bc0643d403c req-b4e57985-1b47-4475-9e57-337be66af46d None None] Starting request: 10.222.0.70 "GET /placement/allocations/5c562440-6af2-4307-8241-5a306334d05f" {{(pid=114252) __call__ /opt/stack/placement/placement/requestlog.py:55}}
Aug 28 23:45:36.634104 n-d-854118-8 devstack@placement-api.service[114252]: DEBUG dbcounter [-] [114252] Writing DB stats placement:SELECT=80,placement:INSERT=10,placement:DELETE=6,placement:UPDATE=4 {{(pid=114252) stat_writer /usr/local/lib/python3.8/dist-packages/dbcounter.py:114}}
Aug 28 23:45:36.661967 n-d-854118-8 devstack@placement-api.service[114252]: INFO placement.requestlog [req-f29fcec3-80bc-4897-8e8a-6bc0643d403c req-b4e57985-1b47-4475-9e57-337be66af46d service placement] 10.222.0.70 "GET /placement/allocations/5c562440-6af2-4307-8241-5a306334d05f" status: 200 len: 259 microversion: 1.28
Aug 28 23:45:36.666852 n-d-854118-8 devstack@placement-api.service[114252]: [pid: 114252|app: 0|req: 85/172] 10.222.0.70 () {60 vars in 1377 bytes} [Sun Aug 28 23:45:36 2022] GET /placement/allocations/5c562440-6af2-4307-8241-5a306334d05f => generated 259 bytes in 48 msecs (HTTP/1.1 200) 8 headers in 296 bytes (1 switches on core 0)
Aug 28 23:45:36.675372 n-d-854118-8 devstack@placement-api.service[114253]: DEBUG placement.requestlog [req-f29fcec3-80bc-4897-8e8a-6bc0643d403c req-653eb76f-63dd-499a-80ff-f93caf3074f7 None None] Starting request: 10.222.0.70 "GET /placement/allocations/f7e72c9b-244a-466e-88cf-35c063affc4f" {{(pid=114253) __call__ /opt/stack/placement/placement/requestlog.py:55}}
Aug 28 23:45:36.720614 n-d-854118-8 devstack@placement-api.service[114253]: INFO placement.requestlog [req-f29fcec3-80bc-4897-8e8a-6bc0643d403c req-653eb76f-63dd-499a-80ff-f93caf3074f7 service placement] 10.222.0.70 "GET /placement/allocations/f7e72c9b-244a-466e-88cf-35c063affc4f" status: 200 len: 259 microversion: 1.28
Aug 28 23:45:36.722369 n-d-854118-8 devstack@placement-api.service[114253]: [pid: 114253|app: 0|req: 88/173] 10.222.0.70 () {60 vars in 1377 bytes} [Sun Aug 28 23:45:36 2022] GET /placement/allocations/f7e72c9b-244a-466e-88cf-35c063affc4f => generated 259 bytes in 48 msecs (HTTP/1.1 200) 8 headers in 296 bytes (1 switches on core 0)
Aug 28 23:45:36.730413 n-d-854118-8 devstack@placement-api.service[114252]: DEBUG placement.requestlog [req-f29fcec3-80bc-4897-8e8a-6bc0643d403c req-ad2155a8-42fe-43a4-b42a-a086ba6f3729 None None] Starting request: 10.222.0.70 "GET /placement/allocations/ae0d647b-8def-49fe-b407-5ebe20f658f5" {{(pid=114252) __call__ /opt/stack/placement/placement/requestlog.py:55}}
Aug 28 23:45:36.763574 n-d-854118-8 devstack@placement-api.service[114252]: INFO placement.requestlog [req-f29fcec3-80bc-4897-8e8a-6bc0643d403c req-ad2155a8-42fe-43a4-b42a-a086ba6f3729 service placement] 10.222.0.70 "GET /placement/allocations/ae0d647b-8def-49fe-b407-5ebe20f658f5" status: 200 len: 259 microversion: 1.28
Aug 28 23:45:36.763974 n-d-854118-8 devstack@placement-api.service[114252]: [pid: 114252|app: 0|req: 86/174] 10.222.0.70 () {60 vars in 1377 bytes} [Sun Aug 28 23:45:36 2022] GET /placement/allocations/ae0d647b-8def-49fe-b407-5ebe20f658f5 => generated 259 bytes in 34 msecs (HTTP/1.1 200) 8 headers in 296 bytes (1 switches on core 0)
Aug 28 23:45:36.801040 n-d-854118-8 devstack@placement-api.service[114253]: DEBUG placement.requestlog [req-76bdc3e1-0605-4768-b735-ad233fab0454 req-728c0d33-3d92-430f-b8ad-5e9e344fe69d None None] Starting request: 10.222.0.20 "GET /placement/resource_providers/5342cd2a-ec18-462c-a54a-53cb22e0e8af/allocations" {{(pid=114253) __call__ /opt/stack/placement/placement/requestlog.py:55}}
Aug 28 23:45:36.862762 n-d-854118-8 devstack@placement-api.service[114253]: INFO placement.requestlog [req-76bdc3e1-0605-4768-b735-ad233fab0454 req-728c0d33-3d92-430f-b8ad-5e9e344fe69d service placement] 10.222.0.20 "GET /placement/resource_providers/5342cd2a-ec18-462c-a54a-53cb22e0e8af/allocations" status: 200 len: 456 microversion: 1.0
Aug 28 23:45:36.863861 n-d-854118-8 devstack@placement-api.service[114253]: [pid: 114253|app: 0|req: 89/175] 10.222.0.20 () {58 vars in 1390 bytes} [Sun Aug 28 23:45:36 2022] GET /placement/resource_providers/5342cd2a-ec18-462c-a54a-53cb22e0e8af/allocations => generated 456 bytes in 63 msecs (HTTP/1.1 200) 6 headers in 224 bytes (1 switches on core 0)
Aug 28 23:45:36.873193 n-d-854118-8 devstack@placement-api.service[114252]: DEBUG placement.requestlog [req-76bdc3e1-0605-4768-b735-ad233fab0454 req-b1eaebaa-c4b7-43b3-ac16-52b025d51b52 None None] Starting request: 10.222.0.20 "GET /placement/allocations/8f42bd1c-a273-4926-a571-48443d772b92" {{(pid=114252) __call__ /opt/stack/placement/placement/requestlog.py:55}}
Aug 28 23:45:36.902801 n-d-854118-8 devstack@placement-api.service[114252]: INFO placement.requestlog [req-76bdc3e1-0605-4768-b735-ad233fab0454 req-b1eaebaa-c4b7-43b3-ac16-52b025d51b52 service placement] 10.222.0.20 "GET /placement/allocations/8f42bd1c-a273-4926-a571-48443d772b92" status: 200 len: 258 microversion: 1.28
Aug 28 23:45:36.903669 n-d-854118-8 devstack@placement-api.service[114252]: [pid: 114252|app: 0|req: 87/176] 10.222.0.20 () {60 vars in 1377 bytes} [Sun Aug 28 23:45:36 2022] GET /placement/allocations/8f42bd1c-a273-4926-a571-48443d772b92 => generated 258 bytes in 31 msecs (HTTP/1.1 200) 8 headers in 296 bytes (1 switches on core 0)
Aug 28 23:45:36.911576 n-d-854118-8 devstack@placement-api.service[114253]: DEBUG placement.requestlog [req-76bdc3e1-0605-4768-b735-ad233fab0454 req-464adc9d-8c9e-4937-bf2d-64fa7798d98b None None] Starting request: 10.222.0.20 "GET /placement/allocations/7a35da63-fae4-49e3-a23e-88370e8074cf" {{(pid=114253) __call__ /opt/stack/placement/placement/requestlog.py:55}}
Aug 28 23:45:36.934026 n-d-854118-8 devstack@placement-api.service[114253]: INFO placement.requestlog [req-76bdc3e1-0605-4768-b735-ad233fab0454 req-464adc9d-8c9e-4937-bf2d-64fa7798d98b service placement] 10.222.0.20 "GET /placement/allocations/7a35da63-fae4-49e3-a23e-88370e8074cf" status: 200 len: 258 microversion: 1.28
Aug 28 23:45:36.935017 n-d-854118-8 devstack@placement-api.service[114253]: [pid: 114253|app: 0|req: 90/177] 10.222.0.20 () {60 vars in 1377 bytes} [Sun Aug 28 23:45:36 2022] GET /placement/allocations/7a35da63-fae4-49e3-a23e-88370e8074cf => generated 258 bytes in 24 msecs (HTTP/1.1 200) 8 headers in 296 bytes (1 switches on core 0)
Aug 28 23:45:36.959976 n-d-854118-8 devstack@placement-api.service[114252]: DEBUG placement.requestlog [req-76bdc3e1-0605-4768-b735-ad233fab0454 req-b7976905-700b-4a57-8a57-e7c25ee1bcd3 None None] Starting request: 10.222.0.20 "GET /placement/allocations/9acb74d1-f0df-434f-bd60-a20aa530f922" {{(pid=114252) __call__ /opt/stack/placement/placement/requestlog.py:55}}
Aug 28 23:45:37.000763 n-d-854118-8 devstack@placement-api.service[114252]: INFO placement.requestlog [req-76bdc3e1-0605-4768-b735-ad233fab0454 req-b7976905-700b-4a57-8a57-e7c25ee1bcd3 service placement] 10.222.0.20 "GET /placement/allocations/9acb74d1-f0df-434f-bd60-a20aa530f922" status: 200 len: 258 microversion: 1.28
Aug 28 23:45:37.001664 n-d-854118-8 devstack@placement-api.service[114252]: [pid: 114252|app: 0|req: 88/178] 10.222.0.20 () {60 vars in 1377 bytes} [Sun Aug 28 23:45:36 2022] GET /placement/allocations/9acb74d1-f0df-434f-bd60-a20aa530f922 => generated 258 bytes in 42 msecs (HTTP/1.1 200) 8 headers in 296 bytes (1 switches on core 0)
Aug 28 23:45:37.010219 n-d-854118-8 devstack@placement-api.service[114253]: DEBUG placement.requestlog [req-76bdc3e1-0605-4768-b735-ad233fab0454 req-c41d03b6-e505-4842-8ad0-b2203dea1b02 None None] Starting request: 10.222.0.20 "GET /placement/allocations/412f2c93-8568-4e92-8af0-47f9b149196b" {{(pid=114253) __call__ /opt/stack/placement/placement/requestlog.py:55}}
Aug 28 23:45:37.055651 n-d-854118-8 devstack@placement-api.service[114253]: INFO placement.requestlog [req-76bdc3e1-0605-4768-b735-ad233fab0454 req-c41d03b6-e505-4842-8ad0-b2203dea1b02 service placement] 10.222.0.20 "GET /placement/allocations/412f2c93-8568-4e92-8af0-47f9b149196b" status: 200 len: 258 microversion: 1.28
Aug 28 23:45:37.056233 n-d-854118-8 devstack@placement-api.service[114253]: [pid: 114253|app: 0|req: 91/179] 10.222.0.20 () {60 vars in 1377 bytes} [Sun Aug 28 23:45:37 2022] GET /placement/allocations/412f2c93-8568-4e92-8af0-47f9b149196b => generated 258 bytes in 46 msecs (HTTP/1.1 200) 8 headers in 296 bytes (1 switches on core 0)
Aug 28 23:45:37.389294 n-d-854118-8 devstack@placement-api.service[114252]: DEBUG placement.requestlog [req-4baf801f-f8fe-4174-aeff-d199d8f09ac7 req-49e806aa-36a5-4642-bdfd-3c8c5b459bee None None] Starting request: 10.222.0.69 "GET /placement/allocations/8f42bd1c-a273-4926-a571-48443d772b92" {{(pid=114252) __call__ /opt/stack/placement/placement/requestlog.py:55}}
Aug 28 23:45:37.417835 n-d-854118-8 devstack@placement-api.service[114252]: INFO placement.requestlog [req-4baf801f-f8fe-4174-aeff-d199d8f09ac7 req-49e806aa-36a5-4642-bdfd-3c8c5b459bee service placement] 10.222.0.69 "GET /placement/allocations/8f42bd1c-a273-4926-a571-48443d772b92" status: 200 len: 258 microversion: 1.28
Aug 28 23:45:37.418258 n-d-854118-8 devstack@placement-api.service[114252]: [pid: 114252|app: 0|req: 89/180] 10.222.0.69 () {60 vars in 1380 bytes} [Sun Aug 28 23:45:37 2022] GET /placement/allocations/8f42bd1c-a273-4926-a571-48443d772b92 => generated 258 bytes in 29 msecs (HTTP/1.1 200) 8 headers in 296 bytes (1 switches on core 0)
Aug 28 23:45:37.425908 n-d-854118-8 devstack@placement-api.service[114253]: DEBUG placement.requestlog [req-4baf801f-f8fe-4174-aeff-d199d8f09ac7 req-794c2131-8f47-4b06-a5d6-5f26b8969da9 None None] Starting request: 10.222.0.69 "GET /placement/allocations/8f42bd1c-a273-4926-a571-48443d772b92" {{(pid=114253) __call__ /opt/stack/placement/placement/requestlog.py:55}}
Aug 28 23:45:37.452951 n-d-854118-8 devstack@placement-api.service[114253]: INFO placement.requestlog [req-4baf801f-f8fe-4174-aeff-d199d8f09ac7 req-794c2131-8f47-4b06-a5d6-5f26b8969da9 service placement] 10.222.0.69 "GET /placement/allocations/8f42bd1c-a273-4926-a571-48443d772b92" status: 200 len: 258 microversion: 1.28
Aug 28 23:45:37.453343 n-d-854118-8 devstack@placement-api.service[114253]: [pid: 114253|app: 0|req: 92/181] 10.222.0.69 () {60 vars in 1380 bytes} [Sun Aug 28 23:45:37 2022] GET /placement/allocations/8f42bd1c-a273-4926-a571-48443d772b92 => generated 258 bytes in 28 msecs (HTTP/1.1 200) 8 headers in 296 bytes (1 switches on core 0)
Aug 28 23:45:37.481737 n-d-854118-8 devstack@placement-api.service[114252]: DEBUG placement.requestlog [req-4baf801f-f8fe-4174-aeff-d199d8f09ac7 req-40dc2a41-bd7b-43b1-975e-fd77206a5ca0 None None] Starting request: 10.222.0.69 "GET /placement/allocations/6dbeaaac-63d4-4ec7-9312-127f1dc1f9e4" {{(pid=114252) __call__ /opt/stack/placement/placement/requestlog.py:55}}
Aug 28 23:45:37.507250 n-d-854118-8 devstack@placement-api.service[114252]: INFO placement.requestlog [req-4baf801f-f8fe-4174-aeff-d199d8f09ac7 req-40dc2a41-bd7b-43b1-975e-fd77206a5ca0 service placement] 10.222.0.69 "GET /placement/allocations/6dbeaaac-63d4-4ec7-9312-127f1dc1f9e4" status: 200 len: 19 microversion: 1.28
Aug 28 23:45:37.517344 n-d-854118-8 devstack@placement-api.service[114252]: [pid: 114252|app: 0|req: 90/182] 10.222.0.69 () {60 vars in 1380 bytes} [Sun Aug 28 23:45:37 2022] GET /placement/allocations/6dbeaaac-63d4-4ec7-9312-127f1dc1f9e4 => generated 19 bytes in 36 msecs (HTTP/1.1 200) 8 headers in 295 bytes (1 switches on core 0)
Aug 28 23:45:37.518916 n-d-854118-8 devstack@placement-api.service[114253]: DEBUG placement.requestlog [req-4baf801f-f8fe-4174-aeff-d199d8f09ac7 req-760fcbee-6527-4155-a462-0ffc50dbdfec None None] Starting request: 10.222.0.69 "POST /placement/allocations" {{(pid=114253) __call__ /opt/stack/placement/placement/requestlog.py:55}}
Aug 28 23:45:37.719351 n-d-854118-8 devstack@placement-api.service[114253]: DEBUG placement.handlers.allocation [req-4baf801f-f8fe-4174-aeff-d199d8f09ac7 req-760fcbee-6527-4155-a462-0ffc50dbdfec service placement] Successfully wrote allocations [, , , , , ] {{(pid=114253) _update_consumers_and_create_allocations /opt/stack/placement/placement/handlers/allocation.py:572}}
Aug 28 23:45:37.729452 n-d-854118-8 devstack@placement-api.service[114253]: INFO placement.requestlog [req-4baf801f-f8fe-4174-aeff-d199d8f09ac7 req-760fcbee-6527-4155-a462-0ffc50dbdfec service placement] 10.222.0.69 "POST /placement/allocations" status: 204 len: 0 microversion: 1.28
Aug 28 23:45:37.730110 n-d-854118-8 devstack@placement-api.service[114253]: [pid: 114253|app: 0|req: 93/183] 10.222.0.69 () {64 vars in 1323 bytes} [Sun Aug 28 23:45:37 2022] POST /placement/allocations => generated 0 bytes in 212 msecs (HTTP/1.1 204) 5 headers in 199 bytes (2 switches on core 0)
Aug 28 23:45:37.786500 n-d-854118-8 devstack@placement-api.service[114252]: DEBUG placement.requestlog [req-4baf801f-f8fe-4174-aeff-d199d8f09ac7 req-a41113fb-ce0d-4c2e-b02e-c80c2b9e5f05 None None] Starting request: 10.222.0.69 "GET /placement/allocations/8f42bd1c-a273-4926-a571-48443d772b92" {{(pid=114252) __call__ /opt/stack/placement/placement/requestlog.py:55}}
Aug 28 23:45:37.803533 n-d-854118-8 devstack@placement-api.service[114252]: INFO placement.requestlog [req-4baf801f-f8fe-4174-aeff-d199d8f09ac7 req-a41113fb-ce0d-4c2e-b02e-c80c2b9e5f05 service placement] 10.222.0.69 "GET /placement/allocations/8f42bd1c-a273-4926-a571-48443d772b92" status: 200 len: 19 microversion: 1.28
Aug 28 23:45:37.810753 n-d-854118-8 devstack@placement-api.service[114252]: [pid: 114252|app: 0|req: 91/184] 10.222.0.69 () {60 vars in 1380 bytes} [Sun Aug 28 23:45:37 2022] GET /placement/allocations/8f42bd1c-a273-4926-a571-48443d772b92 => generated 19 bytes in 24 msecs (HTTP/1.1 200) 8 headers in 295 bytes (2 switches on core 0)
Aug 28 23:45:37.814055 n-d-854118-8 devstack@placement-api.service[114253]: DEBUG placement.requestlog [req-4baf801f-f8fe-4174-aeff-d199d8f09ac7 req-227f9e9c-bdda-4aab-b48b-36ae3581ca15 None None] Starting request: 10.222.0.69 "PUT /placement/allocations/8f42bd1c-a273-4926-a571-48443d772b92" {{(pid=114253) __call__ /opt/stack/placement/placement/requestlog.py:55}}
Aug 28 23:45:37.898352 n-d-854118-8 devstack@placement-api.service[114253]: DEBUG dbcounter [-] [114253] Writing DB stats placement:SELECT=83,placement:INSERT=8,placement:DELETE=4,placement:UPDATE=5 {{(pid=114253) stat_writer /usr/local/lib/python3.8/dist-packages/dbcounter.py:114}}
Aug 28 23:45:37.900378 n-d-854118-8 devstack@placement-api.service[114253]: DEBUG placement.handlers.allocation [req-4baf801f-f8fe-4174-aeff-d199d8f09ac7 req-227f9e9c-bdda-4aab-b48b-36ae3581ca15 service placement] Successfully wrote allocations [, , ] {{(pid=114253) _update_consumers_and_create_allocations /opt/stack/placement/placement/handlers/allocation.py:462}}
Aug 28 23:45:37.911299 n-d-854118-8 devstack@placement-api.service[114253]: INFO placement.requestlog [req-4baf801f-f8fe-4174-aeff-d199d8f09ac7 req-227f9e9c-bdda-4aab-b48b-36ae3581ca15 service placement] 10.222.0.69 "PUT /placement/allocations/8f42bd1c-a273-4926-a571-48443d772b92" status: 204 len: 0 microversion: 1.28
Aug 28 23:45:37.911864 n-d-854118-8 devstack@placement-api.service[114253]: [pid: 114253|app: 0|req: 94/185] 10.222.0.69 () {64 vars in 1433 bytes} [Sun Aug 28 23:45:37 2022] PUT /placement/allocations/8f42bd1c-a273-4926-a571-48443d772b92 => generated 0 bytes in 99 msecs (HTTP/1.1 204) 5 headers in 199 bytes (1 switches on core 0)
Aug 28 23:45:38.197092 n-d-854118-8 devstack@placement-api.service[114252]: DEBUG placement.requestlog [req-4baf801f-f8fe-4174-aeff-d199d8f09ac7 req-08ac346e-a44d-44a8-ba78-8b4a8ed964f6 None None] Starting request: 10.222.0.70 "GET /placement/allocations/8f42bd1c-a273-4926-a571-48443d772b92" {{(pid=114252) __call__ /opt/stack/placement/placement/requestlog.py:55}}
Aug 28 23:45:38.253788 n-d-854118-8 devstack@placement-api.service[114252]: INFO placement.requestlog [req-4baf801f-f8fe-4174-aeff-d199d8f09ac7 req-08ac346e-a44d-44a8-ba78-8b4a8ed964f6 service placement] 10.222.0.70 "GET /placement/allocations/8f42bd1c-a273-4926-a571-48443d772b92" status: 200 len: 259 microversion: 1.28
Aug 28 23:45:38.254250 n-d-854118-8 devstack@placement-api.service[114252]: [pid: 114252|app: 0|req: 92/186] 10.222.0.70 () {60 vars in 1377 bytes} [Sun Aug 28 23:45:38 2022] GET /placement/allocations/8f42bd1c-a273-4926-a571-48443d772b92 => generated 259 bytes in 58 msecs (HTTP/1.1 200) 8 headers in 296 bytes (2 switches on core 0)
Aug 28 23:45:38.391488 n-d-854118-8 devstack@placement-api.service[114253]: DEBUG placement.requestlog [req-4123ed54-6b37-4437-a59b-d80b8fa023f4 req-79612990-ddde-48ff-9371-cda7b5819128 None None] Starting request: 10.222.0.69 "GET /placement/allocation_candidates?limit=1000&resources=DISK_GB%3A1%2CMEMORY_MB%3A1024%2CVCPU%3A1&root_required=%21COMPUTE_STATUS_DISABLED" {{(pid=114253) __call__ /opt/stack/placement/placement/requestlog.py:55}}
Aug 28 23:45:38.465550 n-d-854118-8 devstack@placement-api.service[114253]: DEBUG placement.objects.research_context [req-4123ed54-6b37-4437-a59b-d80b8fa023f4 req-79612990-ddde-48ff-9371-cda7b5819128 service placement] getting providers with 1 DISK_GB {{(pid=114253) __init__ /opt/stack/placement/placement/objects/research_context.py:136}}
Aug 28 23:45:38.472415 n-d-854118-8 devstack@placement-api.service[114253]: DEBUG placement.objects.research_context [req-4123ed54-6b37-4437-a59b-d80b8fa023f4 req-79612990-ddde-48ff-9371-cda7b5819128 service placement] getting providers with 1024 MEMORY_MB {{(pid=114253) __init__ /opt/stack/placement/placement/objects/research_context.py:136}}
Aug 28 23:45:38.478206 n-d-854118-8 devstack@placement-api.service[114253]: DEBUG placement.objects.research_context [req-4123ed54-6b37-4437-a59b-d80b8fa023f4 req-79612990-ddde-48ff-9371-cda7b5819128 service placement] getting providers with 1 VCPU {{(pid=114253) __init__ /opt/stack/placement/placement/objects/research_context.py:136}}
Aug 28 23:45:38.484241 n-d-854118-8 devstack@placement-api.service[114253]: DEBUG placement.objects.research_context [req-4123ed54-6b37-4437-a59b-d80b8fa023f4 req-79612990-ddde-48ff-9371-cda7b5819128 service placement] found 2 providers with available 1 DISK_GB {{(pid=114253) get_provider_ids_matching /opt/stack/placement/placement/objects/research_context.py:563}}
Aug 28 23:45:38.484591 n-d-854118-8 devstack@placement-api.service[114253]: DEBUG placement.objects.research_context [req-4123ed54-6b37-4437-a59b-d80b8fa023f4 req-79612990-ddde-48ff-9371-cda7b5819128 service placement] found 2 providers with available 1024 MEMORY_MB {{(pid=114253) get_provider_ids_matching /opt/stack/placement/placement/objects/research_context.py:563}}
Aug 28 23:45:38.484937 n-d-854118-8 devstack@placement-api.service[114253]: DEBUG placement.objects.research_context [req-4123ed54-6b37-4437-a59b-d80b8fa023f4 req-79612990-ddde-48ff-9371-cda7b5819128 service placement] found 2 providers after filtering by previous result {{(pid=114253) get_provider_ids_matching /opt/stack/placement/placement/objects/research_context.py:594}}
Aug 28 23:45:38.485277 n-d-854118-8 devstack@placement-api.service[114253]: DEBUG placement.objects.research_context [req-4123ed54-6b37-4437-a59b-d80b8fa023f4 req-79612990-ddde-48ff-9371-cda7b5819128 service placement] found 2 providers with available 1 VCPU {{(pid=114253) get_provider_ids_matching /opt/stack/placement/placement/objects/research_context.py:563}}
Aug 28 23:45:38.485619 n-d-854118-8 devstack@placement-api.service[114253]: DEBUG placement.objects.research_context [req-4123ed54-6b37-4437-a59b-d80b8fa023f4 req-79612990-ddde-48ff-9371-cda7b5819128 service placement] found 2 providers after filtering by previous result {{(pid=114253) get_provider_ids_matching /opt/stack/placement/placement/objects/research_context.py:594}}
Aug 28 23:45:38.498648 n-d-854118-8 devstack@placement-api.service[114253]: DEBUG placement.objects.allocation_candidate [req-4123ed54-6b37-4437-a59b-d80b8fa023f4 req-79612990-ddde-48ff-9371-cda7b5819128 service placement] RequestGroup(use_same_provider=False, resources={DISK_GB:1, MEMORY_MB:1024, VCPU:1}, traits=(), aggregates=[]) (suffix '') returned 2 matches {{(pid=114253) _get_by_requests /opt/stack/placement/placement/objects/allocation_candidate.py:156}}
Aug 28 23:45:38.499116 n-d-854118-8 devstack@placement-api.service[114253]: DEBUG placement.objects.allocation_candidate [req-4123ed54-6b37-4437-a59b-d80b8fa023f4 req-79612990-ddde-48ff-9371-cda7b5819128 service placement] Merging candidates yields 2 allocation requests and 2 provider summaries {{(pid=114253) _merge_candidates /opt/stack/placement/placement/objects/allocation_candidate.py:809}}
Aug 28 23:45:38.500937 n-d-854118-8 devstack@placement-api.service[114253]: INFO placement.requestlog [req-4123ed54-6b37-4437-a59b-d80b8fa023f4 req-79612990-ddde-48ff-9371-cda7b5819128 service placement] 10.222.0.69 "GET /placement/allocation_candidates?limit=1000&resources=DISK_GB%3A1%2CMEMORY_MB%3A1024%2CVCPU%3A1&root_required=%21COMPUTE_STATUS_DISABLED" status: 200 len: 1309 microversion: 1.36
Aug 28 23:45:38.501875 n-d-854118-8 devstack@placement-api.service[114253]: [pid: 114253|app: 0|req: 95/187] 10.222.0.69 () {60 vars in 1506 bytes} [Sun Aug 28 23:45:38 2022] GET /placement/allocation_candidates?limit=1000&resources=DISK_GB%3A1%2CMEMORY_MB%3A1024%2CVCPU%3A1&root_required=%21COMPUTE_STATUS_DISABLED => generated 1309 bytes in 111 msecs (HTTP/1.1 200) 8 headers in 297 bytes (1 switches on core 0)
Aug 28 23:45:38.572497 n-d-854118-8 devstack@placement-api.service[114252]: DEBUG placement.requestlog [req-4123ed54-6b37-4437-a59b-d80b8fa023f4 req-f9ec2209-2a01-4a6c-bbf2-bf586d78e6da None None] Starting request: 10.222.0.69 "GET /placement/allocations/f100bfac-2391-4da8-a458-89a34f28c651" {{(pid=114252) __call__ /opt/stack/placement/placement/requestlog.py:55}}
Aug 28 23:45:38.586516 n-d-854118-8 devstack@placement-api.service[114252]: INFO placement.requestlog [req-4123ed54-6b37-4437-a59b-d80b8fa023f4 req-f9ec2209-2a01-4a6c-bbf2-bf586d78e6da service placement] 10.222.0.69 "GET /placement/allocations/f100bfac-2391-4da8-a458-89a34f28c651" status: 200 len: 19 microversion: 1.28
Aug 28 23:45:38.586880 n-d-854118-8 devstack@placement-api.service[114252]: [pid: 114252|app: 0|req: 93/188] 10.222.0.69 () {60 vars in 1380 bytes} [Sun Aug 28 23:45:38 2022] GET /placement/allocations/f100bfac-2391-4da8-a458-89a34f28c651 => generated 19 bytes in 15 msecs (HTTP/1.1 200) 8 headers in 295 bytes (1 switches on core 0)
Aug 28 23:45:38.593520 n-d-854118-8 devstack@placement-api.service[114253]: DEBUG placement.requestlog [req-4123ed54-6b37-4437-a59b-d80b8fa023f4 req-6e128242-1195-4f92-9496-a879546586b3 None None] Starting request: 10.222.0.69 "PUT /placement/allocations/f100bfac-2391-4da8-a458-89a34f28c651" {{(pid=114253) __call__ /opt/stack/placement/placement/requestlog.py:55}}
Aug 28 23:45:38.661256 n-d-854118-8 devstack@placement-api.service[114253]: DEBUG placement.handlers.allocation [req-4123ed54-6b37-4437-a59b-d80b8fa023f4 req-6e128242-1195-4f92-9496-a879546586b3 service placement] Successfully wrote allocations [, , ] {{(pid=114253) _update_consumers_and_create_allocations /opt/stack/placement/placement/handlers/allocation.py:462}}
Aug 28 23:45:38.665570 n-d-854118-8 devstack@placement-api.service[114253]: INFO placement.requestlog [req-4123ed54-6b37-4437-a59b-d80b8fa023f4 req-6e128242-1195-4f92-9496-a879546586b3 service placement] 10.222.0.69 "PUT /placement/allocations/f100bfac-2391-4da8-a458-89a34f28c651" status: 204 len: 0 microversion: 1.36
Aug 28 23:45:38.665994 n-d-854118-8 devstack@placement-api.service[114253]: [pid: 114253|app: 0|req: 96/189] 10.222.0.69 () {64 vars in 1433 bytes} [Sun Aug 28 23:45:38 2022] PUT /placement/allocations/f100bfac-2391-4da8-a458-89a34f28c651 => generated 0 bytes in 73 msecs (HTTP/1.1 204) 5 headers in 199 bytes (1 switches on core 0)
Aug 28 23:45:39.152326 n-d-854118-8 devstack@placement-api.service[114252]: DEBUG placement.requestlog [req-4123ed54-6b37-4437-a59b-d80b8fa023f4 req-80c1a436-875d-4973-bbc2-2066fd944ea4 None None] Starting request: 10.222.0.20 "GET /placement/allocations/f100bfac-2391-4da8-a458-89a34f28c651" {{(pid=114252) __call__ /opt/stack/placement/placement/requestlog.py:55}}
Aug 28 23:45:39.173074 n-d-854118-8 devstack@placement-api.service[114252]: INFO placement.requestlog [req-4123ed54-6b37-4437-a59b-d80b8fa023f4 req-80c1a436-875d-4973-bbc2-2066fd944ea4 service placement] 10.222.0.20 "GET /placement/allocations/f100bfac-2391-4da8-a458-89a34f28c651" status: 200 len: 258 microversion: 1.28
Aug 28 23:45:39.178581 n-d-854118-8 devstack@placement-api.service[114252]: [pid: 114252|app: 0|req: 94/190] 10.222.0.20 () {60 vars in 1377 bytes} [Sun Aug 28 23:45:39 2022] GET /placement/allocations/f100bfac-2391-4da8-a458-89a34f28c651 => generated 258 bytes in 32 msecs (HTTP/1.1 200) 8 headers in 296 bytes (1 switches on core 0)
Aug 28 23:45:39.444967 n-d-854118-8 devstack@placement-api.service[114253]: DEBUG placement.requestlog [req-bf93f554-d250-439f-acc8-40ec598f9640 req-bfb0d212-8998-42dd-bfd9-dc4a5b50b735 None None] Starting request: 10.222.0.69 "GET /placement/allocation_candidates?limit=1000&resources=DISK_GB%3A1%2CMEMORY_MB%3A1024%2CVCPU%3A1&root_required=%21COMPUTE_STATUS_DISABLED" {{(pid=114253) __call__ /opt/stack/placement/placement/requestlog.py:55}}
Aug 28 23:45:39.502205 n-d-854118-8 devstack@placement-api.service[114253]: DEBUG placement.objects.research_context [req-bf93f554-d250-439f-acc8-40ec598f9640 req-bfb0d212-8998-42dd-bfd9-dc4a5b50b735 service placement] getting providers with 1 DISK_GB {{(pid=114253) __init__ /opt/stack/placement/placement/objects/research_context.py:136}}
Aug 28 23:45:39.509652 n-d-854118-8 devstack@placement-api.service[114253]: DEBUG placement.objects.research_context [req-bf93f554-d250-439f-acc8-40ec598f9640 req-bfb0d212-8998-42dd-bfd9-dc4a5b50b735 service placement] getting providers with 1024 MEMORY_MB {{(pid=114253) __init__ /opt/stack/placement/placement/objects/research_context.py:136}}
Aug 28 23:45:39.517257 n-d-854118-8 devstack@placement-api.service[114253]: DEBUG placement.objects.research_context [req-bf93f554-d250-439f-acc8-40ec598f9640 req-bfb0d212-8998-42dd-bfd9-dc4a5b50b735 service placement] getting providers with 1 VCPU {{(pid=114253) __init__ /opt/stack/placement/placement/objects/research_context.py:136}}
Aug 28 23:45:39.529484 n-d-854118-8 devstack@placement-api.service[114253]: DEBUG placement.objects.research_context [req-bf93f554-d250-439f-acc8-40ec598f9640 req-bfb0d212-8998-42dd-bfd9-dc4a5b50b735 service placement] found 2 providers with available 1 DISK_GB {{(pid=114253) get_provider_ids_matching /opt/stack/placement/placement/objects/research_context.py:563}}
Aug 28 23:45:39.529879 n-d-854118-8 devstack@placement-api.service[114253]: DEBUG placement.objects.research_context [req-bf93f554-d250-439f-acc8-40ec598f9640 req-bfb0d212-8998-42dd-bfd9-dc4a5b50b735 service placement] found 2 providers with available 1024 MEMORY_MB {{(pid=114253) get_provider_ids_matching /opt/stack/placement/placement/objects/research_context.py:563}}
Aug 28 23:45:39.530381 n-d-854118-8 devstack@placement-api.service[114253]: DEBUG placement.objects.research_context [req-bf93f554-d250-439f-acc8-40ec598f9640 req-bfb0d212-8998-42dd-bfd9-dc4a5b50b735 service placement] found 2 providers after filtering by previous result {{(pid=114253) get_provider_ids_matching /opt/stack/placement/placement/objects/research_context.py:594}}
Aug 28 23:45:39.530733 n-d-854118-8 devstack@placement-api.service[114253]: DEBUG placement.objects.research_context [req-bf93f554-d250-439f-acc8-40ec598f9640 req-bfb0d212-8998-42dd-bfd9-dc4a5b50b735 service placement] found 2 providers with available 1 VCPU {{(pid=114253) get_provider_ids_matching /opt/stack/placement/placement/objects/research_context.py:563}}
Aug 28 23:45:39.531098 n-d-854118-8 devstack@placement-api.service[114253]: DEBUG placement.objects.research_context [req-bf93f554-d250-439f-acc8-40ec598f9640 req-bfb0d212-8998-42dd-bfd9-dc4a5b50b735 service placement] found 2 providers after filtering by previous result {{(pid=114253) get_provider_ids_matching /opt/stack/placement/placement/objects/research_context.py:594}}
Aug 28 23:45:39.543143 n-d-854118-8 devstack@placement-api.service[114252]: DEBUG placement.requestlog [req-4123ed54-6b37-4437-a59b-d80b8fa023f4 req-5d07051a-2d28-40d9-bb9f-94cca65ab7d4 None None] Starting request: 10.222.0.20 "GET /placement/resource_providers/5342cd2a-ec18-462c-a54a-53cb22e0e8af/allocations" {{(pid=114252) __call__ /opt/stack/placement/placement/requestlog.py:55}}
Aug 28 23:45:39.544912 n-d-854118-8 devstack@placement-api.service[114253]: DEBUG placement.objects.allocation_candidate [req-bf93f554-d250-439f-acc8-40ec598f9640 req-bfb0d212-8998-42dd-bfd9-dc4a5b50b735 service placement] RequestGroup(use_same_provider=False, resources={DISK_GB:1, MEMORY_MB:1024, VCPU:1}, traits=(), aggregates=[]) (suffix '') returned 2 matches {{(pid=114253) _get_by_requests /opt/stack/placement/placement/objects/allocation_candidate.py:156}}
Aug 28 23:45:39.545499 n-d-854118-8 devstack@placement-api.service[114253]: DEBUG placement.objects.allocation_candidate [req-bf93f554-d250-439f-acc8-40ec598f9640 req-bfb0d212-8998-42dd-bfd9-dc4a5b50b735 service placement] Merging candidates yields 2 allocation requests and 2 provider summaries {{(pid=114253) _merge_candidates /opt/stack/placement/placement/objects/allocation_candidate.py:809}}
Aug 28 23:45:39.547118 n-d-854118-8 devstack@placement-api.service[114253]: INFO placement.requestlog [req-bf93f554-d250-439f-acc8-40ec598f9640 req-bfb0d212-8998-42dd-bfd9-dc4a5b50b735 service placement] 10.222.0.69 "GET /placement/allocation_candidates?limit=1000&resources=DISK_GB%3A1%2CMEMORY_MB%3A1024%2CVCPU%3A1&root_required=%21COMPUTE_STATUS_DISABLED" status: 200 len: 1309 microversion: 1.36
Aug 28 23:45:39.547770 n-d-854118-8 devstack@placement-api.service[114253]: [pid: 114253|app: 0|req: 97/191] 10.222.0.69 () {60 vars in 1506 bytes} [Sun Aug 28 23:45:39 2022] GET /placement/allocation_candidates?limit=1000&resources=DISK_GB%3A1%2CMEMORY_MB%3A1024%2CVCPU%3A1&root_required=%21COMPUTE_STATUS_DISABLED => generated 1309 bytes in 104 msecs (HTTP/1.1 200) 8 headers in 297 bytes (1 switches on core 0)
Aug 28 23:45:39.584461 n-d-854118-8 devstack@placement-api.service[114252]: INFO placement.requestlog [req-4123ed54-6b37-4437-a59b-d80b8fa023f4 req-5d07051a-2d28-40d9-bb9f-94cca65ab7d4 service placement] 10.222.0.20 "GET /placement/resource_providers/5342cd2a-ec18-462c-a54a-53cb22e0e8af/allocations" status: 200 len: 557 microversion: 1.0
Aug 28 23:45:39.586031 n-d-854118-8 devstack@placement-api.service[114252]: [pid: 114252|app: 0|req: 95/192] 10.222.0.20 () {58 vars in 1390 bytes} [Sun Aug 28 23:45:39 2022] GET /placement/resource_providers/5342cd2a-ec18-462c-a54a-53cb22e0e8af/allocations => generated 557 bytes in 42 msecs (HTTP/1.1 200) 6 headers in 224 bytes (1 switches on core 0)
Aug 28 23:45:39.597390 n-d-854118-8 devstack@placement-api.service[114253]: DEBUG placement.requestlog [req-4123ed54-6b37-4437-a59b-d80b8fa023f4 req-b1e03aca-b12e-48a0-9ef7-e14c43b04e90 None None] Starting request: 10.222.0.20 "GET /placement/allocations/7a35da63-fae4-49e3-a23e-88370e8074cf" {{(pid=114253) __call__ /opt/stack/placement/placement/requestlog.py:55}}
Aug 28 23:45:39.629898 n-d-854118-8 devstack@placement-api.service[114253]: INFO placement.requestlog [req-4123ed54-6b37-4437-a59b-d80b8fa023f4 req-b1e03aca-b12e-48a0-9ef7-e14c43b04e90 service placement] 10.222.0.20 "GET /placement/allocations/7a35da63-fae4-49e3-a23e-88370e8074cf" status: 200 len: 258 microversion: 1.28
Aug 28 23:45:39.630728 n-d-854118-8 devstack@placement-api.service[114253]: [pid: 114253|app: 0|req: 98/193] 10.222.0.20 () {60 vars in 1377 bytes} [Sun Aug 28 23:45:39 2022] GET /placement/allocations/7a35da63-fae4-49e3-a23e-88370e8074cf => generated 258 bytes in 34 msecs (HTTP/1.1 200) 8 headers in 296 bytes (1 switches on core 0)
Aug 28 23:45:39.640151 n-d-854118-8 devstack@placement-api.service[114252]: DEBUG placement.requestlog [req-bf93f554-d250-439f-acc8-40ec598f9640 req-5c9039e5-828a-41ed-833d-feab955840a4 None None] Starting request: 10.222.0.69 "GET /placement/allocations/53d4dd22-1063-4628-a54f-28e218c6932d" {{(pid=114252) __call__ /opt/stack/placement/placement/requestlog.py:55}}
Aug 28 23:45:39.654697 n-d-854118-8 devstack@placement-api.service[114252]: INFO placement.requestlog [req-bf93f554-d250-439f-acc8-40ec598f9640 req-5c9039e5-828a-41ed-833d-feab955840a4 service placement] 10.222.0.69 "GET /placement/allocations/53d4dd22-1063-4628-a54f-28e218c6932d" status: 200 len: 19 microversion: 1.28
Aug 28 23:45:39.655080 n-d-854118-8 devstack@placement-api.service[114252]: [pid: 114252|app: 0|req: 96/194] 10.222.0.69 () {60 vars in 1380 bytes} [Sun Aug 28 23:45:39 2022] GET /placement/allocations/53d4dd22-1063-4628-a54f-28e218c6932d => generated 19 bytes in 15 msecs (HTTP/1.1 200) 8 headers in 295 bytes (1 switches on core 0)
Aug 28 23:45:39.662701 n-d-854118-8 devstack@placement-api.service[114253]: DEBUG placement.requestlog [req-bf93f554-d250-439f-acc8-40ec598f9640 req-c65e3e9b-eec9-45e6-80bb-499e24a45840 None None] Starting request: 10.222.0.69 "PUT /placement/allocations/53d4dd22-1063-4628-a54f-28e218c6932d" {{(pid=114253) __call__ /opt/stack/placement/placement/requestlog.py:55}}
Aug 28 23:45:39.751473 n-d-854118-8 devstack@placement-api.service[114253]: DEBUG placement.handlers.allocation [req-bf93f554-d250-439f-acc8-40ec598f9640 req-c65e3e9b-eec9-45e6-80bb-499e24a45840 service placement] Successfully wrote allocations [, , ] {{(pid=114253) _update_consumers_and_create_allocations /opt/stack/placement/placement/handlers/allocation.py:462}}
Aug 28 23:45:39.762918 n-d-854118-8 devstack@placement-api.service[114253]: INFO placement.requestlog [req-bf93f554-d250-439f-acc8-40ec598f9640 req-c65e3e9b-eec9-45e6-80bb-499e24a45840 service placement] 10.222.0.69 "PUT /placement/allocations/53d4dd22-1063-4628-a54f-28e218c6932d" status: 204 len: 0 microversion: 1.36
Aug 28 23:45:39.764798 n-d-854118-8 devstack@placement-api.service[114253]: [pid: 114253|app: 0|req: 99/195] 10.222.0.69 () {64 vars in 1433 bytes} [Sun Aug 28 23:45:39 2022] PUT /placement/allocations/53d4dd22-1063-4628-a54f-28e218c6932d => generated 0 bytes in 103 msecs (HTTP/1.1 204) 5 headers in 199 bytes (1 switches on core 0)
Aug 28 23:45:40.095129 n-d-854118-8 devstack@placement-api.service[114252]: DEBUG placement.requestlog [req-4123ed54-6b37-4437-a59b-d80b8fa023f4 req-d9a5c614-d310-474d-86c9-685f0a723a6b None None] Starting request: 10.222.0.20 "GET /placement/allocations/412f2c93-8568-4e92-8af0-47f9b149196b" {{(pid=114252) __call__ /opt/stack/placement/placement/requestlog.py:55}}
Aug 28 23:45:40.117064 n-d-854118-8 devstack@placement-api.service[114252]: INFO placement.requestlog [req-4123ed54-6b37-4437-a59b-d80b8fa023f4 req-d9a5c614-d310-474d-86c9-685f0a723a6b service placement] 10.222.0.20 "GET /placement/allocations/412f2c93-8568-4e92-8af0-47f9b149196b" status: 200 len: 258 microversion: 1.28
Aug 28 23:45:40.117936 n-d-854118-8 devstack@placement-api.service[114252]: [pid: 114252|app: 0|req: 97/196] 10.222.0.20 () {60 vars in 1377 bytes} [Sun Aug 28 23:45:40 2022] GET /placement/allocations/412f2c93-8568-4e92-8af0-47f9b149196b => generated 258 bytes in 23 msecs (HTTP/1.1 200) 8 headers in 296 bytes (1 switches on core 0)
Aug 28 23:45:40.128694 n-d-854118-8 devstack@placement-api.service[114253]: DEBUG placement.requestlog [req-4123ed54-6b37-4437-a59b-d80b8fa023f4 req-3e28ba4b-9572-4223-8c18-b21203b7fb75 None None] Starting request: 10.222.0.20 "GET /placement/allocations/9acb74d1-f0df-434f-bd60-a20aa530f922" {{(pid=114253) __call__ /opt/stack/placement/placement/requestlog.py:55}}
Aug 28 23:45:40.146538 n-d-854118-8 devstack@placement-api.service[114252]: DEBUG placement.requestlog [req-bf93f554-d250-439f-acc8-40ec598f9640 req-db36750b-208a-418f-8dc7-95e05d0bd65d None None] Starting request: 10.222.0.70 "GET /placement/allocations/53d4dd22-1063-4628-a54f-28e218c6932d" {{(pid=114252) __call__ /opt/stack/placement/placement/requestlog.py:55}}
Aug 28 23:45:40.167686 n-d-854118-8 devstack@placement-api.service[114253]: INFO placement.requestlog [req-4123ed54-6b37-4437-a59b-d80b8fa023f4 req-3e28ba4b-9572-4223-8c18-b21203b7fb75 service placement] 10.222.0.20 "GET /placement/allocations/9acb74d1-f0df-434f-bd60-a20aa530f922" status: 200 len: 258 microversion: 1.28
Aug 28 23:45:40.168286 n-d-854118-8 devstack@placement-api.service[114252]: INFO placement.requestlog [req-bf93f554-d250-439f-acc8-40ec598f9640 req-db36750b-208a-418f-8dc7-95e05d0bd65d service placement] 10.222.0.70 "GET /placement/allocations/53d4dd22-1063-4628-a54f-28e218c6932d" status: 200 len: 259 microversion: 1.28
Aug 28 23:45:40.168678 n-d-854118-8 devstack@placement-api.service[114252]: [pid: 114252|app: 0|req: 98/197] 10.222.0.70 () {60 vars in 1377 bytes} [Sun Aug 28 23:45:40 2022] GET /placement/allocations/53d4dd22-1063-4628-a54f-28e218c6932d => generated 259 bytes in 23 msecs (HTTP/1.1 200) 8 headers in 296 bytes (1 switches on core 0)
Aug 28 23:45:40.169721 n-d-854118-8 devstack@placement-api.service[114253]: [pid: 114253|app: 0|req: 100/198] 10.222.0.20 () {60 vars in 1377 bytes} [Sun Aug 28 23:45:40 2022] GET /placement/allocations/9acb74d1-f0df-434f-bd60-a20aa530f922 => generated 258 bytes in 41 msecs (HTTP/1.1 200) 8 headers in 296 bytes (1 switches on core 0)
Aug 28 23:45:40.177101 n-d-854118-8 devstack@placement-api.service[114252]: DEBUG placement.requestlog [req-4123ed54-6b37-4437-a59b-d80b8fa023f4 req-5d71dd26-1956-4339-955c-d63c22aaa4f2 None None] Starting request: 10.222.0.20 "GET /placement/allocations/6dbeaaac-63d4-4ec7-9312-127f1dc1f9e4" {{(pid=114252) __call__ /opt/stack/placement/placement/requestlog.py:55}}
Aug 28 23:45:40.206382 n-d-854118-8 devstack@placement-api.service[114252]: INFO placement.requestlog [req-4123ed54-6b37-4437-a59b-d80b8fa023f4 req-5d71dd26-1956-4339-955c-d63c22aaa4f2 service placement] 10.222.0.20 "GET /placement/allocations/6dbeaaac-63d4-4ec7-9312-127f1dc1f9e4" status: 200 len: 258 microversion: 1.28
Aug 28 23:45:40.206828 n-d-854118-8 devstack@placement-api.service[114252]: [pid: 114252|app: 0|req: 99/199] 10.222.0.20 () {60 vars in 1377 bytes} [Sun Aug 28 23:45:40 2022] GET /placement/allocations/6dbeaaac-63d4-4ec7-9312-127f1dc1f9e4 => generated 258 bytes in 30 msecs (HTTP/1.1 200) 8 headers in 296 bytes (1 switches on core 0)
Aug 28 23:45:40.218577 n-d-854118-8 devstack@placement-api.service[114253]: DEBUG placement.requestlog [req-4123ed54-6b37-4437-a59b-d80b8fa023f4 req-3a47d329-b5ca-47c1-931b-7d626338cb88 None None] Starting request: 10.222.0.20 "GET /placement/allocations/f100bfac-2391-4da8-a458-89a34f28c651" {{(pid=114253) __call__ /opt/stack/placement/placement/requestlog.py:55}}
Aug 28 23:45:40.246138 n-d-854118-8 devstack@placement-api.service[114253]: INFO placement.requestlog [req-4123ed54-6b37-4437-a59b-d80b8fa023f4 req-3a47d329-b5ca-47c1-931b-7d626338cb88 service placement] 10.222.0.20 "GET /placement/allocations/f100bfac-2391-4da8-a458-89a34f28c651" status: 200 len: 258 microversion: 1.28
Aug 28 23:45:40.247025 n-d-854118-8 devstack@placement-api.service[114253]: [pid: 114253|app: 0|req: 101/200] 10.222.0.20 () {60 vars in 1377 bytes} [Sun Aug 28 23:45:40 2022] GET /placement/allocations/f100bfac-2391-4da8-a458-89a34f28c651 => generated 258 bytes in 29 msecs (HTTP/1.1 200) 8 headers in 296 bytes (1 switches on core 0)
Aug 28 23:45:40.333664 n-d-854118-8 devstack@placement-api.service[114252]: DEBUG placement.requestlog [req-bf93f554-d250-439f-acc8-40ec598f9640 req-c03f4f02-5403-44bf-b975-1cb388440889 None None] Starting request: 10.222.0.70 "GET /placement/resource_providers/a645c99c-d808-46c9-9c1c-64677260a9f3/allocations" {{(pid=114252) __call__ /opt/stack/placement/placement/requestlog.py:55}}
Aug 28 23:45:40.360606 n-d-854118-8 devstack@placement-api.service[114252]: INFO placement.requestlog [req-bf93f554-d250-439f-acc8-40ec598f9640 req-c03f4f02-5403-44bf-b975-1cb388440889 service placement] 10.222.0.70 "GET /placement/resource_providers/a645c99c-d808-46c9-9c1c-64677260a9f3/allocations" status: 200 len: 558 microversion: 1.0
Aug 28 23:45:40.361242 n-d-854118-8 devstack@placement-api.service[114252]: [pid: 114252|app: 0|req: 100/201] 10.222.0.70 () {58 vars in 1390 bytes} [Sun Aug 28 23:45:40 2022] GET /placement/resource_providers/a645c99c-d808-46c9-9c1c-64677260a9f3/allocations => generated 558 bytes in 28 msecs (HTTP/1.1 200) 6 headers in 224 bytes (1 switches on core 0)
Aug 28 23:45:40.370354 n-d-854118-8 devstack@placement-api.service[114253]: DEBUG placement.requestlog [req-bf93f554-d250-439f-acc8-40ec598f9640 req-f58cbdc6-9e61-4416-8315-cee1cd28c31e None None] Starting request: 10.222.0.70 "GET /placement/allocations/5c562440-6af2-4307-8241-5a306334d05f" {{(pid=114253) __call__ /opt/stack/placement/placement/requestlog.py:55}}
Aug 28 23:45:40.394827 n-d-854118-8 devstack@placement-api.service[114253]: INFO placement.requestlog [req-bf93f554-d250-439f-acc8-40ec598f9640 req-f58cbdc6-9e61-4416-8315-cee1cd28c31e service placement] 10.222.0.70 "GET /placement/allocations/5c562440-6af2-4307-8241-5a306334d05f" status: 200 len: 259 microversion: 1.28
Aug 28 23:45:40.397334 n-d-854118-8 devstack@placement-api.service[114253]: [pid: 114253|app: 0|req: 102/202] 10.222.0.70 () {60 vars in 1377 bytes} [Sun Aug 28 23:45:40 2022] GET /placement/allocations/5c562440-6af2-4307-8241-5a306334d05f => generated 259 bytes in 27 msecs (HTTP/1.1 200) 8 headers in 296 bytes (1 switches on core 0)
Aug 28 23:45:40.410218 n-d-854118-8 devstack@placement-api.service[114252]: DEBUG placement.requestlog [req-bf93f554-d250-439f-acc8-40ec598f9640 req-3fe4ae52-5b3c-44e9-ba50-d552fcd950dc None None] Starting request: 10.222.0.70 "GET /placement/allocations/f7e72c9b-244a-466e-88cf-35c063affc4f" {{(pid=114252) __call__ /opt/stack/placement/placement/requestlog.py:55}}
Aug 28 23:45:40.430963 n-d-854118-8 devstack@placement-api.service[114252]: INFO placement.requestlog [req-bf93f554-d250-439f-acc8-40ec598f9640 req-3fe4ae52-5b3c-44e9-ba50-d552fcd950dc service placement] 10.222.0.70 "GET /placement/allocations/f7e72c9b-244a-466e-88cf-35c063affc4f" status: 200 len: 259 microversion: 1.28
Aug 28 23:45:40.433502 n-d-854118-8 devstack@placement-api.service[114252]: [pid: 114252|app: 0|req: 101/203] 10.222.0.70 () {60 vars in 1377 bytes} [Sun Aug 28 23:45:40 2022] GET /placement/allocations/f7e72c9b-244a-466e-88cf-35c063affc4f => generated 259 bytes in 23 msecs (HTTP/1.1 200) 8 headers in 296 bytes (1 switches on core 0)
Aug 28 23:45:40.440074 n-d-854118-8 devstack@placement-api.service[114253]: DEBUG placement.requestlog [req-bf93f554-d250-439f-acc8-40ec598f9640 req-4618b460-b149-45b2-92d4-fbde81c7d99a None None] Starting request: 10.222.0.70 "GET /placement/allocations/ae0d647b-8def-49fe-b407-5ebe20f658f5" {{(pid=114253) __call__ /opt/stack/placement/placement/requestlog.py:55}}
Aug 28 23:45:40.463256 n-d-854118-8 devstack@placement-api.service[114253]: INFO placement.requestlog [req-bf93f554-d250-439f-acc8-40ec598f9640 req-4618b460-b149-45b2-92d4-fbde81c7d99a service placement] 10.222.0.70 "GET /placement/allocations/ae0d647b-8def-49fe-b407-5ebe20f658f5" status: 200 len: 259 microversion: 1.28
Aug 28 23:45:40.464011 n-d-854118-8 devstack@placement-api.service[114253]: [pid: 114253|app: 0|req: 103/204] 10.222.0.70 () {60 vars in 1377 bytes} [Sun Aug 28 23:45:40 2022] GET /placement/allocations/ae0d647b-8def-49fe-b407-5ebe20f658f5 => generated 259 bytes in 24 msecs (HTTP/1.1 200) 8 headers in 296 bytes (1 switches on core 0)
Aug 28 23:45:40.472938 n-d-854118-8 devstack@placement-api.service[114252]: DEBUG placement.requestlog [req-bf93f554-d250-439f-acc8-40ec598f9640 req-f4d9d2d8-1998-4971-b53f-c8fb2b0e8fdd None None] Starting request: 10.222.0.70 "GET /placement/allocations/8f42bd1c-a273-4926-a571-48443d772b92" {{(pid=114252) __call__ /opt/stack/placement/placement/requestlog.py:55}}
Aug 28 23:45:40.490818 n-d-854118-8 devstack@placement-api.service[114252]: INFO placement.requestlog [req-bf93f554-d250-439f-acc8-40ec598f9640 req-f4d9d2d8-1998-4971-b53f-c8fb2b0e8fdd service placement] 10.222.0.70 "GET /placement/allocations/8f42bd1c-a273-4926-a571-48443d772b92" status: 200 len: 259 microversion: 1.28
Aug 28 23:45:40.491683 n-d-854118-8 devstack@placement-api.service[114252]: [pid: 114252|app: 0|req: 102/205] 10.222.0.70 () {60 vars in 1377 bytes} [Sun Aug 28 23:45:40 2022] GET /placement/allocations/8f42bd1c-a273-4926-a571-48443d772b92 => generated 259 bytes in 21 msecs (HTTP/1.1 200) 8 headers in 296 bytes (1 switches on core 0)
Aug 28 23:45:40.499806 n-d-854118-8 devstack@placement-api.service[114253]: DEBUG placement.requestlog [req-bf93f554-d250-439f-acc8-40ec598f9640 req-207e0ec6-5c79-4e92-983e-63c220e026dc None None] Starting request: 10.222.0.70 "GET /placement/allocations/53d4dd22-1063-4628-a54f-28e218c6932d" {{(pid=114253) __call__ /opt/stack/placement/placement/requestlog.py:55}}
