Aug 28 18:40:58.761492 n-d-854118-7 devstack@n-api.service[112784]: DEBUG dbcounter [-] [112784] Writer thread running {{(pid=112784) stat_writer /usr/local/lib/python3.8/dist-packages/dbcounter.py:99}}
Aug 28 18:40:58.806599 n-d-854118-7 devstack@n-api.service[112785]: DEBUG nova.context [None req-22c4672e-309f-433e-826f-386ddf7ff2f5 None None] Found 2 cells: 00000000-0000-0000-0000-000000000000(cell0),c6835a3f-76af-4579-90f7-2044caf6131b(cell1) {{(pid=112785) load_cells /opt/stack/nova/nova/context.py:464}}
Aug 28 18:40:58.810388 n-d-854118-7 devstack@n-api.service[112785]: DEBUG oslo_concurrency.lockutils [None req-22c4672e-309f-433e-826f-386ddf7ff2f5 None None] Acquiring lock "00000000-0000-0000-0000-000000000000" by "nova.context.set_target_cell..get_or_set_cached_cell_and_set_connections" {{(pid=112785) inner /usr/local/lib/python3.8/dist-packages/oslo_concurrency/lockutils.py:385}}
Aug 28 18:40:58.810970 n-d-854118-7 devstack@n-api.service[112785]: DEBUG oslo_concurrency.lockutils [None req-22c4672e-309f-433e-826f-386ddf7ff2f5 None None] Lock "00000000-0000-0000-0000-000000000000" acquired by "nova.context.set_target_cell..get_or_set_cached_cell_and_set_connections" :: waited 0.001s {{(pid=112785) inner /usr/local/lib/python3.8/dist-packages/oslo_concurrency/lockutils.py:390}}
Aug 28 18:40:58.812664 n-d-854118-7 devstack@n-api.service[112785]: DEBUG oslo_concurrency.lockutils [None req-22c4672e-309f-433e-826f-386ddf7ff2f5 None None] Lock "00000000-0000-0000-0000-000000000000" "released" by "nova.context.set_target_cell..get_or_set_cached_cell_and_set_connections" :: held 0.002s {{(pid=112785) inner /usr/local/lib/python3.8/dist-packages/oslo_concurrency/lockutils.py:404}}
Aug 28 18:40:58.813382 n-d-854118-7 devstack@n-api.service[112785]: DEBUG oslo_concurrency.lockutils [None req-22c4672e-309f-433e-826f-386ddf7ff2f5 None None] Acquiring lock "c6835a3f-76af-4579-90f7-2044caf6131b" by "nova.context.set_target_cell..get_or_set_cached_cell_and_set_connections" {{(pid=112785) inner /usr/local/lib/python3.8/dist-packages/oslo_concurrency/lockutils.py:385}}
Aug 28 18:40:58.813822 n-d-854118-7 devstack@n-api.service[112785]: DEBUG oslo_concurrency.lockutils [None req-22c4672e-309f-433e-826f-386ddf7ff2f5 None None] Lock "c6835a3f-76af-4579-90f7-2044caf6131b" acquired by "nova.context.set_target_cell..get_or_set_cached_cell_and_set_connections" :: waited 0.000s {{(pid=112785) inner /usr/local/lib/python3.8/dist-packages/oslo_concurrency/lockutils.py:390}}
Aug 28 18:40:58.815830 n-d-854118-7 devstack@n-api.service[112785]: DEBUG oslo_concurrency.lockutils [None req-22c4672e-309f-433e-826f-386ddf7ff2f5 None None] Lock "c6835a3f-76af-4579-90f7-2044caf6131b" "released" by "nova.context.set_target_cell..get_or_set_cached_cell_and_set_connections" :: held 0.002s {{(pid=112785) inner /usr/local/lib/python3.8/dist-packages/oslo_concurrency/lockutils.py:404}}
Aug 28 18:40:58.817864 n-d-854118-7 devstack@n-api.service[112785]: INFO dbcounter [None req-22c4672e-309f-433e-826f-386ddf7ff2f5 None None] Registered counter for database nova_cell0
Aug 28 18:40:58.821943 n-d-854118-7 devstack@n-api.service[112785]: INFO dbcounter [None req-22c4672e-309f-433e-826f-386ddf7ff2f5 None None] Registered counter for database nova_cell1
Aug 28 18:40:58.823442 n-d-854118-7 devstack@n-api.service[112784]: DEBUG nova.context [None req-8f5103c8-d8cb-4a8b-8afc-83cb1adc60d0 None None] Found 2 cells: 00000000-0000-0000-0000-000000000000(cell0),c6835a3f-76af-4579-90f7-2044caf6131b(cell1) {{(pid=112784) load_cells /opt/stack/nova/nova/context.py:464}}
Aug 28 18:40:58.827746 n-d-854118-7 devstack@n-api.service[112784]: DEBUG oslo_concurrency.lockutils [None req-8f5103c8-d8cb-4a8b-8afc-83cb1adc60d0 None None] Acquiring lock "00000000-0000-0000-0000-000000000000" by "nova.context.set_target_cell..get_or_set_cached_cell_and_set_connections" {{(pid=112784) inner /usr/local/lib/python3.8/dist-packages/oslo_concurrency/lockutils.py:385}}
Aug 28 18:40:58.828751 n-d-854118-7 devstack@n-api.service[112784]: DEBUG oslo_concurrency.lockutils [None req-8f5103c8-d8cb-4a8b-8afc-83cb1adc60d0 None None] Lock "00000000-0000-0000-0000-000000000000" acquired by "nova.context.set_target_cell..get_or_set_cached_cell_and_set_connections" :: waited 0.001s {{(pid=112784) inner /usr/local/lib/python3.8/dist-packages/oslo_concurrency/lockutils.py:390}}
Aug 28 18:40:58.830181 n-d-854118-7 devstack@n-api.service[112785]: DEBUG oslo_db.sqlalchemy.engines [None req-22c4672e-309f-433e-826f-386ddf7ff2f5 None None] MySQL server mode set to STRICT_TRANS_TABLES,STRICT_ALL_TABLES,NO_ZERO_IN_DATE,NO_ZERO_DATE,ERROR_FOR_DIVISION_BY_ZERO,TRADITIONAL,NO_ENGINE_SUBSTITUTION {{(pid=112785) _check_effective_sql_mode /usr/local/lib/python3.8/dist-packages/oslo_db/sqlalchemy/engines.py:314}}
Aug 28 18:40:58.830358 n-d-854118-7 devstack@n-api.service[112784]: DEBUG oslo_concurrency.lockutils [None req-8f5103c8-d8cb-4a8b-8afc-83cb1adc60d0 None None] Lock "00000000-0000-0000-0000-000000000000" "released" by "nova.context.set_target_cell..get_or_set_cached_cell_and_set_connections" :: held 0.002s {{(pid=112784) inner /usr/local/lib/python3.8/dist-packages/oslo_concurrency/lockutils.py:404}}
Aug 28 18:40:58.831145 n-d-854118-7 devstack@n-api.service[112784]: DEBUG oslo_concurrency.lockutils [None req-8f5103c8-d8cb-4a8b-8afc-83cb1adc60d0 None None] Acquiring lock "c6835a3f-76af-4579-90f7-2044caf6131b" by "nova.context.set_target_cell..get_or_set_cached_cell_and_set_connections" {{(pid=112784) inner /usr/local/lib/python3.8/dist-packages/oslo_concurrency/lockutils.py:385}}
Aug 28 18:40:58.831520 n-d-854118-7 devstack@n-api.service[112785]: DEBUG oslo_db.sqlalchemy.engines [None req-22c4672e-309f-433e-826f-386ddf7ff2f5 None None] MySQL server mode set to STRICT_TRANS_TABLES,STRICT_ALL_TABLES,NO_ZERO_IN_DATE,NO_ZERO_DATE,ERROR_FOR_DIVISION_BY_ZERO,TRADITIONAL,NO_ENGINE_SUBSTITUTION {{(pid=112785) _check_effective_sql_mode /usr/local/lib/python3.8/dist-packages/oslo_db/sqlalchemy/engines.py:314}}
Aug 28 18:40:58.831618 n-d-854118-7 devstack@n-api.service[112784]: DEBUG oslo_concurrency.lockutils [None req-8f5103c8-d8cb-4a8b-8afc-83cb1adc60d0 None None] Lock "c6835a3f-76af-4579-90f7-2044caf6131b" acquired by "nova.context.set_target_cell..get_or_set_cached_cell_and_set_connections" :: waited 0.000s {{(pid=112784) inner /usr/local/lib/python3.8/dist-packages/oslo_concurrency/lockutils.py:390}}
Aug 28 18:40:58.833625 n-d-854118-7 devstack@n-api.service[112784]: DEBUG oslo_concurrency.lockutils [None req-8f5103c8-d8cb-4a8b-8afc-83cb1adc60d0 None None] Lock "c6835a3f-76af-4579-90f7-2044caf6131b" "released" by "nova.context.set_target_cell..get_or_set_cached_cell_and_set_connections" :: held 0.002s {{(pid=112784) inner /usr/local/lib/python3.8/dist-packages/oslo_concurrency/lockutils.py:404}}
Aug 28 18:40:58.835665 n-d-854118-7 devstack@n-api.service[112784]: INFO dbcounter [None req-8f5103c8-d8cb-4a8b-8afc-83cb1adc60d0 None None] Registered counter for database nova_cell0
Aug 28 18:40:58.838256 n-d-854118-7 devstack@n-api.service[112785]: DEBUG dbcounter [-] [112785] Writer thread running {{(pid=112785) stat_writer /usr/local/lib/python3.8/dist-packages/dbcounter.py:99}}
Aug 28 18:40:58.839786 n-d-854118-7 devstack@n-api.service[112784]: INFO dbcounter [None req-8f5103c8-d8cb-4a8b-8afc-83cb1adc60d0 None None] Registered counter for database nova_cell1
Aug 28 18:40:58.839920 n-d-854118-7 devstack@n-api.service[112785]: DEBUG dbcounter [-] [112785] Writer thread running {{(pid=112785) stat_writer /usr/local/lib/python3.8/dist-packages/dbcounter.py:99}}
Aug 28 18:40:58.847512 n-d-854118-7 devstack@n-api.service[112784]: DEBUG oslo_db.sqlalchemy.engines [None req-8f5103c8-d8cb-4a8b-8afc-83cb1adc60d0 None None] MySQL server mode set to STRICT_TRANS_TABLES,STRICT_ALL_TABLES,NO_ZERO_IN_DATE,NO_ZERO_DATE,ERROR_FOR_DIVISION_BY_ZERO,TRADITIONAL,NO_ENGINE_SUBSTITUTION {{(pid=112784) _check_effective_sql_mode /usr/local/lib/python3.8/dist-packages/oslo_db/sqlalchemy/engines.py:314}}
Aug 28 18:40:58.851138 n-d-854118-7 devstack@n-api.service[112784]: DEBUG oslo_db.sqlalchemy.engines [None req-8f5103c8-d8cb-4a8b-8afc-83cb1adc60d0 None None] MySQL server mode set to STRICT_TRANS_TABLES,STRICT_ALL_TABLES,NO_ZERO_IN_DATE,NO_ZERO_DATE,ERROR_FOR_DIVISION_BY_ZERO,TRADITIONAL,NO_ENGINE_SUBSTITUTION {{(pid=112784) _check_effective_sql_mode /usr/local/lib/python3.8/dist-packages/oslo_db/sqlalchemy/engines.py:314}}
Aug 28 18:40:58.853586 n-d-854118-7 devstack@n-api.service[112784]: DEBUG dbcounter [-] [112784] Writer thread running {{(pid=112784) stat_writer /usr/local/lib/python3.8/dist-packages/dbcounter.py:99}}
Aug 28 18:40:58.986862 n-d-854118-7 devstack@n-api.service[112785]: INFO dbcounter [None req-22c4672e-309f-433e-826f-386ddf7ff2f5 None None] Registered counter for database nova_cell0
Aug 28 18:40:58.993787 n-d-854118-7 devstack@n-api.service[112785]: DEBUG oslo_db.sqlalchemy.engines [None req-22c4672e-309f-433e-826f-386ddf7ff2f5 None None] MySQL server mode set to STRICT_TRANS_TABLES,STRICT_ALL_TABLES,NO_ZERO_IN_DATE,NO_ZERO_DATE,ERROR_FOR_DIVISION_BY_ZERO,TRADITIONAL,NO_ENGINE_SUBSTITUTION {{(pid=112785) _check_effective_sql_mode /usr/local/lib/python3.8/dist-packages/oslo_db/sqlalchemy/engines.py:314}}
Aug 28 18:40:58.997139 n-d-854118-7 devstack@n-api.service[112784]: DEBUG dbcounter [-] [112784] Writer thread running {{(pid=112784) stat_writer /usr/local/lib/python3.8/dist-packages/dbcounter.py:99}}
Aug 28 18:40:58.998281 n-d-854118-7 devstack@n-api.service[112785]: DEBUG dbcounter [-] [112785] Writer thread running {{(pid=112785) stat_writer /usr/local/lib/python3.8/dist-packages/dbcounter.py:99}}
Aug 28 18:40:59.006846 n-d-854118-7 devstack@n-api.service[112784]: INFO dbcounter [None req-8f5103c8-d8cb-4a8b-8afc-83cb1adc60d0 None None] Registered counter for database nova_cell0
Aug 28 18:40:59.016258 n-d-854118-7 devstack@n-api.service[112784]: DEBUG oslo_db.sqlalchemy.engines [None req-8f5103c8-d8cb-4a8b-8afc-83cb1adc60d0 None None] MySQL server mode set to STRICT_TRANS_TABLES,STRICT_ALL_TABLES,NO_ZERO_IN_DATE,NO_ZERO_DATE,ERROR_FOR_DIVISION_BY_ZERO,TRADITIONAL,NO_ENGINE_SUBSTITUTION {{(pid=112784) _check_effective_sql_mode /usr/local/lib/python3.8/dist-packages/oslo_db/sqlalchemy/engines.py:314}}
Aug 28 18:40:59.021016 n-d-854118-7 devstack@n-api.service[112784]: DEBUG dbcounter [-] [112784] Writer thread running {{(pid=112784) stat_writer /usr/local/lib/python3.8/dist-packages/dbcounter.py:99}}
Aug 28 18:40:59.341451 n-d-854118-7 devstack@n-api.service[112785]: WARNING keystonemiddleware.auth_token [None req-22c4672e-309f-433e-826f-386ddf7ff2f5 None None] AuthToken middleware is set with keystone_authtoken.service_token_roles_required set to False. This is backwards compatible but deprecated behaviour. Please set this to True.
Aug 28 18:40:59.346214 n-d-854118-7 devstack@n-api.service[112784]: WARNING keystonemiddleware.auth_token [None req-8f5103c8-d8cb-4a8b-8afc-83cb1adc60d0 None None] AuthToken middleware is set with keystone_authtoken.service_token_roles_required set to False. This is backwards compatible but deprecated behaviour. Please set this to True.
Aug 28 18:40:59.348890 n-d-854118-7 devstack@n-api.service[112785]: WARNING keystonemiddleware.auth_token [None req-22c4672e-309f-433e-826f-386ddf7ff2f5 None None] Configuring www_authenticate_uri to point to the public identity endpoint is required; clients may not be able to authenticate against an admin endpoint
Aug 28 18:40:59.353500 n-d-854118-7 devstack@n-api.service[112784]: WARNING keystonemiddleware.auth_token [None req-8f5103c8-d8cb-4a8b-8afc-83cb1adc60d0 None None] Configuring www_authenticate_uri to point to the public identity endpoint is required; clients may not be able to authenticate against an admin endpoint
Aug 28 18:40:59.697435 n-d-854118-7 devstack@n-api.service[112785]: WARNING keystonemiddleware.auth_token [None req-22c4672e-309f-433e-826f-386ddf7ff2f5 None None] AuthToken middleware is set with keystone_authtoken.service_token_roles_required set to False. This is backwards compatible but deprecated behaviour. Please set this to True.
Aug 28 18:40:59.703698 n-d-854118-7 devstack@n-api.service[112785]: WARNING keystonemiddleware.auth_token [None req-22c4672e-309f-433e-826f-386ddf7ff2f5 None None] Configuring www_authenticate_uri to point to the public identity endpoint is required; clients may not be able to authenticate against an admin endpoint
Aug 28 18:40:59.706603 n-d-854118-7 devstack@n-api.service[112784]: WARNING keystonemiddleware.auth_token [None req-8f5103c8-d8cb-4a8b-8afc-83cb1adc60d0 None None] AuthToken middleware is set with keystone_authtoken.service_token_roles_required set to False. This is backwards compatible but deprecated behaviour. Please set this to True.
Aug 28 18:40:59.708957 n-d-854118-7 devstack@n-api.service[112785]: WSGI app 0 (mountpoint='') ready in 5 seconds on interpreter 0x563e581289c0 pid: 112785 (default app)
Aug 28 18:40:59.711053 n-d-854118-7 devstack@n-api.service[112785]: DEBUG nova.api.openstack.wsgi [None req-22c4672e-309f-433e-826f-386ddf7ff2f5 None None] Calling method '>' {{(pid=112785) _process_stack /opt/stack/nova/nova/api/openstack/wsgi.py:513}}
Aug 28 18:40:59.712282 n-d-854118-7 devstack@n-api.service[112785]: INFO nova.api.openstack.requestlog [None req-22c4672e-309f-433e-826f-386ddf7ff2f5 None None] 10.222.0.70 "GET /compute/v2.1/" status: 200 len: 388 microversion: 2.1 time: 0.001773
Aug 28 18:40:59.712615 n-d-854118-7 devstack@n-api.service[112784]: WARNING keystonemiddleware.auth_token [None req-8f5103c8-d8cb-4a8b-8afc-83cb1adc60d0 None None] Configuring www_authenticate_uri to point to the public identity endpoint is required; clients may not be able to authenticate against an admin endpoint
Aug 28 18:40:59.712826 n-d-854118-7 devstack@n-api.service[112785]: [pid: 112785|app: 0|req: 1/1] 10.222.0.70 () {50 vars in 788 bytes} [Sun Aug 28 18:40:59 2022] GET /compute/v2.1/ => generated 388 bytes in 3 msecs (HTTP/1.1 200) 9 headers in 357 bytes (1 switches on core 0)
Aug 28 18:40:59.718256 n-d-854118-7 devstack@n-api.service[112784]: WSGI app 0 (mountpoint='') ready in 5 seconds on interpreter 0x563e581289c0 pid: 112784 (default app)
Aug 28 18:42:18.210402 n-d-854118-7 devstack@n-api.service[112785]: DEBUG nova.api.openstack.wsgi [None req-22c4672e-309f-433e-826f-386ddf7ff2f5 None None] Calling method '>' {{(pid=112785) _process_stack /opt/stack/nova/nova/api/openstack/wsgi.py:513}}
Aug 28 18:42:18.212076 n-d-854118-7 devstack@n-api.service[112785]: INFO nova.api.openstack.requestlog [None req-22c4672e-309f-433e-826f-386ddf7ff2f5 None None] 10.222.0.70 "GET /compute/v2.1" status: 200 len: 388 microversion: 2.1 time: 0.002215
Aug 28 18:42:18.212478 n-d-854118-7 devstack@n-api.service[112785]: [pid: 112785|app: 0|req: 2/2] 10.222.0.70 () {54 vars in 931 bytes} [Sun Aug 28 18:42:18 2022] GET /compute/v2.1 => generated 388 bytes in 3 msecs (HTTP/1.1 200) 9 headers in 357 bytes (1 switches on core 0)
Aug 28 18:42:18.233837 n-d-854118-7 devstack@n-api.service[112784]: DEBUG dbcounter [-] [112784] Writing DB stats nova_api:SELECT=3 {{(pid=112784) stat_writer /usr/local/lib/python3.8/dist-packages/dbcounter.py:114}}
Aug 28 18:42:18.241423 n-d-854118-7 devstack@n-api.service[112784]: DEBUG dbcounter [-] [112784] Writing DB stats nova_cell0:SELECT=3 {{(pid=112784) stat_writer /usr/local/lib/python3.8/dist-packages/dbcounter.py:114}}
Aug 28 18:42:18.242777 n-d-854118-7 devstack@n-api.service[112784]: DEBUG dbcounter [-] [112784] Writing DB stats nova_cell1:SELECT=3 {{(pid=112784) stat_writer /usr/local/lib/python3.8/dist-packages/dbcounter.py:114}}
Aug 28 18:42:18.243886 n-d-854118-7 devstack@n-api.service[112784]: DEBUG dbcounter [-] [112784] Writing DB stats nova_cell0:SELECT=3 {{(pid=112784) stat_writer /usr/local/lib/python3.8/dist-packages/dbcounter.py:114}}
Aug 28 18:42:19.119211 n-d-854118-7 devstack@n-api.service[112784]: DEBUG nova.api.openstack.wsgi [None req-4b1bf853-a20c-4013-8c27-371f3b10ee2f admin admin] Calling method '>' {{(pid=112784) _process_stack /opt/stack/nova/nova/api/openstack/wsgi.py:513}}
Aug 28 18:42:19.153291 n-d-854118-7 devstack@n-api.service[112784]: INFO nova.api.openstack.requestlog [None req-4b1bf853-a20c-4013-8c27-371f3b10ee2f admin admin] 10.222.0.70 "GET /compute/v2.1/flavors/detail?is_public=True" status: 200 len: 15 microversion: 2.61 time: 0.932816
Aug 28 18:42:19.155253 n-d-854118-7 devstack@n-api.service[112784]: [pid: 112784|app: 0|req: 1/3] 10.222.0.70 () {60 vars in 1292 bytes} [Sun Aug 28 18:42:18 2022] GET /compute/v2.1/flavors/detail?is_public=True => generated 15 bytes in 935 msecs (HTTP/1.1 200) 9 headers in 358 bytes (1 switches on core 0)
Aug 28 18:42:21.522623 n-d-854118-7 devstack@n-api.service[112785]: DEBUG nova.api.openstack.wsgi [None req-22c4672e-309f-433e-826f-386ddf7ff2f5 None None] Calling method '>' {{(pid=112785) _process_stack /opt/stack/nova/nova/api/openstack/wsgi.py:513}}
Aug 28 18:42:21.523650 n-d-854118-7 devstack@n-api.service[112785]: INFO nova.api.openstack.requestlog [None req-22c4672e-309f-433e-826f-386ddf7ff2f5 None None] 10.222.0.70 "GET /compute/v2.1" status: 200 len: 388 microversion: 2.1 time: 0.001426
Aug 28 18:42:21.529793 n-d-854118-7 devstack@n-api.service[112785]: [pid: 112785|app: 0|req: 3/4] 10.222.0.70 () {54 vars in 931 bytes} [Sun Aug 28 18:42:21 2022] GET /compute/v2.1 => generated 388 bytes in 8 msecs (HTTP/1.1 200) 9 headers in 357 bytes (1 switches on core 0)
Aug 28 18:42:21.946451 n-d-854118-7 devstack@n-api.service[112784]: DEBUG nova.api.openstack.wsgi [None req-2b07db40-ecbe-4613-96dd-588afaa7b947 admin admin] Action: 'create', calling method: >, body: {"flavor": {"name": "cirros256", "vcpus": 1, "rxtx_factor": 1.0, "disk": 1, "os-flavor-access:is_public": true, "ram": 256, "OS-FLV-EXT-DATA:ephemeral": 0, "id": "c1", "swap": 0}} {{(pid=112784) _process_stack /opt/stack/nova/nova/api/openstack/wsgi.py:511}}
Aug 28 18:42:21.996657 n-d-854118-7 devstack@n-api.service[112784]: INFO nova.api.openstack.requestlog [None req-2b07db40-ecbe-4613-96dd-588afaa7b947 admin admin] 10.222.0.70 "POST /compute/v2.1/flavors" status: 200 len: 407 microversion: 2.61 time: 0.464751
Aug 28 18:42:22.002833 n-d-854118-7 devstack@n-api.service[112784]: [pid: 112784|app: 0|req: 2/5] 10.222.0.70 () {64 vars in 1283 bytes} [Sun Aug 28 18:42:21 2022] POST /compute/v2.1/flavors => generated 407 bytes in 467 msecs (HTTP/1.1 200) 9 headers in 359 bytes (1 switches on core 0)
Aug 28 18:42:22.013076 n-d-854118-7 devstack@n-api.service[112785]: DEBUG dbcounter [-] [112785] Writing DB stats nova_api:SELECT=3 {{(pid=112785) stat_writer /usr/local/lib/python3.8/dist-packages/dbcounter.py:114}}
Aug 28 18:42:22.014488 n-d-854118-7 devstack@n-api.service[112785]: DEBUG dbcounter [-] [112785] Writing DB stats nova_cell0:SELECT=3 {{(pid=112785) stat_writer /usr/local/lib/python3.8/dist-packages/dbcounter.py:114}}
Aug 28 18:42:22.015604 n-d-854118-7 devstack@n-api.service[112785]: DEBUG dbcounter [-] [112785] Writing DB stats nova_cell1:SELECT=3 {{(pid=112785) stat_writer /usr/local/lib/python3.8/dist-packages/dbcounter.py:114}}
Aug 28 18:42:22.016854 n-d-854118-7 devstack@n-api.service[112785]: DEBUG dbcounter [-] [112785] Writing DB stats nova_cell0:SELECT=6,nova_cell0:INSERT=1 {{(pid=112785) stat_writer /usr/local/lib/python3.8/dist-packages/dbcounter.py:114}}
Aug 28 18:42:22.245474 n-d-854118-7 devstack@n-api.service[112785]: DEBUG nova.api.openstack.wsgi [None req-8d1d341b-a974-4523-be7c-c71107d0fc63 admin admin] Action: 'create', calling method: >, body: {"extra_specs": {"hw_rng:allowed": "True"}} {{(pid=112785) _process_stack /opt/stack/nova/nova/api/openstack/wsgi.py:511}}
Aug 28 18:42:22.321850 n-d-854118-7 devstack@n-api.service[112785]: INFO nova.api.openstack.requestlog [None req-8d1d341b-a974-4523-be7c-c71107d0fc63 admin admin] 10.222.0.70 "POST /compute/v2.1/flavors/c1/os-extra_specs" status: 200 len: 43 microversion: 2.61 time: 0.315784
Aug 28 18:42:22.323361 n-d-854118-7 devstack@n-api.service[112785]: [pid: 112785|app: 0|req: 4/6] 10.222.0.70 () {64 vars in 1336 bytes} [Sun Aug 28 18:42:22 2022] POST /compute/v2.1/flavors/c1/os-extra_specs => generated 43 bytes in 318 msecs (HTTP/1.1 200) 9 headers in 358 bytes (2 switches on core 0)
Aug 28 18:42:24.715372 n-d-854118-7 devstack@n-api.service[112784]: DEBUG nova.api.openstack.wsgi [None req-2b07db40-ecbe-4613-96dd-588afaa7b947 admin admin] Calling method '>' {{(pid=112784) _process_stack /opt/stack/nova/nova/api/openstack/wsgi.py:513}}
Aug 28 18:42:24.716400 n-d-854118-7 devstack@n-api.service[112784]: INFO nova.api.openstack.requestlog [None req-2b07db40-ecbe-4613-96dd-588afaa7b947 admin admin] 10.222.0.70 "GET /compute/v2.1" status: 200 len: 388 microversion: 2.1 time: 0.002064
Aug 28 18:42:24.716812 n-d-854118-7 devstack@n-api.service[112784]: [pid: 112784|app: 0|req: 3/7] 10.222.0.70 () {54 vars in 931 bytes} [Sun Aug 28 18:42:24 2022] GET /compute/v2.1 => generated 388 bytes in 3 msecs (HTTP/1.1 200) 9 headers in 357 bytes (1 switches on core 0)
Aug 28 18:42:25.588473 n-d-854118-7 devstack@n-api.service[112785]: DEBUG nova.api.openstack.wsgi [None req-27b21cfc-c1e8-4a49-94e5-9b6b87a9be63 admin admin] Action: 'create', calling method: >, body: {"flavor": {"vcpus": 1, "id": "d1", "name": "ds512M", "disk": 5, "rxtx_factor": 1.0, "OS-FLV-EXT-DATA:ephemeral": 0, "ram": 512, "os-flavor-access:is_public": true, "swap": 0}} {{(pid=112785) _process_stack /opt/stack/nova/nova/api/openstack/wsgi.py:511}}
Aug 28 18:42:25.637739 n-d-854118-7 devstack@n-api.service[112785]: INFO nova.api.openstack.requestlog [None req-27b21cfc-c1e8-4a49-94e5-9b6b87a9be63 admin admin] 10.222.0.70 "POST /compute/v2.1/flavors" status: 200 len: 404 microversion: 2.61 time: 0.914491
Aug 28 18:42:25.638804 n-d-854118-7 devstack@n-api.service[112785]: [pid: 112785|app: 0|req: 5/8] 10.222.0.70 () {64 vars in 1283 bytes} [Sun Aug 28 18:42:24 2022] POST /compute/v2.1/flavors => generated 404 bytes in 916 msecs (HTTP/1.1 200) 9 headers in 359 bytes (1 switches on core 0)
Aug 28 18:42:25.654394 n-d-854118-7 devstack@n-api.service[112784]: DEBUG nova.api.openstack.wsgi [None req-66f1bf09-c7ad-459d-9d93-b8bed861f4f2 admin admin] Action: 'create', calling method: >, body: {"extra_specs": {"hw_rng:allowed": "True"}} {{(pid=112784) _process_stack /opt/stack/nova/nova/api/openstack/wsgi.py:511}}
Aug 28 18:42:25.712683 n-d-854118-7 devstack@n-api.service[112784]: INFO nova.api.openstack.requestlog [None req-66f1bf09-c7ad-459d-9d93-b8bed861f4f2 admin admin] 10.222.0.70 "POST /compute/v2.1/flavors/d1/os-extra_specs" status: 200 len: 43 microversion: 2.61 time: 0.064713
Aug 28 18:42:25.713508 n-d-854118-7 devstack@n-api.service[112784]: [pid: 112784|app: 0|req: 4/9] 10.222.0.70 () {64 vars in 1336 bytes} [Sun Aug 28 18:42:25 2022] POST /compute/v2.1/flavors/d1/os-extra_specs => generated 43 bytes in 66 msecs (HTTP/1.1 200) 9 headers in 358 bytes (1 switches on core 0)
Aug 28 18:42:28.441233 n-d-854118-7 devstack@n-api.service[112785]: DEBUG nova.api.openstack.wsgi [None req-27b21cfc-c1e8-4a49-94e5-9b6b87a9be63 admin admin] Calling method '>' {{(pid=112785) _process_stack /opt/stack/nova/nova/api/openstack/wsgi.py:513}}
Aug 28 18:42:28.442871 n-d-854118-7 devstack@n-api.service[112785]: INFO nova.api.openstack.requestlog [None req-27b21cfc-c1e8-4a49-94e5-9b6b87a9be63 admin admin] 10.222.0.70 "GET /compute/v2.1" status: 200 len: 388 microversion: 2.1 time: 0.002071
Aug 28 18:42:28.443815 n-d-854118-7 devstack@n-api.service[112785]: [pid: 112785|app: 0|req: 6/10] 10.222.0.70 () {54 vars in 931 bytes} [Sun Aug 28 18:42:28 2022] GET /compute/v2.1 => generated 388 bytes in 3 msecs (HTTP/1.1 200) 9 headers in 357 bytes (1 switches on core 0)
Aug 28 18:42:28.906443 n-d-854118-7 devstack@n-api.service[112784]: DEBUG nova.api.openstack.wsgi [None req-a21020bc-d4d4-403f-b4c9-812e05a27a13 admin admin] Action: 'create', calling method: >, body: {"flavor": {"os-flavor-access:is_public": true, "id": "d2", "name": "ds1G", "disk": 10, "OS-FLV-EXT-DATA:ephemeral": 0, "ram": 1024, "swap": 0, "vcpus": 1, "rxtx_factor": 1.0}} {{(pid=112784) _process_stack /opt/stack/nova/nova/api/openstack/wsgi.py:511}}
Aug 28 18:42:28.929344 n-d-854118-7 devstack@n-api.service[112784]: INFO nova.api.openstack.requestlog [None req-a21020bc-d4d4-403f-b4c9-812e05a27a13 admin admin] 10.222.0.70 "POST /compute/v2.1/flavors" status: 200 len: 404 microversion: 2.61 time: 0.478562
Aug 28 18:42:28.930558 n-d-854118-7 devstack@n-api.service[112784]: [pid: 112784|app: 0|req: 5/11] 10.222.0.70 () {64 vars in 1283 bytes} [Sun Aug 28 18:42:28 2022] POST /compute/v2.1/flavors => generated 404 bytes in 481 msecs (HTTP/1.1 200) 9 headers in 359 bytes (2 switches on core 0)
Aug 28 18:42:28.942453 n-d-854118-7 devstack@n-api.service[112785]: DEBUG nova.api.openstack.wsgi [None req-11851ea1-cf9e-4c18-affe-879b4ccb0bae admin admin] Action: 'create', calling method: >, body: {"extra_specs": {"hw_rng:allowed": "True"}} {{(pid=112785) _process_stack /opt/stack/nova/nova/api/openstack/wsgi.py:511}}
Aug 28 18:42:28.976364 n-d-854118-7 devstack@n-api.service[112785]: INFO nova.api.openstack.requestlog [None req-11851ea1-cf9e-4c18-affe-879b4ccb0bae admin admin] 10.222.0.70 "POST /compute/v2.1/flavors/d2/os-extra_specs" status: 200 len: 43 microversion: 2.61 time: 0.037670
Aug 28 18:42:28.987509 n-d-854118-7 devstack@n-api.service[112785]: [pid: 112785|app: 0|req: 7/12] 10.222.0.70 () {64 vars in 1336 bytes} [Sun Aug 28 18:42:28 2022] POST /compute/v2.1/flavors/d2/os-extra_specs => generated 43 bytes in 46 msecs (HTTP/1.1 200) 9 headers in 358 bytes (2 switches on core 0)
Aug 28 18:42:31.497232 n-d-854118-7 devstack@n-api.service[112784]: DEBUG nova.api.openstack.wsgi [None req-a21020bc-d4d4-403f-b4c9-812e05a27a13 admin admin] Calling method '>' {{(pid=112784) _process_stack /opt/stack/nova/nova/api/openstack/wsgi.py:513}}
Aug 28 18:42:31.498267 n-d-854118-7 devstack@n-api.service[112784]: INFO nova.api.openstack.requestlog [None req-a21020bc-d4d4-403f-b4c9-812e05a27a13 admin admin] 10.222.0.70 "GET /compute/v2.1" status: 200 len: 388 microversion: 2.1 time: 0.001448
Aug 28 18:42:31.508835 n-d-854118-7 devstack@n-api.service[112784]: [pid: 112784|app: 0|req: 6/13] 10.222.0.70 () {54 vars in 931 bytes} [Sun Aug 28 18:42:31 2022] GET /compute/v2.1 => generated 388 bytes in 8 msecs (HTTP/1.1 200) 9 headers in 357 bytes (1 switches on core 0)
Aug 28 18:42:31.980084 n-d-854118-7 devstack@n-api.service[112785]: DEBUG nova.api.openstack.wsgi [None req-4168f058-0fb4-48ca-8e03-5314727f2789 admin admin] Action: 'create', calling method: >, body: {"flavor": {"OS-FLV-EXT-DATA:ephemeral": 0, "rxtx_factor": 1.0, "name": "ds2G", "swap": 0, "os-flavor-access:is_public": true, "ram": 2048, "vcpus": 2, "disk": 10, "id": "d3"}} {{(pid=112785) _process_stack /opt/stack/nova/nova/api/openstack/wsgi.py:511}}
Aug 28 18:42:32.000563 n-d-854118-7 devstack@n-api.service[112785]: INFO nova.api.openstack.requestlog [None req-4168f058-0fb4-48ca-8e03-5314727f2789 admin admin] 10.222.0.70 "POST /compute/v2.1/flavors" status: 200 len: 404 microversion: 2.61 time: 0.495592
Aug 28 18:42:32.001258 n-d-854118-7 devstack@n-api.service[112785]: [pid: 112785|app: 0|req: 8/14] 10.222.0.70 () {64 vars in 1283 bytes} [Sun Aug 28 18:42:31 2022] POST /compute/v2.1/flavors => generated 404 bytes in 497 msecs (HTTP/1.1 200) 9 headers in 359 bytes (1 switches on core 0)
Aug 28 18:42:32.014044 n-d-854118-7 devstack@n-api.service[112784]: DEBUG nova.api.openstack.wsgi [None req-24520169-b93d-4fc8-9768-0fa45c9b8dbf admin admin] Action: 'create', calling method: >, body: {"extra_specs": {"hw_rng:allowed": "True"}} {{(pid=112784) _process_stack /opt/stack/nova/nova/api/openstack/wsgi.py:511}}
Aug 28 18:42:32.039204 n-d-854118-7 devstack@n-api.service[112784]: INFO nova.api.openstack.requestlog [None req-24520169-b93d-4fc8-9768-0fa45c9b8dbf admin admin] 10.222.0.70 "POST /compute/v2.1/flavors/d3/os-extra_specs" status: 200 len: 43 microversion: 2.61 time: 0.029465
Aug 28 18:42:32.039876 n-d-854118-7 devstack@n-api.service[112784]: [pid: 112784|app: 0|req: 7/15] 10.222.0.70 () {64 vars in 1336 bytes} [Sun Aug 28 18:42:32 2022] POST /compute/v2.1/flavors/d3/os-extra_specs => generated 43 bytes in 31 msecs (HTTP/1.1 200) 9 headers in 358 bytes (2 switches on core 0)
Aug 28 18:42:34.455940 n-d-854118-7 devstack@n-api.service[112785]: DEBUG nova.api.openstack.wsgi [None req-4168f058-0fb4-48ca-8e03-5314727f2789 admin admin] Calling method '>' {{(pid=112785) _process_stack /opt/stack/nova/nova/api/openstack/wsgi.py:513}}
Aug 28 18:42:34.457048 n-d-854118-7 devstack@n-api.service[112785]: INFO nova.api.openstack.requestlog [None req-4168f058-0fb4-48ca-8e03-5314727f2789 admin admin] 10.222.0.70 "GET /compute/v2.1" status: 200 len: 388 microversion: 2.1 time: 0.001627
Aug 28 18:42:34.457851 n-d-854118-7 devstack@n-api.service[112785]: [pid: 112785|app: 0|req: 9/16] 10.222.0.70 () {54 vars in 931 bytes} [Sun Aug 28 18:42:34 2022] GET /compute/v2.1 => generated 388 bytes in 3 msecs (HTTP/1.1 200) 9 headers in 357 bytes (1 switches on core 0)
Aug 28 18:42:34.956211 n-d-854118-7 devstack@n-api.service[112784]: DEBUG nova.api.openstack.wsgi [None req-59f80cd8-03b0-477a-a6e4-fa32b826fe23 admin admin] Action: 'create', calling method: >, body: {"flavor": {"os-flavor-access:is_public": true, "vcpus": 4, "ram": 4096, "id": "d4", "disk": 20, "OS-FLV-EXT-DATA:ephemeral": 0, "swap": 0, "rxtx_factor": 1.0, "name": "ds4G"}} {{(pid=112784) _process_stack /opt/stack/nova/nova/api/openstack/wsgi.py:511}}
Aug 28 18:42:34.986942 n-d-854118-7 devstack@n-api.service[112784]: INFO nova.api.openstack.requestlog [None req-59f80cd8-03b0-477a-a6e4-fa32b826fe23 admin admin] 10.222.0.70 "POST /compute/v2.1/flavors" status: 200 len: 404 microversion: 2.61 time: 0.523311
Aug 28 18:42:34.996971 n-d-854118-7 devstack@n-api.service[112784]: [pid: 112784|app: 0|req: 8/17] 10.222.0.70 () {64 vars in 1283 bytes} [Sun Aug 28 18:42:34 2022] POST /compute/v2.1/flavors => generated 404 bytes in 534 msecs (HTTP/1.1 200) 9 headers in 359 bytes (1 switches on core 0)
Aug 28 18:42:35.003718 n-d-854118-7 devstack@n-api.service[112785]: DEBUG nova.api.openstack.wsgi [None req-949ae13c-2c58-4005-b0e0-db1f180dbfae admin admin] Action: 'create', calling method: >, body: {"extra_specs": {"hw_rng:allowed": "True"}} {{(pid=112785) _process_stack /opt/stack/nova/nova/api/openstack/wsgi.py:511}}
Aug 28 18:42:35.035205 n-d-854118-7 devstack@n-api.service[112785]: INFO nova.api.openstack.requestlog [None req-949ae13c-2c58-4005-b0e0-db1f180dbfae admin admin] 10.222.0.70 "POST /compute/v2.1/flavors/d4/os-extra_specs" status: 200 len: 43 microversion: 2.61 time: 0.035384
Aug 28 18:42:35.036889 n-d-854118-7 devstack@n-api.service[112785]: [pid: 112785|app: 0|req: 10/18] 10.222.0.70 () {64 vars in 1336 bytes} [Sun Aug 28 18:42:34 2022] POST /compute/v2.1/flavors/d4/os-extra_specs => generated 43 bytes in 39 msecs (HTTP/1.1 200) 9 headers in 358 bytes (1 switches on core 0)
Aug 28 18:42:37.494967 n-d-854118-7 devstack@n-api.service[112784]: DEBUG nova.api.openstack.wsgi [None req-59f80cd8-03b0-477a-a6e4-fa32b826fe23 admin admin] Calling method '>' {{(pid=112784) _process_stack /opt/stack/nova/nova/api/openstack/wsgi.py:513}}
Aug 28 18:42:37.497653 n-d-854118-7 devstack@n-api.service[112784]: INFO nova.api.openstack.requestlog [None req-59f80cd8-03b0-477a-a6e4-fa32b826fe23 admin admin] 10.222.0.70 "GET /compute/v2.1" status: 200 len: 388 microversion: 2.1 time: 0.003132
Aug 28 18:42:37.503948 n-d-854118-7 devstack@n-api.service[112784]: [pid: 112784|app: 0|req: 9/19] 10.222.0.70 () {54 vars in 931 bytes} [Sun Aug 28 18:42:37 2022] GET /compute/v2.1 => generated 388 bytes in 10 msecs (HTTP/1.1 200) 9 headers in 357 bytes (1 switches on core 0)
Aug 28 18:42:37.932529 n-d-854118-7 devstack@n-api.service[112785]: DEBUG nova.api.openstack.wsgi [None req-b1545a36-2d16-4cef-ae05-282c233b66ce admin admin] Calling method '>' {{(pid=112785) _process_stack /opt/stack/nova/nova/api/openstack/wsgi.py:513}}
Aug 28 18:42:37.959461 n-d-854118-7 devstack@n-api.service[112785]: INFO nova.api.openstack.requestlog [None req-b1545a36-2d16-4cef-ae05-282c233b66ce admin admin] 10.222.0.70 "GET /compute/v2.1/flavors/detail?is_public=True" status: 200 len: 2106 microversion: 2.61 time: 0.454935
Aug 28 18:42:37.960047 n-d-854118-7 devstack@n-api.service[112785]: [pid: 112785|app: 0|req: 11/20] 10.222.0.70 () {60 vars in 1292 bytes} [Sun Aug 28 18:42:37 2022] GET /compute/v2.1/flavors/detail?is_public=True => generated 2106 bytes in 456 msecs (HTTP/1.1 200) 9 headers in 360 bytes (1 switches on core 0)
Aug 28 18:42:40.340288 n-d-854118-7 devstack@n-api.service[112784]: DEBUG nova.api.openstack.wsgi [None req-59f80cd8-03b0-477a-a6e4-fa32b826fe23 admin admin] Calling method '>' {{(pid=112784) _process_stack /opt/stack/nova/nova/api/openstack/wsgi.py:513}}
Aug 28 18:42:40.341340 n-d-854118-7 devstack@n-api.service[112784]: INFO nova.api.openstack.requestlog [None req-59f80cd8-03b0-477a-a6e4-fa32b826fe23 admin admin] 10.222.0.70 "GET /compute/v2.1" status: 200 len: 388 microversion: 2.1 time: 0.002282
Aug 28 18:42:40.341717 n-d-854118-7 devstack@n-api.service[112784]: [pid: 112784|app: 0|req: 10/21] 10.222.0.70 () {54 vars in 931 bytes} [Sun Aug 28 18:42:40 2022] GET /compute/v2.1 => generated 388 bytes in 3 msecs (HTTP/1.1 200) 9 headers in 357 bytes (1 switches on core 0)
Aug 28 18:42:40.755366 n-d-854118-7 devstack@n-api.service[112785]: DEBUG nova.api.openstack.wsgi [None req-f97484be-b276-4aca-ac3c-13e41b8e7b32 admin admin] Action: 'create', calling method: >, body: {"flavor": {"swap": 0, "vcpus": 1, "os-flavor-access:is_public": true, "ram": 512, "rxtx_factor": 1.0, "disk": 1, "OS-FLV-EXT-DATA:ephemeral": 0, "name": "m1.tiny", "id": "1"}} {{(pid=112785) _process_stack /opt/stack/nova/nova/api/openstack/wsgi.py:511}}
Aug 28 18:42:40.779908 n-d-854118-7 devstack@n-api.service[112785]: INFO nova.api.openstack.requestlog [None req-f97484be-b276-4aca-ac3c-13e41b8e7b32 admin admin] 10.222.0.70 "POST /compute/v2.1/flavors" status: 200 len: 402 microversion: 2.61 time: 0.431687
Aug 28 18:42:40.780619 n-d-854118-7 devstack@n-api.service[112785]: [pid: 112785|app: 0|req: 12/22] 10.222.0.70 () {64 vars in 1283 bytes} [Sun Aug 28 18:42:40 2022] POST /compute/v2.1/flavors => generated 402 bytes in 433 msecs (HTTP/1.1 200) 9 headers in 359 bytes (2 switches on core 0)
Aug 28 18:42:40.796667 n-d-854118-7 devstack@n-api.service[112784]: DEBUG nova.api.openstack.wsgi [None req-94d5ee6b-949c-4f1b-9cb0-2745e8596b91 admin admin] Action: 'create', calling method: >, body: {"extra_specs": {"hw_rng:allowed": "True"}} {{(pid=112784) _process_stack /opt/stack/nova/nova/api/openstack/wsgi.py:511}}
Aug 28 18:42:40.825432 n-d-854118-7 devstack@n-api.service[112784]: INFO nova.api.openstack.requestlog [None req-94d5ee6b-949c-4f1b-9cb0-2745e8596b91 admin admin] 10.222.0.70 "POST /compute/v2.1/flavors/1/os-extra_specs" status: 200 len: 43 microversion: 2.61 time: 0.034133
Aug 28 18:42:40.826201 n-d-854118-7 devstack@n-api.service[112784]: [pid: 112784|app: 0|req: 11/23] 10.222.0.70 () {64 vars in 1333 bytes} [Sun Aug 28 18:42:40 2022] POST /compute/v2.1/flavors/1/os-extra_specs => generated 43 bytes in 36 msecs (HTTP/1.1 200) 9 headers in 358 bytes (1 switches on core 0)
Aug 28 18:42:43.219501 n-d-854118-7 devstack@n-api.service[112785]: DEBUG nova.api.openstack.wsgi [None req-f97484be-b276-4aca-ac3c-13e41b8e7b32 admin admin] Calling method '>' {{(pid=112785) _process_stack /opt/stack/nova/nova/api/openstack/wsgi.py:513}}
Aug 28 18:42:43.220392 n-d-854118-7 devstack@n-api.service[112785]: INFO nova.api.openstack.requestlog [None req-f97484be-b276-4aca-ac3c-13e41b8e7b32 admin admin] 10.222.0.70 "GET /compute/v2.1" status: 200 len: 388 microversion: 2.1 time: 0.001482
Aug 28 18:42:43.220792 n-d-854118-7 devstack@n-api.service[112785]: [pid: 112785|app: 0|req: 13/24] 10.222.0.70 () {54 vars in 931 bytes} [Sun Aug 28 18:42:43 2022] GET /compute/v2.1 => generated 388 bytes in 2 msecs (HTTP/1.1 200) 9 headers in 357 bytes (1 switches on core 0)
Aug 28 18:42:43.641593 n-d-854118-7 devstack@n-api.service[112784]: DEBUG nova.api.openstack.wsgi [None req-222c371e-aecd-404d-bf7d-041be4320b09 admin admin] Action: 'create', calling method: >, body: {"flavor": {"vcpus": 1, "rxtx_factor": 1.0, "name": "m1.small", "id": "2", "os-flavor-access:is_public": true, "OS-FLV-EXT-DATA:ephemeral": 0, "swap": 0, "ram": 2048, "disk": 20}} {{(pid=112784) _process_stack /opt/stack/nova/nova/api/openstack/wsgi.py:511}}
Aug 28 18:42:43.662189 n-d-854118-7 devstack@n-api.service[112784]: INFO nova.api.openstack.requestlog [None req-222c371e-aecd-404d-bf7d-041be4320b09 admin admin] 10.222.0.70 "POST /compute/v2.1/flavors" status: 200 len: 405 microversion: 2.61 time: 0.434620
Aug 28 18:42:43.662776 n-d-854118-7 devstack@n-api.service[112784]: [pid: 112784|app: 0|req: 12/25] 10.222.0.70 () {64 vars in 1283 bytes} [Sun Aug 28 18:42:43 2022] POST /compute/v2.1/flavors => generated 405 bytes in 436 msecs (HTTP/1.1 200) 9 headers in 359 bytes (1 switches on core 0)
Aug 28 18:42:43.675207 n-d-854118-7 devstack@n-api.service[112785]: DEBUG nova.api.openstack.wsgi [None req-91069946-a7f4-48bf-b57d-998ac9686405 admin admin] Action: 'create', calling method: >, body: {"extra_specs": {"hw_rng:allowed": "True"}} {{(pid=112785) _process_stack /opt/stack/nova/nova/api/openstack/wsgi.py:511}}
Aug 28 18:42:43.704586 n-d-854118-7 devstack@n-api.service[112785]: INFO nova.api.openstack.requestlog [None req-91069946-a7f4-48bf-b57d-998ac9686405 admin admin] 10.222.0.70 "POST /compute/v2.1/flavors/2/os-extra_specs" status: 200 len: 43 microversion: 2.61 time: 0.033005
Aug 28 18:42:43.705486 n-d-854118-7 devstack@n-api.service[112785]: [pid: 112785|app: 0|req: 14/26] 10.222.0.70 () {64 vars in 1333 bytes} [Sun Aug 28 18:42:43 2022] POST /compute/v2.1/flavors/2/os-extra_specs => generated 43 bytes in 35 msecs (HTTP/1.1 200) 9 headers in 358 bytes (1 switches on core 0)
Aug 28 18:42:46.087455 n-d-854118-7 devstack@n-api.service[112784]: DEBUG nova.api.openstack.wsgi [None req-222c371e-aecd-404d-bf7d-041be4320b09 admin admin] Calling method '>' {{(pid=112784) _process_stack /opt/stack/nova/nova/api/openstack/wsgi.py:513}}
Aug 28 18:42:46.088466 n-d-854118-7 devstack@n-api.service[112784]: INFO nova.api.openstack.requestlog [None req-222c371e-aecd-404d-bf7d-041be4320b09 admin admin] 10.222.0.70 "GET /compute/v2.1" status: 200 len: 388 microversion: 2.1 time: 0.001559
Aug 28 18:42:46.089473 n-d-854118-7 devstack@n-api.service[112784]: [pid: 112784|app: 0|req: 13/27] 10.222.0.70 () {54 vars in 931 bytes} [Sun Aug 28 18:42:46 2022] GET /compute/v2.1 => generated 388 bytes in 3 msecs (HTTP/1.1 200) 9 headers in 357 bytes (1 switches on core 0)
Aug 28 18:42:46.481850 n-d-854118-7 devstack@n-api.service[112785]: DEBUG nova.api.openstack.wsgi [None req-7f467f8a-b4d9-4aa1-91ba-f948d868c4b6 admin admin] Action: 'create', calling method: >, body: {"flavor": {"swap": 0, "os-flavor-access:is_public": true, "name": "m1.medium", "vcpus": 2, "ram": 4096, "id": "3", "disk": 40, "rxtx_factor": 1.0, "OS-FLV-EXT-DATA:ephemeral": 0}} {{(pid=112785) _process_stack /opt/stack/nova/nova/api/openstack/wsgi.py:511}}
Aug 28 18:42:46.501046 n-d-854118-7 devstack@n-api.service[112785]: INFO nova.api.openstack.requestlog [None req-7f467f8a-b4d9-4aa1-91ba-f948d868c4b6 admin admin] 10.222.0.70 "POST /compute/v2.1/flavors" status: 200 len: 406 microversion: 2.61 time: 0.404720
Aug 28 18:42:46.502183 n-d-854118-7 devstack@n-api.service[112785]: [pid: 112785|app: 0|req: 15/28] 10.222.0.70 () {64 vars in 1283 bytes} [Sun Aug 28 18:42:46 2022] POST /compute/v2.1/flavors => generated 406 bytes in 406 msecs (HTTP/1.1 200) 9 headers in 359 bytes (1 switches on core 0)
Aug 28 18:42:46.514295 n-d-854118-7 devstack@n-api.service[112784]: DEBUG nova.api.openstack.wsgi [None req-bffb7e05-dcea-4a1b-8df5-b1c5527d8183 admin admin] Action: 'create', calling method: >, body: {"extra_specs": {"hw_rng:allowed": "True"}} {{(pid=112784) _process_stack /opt/stack/nova/nova/api/openstack/wsgi.py:511}}
Aug 28 18:42:46.538586 n-d-854118-7 devstack@n-api.service[112784]: INFO nova.api.openstack.requestlog [None req-bffb7e05-dcea-4a1b-8df5-b1c5527d8183 admin admin] 10.222.0.70 "POST /compute/v2.1/flavors/3/os-extra_specs" status: 200 len: 43 microversion: 2.61 time: 0.027912
Aug 28 18:42:46.539300 n-d-854118-7 devstack@n-api.service[112784]: [pid: 112784|app: 0|req: 14/29] 10.222.0.70 () {64 vars in 1333 bytes} [Sun Aug 28 18:42:46 2022] POST /compute/v2.1/flavors/3/os-extra_specs => generated 43 bytes in 29 msecs (HTTP/1.1 200) 9 headers in 358 bytes (1 switches on core 0)
Aug 28 18:42:48.942483 n-d-854118-7 devstack@n-api.service[112785]: DEBUG nova.api.openstack.wsgi [None req-7f467f8a-b4d9-4aa1-91ba-f948d868c4b6 admin admin] Calling method '>' {{(pid=112785) _process_stack /opt/stack/nova/nova/api/openstack/wsgi.py:513}}
Aug 28 18:42:48.943483 n-d-854118-7 devstack@n-api.service[112785]: INFO nova.api.openstack.requestlog [None req-7f467f8a-b4d9-4aa1-91ba-f948d868c4b6 admin admin] 10.222.0.70 "GET /compute/v2.1" status: 200 len: 388 microversion: 2.1 time: 0.001486
Aug 28 18:42:48.943894 n-d-854118-7 devstack@n-api.service[112785]: [pid: 112785|app: 0|req: 16/30] 10.222.0.70 () {54 vars in 931 bytes} [Sun Aug 28 18:42:48 2022] GET /compute/v2.1 => generated 388 bytes in 2 msecs (HTTP/1.1 200) 9 headers in 357 bytes (1 switches on core 0)
Aug 28 18:42:49.369079 n-d-854118-7 devstack@n-api.service[112784]: DEBUG nova.api.openstack.wsgi [None req-022942a9-3930-4c3c-9631-fddf24bb2ca9 admin admin] Action: 'create', calling method: >, body: {"flavor": {"swap": 0, "OS-FLV-EXT-DATA:ephemeral": 0, "os-flavor-access:is_public": true, "ram": 8192, "disk": 80, "name": "m1.large", "id": "4", "rxtx_factor": 1.0, "vcpus": 4}} {{(pid=112784) _process_stack /opt/stack/nova/nova/api/openstack/wsgi.py:511}}
Aug 28 18:42:49.375465 n-d-854118-7 devstack@n-api.service[112784]: DEBUG dbcounter [-] [112784] Writing DB stats nova_api:SELECT=39,nova_api:INSERT=8,nova_api:SAVEPOINT=4,nova_api:RELEASE=4 {{(pid=112784) stat_writer /usr/local/lib/python3.8/dist-packages/dbcounter.py:114}}
Aug 28 18:42:49.391617 n-d-854118-7 devstack@n-api.service[112784]: INFO nova.api.openstack.requestlog [None req-022942a9-3930-4c3c-9631-fddf24bb2ca9 admin admin] 10.222.0.70 "POST /compute/v2.1/flavors" status: 200 len: 405 microversion: 2.61 time: 0.441127
Aug 28 18:42:49.392167 n-d-854118-7 devstack@n-api.service[112784]: [pid: 112784|app: 0|req: 15/31] 10.222.0.70 () {64 vars in 1283 bytes} [Sun Aug 28 18:42:48 2022] POST /compute/v2.1/flavors => generated 405 bytes in 442 msecs (HTTP/1.1 200) 9 headers in 359 bytes (1 switches on core 0)
Aug 28 18:42:49.404445 n-d-854118-7 devstack@n-api.service[112785]: DEBUG nova.api.openstack.wsgi [None req-feeefecb-5835-44a7-89a5-68701fad50d5 admin admin] Action: 'create', calling method: >, body: {"extra_specs": {"hw_rng:allowed": "True"}} {{(pid=112785) _process_stack /opt/stack/nova/nova/api/openstack/wsgi.py:511}}
Aug 28 18:42:49.430013 n-d-854118-7 devstack@n-api.service[112785]: INFO nova.api.openstack.requestlog [None req-feeefecb-5835-44a7-89a5-68701fad50d5 admin admin] 10.222.0.70 "POST /compute/v2.1/flavors/4/os-extra_specs" status: 200 len: 43 microversion: 2.61 time: 0.029593
Aug 28 18:42:49.430586 n-d-854118-7 devstack@n-api.service[112785]: [pid: 112785|app: 0|req: 17/32] 10.222.0.70 () {64 vars in 1333 bytes} [Sun Aug 28 18:42:49 2022] POST /compute/v2.1/flavors/4/os-extra_specs => generated 43 bytes in 31 msecs (HTTP/1.1 200) 9 headers in 358 bytes (1 switches on core 0)
Aug 28 18:42:51.878208 n-d-854118-7 devstack@n-api.service[112784]: DEBUG nova.api.openstack.wsgi [None req-022942a9-3930-4c3c-9631-fddf24bb2ca9 admin admin] Calling method '>' {{(pid=112784) _process_stack /opt/stack/nova/nova/api/openstack/wsgi.py:513}}
Aug 28 18:42:51.879859 n-d-854118-7 devstack@n-api.service[112784]: INFO nova.api.openstack.requestlog [None req-022942a9-3930-4c3c-9631-fddf24bb2ca9 admin admin] 10.222.0.70 "GET /compute/v2.1" status: 200 len: 388 microversion: 2.1 time: 0.002085
Aug 28 18:42:51.880252 n-d-854118-7 devstack@n-api.service[112784]: [pid: 112784|app: 0|req: 16/33] 10.222.0.70 () {54 vars in 931 bytes} [Sun Aug 28 18:42:51 2022] GET /compute/v2.1 => generated 388 bytes in 3 msecs (HTTP/1.1 200) 9 headers in 357 bytes (1 switches on core 0)
Aug 28 18:42:52.318561 n-d-854118-7 devstack@n-api.service[112785]: DEBUG nova.api.openstack.wsgi [None req-ea4e1555-f090-4e1b-892e-17f43d9ac212 admin admin] Action: 'create', calling method: >, body: {"flavor": {"OS-FLV-EXT-DATA:ephemeral": 0, "id": "5", "ram": 16384, "name": "m1.xlarge", "swap": 0, "os-flavor-access:is_public": true, "disk": 160, "rxtx_factor": 1.0, "vcpus": 8}} {{(pid=112785) _process_stack /opt/stack/nova/nova/api/openstack/wsgi.py:511}}
Aug 28 18:42:52.325262 n-d-854118-7 devstack@n-api.service[112785]: DEBUG dbcounter [-] [112785] Writing DB stats nova_api:SELECT=45,nova_api:SAVEPOINT=5,nova_api:INSERT=9,nova_api:RELEASE=5 {{(pid=112785) stat_writer /usr/local/lib/python3.8/dist-packages/dbcounter.py:114}}
Aug 28 18:42:52.342630 n-d-854118-7 devstack@n-api.service[112785]: INFO nova.api.openstack.requestlog [None req-ea4e1555-f090-4e1b-892e-17f43d9ac212 admin admin] 10.222.0.70 "POST /compute/v2.1/flavors" status: 200 len: 408 microversion: 2.61 time: 0.455130
Aug 28 18:42:52.343418 n-d-854118-7 devstack@n-api.service[112785]: [pid: 112785|app: 0|req: 18/34] 10.222.0.70 () {64 vars in 1283 bytes} [Sun Aug 28 18:42:51 2022] POST /compute/v2.1/flavors => generated 408 bytes in 457 msecs (HTTP/1.1 200) 9 headers in 359 bytes (1 switches on core 0)
Aug 28 18:42:52.364169 n-d-854118-7 devstack@n-api.service[112784]: DEBUG nova.api.openstack.wsgi [None req-229a5635-696c-4342-b78d-970886b9dc38 admin admin] Action: 'create', calling method: >, body: {"extra_specs": {"hw_rng:allowed": "True"}} {{(pid=112784) _process_stack /opt/stack/nova/nova/api/openstack/wsgi.py:511}}
Aug 28 18:42:52.390480 n-d-854118-7 devstack@n-api.service[112784]: INFO nova.api.openstack.requestlog [None req-229a5635-696c-4342-b78d-970886b9dc38 admin admin] 10.222.0.70 "POST /compute/v2.1/flavors/5/os-extra_specs" status: 200 len: 43 microversion: 2.61 time: 0.029968
Aug 28 18:42:52.391501 n-d-854118-7 devstack@n-api.service[112784]: [pid: 112784|app: 0|req: 17/35] 10.222.0.70 () {64 vars in 1333 bytes} [Sun Aug 28 18:42:52 2022] POST /compute/v2.1/flavors/5/os-extra_specs => generated 43 bytes in 31 msecs (HTTP/1.1 200) 9 headers in 358 bytes (1 switches on core 0)
Aug 28 18:43:15.969298 n-d-854118-7 devstack@n-api.service[112785]: DEBUG nova.api.openstack.wsgi [None req-ea4e1555-f090-4e1b-892e-17f43d9ac212 admin admin] Calling method '>' {{(pid=112785) _process_stack /opt/stack/nova/nova/api/openstack/wsgi.py:513}}
Aug 28 18:43:15.970244 n-d-854118-7 devstack@n-api.service[112785]: INFO nova.api.openstack.requestlog [None req-ea4e1555-f090-4e1b-892e-17f43d9ac212 admin admin] 10.222.0.70 "GET /compute/v2.1" status: 200 len: 388 microversion: 2.1 time: 0.001463
Aug 28 18:43:15.970650 n-d-854118-7 devstack@n-api.service[112785]: [pid: 112785|app: 0|req: 19/36] 10.222.0.70 () {54 vars in 931 bytes} [Sun Aug 28 18:43:15 2022] GET /compute/v2.1 => generated 388 bytes in 2 msecs (HTTP/1.1 200) 9 headers in 357 bytes (1 switches on core 0)
Aug 28 18:43:15.981775 n-d-854118-7 devstack@n-api.service[112784]: DEBUG dbcounter [-] [112784] Writing DB stats nova_api:INSERT=2,nova_api:SELECT=8,nova_api:SAVEPOINT=1,nova_api:RELEASE=1 {{(pid=112784) stat_writer /usr/local/lib/python3.8/dist-packages/dbcounter.py:114}}
Aug 28 18:43:16.359215 n-d-854118-7 devstack@n-api.service[112784]: DEBUG nova.api.openstack.wsgi [None req-1e93a8d3-1caa-4bf2-9aa9-09b8f8296d25 admin admin] Calling method '>' {{(pid=112784) _process_stack /opt/stack/nova/nova/api/openstack/wsgi.py:513}}
Aug 28 18:43:16.377980 n-d-854118-7 devstack@n-api.service[112784]: INFO nova.api.openstack.requestlog [None req-1e93a8d3-1caa-4bf2-9aa9-09b8f8296d25 admin admin] 10.222.0.70 "GET /compute/v2.1/flavors/detail?is_public=True" status: 200 len: 4202 microversion: 2.61 time: 0.401291
Aug 28 18:43:16.378584 n-d-854118-7 devstack@n-api.service[112784]: [pid: 112784|app: 0|req: 18/37] 10.222.0.70 () {60 vars in 1292 bytes} [Sun Aug 28 18:43:15 2022] GET /compute/v2.1/flavors/detail?is_public=True => generated 4202 bytes in 403 msecs (HTTP/1.1 200) 9 headers in 360 bytes (1 switches on core 0)
Aug 28 18:43:17.427250 n-d-854118-7 devstack@n-api.service[112785]: DEBUG nova.api.openstack.wsgi [None req-ea4e1555-f090-4e1b-892e-17f43d9ac212 admin admin] Calling method '>' {{(pid=112785) _process_stack /opt/stack/nova/nova/api/openstack/wsgi.py:513}}
Aug 28 18:43:17.428518 n-d-854118-7 devstack@n-api.service[112785]: INFO nova.api.openstack.requestlog [None req-ea4e1555-f090-4e1b-892e-17f43d9ac212 admin admin] 10.222.0.70 "GET /compute/v2.1" status: 200 len: 388 microversion: 2.1 time: 0.001735
Aug 28 18:43:17.428915 n-d-854118-7 devstack@n-api.service[112785]: [pid: 112785|app: 0|req: 20/38] 10.222.0.70 () {56 vars in 1074 bytes} [Sun Aug 28 18:43:17 2022] GET /compute/v2.1 => generated 388 bytes in 3 msecs (HTTP/1.1 200) 9 headers in 357 bytes (1 switches on core 0)
Aug 28 18:43:17.949964 n-d-854118-7 devstack@n-api.service[112784]: DEBUG nova.api.openstack.wsgi [None req-95f39004-6281-4771-a309-cba99d1e39cc admin admin] Calling method '>' {{(pid=112784) _process_stack /opt/stack/nova/nova/api/openstack/wsgi.py:513}}
Aug 28 18:43:17.955583 n-d-854118-7 devstack@n-api.service[112784]: INFO nova.api.openstack.wsgi [None req-95f39004-6281-4771-a309-cba99d1e39cc admin admin] HTTP exception thrown: Flavor 42 could not be found.
