Aug 28 18:58:42.699185 n-d-854118-7 devstack@g-api.service[122590]: DEBUG glance_store.capabilities [None req-cbb28834-2b5e-4b01-b660-45880d2411a8 tempest-ImagesOneServerTestJSON-252976865 tempest-ImagesOneServerTestJSON-252976865-project] Store glance_store._drivers.swift.store.SingleTenantStore doesn't support updating dynamic storage capabilities. Please overwrite 'update_capabilities' method of the store to implement updating logics if needed. {{(pid=122590) update_capabilities /usr/local/lib/python3.8/dist-packages/glance_store/capabilities.py:91}}
Aug 28 18:58:42.699444 n-d-854118-7 devstack@g-api.service[122590]: DEBUG glance_store.driver [None req-cbb28834-2b5e-4b01-b660-45880d2411a8 tempest-ImagesOneServerTestJSON-252976865 tempest-ImagesOneServerTestJSON-252976865-project] Late loading location class glance_store._drivers.swift.store.StoreLocation {{(pid=122590) get_store_location_class /usr/local/lib/python3.8/dist-packages/glance_store/driver.py:116}}
Aug 28 18:58:42.699713 n-d-854118-7 devstack@g-api.service[122590]: DEBUG glance_store.location [None req-cbb28834-2b5e-4b01-b660-45880d2411a8 tempest-ImagesOneServerTestJSON-252976865 tempest-ImagesOneServerTestJSON-252976865-project] Registering scheme swift+https with {'store': , 'location_class': , 'store_entry': 'swift'} {{(pid=122590) register_scheme_map /usr/local/lib/python3.8/dist-packages/glance_store/location.py:146}}
Aug 28 18:58:42.699957 n-d-854118-7 devstack@g-api.service[122590]: DEBUG glance_store.location [None req-cbb28834-2b5e-4b01-b660-45880d2411a8 tempest-ImagesOneServerTestJSON-252976865 tempest-ImagesOneServerTestJSON-252976865-project] Registering scheme swift+https with {'store': , 'location_class': , 'store_entry': 'swift'} {{(pid=122590) register_scheme_map /usr/local/lib/python3.8/dist-packages/glance_store/location.py:146}}
Aug 28 18:58:42.700192 n-d-854118-7 devstack@g-api.service[122590]: DEBUG glance_store.location [None req-cbb28834-2b5e-4b01-b660-45880d2411a8 tempest-ImagesOneServerTestJSON-252976865 tempest-ImagesOneServerTestJSON-252976865-project] Registering scheme swift with {'store': , 'location_class': , 'store_entry': 'swift'} {{(pid=122590) register_scheme_map /usr/local/lib/python3.8/dist-packages/glance_store/location.py:146}}
Aug 28 18:58:42.700429 n-d-854118-7 devstack@g-api.service[122590]: DEBUG glance_store.location [None req-cbb28834-2b5e-4b01-b660-45880d2411a8 tempest-ImagesOneServerTestJSON-252976865 tempest-ImagesOneServerTestJSON-252976865-project] Registering scheme swift+https with {'store': , 'location_class': , 'store_entry': 'swift'} {{(pid=122590) register_scheme_map /usr/local/lib/python3.8/dist-packages/glance_store/location.py:146}}
Aug 28 18:58:42.700668 n-d-854118-7 devstack@g-api.service[122590]: DEBUG glance_store.location [None req-cbb28834-2b5e-4b01-b660-45880d2411a8 tempest-ImagesOneServerTestJSON-252976865 tempest-ImagesOneServerTestJSON-252976865-project] Registering scheme swift with {'store': , 'location_class': , 'store_entry': 'swift'} {{(pid=122590) register_scheme_map /usr/local/lib/python3.8/dist-packages/glance_store/location.py:146}}
Aug 28 18:58:42.700905 n-d-854118-7 devstack@g-api.service[122590]: DEBUG glance_store.location [None req-cbb28834-2b5e-4b01-b660-45880d2411a8 tempest-ImagesOneServerTestJSON-252976865 tempest-ImagesOneServerTestJSON-252976865-project] Registering scheme swift+http with {'store': , 'location_class': , 'store_entry': 'swift'} {{(pid=122590) register_scheme_map /usr/local/lib/python3.8/dist-packages/glance_store/location.py:146}}
Aug 28 18:58:42.701137 n-d-854118-7 devstack@g-api.service[122590]: DEBUG glance_store.location [None req-cbb28834-2b5e-4b01-b660-45880d2411a8 tempest-ImagesOneServerTestJSON-252976865 tempest-ImagesOneServerTestJSON-252976865-project] Registering scheme swift+https with {'store': , 'location_class': , 'store_entry': 'swift'} {{(pid=122590) register_scheme_map /usr/local/lib/python3.8/dist-packages/glance_store/location.py:146}}
Aug 28 18:58:42.701365 n-d-854118-7 devstack@g-api.service[122590]: DEBUG glance_store.location [None req-cbb28834-2b5e-4b01-b660-45880d2411a8 tempest-ImagesOneServerTestJSON-252976865 tempest-ImagesOneServerTestJSON-252976865-project] Registering scheme swift with {'store': , 'location_class': , 'store_entry': 'swift'} {{(pid=122590) register_scheme_map /usr/local/lib/python3.8/dist-packages/glance_store/location.py:146}}
Aug 28 18:58:42.701591 n-d-854118-7 devstack@g-api.service[122590]: DEBUG glance_store.location [None req-cbb28834-2b5e-4b01-b660-45880d2411a8 tempest-ImagesOneServerTestJSON-252976865 tempest-ImagesOneServerTestJSON-252976865-project] Registering scheme swift+http with {'store': , 'location_class': , 'store_entry': 'swift'} {{(pid=122590) register_scheme_map /usr/local/lib/python3.8/dist-packages/glance_store/location.py:146}}
Aug 28 18:58:42.701818 n-d-854118-7 devstack@g-api.service[122590]: DEBUG glance_store.location [None req-cbb28834-2b5e-4b01-b660-45880d2411a8 tempest-ImagesOneServerTestJSON-252976865 tempest-ImagesOneServerTestJSON-252976865-project] Registering scheme swift+config with {'store': , 'location_class': , 'store_entry': 'swift'} {{(pid=122590) register_scheme_map /usr/local/lib/python3.8/dist-packages/glance_store/location.py:146}}
Aug 28 18:58:42.702884 n-d-854118-7 devstack@g-api.service[122590]: DEBUG keystoneclient.auth.identity.v3.base [None req-cbb28834-2b5e-4b01-b660-45880d2411a8 tempest-ImagesOneServerTestJSON-252976865 tempest-ImagesOneServerTestJSON-252976865-project] Making authentication request to http://10.222.0.70/identity/v3/auth/tokens {{(pid=122590) get_auth_ref /usr/local/lib/python3.8/dist-packages/keystoneclient/auth/identity/v3/base.py:187}}
Aug 28 18:58:42.745616 n-d-854118-7 devstack@g-api.service[122589]: [pid: 122589|app: 0|req: 68/186] 127.0.0.1 () {40 vars in 854 bytes} [Sun Aug 28 18:58:26 2022] GET /v2/images/8f4713f3-3245-411d-a442-ef771605d4cf/file => generated 645922816 bytes in 15770 msecs (HTTP/1.1 200) 5 headers in 218 bytes (10177 switches on core 0)
Aug 28 18:58:42.820131 n-d-854118-7 devstack@g-api.service[122590]: DEBUG keystoneclient.auth.identity.v3.base [None req-cbb28834-2b5e-4b01-b660-45880d2411a8 tempest-ImagesOneServerTestJSON-252976865 tempest-ImagesOneServerTestJSON-252976865-project] {"token": {"methods": ["password"], "user": {"domain": {"id": "default", "name": "Default"}, "id": "299bba14d2dd48c997974093cb4f443f", "name": "glance-swift", "password_expires_at": null}, "audit_ids": ["F-utw53VTVeU5Pu4xyz3VQ"], "expires_at": "2022-08-28T19:58:42.000000Z", "issued_at": "2022-08-28T18:58:42.000000Z", "project": {"domain": {"id": "default", "name": "Default"}, "id": "ea7555fde9e5404eb3b0dbfa04ee871f", "name": "service"}, "is_domain": false, "roles": [{"id": "57a3c5c9b870422597e89540164ee502", "name": "service"}, {"id": "19270012435942b6bc9e21008a315761", "name": "ResellerAdmin"}], "catalog": [{"endpoints": [{"id": "78e2c4adaa5b4661855a5699ddf7888a", "interface": "public", "region_id": "RegionOne", "url": "http://10.222.0.70/compute/v2.1", "region": "RegionOne"}], "id": "31a2241dacc4479cb0917b6080b51cc6", "type": "compute", "name": "nova"}, {"endpoints": [{"id": "93f83b152ef5432284dbf9c78119cb04", "interface": "public", "region_id": "RegionOne", "url": "http://10.222.0.70/identity", "region": "RegionOne"}], "id": "4c9a13b3b273463988e211a5087b516c", "type": "identity", "name": "keystone"}, {"endpoints": [{"id": "202b442c601f4894aed721249147c9fd", "interface": "public", "region_id": "RegionOne", "url": "http://10.222.0.70/compute/v2/ea7555fde9e5404eb3b0dbfa04ee871f", "region": "RegionOne"}], "id": "5bcafb990c46459fb442dc6abf5bf708", "type": "compute_legacy", "name": "nova_legacy"}, {"endpoints": [{"id": "31ee7e16d033450b9a8ba59ae50081bc", "interface": "public", "region_id": "RegionOne", "url": "http://10.222.0.70:9696/networking", "region": "RegionOne"}], "id": "5e4078fd722a46189350ecd2a78e85e2", "type": "network", "name": "neutron"}, {"endpoints": [{"id": "807f64e8338e4b2d9d0733f56f481e28", "interface": "public", "region_id": "RegionOne", "url": "http://10.222.0.70/placement", "region": "RegionOne"}], "id": "878201f7eb2848d79a6734fae7fdd87d", "type": "placement", "name": "placement"}, {"endpoints": [{"id": "076680dbc32b4b978c9e574ab72ec7ad", "interface": "public", "region_id": "RegionOne", "url": "http://10.222.0.70/volume/v3/ea7555fde9e5404eb3b0dbfa04ee871f", "region": "RegionOne"}], "id": "8c455f07a01f46229dfeedd27b5af38a", "type": "volumev3", "name": "cinderv3"}, {"endpoints": [{"id": "7181d79d13294640a187ef5a9780a533", "interface": "public", "region_id": "RegionOne", "url": "http://10.222.0.70/image", "region": "RegionOne"}], "id": "f12e414d0caa468c874063959c831e4f", "type": "image", "name": "glance"}, {"endpoints": [{"id": "ba4d84746d0e4ba5b581ddfd9b5000a9", "interface": "public", "region_id": "RegionOne", "url": "http://10.222.0.70/volume/v3/ea7555fde9e5404eb3b0dbfa04ee871f", "region": "RegionOne"}], "id": "f2f14046606b48c28fd09b7688634678", "type": "block-storage", "name": "cinder"}, {"endpoints": [{"id": "0e7e250106064231a1b3d1ed47c83e99", "interface": "admin", "region_id": "RegionOne", "url": "http://10.222.0.70:8080", "region": "RegionOne"}, {"id": "d7c80d2b82434f9e91d405bb3e4cf09a", "interface": "public", "region_id": "RegionOne", "url": "http://10.222.0.70:8080/v1/AUTH_ea7555fde9e5404eb3b0dbfa04ee871f", "region": "RegionOne"}], "id": "fd0b8086900a4a81955aa22125c7fb44", "type": "object-store", "name": "swift"}]}} {{(pid=122590) get_auth_ref /usr/local/lib/python3.8/dist-packages/keystoneclient/auth/identity/v3/base.py:192}}
Aug 28 18:58:42.821014 n-d-854118-7 devstack@g-api.service[122590]: DEBUG keystoneclient.httpclient [None req-cbb28834-2b5e-4b01-b660-45880d2411a8 tempest-ImagesOneServerTestJSON-252976865 tempest-ImagesOneServerTestJSON-252976865-project] Failed to find endpoint for management url admin endpoint for identity service not found {{(pid=122590) _process_management_url /usr/local/lib/python3.8/dist-packages/keystoneclient/httpclient.py:676}}
Aug 28 18:58:43.043556 n-d-854118-7 devstack@g-api.service[122590]: DEBUG swiftclient [None req-cbb28834-2b5e-4b01-b660-45880d2411a8 tempest-ImagesOneServerTestJSON-252976865 tempest-ImagesOneServerTestJSON-252976865-project] REQ: curl -i http://10.222.0.70:8080/v1/AUTH_ea7555fde9e5404eb3b0dbfa04ee871f/glance/3def1260-78a2-47ae-90a4-77c5fafc4540 -I -H "X-Auth-Token: gAAAAABjC7rijmYI..." {{(pid=122590) http_log /usr/local/lib/python3.8/dist-packages/swiftclient/client.py:157}}
Aug 28 18:58:43.043818 n-d-854118-7 devstack@g-api.service[122590]: DEBUG swiftclient [None req-cbb28834-2b5e-4b01-b660-45880d2411a8 tempest-ImagesOneServerTestJSON-252976865 tempest-ImagesOneServerTestJSON-252976865-project] RESP STATUS: 200 OK {{(pid=122590) http_log /usr/local/lib/python3.8/dist-packages/swiftclient/client.py:158}}
Aug 28 18:58:43.044376 n-d-854118-7 devstack@g-api.service[122590]: DEBUG swiftclient [None req-cbb28834-2b5e-4b01-b660-45880d2411a8 tempest-ImagesOneServerTestJSON-252976865 tempest-ImagesOneServerTestJSON-252976865-project] RESP HEADERS: {'Content-Type': 'application/octet-stream', 'X-Object-Manifest': 'glance/3def1260-78a2-47ae-90a4-77c5fafc4540-', 'Last-Modified': 'Sun, 28 Aug 2022 18:58:41 GMT', 'X-Timestamp': '1661713120.53440', 'Accept-Ranges': 'bytes', 'Content-Length': '662700032', 'Etag': '"f330357a987f858b1b81579b0ea229b9"', 'X-Trans-Id': 'txae903825011946fe8c273-00630bbae2', 'X-Openstack-Request-Id': 'txae903825011946fe8c273-00630bbae2', 'Date': 'Sun, 28 Aug 2022 18:58:43 GMT'} {{(pid=122590) http_log /usr/local/lib/python3.8/dist-packages/swiftclient/client.py:159}}
Aug 28 18:58:43.067686 n-d-854118-7 devstack@g-api.service[122590]: DEBUG swiftclient [None req-cbb28834-2b5e-4b01-b660-45880d2411a8 tempest-ImagesOneServerTestJSON-252976865 tempest-ImagesOneServerTestJSON-252976865-project] REQ: curl -i http://10.222.0.70:8080/v1/AUTH_ea7555fde9e5404eb3b0dbfa04ee871f/glance?format=json&prefix=3def1260-78a2-47ae-90a4-77c5fafc4540- -X GET -H "X-Auth-Token: gAAAAABjC7rijmYI..." -H "Accept-Encoding: gzip" {{(pid=122590) http_log /usr/local/lib/python3.8/dist-packages/swiftclient/client.py:157}}
Aug 28 18:58:43.067927 n-d-854118-7 devstack@g-api.service[122590]: DEBUG swiftclient [None req-cbb28834-2b5e-4b01-b660-45880d2411a8 tempest-ImagesOneServerTestJSON-252976865 tempest-ImagesOneServerTestJSON-252976865-project] RESP STATUS: 200 OK {{(pid=122590) http_log /usr/local/lib/python3.8/dist-packages/swiftclient/client.py:158}}
Aug 28 18:58:43.068295 n-d-854118-7 devstack@g-api.service[122590]: DEBUG swiftclient [None req-cbb28834-2b5e-4b01-b660-45880d2411a8 tempest-ImagesOneServerTestJSON-252976865 tempest-ImagesOneServerTestJSON-252976865-project] RESP HEADERS: {'Content-Type': 'application/json; charset=utf-8', 'Content-Length': '843', 'X-Container-Object-Count': '6', 'X-Container-Bytes-Used': '1308622848', 'X-Timestamp': '1661712169.40904', 'Last-Modified': 'Sun, 28 Aug 2022 18:42:50 GMT', 'Accept-Ranges': 'bytes', 'X-Storage-Policy': 'Policy-0', 'X-Container-Sharding': 'False', 'X-Trans-Id': 'txc4ae8e2ab084448a914fd-00630bbae3', 'X-Openstack-Request-Id': 'txc4ae8e2ab084448a914fd-00630bbae3', 'Date': 'Sun, 28 Aug 2022 18:58:43 GMT'} {{(pid=122590) http_log /usr/local/lib/python3.8/dist-packages/swiftclient/client.py:159}}
Aug 28 18:58:43.068863 n-d-854118-7 devstack@g-api.service[122590]: DEBUG swiftclient [None req-cbb28834-2b5e-4b01-b660-45880d2411a8 tempest-ImagesOneServerTestJSON-252976865 tempest-ImagesOneServerTestJSON-252976865-project] RESP BODY: b'[{"bytes": 204800000, "hash": "fbde4ae51ccec689e224ca790f9d4ff6", "name": "3def1260-78a2-47ae-90a4-77c5fafc4540-00001", "content_type": "application/octet-stream", "last_modified": "2022-08-28T18:58:28.488080"}, {"bytes": 204800000, "hash": "7fe99e305f0b9018fe92dc6d51063fcd", "name": "3def1260-78a2-47ae-90a4-77c5fafc4540-00002", "content_type": "application/octet-stream", "last_modified": "2022-08-28T18:58:33.589560"}, {"bytes": 204800000, "hash": "8420e560288a79f55a40e5f7449814a8", "name": "3def1260-78a2-47ae-90a4-77c5fafc4540-00003", "content_type": "application/octet-stream", "last_modified": "2022-08-28T18:58:36.647440"}, {"bytes": 48300032, "hash": "05b6a38802afefcbc660109377b93cb2", "name": "3def1260-78a2-47ae-90a4-77c5fafc4540-00004", "content_type": "application/octet-stream", "last_modified": "2022-08-28T18:58:39.780630"}]' {{(pid=122590) http_log /usr/local/lib/python3.8/dist-packages/swiftclient/client.py:163}}
Aug 28 18:58:43.103984 n-d-854118-7 devstack@g-api.service[122590]: DEBUG swiftclient [None req-cbb28834-2b5e-4b01-b660-45880d2411a8 tempest-ImagesOneServerTestJSON-252976865 tempest-ImagesOneServerTestJSON-252976865-project] REQ: curl -i http://10.222.0.70:8080/v1/AUTH_ea7555fde9e5404eb3b0dbfa04ee871f/glance/3def1260-78a2-47ae-90a4-77c5fafc4540-00001 DELETE -H "X-Auth-Token: gAAAAABjC7rijmYI..." {{(pid=122590) http_log /usr/local/lib/python3.8/dist-packages/swiftclient/client.py:157}}
Aug 28 18:58:43.104646 n-d-854118-7 devstack@g-api.service[122590]: DEBUG swiftclient [None req-cbb28834-2b5e-4b01-b660-45880d2411a8 tempest-ImagesOneServerTestJSON-252976865 tempest-ImagesOneServerTestJSON-252976865-project] RESP STATUS: 204 No Content {{(pid=122590) http_log /usr/local/lib/python3.8/dist-packages/swiftclient/client.py:158}}
Aug 28 18:58:43.105744 n-d-854118-7 devstack@g-api.service[122590]: DEBUG swiftclient [None req-cbb28834-2b5e-4b01-b660-45880d2411a8 tempest-ImagesOneServerTestJSON-252976865 tempest-ImagesOneServerTestJSON-252976865-project] RESP HEADERS: {'Content-Type': 'text/html; charset=UTF-8', 'Content-Length': '0', 'X-Trans-Id': 'txbc85d76d56bb41beb94ea-00630bbae3', 'X-Openstack-Request-Id': 'txbc85d76d56bb41beb94ea-00630bbae3', 'Date': 'Sun, 28 Aug 2022 18:58:43 GMT'} {{(pid=122590) http_log /usr/local/lib/python3.8/dist-packages/swiftclient/client.py:159}}
Aug 28 18:58:43.135479 n-d-854118-7 devstack@g-api.service[122590]: DEBUG swiftclient [None req-cbb28834-2b5e-4b01-b660-45880d2411a8 tempest-ImagesOneServerTestJSON-252976865 tempest-ImagesOneServerTestJSON-252976865-project] REQ: curl -i http://10.222.0.70:8080/v1/AUTH_ea7555fde9e5404eb3b0dbfa04ee871f/glance/3def1260-78a2-47ae-90a4-77c5fafc4540-00002 DELETE -H "X-Auth-Token: gAAAAABjC7rijmYI..." {{(pid=122590) http_log /usr/local/lib/python3.8/dist-packages/swiftclient/client.py:157}}
Aug 28 18:58:43.135895 n-d-854118-7 devstack@g-api.service[122590]: DEBUG swiftclient [None req-cbb28834-2b5e-4b01-b660-45880d2411a8 tempest-ImagesOneServerTestJSON-252976865 tempest-ImagesOneServerTestJSON-252976865-project] RESP STATUS: 204 No Content {{(pid=122590) http_log /usr/local/lib/python3.8/dist-packages/swiftclient/client.py:158}}
Aug 28 18:58:43.136432 n-d-854118-7 devstack@g-api.service[122590]: DEBUG swiftclient [None req-cbb28834-2b5e-4b01-b660-45880d2411a8 tempest-ImagesOneServerTestJSON-252976865 tempest-ImagesOneServerTestJSON-252976865-project] RESP HEADERS: {'Content-Type': 'text/html; charset=UTF-8', 'Content-Length': '0', 'X-Trans-Id': 'txc5e1bad495e7444db5b12-00630bbae3', 'X-Openstack-Request-Id': 'txc5e1bad495e7444db5b12-00630bbae3', 'Date': 'Sun, 28 Aug 2022 18:58:43 GMT'} {{(pid=122590) http_log /usr/local/lib/python3.8/dist-packages/swiftclient/client.py:159}}
Aug 28 18:58:43.143790 n-d-854118-7 devstack@g-api.service[122589]: DEBUG glance.api.middleware.version_negotiation [None req-db7603a3-5dea-4d85-a3ee-625d7eccddce tempest-LiveAutoBlockMigrationV225Test-1376760326 tempest-LiveAutoBlockMigrationV225Test-1376760326-project] Determining version of request: GET /v2/images/0ff68c0a-03a0-4eda-acf7-e67076e36169 Accept: */* {{(pid=122589) process_request /opt/stack/glance/glance/api/middleware/version_negotiation.py:44}}
Aug 28 18:58:43.145380 n-d-854118-7 devstack@g-api.service[122589]: DEBUG glance.api.middleware.version_negotiation [None req-db7603a3-5dea-4d85-a3ee-625d7eccddce tempest-LiveAutoBlockMigrationV225Test-1376760326 tempest-LiveAutoBlockMigrationV225Test-1376760326-project] Using url versioning {{(pid=122589) process_request /opt/stack/glance/glance/api/middleware/version_negotiation.py:57}}
Aug 28 18:58:43.145660 n-d-854118-7 devstack@g-api.service[122589]: DEBUG glance.api.middleware.version_negotiation [None req-db7603a3-5dea-4d85-a3ee-625d7eccddce tempest-LiveAutoBlockMigrationV225Test-1376760326 tempest-LiveAutoBlockMigrationV225Test-1376760326-project] Matched version: v2 {{(pid=122589) process_request /opt/stack/glance/glance/api/middleware/version_negotiation.py:69}}
Aug 28 18:58:43.145856 n-d-854118-7 devstack@g-api.service[122589]: DEBUG glance.api.middleware.version_negotiation [None req-db7603a3-5dea-4d85-a3ee-625d7eccddce tempest-LiveAutoBlockMigrationV225Test-1376760326 tempest-LiveAutoBlockMigrationV225Test-1376760326-project] new path /v2/images/0ff68c0a-03a0-4eda-acf7-e67076e36169 {{(pid=122589) process_request /opt/stack/glance/glance/api/middleware/version_negotiation.py:70}}
Aug 28 18:58:43.167092 n-d-854118-7 devstack@g-api.service[122589]: DEBUG glance.db.sqlalchemy.api [None req-d40fa53c-d335-46cb-b479-c98ac89c8b08 tempest-ListImageFiltersNegativeTestJSON-709128995 tempest-ListImageFiltersNegativeTestJSON-709128995-project] No image found with ID 0ff68c0a-03a0-4eda-acf7-e67076e36169 {{(pid=122589) _image_get /opt/stack/glance/glance/db/sqlalchemy/api.py:280}}
Aug 28 18:58:43.188275 n-d-854118-7 devstack@g-api.service[122589]: [pid: 122589|app: 0|req: 69/187] 127.0.0.1 () {42 vars in 1051 bytes} [Sun Aug 28 18:58:43 2022] GET /v2/images/0ff68c0a-03a0-4eda-acf7-e67076e36169 => generated 181 bytes in 37 msecs (HTTP/1.1 404) 4 headers in 172 bytes (1 switches on core 0)
Aug 28 18:58:43.278838 n-d-854118-7 devstack@g-api.service[122589]: DEBUG glance.api.middleware.version_negotiation [None req-d40fa53c-d335-46cb-b479-c98ac89c8b08 tempest-ListImageFiltersNegativeTestJSON-709128995 tempest-ListImageFiltersNegativeTestJSON-709128995-project] Determining version of request: GET /v2/images/8f4713f3-3245-411d-a442-ef771605d4cf Accept: */* {{(pid=122589) process_request /opt/stack/glance/glance/api/middleware/version_negotiation.py:44}}
Aug 28 18:58:43.279090 n-d-854118-7 devstack@g-api.service[122589]: DEBUG glance.api.middleware.version_negotiation [None req-d40fa53c-d335-46cb-b479-c98ac89c8b08 tempest-ListImageFiltersNegativeTestJSON-709128995 tempest-ListImageFiltersNegativeTestJSON-709128995-project] Using url versioning {{(pid=122589) process_request /opt/stack/glance/glance/api/middleware/version_negotiation.py:57}}
Aug 28 18:58:43.279343 n-d-854118-7 devstack@g-api.service[122589]: DEBUG glance.api.middleware.version_negotiation [None req-d40fa53c-d335-46cb-b479-c98ac89c8b08 tempest-ListImageFiltersNegativeTestJSON-709128995 tempest-ListImageFiltersNegativeTestJSON-709128995-project] Matched version: v2 {{(pid=122589) process_request /opt/stack/glance/glance/api/middleware/version_negotiation.py:69}}
Aug 28 18:58:43.279627 n-d-854118-7 devstack@g-api.service[122589]: DEBUG glance.api.middleware.version_negotiation [None req-d40fa53c-d335-46cb-b479-c98ac89c8b08 tempest-ListImageFiltersNegativeTestJSON-709128995 tempest-ListImageFiltersNegativeTestJSON-709128995-project] new path /v2/images/8f4713f3-3245-411d-a442-ef771605d4cf {{(pid=122589) process_request /opt/stack/glance/glance/api/middleware/version_negotiation.py:70}}
Aug 28 18:58:43.280584 n-d-854118-7 devstack@g-api.service[122590]: DEBUG swiftclient [None req-cbb28834-2b5e-4b01-b660-45880d2411a8 tempest-ImagesOneServerTestJSON-252976865 tempest-ImagesOneServerTestJSON-252976865-project] REQ: curl -i http://10.222.0.70:8080/v1/AUTH_ea7555fde9e5404eb3b0dbfa04ee871f/glance/3def1260-78a2-47ae-90a4-77c5fafc4540-00003 DELETE -H "X-Auth-Token: gAAAAABjC7rijmYI..." {{(pid=122590) http_log /usr/local/lib/python3.8/dist-packages/swiftclient/client.py:157}}
Aug 28 18:58:43.280933 n-d-854118-7 devstack@g-api.service[122590]: DEBUG swiftclient [None req-cbb28834-2b5e-4b01-b660-45880d2411a8 tempest-ImagesOneServerTestJSON-252976865 tempest-ImagesOneServerTestJSON-252976865-project] RESP STATUS: 204 No Content {{(pid=122590) http_log /usr/local/lib/python3.8/dist-packages/swiftclient/client.py:158}}
Aug 28 18:58:43.281381 n-d-854118-7 devstack@g-api.service[122590]: DEBUG swiftclient [None req-cbb28834-2b5e-4b01-b660-45880d2411a8 tempest-ImagesOneServerTestJSON-252976865 tempest-ImagesOneServerTestJSON-252976865-project] RESP HEADERS: {'Content-Type': 'text/html; charset=UTF-8', 'Content-Length': '0', 'X-Trans-Id': 'txb3899f44d357409cb7ba5-00630bbae3', 'X-Openstack-Request-Id': 'txb3899f44d357409cb7ba5-00630bbae3', 'Date': 'Sun, 28 Aug 2022 18:58:43 GMT'} {{(pid=122590) http_log /usr/local/lib/python3.8/dist-packages/swiftclient/client.py:159}}
Aug 28 18:58:43.301625 n-d-854118-7 devstack@g-api.service[122589]: [pid: 122589|app: 0|req: 70/188] 127.0.0.1 () {40 vars in 844 bytes} [Sun Aug 28 18:58:43 2022] GET /v2/images/8f4713f3-3245-411d-a442-ef771605d4cf => generated 946 bytes in 23 msecs (HTTP/1.1 200) 4 headers in 157 bytes (1 switches on core 0)
Aug 28 18:58:43.309026 n-d-854118-7 devstack@g-api.service[122589]: DEBUG glance.api.middleware.version_negotiation [None req-db7603a3-5dea-4d85-a3ee-625d7eccddce tempest-LiveAutoBlockMigrationV225Test-1376760326 tempest-LiveAutoBlockMigrationV225Test-1376760326-project] Determining version of request: GET /v2/schemas/image Accept: */* {{(pid=122589) process_request /opt/stack/glance/glance/api/middleware/version_negotiation.py:44}}
Aug 28 18:58:43.309738 n-d-854118-7 devstack@g-api.service[122589]: DEBUG glance.api.middleware.version_negotiation [None req-db7603a3-5dea-4d85-a3ee-625d7eccddce tempest-LiveAutoBlockMigrationV225Test-1376760326 tempest-LiveAutoBlockMigrationV225Test-1376760326-project] Using url versioning {{(pid=122589) process_request /opt/stack/glance/glance/api/middleware/version_negotiation.py:57}}
Aug 28 18:58:43.310426 n-d-854118-7 devstack@g-api.service[122589]: DEBUG glance.api.middleware.version_negotiation [None req-db7603a3-5dea-4d85-a3ee-625d7eccddce tempest-LiveAutoBlockMigrationV225Test-1376760326 tempest-LiveAutoBlockMigrationV225Test-1376760326-project] Matched version: v2 {{(pid=122589) process_request /opt/stack/glance/glance/api/middleware/version_negotiation.py:69}}
Aug 28 18:58:43.310715 n-d-854118-7 devstack@g-api.service[122589]: DEBUG glance.api.middleware.version_negotiation [None req-db7603a3-5dea-4d85-a3ee-625d7eccddce tempest-LiveAutoBlockMigrationV225Test-1376760326 tempest-LiveAutoBlockMigrationV225Test-1376760326-project] new path /v2/schemas/image {{(pid=122589) process_request /opt/stack/glance/glance/api/middleware/version_negotiation.py:70}}
Aug 28 18:58:43.317841 n-d-854118-7 devstack@g-api.service[122590]: DEBUG swiftclient [None req-cbb28834-2b5e-4b01-b660-45880d2411a8 tempest-ImagesOneServerTestJSON-252976865 tempest-ImagesOneServerTestJSON-252976865-project] REQ: curl -i http://10.222.0.70:8080/v1/AUTH_ea7555fde9e5404eb3b0dbfa04ee871f/glance/3def1260-78a2-47ae-90a4-77c5fafc4540-00004 DELETE -H "X-Auth-Token: gAAAAABjC7rijmYI..." {{(pid=122590) http_log /usr/local/lib/python3.8/dist-packages/swiftclient/client.py:157}}
Aug 28 18:58:43.318251 n-d-854118-7 devstack@g-api.service[122590]: DEBUG swiftclient [None req-cbb28834-2b5e-4b01-b660-45880d2411a8 tempest-ImagesOneServerTestJSON-252976865 tempest-ImagesOneServerTestJSON-252976865-project] RESP STATUS: 204 No Content {{(pid=122590) http_log /usr/local/lib/python3.8/dist-packages/swiftclient/client.py:158}}
Aug 28 18:58:43.318555 n-d-854118-7 devstack@g-api.service[122590]: DEBUG swiftclient [None req-cbb28834-2b5e-4b01-b660-45880d2411a8 tempest-ImagesOneServerTestJSON-252976865 tempest-ImagesOneServerTestJSON-252976865-project] RESP HEADERS: {'Content-Type': 'text/html; charset=UTF-8', 'Content-Length': '0', 'X-Trans-Id': 'txcd2b46a45e8b47e8a5088-00630bbae3', 'X-Openstack-Request-Id': 'txcd2b46a45e8b47e8a5088-00630bbae3', 'Date': 'Sun, 28 Aug 2022 18:58:43 GMT'} {{(pid=122590) http_log /usr/local/lib/python3.8/dist-packages/swiftclient/client.py:159}}
Aug 28 18:58:43.331070 n-d-854118-7 devstack@g-api.service[122589]: [pid: 122589|app: 0|req: 71/189] 127.0.0.1 () {40 vars in 784 bytes} [Sun Aug 28 18:58:43 2022] GET /v2/schemas/image => generated 6083 bytes in 23 msecs (HTTP/1.1 200) 4 headers in 158 bytes (1 switches on core 0)
Aug 28 18:58:43.362194 n-d-854118-7 devstack@g-api.service[122590]: DEBUG swiftclient [None req-cbb28834-2b5e-4b01-b660-45880d2411a8 tempest-ImagesOneServerTestJSON-252976865 tempest-ImagesOneServerTestJSON-252976865-project] REQ: curl -i http://10.222.0.70:8080/v1/AUTH_ea7555fde9e5404eb3b0dbfa04ee871f/glance/3def1260-78a2-47ae-90a4-77c5fafc4540 DELETE -H "X-Auth-Token: gAAAAABjC7rijmYI..." {{(pid=122590) http_log /usr/local/lib/python3.8/dist-packages/swiftclient/client.py:157}}
Aug 28 18:58:43.362774 n-d-854118-7 devstack@g-api.service[122590]: DEBUG swiftclient [None req-cbb28834-2b5e-4b01-b660-45880d2411a8 tempest-ImagesOneServerTestJSON-252976865 tempest-ImagesOneServerTestJSON-252976865-project] RESP STATUS: 204 No Content {{(pid=122590) http_log /usr/local/lib/python3.8/dist-packages/swiftclient/client.py:158}}
Aug 28 18:58:43.363318 n-d-854118-7 devstack@g-api.service[122590]: DEBUG swiftclient [None req-cbb28834-2b5e-4b01-b660-45880d2411a8 tempest-ImagesOneServerTestJSON-252976865 tempest-ImagesOneServerTestJSON-252976865-project] RESP HEADERS: {'Content-Type': 'text/html; charset=UTF-8', 'Content-Length': '0', 'X-Trans-Id': 'tx55ec7f82e3d9426fa33a0-00630bbae3', 'X-Openstack-Request-Id': 'tx55ec7f82e3d9426fa33a0-00630bbae3', 'Date': 'Sun, 28 Aug 2022 18:58:43 GMT'} {{(pid=122590) http_log /usr/local/lib/python3.8/dist-packages/swiftclient/client.py:159}}
Aug 28 18:58:43.538302 n-d-854118-7 devstack@g-api.service[122590]: [pid: 122590|app: 0|req: 119/190] 127.0.0.1 () {44 vars in 1073 bytes} [Sun Aug 28 18:58:42 2022] DELETE /v2/images/3def1260-78a2-47ae-90a4-77c5fafc4540 => generated 0 bytes in 871 msecs (HTTP/1.1 204) 4 headers in 171 bytes (1 switches on core 0)
Aug 28 18:58:44.114592 n-d-854118-7 devstack@g-api.service[122589]: DEBUG glance.api.middleware.version_negotiation [None req-db7603a3-5dea-4d85-a3ee-625d7eccddce tempest-LiveAutoBlockMigrationV225Test-1376760326 tempest-LiveAutoBlockMigrationV225Test-1376760326-project] Determining version of request: DELETE /v2/images/f6dc7ea8-cf50-48dd-b452-878b810954c0 Accept: */* {{(pid=122589) process_request /opt/stack/glance/glance/api/middleware/version_negotiation.py:44}}
Aug 28 18:58:44.115689 n-d-854118-7 devstack@g-api.service[122589]: DEBUG glance.api.middleware.version_negotiation [None req-db7603a3-5dea-4d85-a3ee-625d7eccddce tempest-LiveAutoBlockMigrationV225Test-1376760326 tempest-LiveAutoBlockMigrationV225Test-1376760326-project] Using url versioning {{(pid=122589) process_request /opt/stack/glance/glance/api/middleware/version_negotiation.py:57}}
Aug 28 18:58:44.116937 n-d-854118-7 devstack@g-api.service[122589]: DEBUG glance.api.middleware.version_negotiation [None req-db7603a3-5dea-4d85-a3ee-625d7eccddce tempest-LiveAutoBlockMigrationV225Test-1376760326 tempest-LiveAutoBlockMigrationV225Test-1376760326-project] Matched version: v2 {{(pid=122589) process_request /opt/stack/glance/glance/api/middleware/version_negotiation.py:69}}
Aug 28 18:58:44.117400 n-d-854118-7 devstack@g-api.service[122589]: DEBUG glance.api.middleware.version_negotiation [None req-db7603a3-5dea-4d85-a3ee-625d7eccddce tempest-LiveAutoBlockMigrationV225Test-1376760326 tempest-LiveAutoBlockMigrationV225Test-1376760326-project] new path /v2/images/f6dc7ea8-cf50-48dd-b452-878b810954c0 {{(pid=122589) process_request /opt/stack/glance/glance/api/middleware/version_negotiation.py:70}}
Aug 28 18:58:44.129889 n-d-854118-7 devstack@g-api.service[122589]: DEBUG glance.db.sqlalchemy.api [None req-254beac6-6331-4a99-8edc-918f86e53271 tempest-ImagesOneServerTestJSON-252976865 tempest-ImagesOneServerTestJSON-252976865-project] No image found with ID f6dc7ea8-cf50-48dd-b452-878b810954c0 {{(pid=122589) _image_get /opt/stack/glance/glance/db/sqlalchemy/api.py:280}}
Aug 28 18:58:44.130827 n-d-854118-7 devstack@g-api.service[122589]: WARNING glance.api.v2.images [None req-254beac6-6331-4a99-8edc-918f86e53271 tempest-ImagesOneServerTestJSON-252976865 tempest-ImagesOneServerTestJSON-252976865-project] Failed to find image f6dc7ea8-cf50-48dd-b452-878b810954c0 to delete: glance.common.exception.ImageNotFound: No image found with ID f6dc7ea8-cf50-48dd-b452-878b810954c0
Aug 28 18:58:44.147997 n-d-854118-7 devstack@g-api.service[122589]: [pid: 122589|app: 0|req: 72/191] 127.0.0.1 () {44 vars in 1073 bytes} [Sun Aug 28 18:58:44 2022] DELETE /v2/images/f6dc7ea8-cf50-48dd-b452-878b810954c0 => generated 189 bytes in 26 msecs (HTTP/1.1 404) 4 headers in 172 bytes (1 switches on core 0)
Aug 28 18:58:44.416817 n-d-854118-7 devstack@g-api.service[122590]: DEBUG glance.api.middleware.version_negotiation [None req-cbb28834-2b5e-4b01-b660-45880d2411a8 tempest-ImagesOneServerTestJSON-252976865 tempest-ImagesOneServerTestJSON-252976865-project] Determining version of request: GET /v2/images/8f4713f3-3245-411d-a442-ef771605d4cf Accept: */* {{(pid=122590) process_request /opt/stack/glance/glance/api/middleware/version_negotiation.py:44}}
Aug 28 18:58:44.417438 n-d-854118-7 devstack@g-api.service[122590]: DEBUG glance.api.middleware.version_negotiation [None req-cbb28834-2b5e-4b01-b660-45880d2411a8 tempest-ImagesOneServerTestJSON-252976865 tempest-ImagesOneServerTestJSON-252976865-project] Using url versioning {{(pid=122590) process_request /opt/stack/glance/glance/api/middleware/version_negotiation.py:57}}
Aug 28 18:58:44.417438 n-d-854118-7 devstack@g-api.service[122590]: DEBUG glance.api.middleware.version_negotiation [None req-cbb28834-2b5e-4b01-b660-45880d2411a8 tempest-ImagesOneServerTestJSON-252976865 tempest-ImagesOneServerTestJSON-252976865-project] Matched version: v2 {{(pid=122590) process_request /opt/stack/glance/glance/api/middleware/version_negotiation.py:69}}
Aug 28 18:58:44.417727 n-d-854118-7 devstack@g-api.service[122590]: DEBUG glance.api.middleware.version_negotiation [None req-cbb28834-2b5e-4b01-b660-45880d2411a8 tempest-ImagesOneServerTestJSON-252976865 tempest-ImagesOneServerTestJSON-252976865-project] new path /v2/images/8f4713f3-3245-411d-a442-ef771605d4cf {{(pid=122590) process_request /opt/stack/glance/glance/api/middleware/version_negotiation.py:70}}
Aug 28 18:58:44.440906 n-d-854118-7 devstack@g-api.service[122590]: [pid: 122590|app: 0|req: 120/192] 127.0.0.1 () {40 vars in 844 bytes} [Sun Aug 28 18:58:44 2022] GET /v2/images/8f4713f3-3245-411d-a442-ef771605d4cf => generated 946 bytes in 24 msecs (HTTP/1.1 200) 4 headers in 157 bytes (1 switches on core 0)
Aug 28 18:58:44.441770 n-d-854118-7 devstack@g-api.service[122589]: DEBUG glance.api.middleware.version_negotiation [None req-254beac6-6331-4a99-8edc-918f86e53271 tempest-ImagesOneServerTestJSON-252976865 tempest-ImagesOneServerTestJSON-252976865-project] Determining version of request: GET /v2/schemas/image Accept: */* {{(pid=122589) process_request /opt/stack/glance/glance/api/middleware/version_negotiation.py:44}}
Aug 28 18:58:44.442185 n-d-854118-7 devstack@g-api.service[122589]: DEBUG glance.api.middleware.version_negotiation [None req-254beac6-6331-4a99-8edc-918f86e53271 tempest-ImagesOneServerTestJSON-252976865 tempest-ImagesOneServerTestJSON-252976865-project] Using url versioning {{(pid=122589) process_request /opt/stack/glance/glance/api/middleware/version_negotiation.py:57}}
Aug 28 18:58:44.442520 n-d-854118-7 devstack@g-api.service[122589]: DEBUG glance.api.middleware.version_negotiation [None req-254beac6-6331-4a99-8edc-918f86e53271 tempest-ImagesOneServerTestJSON-252976865 tempest-ImagesOneServerTestJSON-252976865-project] Matched version: v2 {{(pid=122589) process_request /opt/stack/glance/glance/api/middleware/version_negotiation.py:69}}
Aug 28 18:58:44.442877 n-d-854118-7 devstack@g-api.service[122589]: DEBUG glance.api.middleware.version_negotiation [None req-254beac6-6331-4a99-8edc-918f86e53271 tempest-ImagesOneServerTestJSON-252976865 tempest-ImagesOneServerTestJSON-252976865-project] new path /v2/schemas/image {{(pid=122589) process_request /opt/stack/glance/glance/api/middleware/version_negotiation.py:70}}
Aug 28 18:58:44.448211 n-d-854118-7 devstack@g-api.service[122589]: [pid: 122589|app: 0|req: 73/193] 127.0.0.1 () {40 vars in 784 bytes} [Sun Aug 28 18:58:44 2022] GET /v2/schemas/image => generated 6083 bytes in 7 msecs (HTTP/1.1 200) 4 headers in 158 bytes (1 switches on core 0)
Aug 28 18:58:46.290688 n-d-854118-7 devstack@g-api.service[122590]: DEBUG glance.api.middleware.version_negotiation [None req-db7603a3-5dea-4d85-a3ee-625d7eccddce tempest-LiveAutoBlockMigrationV225Test-1376760326 tempest-LiveAutoBlockMigrationV225Test-1376760326-project] Determining version of request: GET /v2/images/8f4713f3-3245-411d-a442-ef771605d4cf Accept: */* {{(pid=122590) process_request /opt/stack/glance/glance/api/middleware/version_negotiation.py:44}}
Aug 28 18:58:46.291401 n-d-854118-7 devstack@g-api.service[122590]: DEBUG glance.api.middleware.version_negotiation [None req-db7603a3-5dea-4d85-a3ee-625d7eccddce tempest-LiveAutoBlockMigrationV225Test-1376760326 tempest-LiveAutoBlockMigrationV225Test-1376760326-project] Using url versioning {{(pid=122590) process_request /opt/stack/glance/glance/api/middleware/version_negotiation.py:57}}
Aug 28 18:58:46.291518 n-d-854118-7 devstack@g-api.service[122590]: DEBUG glance.api.middleware.version_negotiation [None req-db7603a3-5dea-4d85-a3ee-625d7eccddce tempest-LiveAutoBlockMigrationV225Test-1376760326 tempest-LiveAutoBlockMigrationV225Test-1376760326-project] Matched version: v2 {{(pid=122590) process_request /opt/stack/glance/glance/api/middleware/version_negotiation.py:69}}
Aug 28 18:58:46.291727 n-d-854118-7 devstack@g-api.service[122590]: DEBUG glance.api.middleware.version_negotiation [None req-db7603a3-5dea-4d85-a3ee-625d7eccddce tempest-LiveAutoBlockMigrationV225Test-1376760326 tempest-LiveAutoBlockMigrationV225Test-1376760326-project] new path /v2/images/8f4713f3-3245-411d-a442-ef771605d4cf {{(pid=122590) process_request /opt/stack/glance/glance/api/middleware/version_negotiation.py:70}}
Aug 28 18:58:46.319509 n-d-854118-7 devstack@g-api.service[122590]: [pid: 122590|app: 0|req: 121/194] 127.0.0.1 () {40 vars in 844 bytes} [Sun Aug 28 18:58:46 2022] GET /v2/images/8f4713f3-3245-411d-a442-ef771605d4cf => generated 946 bytes in 29 msecs (HTTP/1.1 200) 4 headers in 157 bytes (1 switches on core 0)
Aug 28 18:58:46.325007 n-d-854118-7 devstack@g-api.service[122589]: DEBUG glance.api.middleware.version_negotiation [None req-db7603a3-5dea-4d85-a3ee-625d7eccddce tempest-LiveAutoBlockMigrationV225Test-1376760326 tempest-LiveAutoBlockMigrationV225Test-1376760326-project] Determining version of request: GET /v2/schemas/image Accept: */* {{(pid=122589) process_request /opt/stack/glance/glance/api/middleware/version_negotiation.py:44}}
Aug 28 18:58:46.326078 n-d-854118-7 devstack@g-api.service[122589]: DEBUG glance.api.middleware.version_negotiation [None req-db7603a3-5dea-4d85-a3ee-625d7eccddce tempest-LiveAutoBlockMigrationV225Test-1376760326 tempest-LiveAutoBlockMigrationV225Test-1376760326-project] Using url versioning {{(pid=122589) process_request /opt/stack/glance/glance/api/middleware/version_negotiation.py:57}}
Aug 28 18:58:46.326596 n-d-854118-7 devstack@g-api.service[122589]: DEBUG glance.api.middleware.version_negotiation [None req-db7603a3-5dea-4d85-a3ee-625d7eccddce tempest-LiveAutoBlockMigrationV225Test-1376760326 tempest-LiveAutoBlockMigrationV225Test-1376760326-project] Matched version: v2 {{(pid=122589) process_request /opt/stack/glance/glance/api/middleware/version_negotiation.py:69}}
Aug 28 18:58:46.326915 n-d-854118-7 devstack@g-api.service[122589]: DEBUG glance.api.middleware.version_negotiation [None req-db7603a3-5dea-4d85-a3ee-625d7eccddce tempest-LiveAutoBlockMigrationV225Test-1376760326 tempest-LiveAutoBlockMigrationV225Test-1376760326-project] new path /v2/schemas/image {{(pid=122589) process_request /opt/stack/glance/glance/api/middleware/version_negotiation.py:70}}
Aug 28 18:58:46.332658 n-d-854118-7 devstack@g-api.service[122589]: [pid: 122589|app: 0|req: 74/195] 127.0.0.1 () {40 vars in 784 bytes} [Sun Aug 28 18:58:46 2022] GET /v2/schemas/image => generated 6083 bytes in 8 msecs (HTTP/1.1 200) 4 headers in 158 bytes (1 switches on core 0)
Aug 28 18:58:46.956741 n-d-854118-7 devstack@g-api.service[122590]: DEBUG glance.api.middleware.version_negotiation [None req-db7603a3-5dea-4d85-a3ee-625d7eccddce tempest-LiveAutoBlockMigrationV225Test-1376760326 tempest-LiveAutoBlockMigrationV225Test-1376760326-project] Determining version of request: GET /v2/images/8f4713f3-3245-411d-a442-ef771605d4cf Accept: */* {{(pid=122590) process_request /opt/stack/glance/glance/api/middleware/version_negotiation.py:44}}
Aug 28 18:58:46.957958 n-d-854118-7 devstack@g-api.service[122590]: DEBUG glance.api.middleware.version_negotiation [None req-db7603a3-5dea-4d85-a3ee-625d7eccddce tempest-LiveAutoBlockMigrationV225Test-1376760326 tempest-LiveAutoBlockMigrationV225Test-1376760326-project] Using url versioning {{(pid=122590) process_request /opt/stack/glance/glance/api/middleware/version_negotiation.py:57}}
Aug 28 18:58:46.958595 n-d-854118-7 devstack@g-api.service[122590]: DEBUG glance.api.middleware.version_negotiation [None req-db7603a3-5dea-4d85-a3ee-625d7eccddce tempest-LiveAutoBlockMigrationV225Test-1376760326 tempest-LiveAutoBlockMigrationV225Test-1376760326-project] Matched version: v2 {{(pid=122590) process_request /opt/stack/glance/glance/api/middleware/version_negotiation.py:69}}
Aug 28 18:58:46.959094 n-d-854118-7 devstack@g-api.service[122590]: DEBUG glance.api.middleware.version_negotiation [None req-db7603a3-5dea-4d85-a3ee-625d7eccddce tempest-LiveAutoBlockMigrationV225Test-1376760326 tempest-LiveAutoBlockMigrationV225Test-1376760326-project] new path /v2/images/8f4713f3-3245-411d-a442-ef771605d4cf {{(pid=122590) process_request /opt/stack/glance/glance/api/middleware/version_negotiation.py:70}}
Aug 28 18:58:47.006935 n-d-854118-7 devstack@g-api.service[122589]: DEBUG glance.api.middleware.version_negotiation [None req-db7603a3-5dea-4d85-a3ee-625d7eccddce tempest-LiveAutoBlockMigrationV225Test-1376760326 tempest-LiveAutoBlockMigrationV225Test-1376760326-project] Determining version of request: GET /v2/schemas/image Accept: */* {{(pid=122589) process_request /opt/stack/glance/glance/api/middleware/version_negotiation.py:44}}
Aug 28 18:58:47.007287 n-d-854118-7 devstack@g-api.service[122590]: [pid: 122590|app: 0|req: 122/196] 127.0.0.1 () {42 vars in 1051 bytes} [Sun Aug 28 18:58:46 2022] GET /v2/images/8f4713f3-3245-411d-a442-ef771605d4cf => generated 946 bytes in 51 msecs (HTTP/1.1 200) 4 headers in 157 bytes (1 switches on core 0)
Aug 28 18:58:47.007433 n-d-854118-7 devstack@g-api.service[122589]: DEBUG glance.api.middleware.version_negotiation [None req-db7603a3-5dea-4d85-a3ee-625d7eccddce tempest-LiveAutoBlockMigrationV225Test-1376760326 tempest-LiveAutoBlockMigrationV225Test-1376760326-project] Using url versioning {{(pid=122589) process_request /opt/stack/glance/glance/api/middleware/version_negotiation.py:57}}
Aug 28 18:58:47.007658 n-d-854118-7 devstack@g-api.service[122589]: DEBUG glance.api.middleware.version_negotiation [None req-db7603a3-5dea-4d85-a3ee-625d7eccddce tempest-LiveAutoBlockMigrationV225Test-1376760326 tempest-LiveAutoBlockMigrationV225Test-1376760326-project] Matched version: v2 {{(pid=122589) process_request /opt/stack/glance/glance/api/middleware/version_negotiation.py:69}}
Aug 28 18:58:47.008020 n-d-854118-7 devstack@g-api.service[122589]: DEBUG glance.api.middleware.version_negotiation [None req-db7603a3-5dea-4d85-a3ee-625d7eccddce tempest-LiveAutoBlockMigrationV225Test-1376760326 tempest-LiveAutoBlockMigrationV225Test-1376760326-project] new path /v2/schemas/image {{(pid=122589) process_request /opt/stack/glance/glance/api/middleware/version_negotiation.py:70}}
Aug 28 18:58:47.014387 n-d-854118-7 devstack@g-api.service[122589]: [pid: 122589|app: 0|req: 75/197] 127.0.0.1 () {42 vars in 991 bytes} [Sun Aug 28 18:58:47 2022] GET /v2/schemas/image => generated 6083 bytes in 8 msecs (HTTP/1.1 200) 4 headers in 158 bytes (1 switches on core 0)
Aug 28 18:58:50.317077 n-d-854118-7 devstack@g-api.service[122590]: DEBUG glance.api.middleware.version_negotiation [None req-fcf82cd5-f060-4589-bde9-15b0cdae60cb tempest-LiveMigrationTest-946550624 tempest-LiveMigrationTest-946550624-project] Determining version of request: GET /v2/images/8f4713f3-3245-411d-a442-ef771605d4cf Accept: */* {{(pid=122590) process_request /opt/stack/glance/glance/api/middleware/version_negotiation.py:44}}
Aug 28 18:58:50.317642 n-d-854118-7 devstack@g-api.service[122590]: DEBUG glance.api.middleware.version_negotiation [None req-fcf82cd5-f060-4589-bde9-15b0cdae60cb tempest-LiveMigrationTest-946550624 tempest-LiveMigrationTest-946550624-project] Using url versioning {{(pid=122590) process_request /opt/stack/glance/glance/api/middleware/version_negotiation.py:57}}
Aug 28 18:58:50.318022 n-d-854118-7 devstack@g-api.service[122590]: DEBUG glance.api.middleware.version_negotiation [None req-fcf82cd5-f060-4589-bde9-15b0cdae60cb tempest-LiveMigrationTest-946550624 tempest-LiveMigrationTest-946550624-project] Matched version: v2 {{(pid=122590) process_request /opt/stack/glance/glance/api/middleware/version_negotiation.py:69}}
Aug 28 18:58:50.318431 n-d-854118-7 devstack@g-api.service[122590]: DEBUG glance.api.middleware.version_negotiation [None req-fcf82cd5-f060-4589-bde9-15b0cdae60cb tempest-LiveMigrationTest-946550624 tempest-LiveMigrationTest-946550624-project] new path /v2/images/8f4713f3-3245-411d-a442-ef771605d4cf {{(pid=122590) process_request /opt/stack/glance/glance/api/middleware/version_negotiation.py:70}}
Aug 28 18:58:50.366308 n-d-854118-7 devstack@g-api.service[122590]: [pid: 122590|app: 0|req: 123/198] 127.0.0.1 () {42 vars in 1051 bytes} [Sun Aug 28 18:58:50 2022] GET /v2/images/8f4713f3-3245-411d-a442-ef771605d4cf => generated 946 bytes in 50 msecs (HTTP/1.1 200) 4 headers in 157 bytes (1 switches on core 0)
Aug 28 18:58:50.373779 n-d-854118-7 devstack@g-api.service[122589]: DEBUG glance.api.middleware.version_negotiation [None req-fcf82cd5-f060-4589-bde9-15b0cdae60cb tempest-LiveMigrationTest-946550624 tempest-LiveMigrationTest-946550624-project] Determining version of request: GET /v2/schemas/image Accept: */* {{(pid=122589) process_request /opt/stack/glance/glance/api/middleware/version_negotiation.py:44}}
Aug 28 18:58:50.373779 n-d-854118-7 devstack@g-api.service[122589]: DEBUG glance.api.middleware.version_negotiation [None req-fcf82cd5-f060-4589-bde9-15b0cdae60cb tempest-LiveMigrationTest-946550624 tempest-LiveMigrationTest-946550624-project] Using url versioning {{(pid=122589) process_request /opt/stack/glance/glance/api/middleware/version_negotiation.py:57}}
Aug 28 18:58:50.373779 n-d-854118-7 devstack@g-api.service[122589]: DEBUG glance.api.middleware.version_negotiation [None req-fcf82cd5-f060-4589-bde9-15b0cdae60cb tempest-LiveMigrationTest-946550624 tempest-LiveMigrationTest-946550624-project] Matched version: v2 {{(pid=122589) process_request /opt/stack/glance/glance/api/middleware/version_negotiation.py:69}}
Aug 28 18:58:50.373779 n-d-854118-7 devstack@g-api.service[122589]: DEBUG glance.api.middleware.version_negotiation [None req-fcf82cd5-f060-4589-bde9-15b0cdae60cb tempest-LiveMigrationTest-946550624 tempest-LiveMigrationTest-946550624-project] new path /v2/schemas/image {{(pid=122589) process_request /opt/stack/glance/glance/api/middleware/version_negotiation.py:70}}
Aug 28 18:58:50.378240 n-d-854118-7 devstack@g-api.service[122589]: [pid: 122589|app: 0|req: 76/199] 127.0.0.1 () {42 vars in 991 bytes} [Sun Aug 28 18:58:50 2022] GET /v2/schemas/image => generated 6083 bytes in 7 msecs (HTTP/1.1 200) 4 headers in 158 bytes (1 switches on core 0)
Aug 28 18:58:54.125376 n-d-854118-7 devstack@g-api.service[122589]: DEBUG dbcounter [-] [122589] Writing DB stats glance:SELECT=8 {{(pid=122589) stat_writer /usr/local/lib/python3.8/dist-packages/dbcounter.py:114}}
Aug 28 18:59:00.361439 n-d-854118-7 devstack@g-api.service[122590]: DEBUG dbcounter [-] [122590] Writing DB stats glance:SELECT=68,glance:UPDATE=18,glance:INSERT=1 {{(pid=122590) stat_writer /usr/local/lib/python3.8/dist-packages/dbcounter.py:114}}
Aug 28 18:59:11.864319 n-d-854118-7 devstack@g-api.service[122590]: DEBUG glance.api.middleware.version_negotiation [None req-b4b5be22-b397-4d9e-b18b-ff4c9ff3f927 tempest-ServersTestJSON-2009141061 tempest-ServersTestJSON-2009141061-project] Determining version of request: GET /v2/images/8f4713f3-3245-411d-a442-ef771605d4cf Accept: */* {{(pid=122590) process_request /opt/stack/glance/glance/api/middleware/version_negotiation.py:44}}
Aug 28 18:59:11.864999 n-d-854118-7 devstack@g-api.service[122590]: DEBUG glance.api.middleware.version_negotiation [None req-b4b5be22-b397-4d9e-b18b-ff4c9ff3f927 tempest-ServersTestJSON-2009141061 tempest-ServersTestJSON-2009141061-project] Using url versioning {{(pid=122590) process_request /opt/stack/glance/glance/api/middleware/version_negotiation.py:57}}
Aug 28 18:59:11.865314 n-d-854118-7 devstack@g-api.service[122590]: DEBUG glance.api.middleware.version_negotiation [None req-b4b5be22-b397-4d9e-b18b-ff4c9ff3f927 tempest-ServersTestJSON-2009141061 tempest-ServersTestJSON-2009141061-project] Matched version: v2 {{(pid=122590) process_request /opt/stack/glance/glance/api/middleware/version_negotiation.py:69}}
Aug 28 18:59:11.865711 n-d-854118-7 devstack@g-api.service[122590]: DEBUG glance.api.middleware.version_negotiation [None req-b4b5be22-b397-4d9e-b18b-ff4c9ff3f927 tempest-ServersTestJSON-2009141061 tempest-ServersTestJSON-2009141061-project] new path /v2/images/8f4713f3-3245-411d-a442-ef771605d4cf {{(pid=122590) process_request /opt/stack/glance/glance/api/middleware/version_negotiation.py:70}}
Aug 28 18:59:11.926211 n-d-854118-7 devstack@g-api.service[122590]: [pid: 122590|app: 0|req: 124/200] 127.0.0.1 () {42 vars in 1051 bytes} [Sun Aug 28 18:59:11 2022] GET /v2/images/8f4713f3-3245-411d-a442-ef771605d4cf => generated 946 bytes in 63 msecs (HTTP/1.1 200) 4 headers in 157 bytes (1 switches on core 0)
Aug 28 18:59:11.929309 n-d-854118-7 devstack@g-api.service[122589]: DEBUG glance.api.middleware.version_negotiation [None req-b4b5be22-b397-4d9e-b18b-ff4c9ff3f927 tempest-ServersTestJSON-2009141061 tempest-ServersTestJSON-2009141061-project] Determining version of request: GET /v2/schemas/image Accept: */* {{(pid=122589) process_request /opt/stack/glance/glance/api/middleware/version_negotiation.py:44}}
Aug 28 18:59:11.929843 n-d-854118-7 devstack@g-api.service[122589]: DEBUG glance.api.middleware.version_negotiation [None req-b4b5be22-b397-4d9e-b18b-ff4c9ff3f927 tempest-ServersTestJSON-2009141061 tempest-ServersTestJSON-2009141061-project] Using url versioning {{(pid=122589) process_request /opt/stack/glance/glance/api/middleware/version_negotiation.py:57}}
Aug 28 18:59:11.929843 n-d-854118-7 devstack@g-api.service[122589]: DEBUG glance.api.middleware.version_negotiation [None req-b4b5be22-b397-4d9e-b18b-ff4c9ff3f927 tempest-ServersTestJSON-2009141061 tempest-ServersTestJSON-2009141061-project] Matched version: v2 {{(pid=122589) process_request /opt/stack/glance/glance/api/middleware/version_negotiation.py:69}}
Aug 28 18:59:11.930039 n-d-854118-7 devstack@g-api.service[122589]: DEBUG glance.api.middleware.version_negotiation [None req-b4b5be22-b397-4d9e-b18b-ff4c9ff3f927 tempest-ServersTestJSON-2009141061 tempest-ServersTestJSON-2009141061-project] new path /v2/schemas/image {{(pid=122589) process_request /opt/stack/glance/glance/api/middleware/version_negotiation.py:70}}
