Aug 24 21:22:32.738460 n-d-854118-4 devstack@keystone.service[82103]: ERROR keystone.server.flask.application
File "/usr/local/lib/python3.8/dist-packages/dogpile/cache/region.py", line 995, in gen_value
Aug 24 21:22:32.738460 n-d-854118-4 devstack@keystone.service[82103]: ERROR keystone.server.flask.application created_value = creator(
Aug 24 21:22:32.738460 n-d-854118-4 devstack@keystone.service[82103]: ERROR keystone.server.flask.application
File "/opt/stack/keystone/keystone/assignment/core.py", line 1276, in get_role
Aug 24 21:22:32.738460 n-d-854118-4 devstack@keystone.service[82103]: ERROR keystone.server.flask.application return self.driver.get_role(role_id)
Aug 24 21:22:32.738460 n-d-854118-4 devstack@keystone.service[82103]: ERROR keystone.server.flask.application
File "/opt/stack/keystone/keystone/assignment/role_backends/sql.py", line 70, in get_role
Aug 24 21:22:32.738460 n-d-854118-4 devstack@keystone.service[82103]: ERROR keystone.server.flask.application return self._get_role(session, role_id).to_dict()
Aug 24 21:22:32.738460 n-d-854118-4 devstack@keystone.service[82103]: ERROR keystone.server.flask.application
File "/opt/stack/keystone/keystone/assignment/role_backends/sql.py", line 65, in _get_role
Aug 24 21:22:32.738460 n-d-854118-4 devstack@keystone.service[82103]: ERROR keystone.server.flask.application raise exception.RoleNotFound(role_id=role_id)
Aug 24 21:22:32.738460 n-d-854118-4 devstack@keystone.service[82103]: ERROR keystone.server.flask.application keystone.exception.RoleNotFound: Could not find role: member.
Aug 24 21:22:32.738460 n-d-854118-4 devstack@keystone.service[82103]: ERROR keystone.server.flask.application
Aug 24 21:22:32.738460 n-d-854118-4 devstack@keystone.service[82103]: [pid: 82103|app: 0|req: 202/420] 10.222.0.82 () {56 vars in 1099 bytes} [Wed Aug 24 21:22:32 2022] GET /identity/v3/roles/member => generated 84 bytes in 242 msecs (HTTP/1.1 404) 5 headers in 183 bytes (1 switches on core 0)
Aug 24 21:22:32.744417 n-d-854118-4 devstack@keystone.service[82102]: DEBUG keystone.server.flask.request_processing.middleware.auth_context [None req-47f6c545-84f9-4e5b-a870-3ea9dc509b1b None admin] Authenticating user token {{(pid=82102) process_request /usr/local/lib/python3.8/dist-packages/keystonemiddleware/auth_token/__init__.py:407}}
Aug 24 21:22:32.763472 n-d-854118-4 devstack@keystone.service[82103]: DEBUG keystone.server.flask.request_processing.middleware.auth_context [None req-16e31b46-734c-4cf0-a852-4679be9311c5 None admin] Authenticating user token {{(pid=82103) process_request /usr/local/lib/python3.8/dist-packages/keystonemiddleware/auth_token/__init__.py:407}}
Aug 24 21:22:32.893057 n-d-854118-4 devstack@keystone.service[82103]: DEBUG dbcounter [-] [82103] Writing DB stats keystone:SELECT=100 {{(pid=82103) stat_writer /usr/local/lib/python3.8/dist-packages/dbcounter.py:114}}
Aug 24 21:22:32.946816 n-d-854118-4 devstack@keystone.service[82102]: DEBUG keystone.server.flask.request_processing.middleware.auth_context [None req-47f6c545-84f9-4e5b-a870-3ea9dc509b1b None admin] Validating token access rules against request {{(pid=82102) validate_allowed_request /usr/local/lib/python3.8/dist-packages/keystonemiddleware/auth_token/__init__.py:545}}
Aug 24 21:22:32.956952 n-d-854118-4 devstack@keystone.service[82102]: DEBUG dbcounter [-] [82102] Writing DB stats keystone:SELECT=99,keystone:INSERT=1 {{(pid=82102) stat_writer /usr/local/lib/python3.8/dist-packages/dbcounter.py:114}}
Aug 24 21:22:32.959498 n-d-854118-4 devstack@keystone.service[82103]: DEBUG keystone.server.flask.request_processing.middleware.auth_context [None req-16e31b46-734c-4cf0-a852-4679be9311c5 None admin] Validating token access rules against request {{(pid=82103) validate_allowed_request /usr/local/lib/python3.8/dist-packages/keystonemiddleware/auth_token/__init__.py:545}}
Aug 24 21:22:32.984177 n-d-854118-4 devstack@keystone.service[82102]: DEBUG keystone.server.flask.request_processing.middleware.auth_context [None req-d67b031e-c85b-4630-8667-f64f17e46db0 None admin] RBAC: auth_context: {'token': , 'domain_id': None, 'trust_id': None, 'trustor_id': None, 'trustee_id': None, 'domain_name': None, 'group_ids': [], 'user_id': '3942c656d1554beb932053b435dbdb61', 'user_domain_id': 'default', 'system_scope': 'all', 'project_id': None, 'project_domain_id': None, 'roles': ['admin', 'member', 'reader'], 'is_admin_project': True, 'service_user_id': None, 'service_user_domain_id': None, 'service_project_id': None, 'service_project_domain_id': None, 'service_roles': []} {{(pid=82102) fill_context /opt/stack/keystone/keystone/server/flask/request_processing/middleware/auth_context.py:478}}
Aug 24 21:22:32.985416 n-d-854118-4 devstack@keystone.service[82102]: DEBUG keystone.server.flask.request_processing.req_logging [None req-d67b031e-c85b-4630-8667-f64f17e46db0 None admin] REQUEST_METHOD: `GET` {{(pid=82102) log_request_info /opt/stack/keystone/keystone/server/flask/request_processing/req_logging.py:27}}
Aug 24 21:22:32.985695 n-d-854118-4 devstack@keystone.service[82102]: DEBUG keystone.server.flask.request_processing.req_logging [None req-d67b031e-c85b-4630-8667-f64f17e46db0 None admin] SCRIPT_NAME: `/identity` {{(pid=82102) log_request_info /opt/stack/keystone/keystone/server/flask/request_processing/req_logging.py:28}}
Aug 24 21:22:32.985967 n-d-854118-4 devstack@keystone.service[82102]: DEBUG keystone.server.flask.request_processing.req_logging [None req-d67b031e-c85b-4630-8667-f64f17e46db0 None admin] PATH_INFO: `/v3/roles` {{(pid=82102) log_request_info /opt/stack/keystone/keystone/server/flask/request_processing/req_logging.py:29}}
Aug 24 21:22:32.986634 n-d-854118-4 devstack@keystone.service[82102]: DEBUG keystone.common.rbac_enforcer.enforcer [None req-d67b031e-c85b-4630-8667-f64f17e46db0 None admin] RBAC: Adding query filter params (name=member) {{(pid=82102) _extract_filter_values /opt/stack/keystone/keystone/common/rbac_enforcer/enforcer.py:167}}
Aug 24 21:22:32.986998 n-d-854118-4 devstack@keystone.service[82102]: DEBUG keystone.common.rbac_enforcer.enforcer [None req-d67b031e-c85b-4630-8667-f64f17e46db0 None admin] RBAC: Authorizing `identity:list_roles()` {{(pid=82102) enforce_call /opt/stack/keystone/keystone/common/rbac_enforcer/enforcer.py:449}}
Aug 24 21:22:32.988552 n-d-854118-4 devstack@keystone.service[82102]: DEBUG keystone.common.rbac_enforcer.enforcer [None req-d67b031e-c85b-4630-8667-f64f17e46db0 None admin] RBAC: Authorization granted {{(pid=82102) enforce_call /opt/stack/keystone/keystone/common/rbac_enforcer/enforcer.py:457}}
Aug 24 21:22:32.998560 n-d-854118-4 devstack@keystone.service[82102]: [pid: 82102|app: 0|req: 219/421] 10.222.0.82 () {56 vars in 1101 bytes} [Wed Aug 24 21:22:32 2022] GET /identity/v3/roles?name=member => generated 341 bytes in 254 msecs (HTTP/1.1 200) 5 headers in 177 bytes (1 switches on core 0)
Aug 24 21:22:33.008947 n-d-854118-4 devstack@keystone.service[82102]: DEBUG keystone.server.flask.request_processing.middleware.auth_context [None req-d67b031e-c85b-4630-8667-f64f17e46db0 None admin] Authenticating user token {{(pid=82102) process_request /usr/local/lib/python3.8/dist-packages/keystonemiddleware/auth_token/__init__.py:407}}
Aug 24 21:22:33.030220 n-d-854118-4 devstack@keystone.service[82103]: DEBUG keystone.server.flask.request_processing.middleware.auth_context [None req-6a7b7235-6bd7-4b9c-b7ef-ac15535a1b82 None admin] RBAC: auth_context: {'token': , 'domain_id': None, 'trust_id': None, 'trustor_id': None, 'trustee_id': None, 'domain_name': None, 'group_ids': [], 'user_id': '3942c656d1554beb932053b435dbdb61', 'user_domain_id': 'default', 'system_scope': 'all', 'project_id': None, 'project_domain_id': None, 'roles': ['admin', 'member', 'reader'], 'is_admin_project': True, 'service_user_id': None, 'service_user_domain_id': None, 'service_project_id': None, 'service_project_domain_id': None, 'service_roles': []} {{(pid=82103) fill_context /opt/stack/keystone/keystone/server/flask/request_processing/middleware/auth_context.py:478}}
Aug 24 21:22:33.030869 n-d-854118-4 devstack@keystone.service[82103]: DEBUG keystone.server.flask.request_processing.req_logging [None req-6a7b7235-6bd7-4b9c-b7ef-ac15535a1b82 None admin] REQUEST_METHOD: `GET` {{(pid=82103) log_request_info /opt/stack/keystone/keystone/server/flask/request_processing/req_logging.py:27}}
Aug 24 21:22:33.031149 n-d-854118-4 devstack@keystone.service[82103]: DEBUG keystone.server.flask.request_processing.req_logging [None req-6a7b7235-6bd7-4b9c-b7ef-ac15535a1b82 None admin] SCRIPT_NAME: `/identity` {{(pid=82103) log_request_info /opt/stack/keystone/keystone/server/flask/request_processing/req_logging.py:28}}
Aug 24 21:22:33.031423 n-d-854118-4 devstack@keystone.service[82103]: DEBUG keystone.server.flask.request_processing.req_logging [None req-6a7b7235-6bd7-4b9c-b7ef-ac15535a1b82 None admin] PATH_INFO: `/v3/roles/anotherrole` {{(pid=82103) log_request_info /opt/stack/keystone/keystone/server/flask/request_processing/req_logging.py:29}}
Aug 24 21:22:33.054241 n-d-854118-4 devstack@keystone.service[82103]: DEBUG keystone.common.rbac_enforcer.enforcer [None req-6a7b7235-6bd7-4b9c-b7ef-ac15535a1b82 None admin] Extracting inferred target data resulted in "NOT FOUND (404)". {{(pid=82103) enforce_call /opt/stack/keystone/keystone/common/rbac_enforcer/enforcer.py:409}}
Aug 24 21:22:33.067365 n-d-854118-4 devstack@keystone.service[82103]: ERROR keystone.server.flask.application [None req-6a7b7235-6bd7-4b9c-b7ef-ac15535a1b82 None admin] Could not find role: anotherrole.: keystone.exception.RoleNotFound: Could not find role: anotherrole.
Aug 24 21:22:33.067365 n-d-854118-4 devstack@keystone.service[82103]: ERROR keystone.server.flask.application
Traceback (most recent call last):
Aug 24 21:22:33.067365 n-d-854118-4 devstack@keystone.service[82103]: ERROR keystone.server.flask.application
File "/usr/local/lib/python3.8/dist-packages/flask/app.py", line 1820, in full_dispatch_request
Aug 24 21:22:33.067365 n-d-854118-4 devstack@keystone.service[82103]: ERROR keystone.server.flask.application rv = self.dispatch_request()
Aug 24 21:22:33.067365 n-d-854118-4 devstack@keystone.service[82103]: ERROR keystone.server.flask.application
File "/usr/local/lib/python3.8/dist-packages/flask/app.py", line 1796, in dispatch_request
Aug 24 21:22:33.067365 n-d-854118-4 devstack@keystone.service[82103]: ERROR keystone.server.flask.application return self.ensure_sync(self.view_functions[rule.endpoint])(**view_args)
Aug 24 21:22:33.067365 n-d-854118-4 devstack@keystone.service[82103]: ERROR keystone.server.flask.application
File "/usr/local/lib/python3.8/dist-packages/flask_restful/__init__.py", line 467, in wrapper
Aug 24 21:22:33.067365 n-d-854118-4 devstack@keystone.service[82103]: ERROR keystone.server.flask.application resp = resource(*args, **kwargs)
Aug 24 21:22:33.067365 n-d-854118-4 devstack@keystone.service[82103]: ERROR keystone.server.flask.application
File "/usr/local/lib/python3.8/dist-packages/flask/views.py", line 107, in view
Aug 24 21:22:33.067365 n-d-854118-4 devstack@keystone.service[82103]: ERROR keystone.server.flask.application return current_app.ensure_sync(self.dispatch_request)(**kwargs)
Aug 24 21:22:33.067365 n-d-854118-4 devstack@keystone.service[82103]: ERROR keystone.server.flask.application
File "/usr/local/lib/python3.8/dist-packages/flask_restful/__init__.py", line 582, in dispatch_request
Aug 24 21:22:33.067365 n-d-854118-4 devstack@keystone.service[82103]: ERROR keystone.server.flask.application resp = meth(*args, **kwargs)
Aug 24 21:22:33.067365 n-d-854118-4 devstack@keystone.service[82103]: ERROR keystone.server.flask.application
File "/opt/stack/keystone/keystone/api/roles.py", line 50, in get
Aug 24 21:22:33.067365 n-d-854118-4 devstack@keystone.service[82103]: ERROR keystone.server.flask.application return self._get_role(role_id)
Aug 24 21:22:33.067365 n-d-854118-4 devstack@keystone.service[82103]: ERROR keystone.server.flask.application
File "/opt/stack/keystone/keystone/api/roles.py", line 70, in _get_role
Aug 24 21:22:33.067365 n-d-854118-4 devstack@keystone.service[82103]: ERROR keystone.server.flask.application ENFORCER.enforce_call(action='identity:get_role')
Aug 24 21:22:33.068334 n-d-854118-4 devstack@keystone.service[82103]: ERROR keystone.server.flask.application
File "/opt/stack/keystone/keystone/common/rbac_enforcer/enforcer.py", line 402, in enforce_call
Aug 24 21:22:33.068334 n-d-854118-4 devstack@keystone.service[82103]: ERROR keystone.server.flask.application policy_dict.update(cls._extract_member_target_data(
Aug 24 21:22:33.068334 n-d-854118-4 devstack@keystone.service[82103]: ERROR keystone.server.flask.application
File "/opt/stack/keystone/keystone/common/rbac_enforcer/enforcer.py", line 234, in _extract_member_target_data
Aug 24 21:22:33.068334 n-d-854118-4 devstack@keystone.service[82103]: ERROR keystone.server.flask.application member_name: func(flask.request.view_args[key])
Aug 24 21:22:33.068334 n-d-854118-4 devstack@keystone.service[82103]: ERROR keystone.server.flask.application
File "/opt/stack/keystone/keystone/common/manager.py", line 115, in wrapped
Aug 24 21:22:33.068334 n-d-854118-4 devstack@keystone.service[82103]: ERROR keystone.server.flask.application __ret_val = __f(*args, **kwargs)
Aug 24 21:22:33.068334 n-d-854118-4 devstack@keystone.service[82103]: ERROR keystone.server.flask.application
File "/usr/local/lib/python3.8/dist-packages/decorator.py", line 232, in fun
Aug 24 21:22:33.068334 n-d-854118-4 devstack@keystone.service[82103]: ERROR keystone.server.flask.application return caller(func, *(extras + args), **kw)
Aug 24 21:22:33.068334 n-d-854118-4 devstack@keystone.service[82103]: ERROR keystone.server.flask.application
File "/usr/local/lib/python3.8/dist-packages/dogpile/cache/region.py", line 1577, in get_or_create_for_user_func
Aug 24 21:22:33.068334 n-d-854118-4 devstack@keystone.service[82103]: ERROR keystone.server.flask.application return self.get_or_create(
Aug 24 21:22:33.068334 n-d-854118-4 devstack@keystone.service[82103]: ERROR keystone.server.flask.application
File "/usr/local/lib/python3.8/dist-packages/dogpile/cache/region.py", line 1042, in get_or_create
Aug 24 21:22:33.068334 n-d-854118-4 devstack@keystone.service[82103]: ERROR keystone.server.flask.application with Lock(
Aug 24 21:22:33.068334 n-d-854118-4 devstack@keystone.service[82103]: ERROR keystone.server.flask.application
File "/usr/local/lib/python3.8/dist-packages/dogpile/lock.py", line 185, in __enter__
Aug 24 21:22:33.068334 n-d-854118-4 devstack@keystone.service[82103]: ERROR keystone.server.flask.application return self._enter()
Aug 24 21:22:33.068334 n-d-854118-4 devstack@keystone.service[82103]: ERROR keystone.server.flask.application
File "/usr/local/lib/python3.8/dist-packages/dogpile/lock.py", line 94, in _enter
Aug 24 21:22:33.068334 n-d-854118-4 devstack@keystone.service[82103]: ERROR keystone.server.flask.application generated = self._enter_create(value, createdtime)
Aug 24 21:22:33.069204 n-d-854118-4 devstack@keystone.service[82103]: ERROR keystone.server.flask.application
File "/usr/local/lib/python3.8/dist-packages/dogpile/lock.py", line 178, in _enter_create
Aug 24 21:22:33.069204 n-d-854118-4 devstack@keystone.service[82103]: ERROR keystone.server.flask.application return self.creator()
Aug 24 21:22:33.069204 n-d-854118-4 devstack@keystone.service[82103]: ERROR keystone.server.flask.application
File "/usr/local/lib/python3.8/dist-packages/dogpile/cache/region.py", line 995, in gen_value
Aug 24 21:22:33.069204 n-d-854118-4 devstack@keystone.service[82103]: ERROR keystone.server.flask.application created_value = creator(
Aug 24 21:22:33.069204 n-d-854118-4 devstack@keystone.service[82103]: ERROR keystone.server.flask.application
File "/opt/stack/keystone/keystone/assignment/core.py", line 1276, in get_role
Aug 24 21:22:33.069204 n-d-854118-4 devstack@keystone.service[82103]: ERROR keystone.server.flask.application return self.driver.get_role(role_id)
Aug 24 21:22:33.069204 n-d-854118-4 devstack@keystone.service[82103]: ERROR keystone.server.flask.application
File "/opt/stack/keystone/keystone/assignment/role_backends/sql.py", line 70, in get_role
Aug 24 21:22:33.069204 n-d-854118-4 devstack@keystone.service[82103]: ERROR keystone.server.flask.application return self._get_role(session, role_id).to_dict()
Aug 24 21:22:33.069204 n-d-854118-4 devstack@keystone.service[82103]: ERROR keystone.server.flask.application
File "/opt/stack/keystone/keystone/assignment/role_backends/sql.py", line 65, in _get_role
Aug 24 21:22:33.069204 n-d-854118-4 devstack@keystone.service[82103]: ERROR keystone.server.flask.application raise exception.RoleNotFound(role_id=role_id)
Aug 24 21:22:33.069204 n-d-854118-4 devstack@keystone.service[82103]: ERROR keystone.server.flask.application keystone.exception.RoleNotFound: Could not find role: anotherrole.
Aug 24 21:22:33.069204 n-d-854118-4 devstack@keystone.service[82103]: ERROR keystone.server.flask.application
Aug 24 21:22:33.069204 n-d-854118-4 devstack@keystone.service[82103]: [pid: 82103|app: 0|req: 203/422] 10.222.0.82 () {56 vars in 1114 bytes} [Wed Aug 24 21:22:32 2022] GET /identity/v3/roles/anotherrole => generated 89 bytes in 306 msecs (HTTP/1.1 404) 5 headers in 183 bytes (1 switches on core 0)
Aug 24 21:22:33.077620 n-d-854118-4 devstack@keystone.service[82103]: DEBUG keystone.server.flask.request_processing.middleware.auth_context [None req-6a7b7235-6bd7-4b9c-b7ef-ac15535a1b82 None admin] Authenticating user token {{(pid=82103) process_request /usr/local/lib/python3.8/dist-packages/keystonemiddleware/auth_token/__init__.py:407}}
Aug 24 21:22:33.116967 n-d-854118-4 devstack@keystone.service[82102]: DEBUG keystone.server.flask.request_processing.middleware.auth_context [None req-d67b031e-c85b-4630-8667-f64f17e46db0 None admin] Validating token access rules against request {{(pid=82102) validate_allowed_request /usr/local/lib/python3.8/dist-packages/keystonemiddleware/auth_token/__init__.py:545}}
Aug 24 21:22:33.167220 n-d-854118-4 devstack@keystone.service[82102]: DEBUG keystone.server.flask.request_processing.middleware.auth_context [None req-585efd69-9c75-4acd-a2c5-c51b0d987575 None admin] RBAC: auth_context: {'token': , 'domain_id': None, 'trust_id': None, 'trustor_id': None, 'trustee_id': None, 'domain_name': None, 'group_ids': [], 'user_id': '3942c656d1554beb932053b435dbdb61', 'user_domain_id': 'default', 'system_scope': 'all', 'project_id': None, 'project_domain_id': None, 'roles': ['admin', 'member', 'reader'], 'is_admin_project': True, 'service_user_id': None, 'service_user_domain_id': None, 'service_project_id': None, 'service_project_domain_id': None, 'service_roles': []} {{(pid=82102) fill_context /opt/stack/keystone/keystone/server/flask/request_processing/middleware/auth_context.py:478}}
Aug 24 21:22:33.167840 n-d-854118-4 devstack@keystone.service[82102]: DEBUG keystone.server.flask.request_processing.req_logging [None req-585efd69-9c75-4acd-a2c5-c51b0d987575 None admin] REQUEST_METHOD: `GET` {{(pid=82102) log_request_info /opt/stack/keystone/keystone/server/flask/request_processing/req_logging.py:27}}
Aug 24 21:22:33.168113 n-d-854118-4 devstack@keystone.service[82102]: DEBUG keystone.server.flask.request_processing.req_logging [None req-585efd69-9c75-4acd-a2c5-c51b0d987575 None admin] SCRIPT_NAME: `/identity` {{(pid=82102) log_request_info /opt/stack/keystone/keystone/server/flask/request_processing/req_logging.py:28}}
Aug 24 21:22:33.168382 n-d-854118-4 devstack@keystone.service[82102]: DEBUG keystone.server.flask.request_processing.req_logging [None req-585efd69-9c75-4acd-a2c5-c51b0d987575 None admin] PATH_INFO: `/v3/auth/tokens` {{(pid=82102) log_request_info /opt/stack/keystone/keystone/server/flask/request_processing/req_logging.py:29}}
Aug 24 21:22:33.241003 n-d-854118-4 devstack@keystone.service[82102]: DEBUG dbcounter [-] [82102] Writing DB stats keystone:SELECT=100 {{(pid=82102) stat_writer /usr/local/lib/python3.8/dist-packages/dbcounter.py:114}}
Aug 24 21:22:33.273424 n-d-854118-4 devstack@keystone.service[82103]: DEBUG keystone.server.flask.request_processing.middleware.auth_context [None req-6a7b7235-6bd7-4b9c-b7ef-ac15535a1b82 None admin] Validating token access rules against request {{(pid=82103) validate_allowed_request /usr/local/lib/python3.8/dist-packages/keystonemiddleware/auth_token/__init__.py:545}}
Aug 24 21:22:33.289837 n-d-854118-4 devstack@keystone.service[82102]: DEBUG keystone.common.rbac_enforcer.enforcer [None req-585efd69-9c75-4acd-a2c5-c51b0d987575 None admin] RBAC: Authorizing `identity:validate_token()` {{(pid=82102) enforce_call /opt/stack/keystone/keystone/common/rbac_enforcer/enforcer.py:449}}
Aug 24 21:22:33.289837 n-d-854118-4 devstack@keystone.service[82102]: DEBUG keystone.common.rbac_enforcer.enforcer [None req-585efd69-9c75-4acd-a2c5-c51b0d987575 None admin] RBAC: Authorization granted {{(pid=82102) enforce_call /opt/stack/keystone/keystone/common/rbac_enforcer/enforcer.py:457}}
Aug 24 21:22:33.305604 n-d-854118-4 devstack@keystone.service[82103]: DEBUG dbcounter [-] [82103] Writing DB stats keystone:SELECT=100 {{(pid=82103) stat_writer /usr/local/lib/python3.8/dist-packages/dbcounter.py:114}}
Aug 24 21:22:33.317847 n-d-854118-4 devstack@keystone.service[82103]: DEBUG keystone.server.flask.request_processing.middleware.auth_context [None req-eca73553-8a7c-4ef8-a48f-65712812e1fe None admin] RBAC: auth_context: {'token': , 'domain_id': None, 'trust_id': None, 'trustor_id': None, 'trustee_id': None, 'domain_name': None, 'group_ids': [], 'user_id': '3942c656d1554beb932053b435dbdb61', 'user_domain_id': 'default', 'system_scope': 'all', 'project_id': None, 'project_domain_id': None, 'roles': ['admin', 'member', 'reader'], 'is_admin_project': True, 'service_user_id': None, 'service_user_domain_id': None, 'service_project_id': None, 'service_project_domain_id': None, 'service_roles': []} {{(pid=82103) fill_context /opt/stack/keystone/keystone/server/flask/request_processing/middleware/auth_context.py:478}}
Aug 24 21:22:33.318481 n-d-854118-4 devstack@keystone.service[82103]: DEBUG keystone.server.flask.request_processing.req_logging [None req-eca73553-8a7c-4ef8-a48f-65712812e1fe None admin] REQUEST_METHOD: `GET` {{(pid=82103) log_request_info /opt/stack/keystone/keystone/server/flask/request_processing/req_logging.py:27}}
Aug 24 21:22:33.318755 n-d-854118-4 devstack@keystone.service[82103]: DEBUG keystone.server.flask.request_processing.req_logging [None req-eca73553-8a7c-4ef8-a48f-65712812e1fe None admin] SCRIPT_NAME: `/identity` {{(pid=82103) log_request_info /opt/stack/keystone/keystone/server/flask/request_processing/req_logging.py:28}}
Aug 24 21:22:33.319028 n-d-854118-4 devstack@keystone.service[82103]: DEBUG keystone.server.flask.request_processing.req_logging [None req-eca73553-8a7c-4ef8-a48f-65712812e1fe None admin] PATH_INFO: `/v3/roles` {{(pid=82103) log_request_info /opt/stack/keystone/keystone/server/flask/request_processing/req_logging.py:29}}
Aug 24 21:22:33.319854 n-d-854118-4 devstack@keystone.service[82103]: DEBUG keystone.common.rbac_enforcer.enforcer [None req-eca73553-8a7c-4ef8-a48f-65712812e1fe None admin] RBAC: Adding query filter params (name=anotherrole) {{(pid=82103) _extract_filter_values /opt/stack/keystone/keystone/common/rbac_enforcer/enforcer.py:167}}
Aug 24 21:22:33.320766 n-d-854118-4 devstack@keystone.service[82103]: DEBUG keystone.common.rbac_enforcer.enforcer [None req-eca73553-8a7c-4ef8-a48f-65712812e1fe None admin] RBAC: Authorizing `identity:list_roles()` {{(pid=82103) enforce_call /opt/stack/keystone/keystone/common/rbac_enforcer/enforcer.py:449}}
Aug 24 21:22:33.322352 n-d-854118-4 devstack@keystone.service[82103]: DEBUG keystone.common.rbac_enforcer.enforcer [None req-eca73553-8a7c-4ef8-a48f-65712812e1fe None admin] RBAC: Authorization granted {{(pid=82103) enforce_call /opt/stack/keystone/keystone/common/rbac_enforcer/enforcer.py:457}}
Aug 24 21:22:33.334515 n-d-854118-4 devstack@keystone.service[82103]: [pid: 82103|app: 0|req: 204/423] 10.222.0.82 () {56 vars in 1111 bytes} [Wed Aug 24 21:22:33 2022] GET /identity/v3/roles?name=anotherrole => generated 334 bytes in 257 msecs (HTTP/1.1 200) 5 headers in 177 bytes (1 switches on core 0)
Aug 24 21:22:33.336169 n-d-854118-4 devstack@keystone.service[82103]: DEBUG keystone.server.flask.request_processing.req_logging [None req-248bdd2f-6844-4f72-a8c0-d7a73c518be0 None None] REQUEST_METHOD: `GET` {{(pid=82103) log_request_info /opt/stack/keystone/keystone/server/flask/request_processing/req_logging.py:27}}
Aug 24 21:22:33.336762 n-d-854118-4 devstack@keystone.service[82103]: DEBUG keystone.server.flask.request_processing.req_logging [None req-248bdd2f-6844-4f72-a8c0-d7a73c518be0 None None] SCRIPT_NAME: `/identity` {{(pid=82103) log_request_info /opt/stack/keystone/keystone/server/flask/request_processing/req_logging.py:28}}
Aug 24 21:22:33.337421 n-d-854118-4 devstack@keystone.service[82103]: DEBUG keystone.server.flask.request_processing.req_logging [None req-248bdd2f-6844-4f72-a8c0-d7a73c518be0 None None] PATH_INFO: `/` {{(pid=82103) log_request_info /opt/stack/keystone/keystone/server/flask/request_processing/req_logging.py:29}}
Aug 24 21:22:33.339457 n-d-854118-4 devstack@keystone.service[82103]: [pid: 82103|app: 0|req: 205/424] 10.222.0.82 () {54 vars in 927 bytes} [Wed Aug 24 21:22:33 2022] GET /identity => generated 270 bytes in 4 msecs (HTTP/1.1 300) 6 headers in 234 bytes (1 switches on core 0)
Aug 24 21:22:33.340701 n-d-854118-4 devstack@keystone.service[82103]: DEBUG keystone.server.flask.request_processing.middleware.auth_context [None req-248bdd2f-6844-4f72-a8c0-d7a73c518be0 None None] Authenticating user token {{(pid=82103) process_request /usr/local/lib/python3.8/dist-packages/keystonemiddleware/auth_token/__init__.py:407}}
Aug 24 21:22:33.416219 n-d-854118-4 devstack@keystone.service[82102]: [pid: 82102|app: 0|req: 220/425] 10.222.0.82 () {58 vars in 1282 bytes} [Wed Aug 24 21:22:33 2022] GET /identity/v3/auth/tokens => generated 799 bytes in 412 msecs (HTTP/1.1 200) 6 headers in 358 bytes (1 switches on core 0)
Aug 24 21:22:33.420225 n-d-854118-4 devstack@keystone.service[82102]: DEBUG keystone.server.flask.request_processing.req_logging [None req-e34f13ab-48c6-44a9-b7b1-634ea196f018 None None] REQUEST_METHOD: `POST` {{(pid=82102) log_request_info /opt/stack/keystone/keystone/server/flask/request_processing/req_logging.py:27}}
Aug 24 21:22:33.421073 n-d-854118-4 devstack@keystone.service[82102]: DEBUG keystone.server.flask.request_processing.req_logging [None req-e34f13ab-48c6-44a9-b7b1-634ea196f018 None None] SCRIPT_NAME: `/identity` {{(pid=82102) log_request_info /opt/stack/keystone/keystone/server/flask/request_processing/req_logging.py:28}}
Aug 24 21:22:33.422690 n-d-854118-4 devstack@keystone.service[82102]: DEBUG keystone.server.flask.request_processing.req_logging [None req-e34f13ab-48c6-44a9-b7b1-634ea196f018 None None] PATH_INFO: `/v3/auth/tokens` {{(pid=82102) log_request_info /opt/stack/keystone/keystone/server/flask/request_processing/req_logging.py:29}}
Aug 24 21:22:33.463680 n-d-854118-4 devstack@keystone.service[82102]: DEBUG keystone.auth.core [None req-e34f13ab-48c6-44a9-b7b1-634ea196f018 None None] MFA Rules not processed for user `3942c656d1554beb932053b435dbdb61`. Rule list: `[]` (Enabled: `True`). {{(pid=82102) check_auth_methods_against_rules /opt/stack/keystone/keystone/auth/core.py:438}}
Aug 24 21:22:33.465147 n-d-854118-4 devstack@keystone.service[82103]: DEBUG keystone.server.flask.request_processing.middleware.auth_context [None req-248bdd2f-6844-4f72-a8c0-d7a73c518be0 None None] Validating token access rules against request {{(pid=82103) validate_allowed_request /usr/local/lib/python3.8/dist-packages/keystonemiddleware/auth_token/__init__.py:545}}
Aug 24 21:22:33.465443 n-d-854118-4 devstack@keystone.service[82102]: DEBUG keystone.common.fernet_utils [None req-e34f13ab-48c6-44a9-b7b1-634ea196f018 None None] Loaded 2 Fernet keys from /etc/keystone/fernet-keys/, but `[fernet_tokens] max_active_keys = 3`; perhaps there have not been enough key rotations to reach `max_active_keys` yet? {{(pid=82102) load_keys /opt/stack/keystone/keystone/common/fernet_utils.py:286}}
Aug 24 21:22:33.514389 n-d-854118-4 devstack@keystone.service[82103]: DEBUG keystone.server.flask.request_processing.middleware.auth_context [None req-0c3f75a4-169a-4ec7-b75a-60bb73017d26 None admin] RBAC: auth_context: {'token': , 'domain_id': None, 'trust_id': None, 'trustor_id': None, 'trustee_id': None, 'domain_name': None, 'group_ids': [], 'user_id': '3942c656d1554beb932053b435dbdb61', 'user_domain_id': 'default', 'system_scope': 'all', 'project_id': None, 'project_domain_id': None, 'roles': ['admin', 'member', 'reader'], 'is_admin_project': True, 'service_user_id': None, 'service_user_domain_id': None, 'service_project_id': None, 'service_project_domain_id': None, 'service_roles': []} {{(pid=82103) fill_context /opt/stack/keystone/keystone/server/flask/request_processing/middleware/auth_context.py:478}}
Aug 24 21:22:33.516870 n-d-854118-4 devstack@keystone.service[82103]: DEBUG keystone.server.flask.request_processing.req_logging [None req-0c3f75a4-169a-4ec7-b75a-60bb73017d26 None admin] REQUEST_METHOD: `GET` {{(pid=82103) log_request_info /opt/stack/keystone/keystone/server/flask/request_processing/req_logging.py:27}}
Aug 24 21:22:33.517084 n-d-854118-4 devstack@keystone.service[82103]: DEBUG keystone.server.flask.request_processing.req_logging [None req-0c3f75a4-169a-4ec7-b75a-60bb73017d26 None admin] SCRIPT_NAME: `/identity` {{(pid=82103) log_request_info /opt/stack/keystone/keystone/server/flask/request_processing/req_logging.py:28}}
Aug 24 21:22:33.517346 n-d-854118-4 devstack@keystone.service[82103]: DEBUG keystone.server.flask.request_processing.req_logging [None req-0c3f75a4-169a-4ec7-b75a-60bb73017d26 None admin] PATH_INFO: `/v3/auth/tokens` {{(pid=82103) log_request_info /opt/stack/keystone/keystone/server/flask/request_processing/req_logging.py:29}}
Aug 24 21:22:33.543856 n-d-854118-4 devstack@keystone.service[82102]: DEBUG dbcounter [-] [82102] Writing DB stats keystone:SELECT=100 {{(pid=82102) stat_writer /usr/local/lib/python3.8/dist-packages/dbcounter.py:114}}
Aug 24 21:22:33.553930 n-d-854118-4 devstack@keystone.service[82102]: [pid: 82102|app: 0|req: 221/426] 10.222.0.82 () {58 vars in 1024 bytes} [Wed Aug 24 21:22:33 2022] POST /identity/v3/auth/tokens => generated 799 bytes in 136 msecs (HTTP/1.1 201) 6 headers in 363 bytes (1 switches on core 0)
Aug 24 21:22:33.555945 n-d-854118-4 devstack@keystone.service[82102]: DEBUG keystone.server.flask.request_processing.middleware.auth_context [None req-e34f13ab-48c6-44a9-b7b1-634ea196f018 None None] Authenticating user token {{(pid=82102) process_request /usr/local/lib/python3.8/dist-packages/keystonemiddleware/auth_token/__init__.py:407}}
Aug 24 21:22:33.594422 n-d-854118-4 devstack@keystone.service[82103]: DEBUG dbcounter [-] [82103] Writing DB stats keystone:SELECT=100 {{(pid=82103) stat_writer /usr/local/lib/python3.8/dist-packages/dbcounter.py:114}}
Aug 24 21:22:33.621941 n-d-854118-4 devstack@keystone.service[82103]: DEBUG keystone.common.rbac_enforcer.enforcer [None req-0c3f75a4-169a-4ec7-b75a-60bb73017d26 None admin] RBAC: Authorizing `identity:validate_token()` {{(pid=82103) enforce_call /opt/stack/keystone/keystone/common/rbac_enforcer/enforcer.py:449}}
Aug 24 21:22:33.624478 n-d-854118-4 devstack@keystone.service[82103]: DEBUG keystone.common.rbac_enforcer.enforcer [None req-0c3f75a4-169a-4ec7-b75a-60bb73017d26 None admin] RBAC: Authorization granted {{(pid=82103) enforce_call /opt/stack/keystone/keystone/common/rbac_enforcer/enforcer.py:457}}
Aug 24 21:22:33.759567 n-d-854118-4 devstack@keystone.service[82102]: DEBUG keystone.server.flask.request_processing.middleware.auth_context [None req-e34f13ab-48c6-44a9-b7b1-634ea196f018 None None] Validating token access rules against request {{(pid=82102) validate_allowed_request /usr/local/lib/python3.8/dist-packages/keystonemiddleware/auth_token/__init__.py:545}}
Aug 24 21:22:33.821111 n-d-854118-4 devstack@keystone.service[82103]: [pid: 82103|app: 0|req: 206/427] 10.222.0.82 () {58 vars in 1282 bytes} [Wed Aug 24 21:22:33 2022] GET /identity/v3/auth/tokens => generated 799 bytes in 481 msecs (HTTP/1.1 200) 6 headers in 358 bytes (1 switches on core 0)
Aug 24 21:22:33.828197 n-d-854118-4 devstack@keystone.service[82103]: DEBUG keystone.server.flask.request_processing.middleware.auth_context [None req-0c3f75a4-169a-4ec7-b75a-60bb73017d26 None admin] Authenticating user token {{(pid=82103) process_request /usr/local/lib/python3.8/dist-packages/keystonemiddleware/auth_token/__init__.py:407}}
Aug 24 21:22:33.831941 n-d-854118-4 devstack@keystone.service[82102]: DEBUG keystone.server.flask.request_processing.middleware.auth_context [None req-6bab0b86-0bf7-4dad-9cf2-8efe096f31ae None admin] RBAC: auth_context: {'token': , 'domain_id': None, 'trust_id': None, 'trustor_id': None, 'trustee_id': None, 'domain_name': None, 'group_ids': [], 'user_id': '3942c656d1554beb932053b435dbdb61', 'user_domain_id': 'default', 'system_scope': 'all', 'project_id': None, 'project_domain_id': None, 'roles': ['admin', 'member', 'reader'], 'is_admin_project': True, 'service_user_id': None, 'service_user_domain_id': None, 'service_project_id': None, 'service_project_domain_id': None, 'service_roles': []} {{(pid=82102) fill_context /opt/stack/keystone/keystone/server/flask/request_processing/middleware/auth_context.py:478}}
Aug 24 21:22:33.832607 n-d-854118-4 devstack@keystone.service[82102]: DEBUG keystone.server.flask.request_processing.req_logging [None req-6bab0b86-0bf7-4dad-9cf2-8efe096f31ae None admin] REQUEST_METHOD: `GET` {{(pid=82102) log_request_info /opt/stack/keystone/keystone/server/flask/request_processing/req_logging.py:27}}
Aug 24 21:22:33.832893 n-d-854118-4 devstack@keystone.service[82102]: DEBUG keystone.server.flask.request_processing.req_logging [None req-6bab0b86-0bf7-4dad-9cf2-8efe096f31ae None admin] SCRIPT_NAME: `/identity` {{(pid=82102) log_request_info /opt/stack/keystone/keystone/server/flask/request_processing/req_logging.py:28}}
Aug 24 21:22:33.833165 n-d-854118-4 devstack@keystone.service[82102]: DEBUG keystone.server.flask.request_processing.req_logging [None req-6bab0b86-0bf7-4dad-9cf2-8efe096f31ae None admin] PATH_INFO: `/v3/projects/eee97875cd814139887752d95e3dbc4c` {{(pid=82102) log_request_info /opt/stack/keystone/keystone/server/flask/request_processing/req_logging.py:29}}
Aug 24 21:22:33.835549 n-d-854118-4 devstack@keystone.service[82102]: DEBUG keystone.common.rbac_enforcer.enforcer [None req-6bab0b86-0bf7-4dad-9cf2-8efe096f31ae None admin] RBAC: Authorizing `identity:get_project(project_id=eee97875cd814139887752d95e3dbc4c)` {{(pid=82102) enforce_call /opt/stack/keystone/keystone/common/rbac_enforcer/enforcer.py:449}}
Aug 24 21:22:33.837569 n-d-854118-4 devstack@keystone.service[82102]: DEBUG keystone.common.rbac_enforcer.enforcer [None req-6bab0b86-0bf7-4dad-9cf2-8efe096f31ae None admin] RBAC: Authorization granted {{(pid=82102) enforce_call /opt/stack/keystone/keystone/common/rbac_enforcer/enforcer.py:457}}
Aug 24 21:22:33.839463 n-d-854118-4 devstack@keystone.service[82102]: [pid: 82102|app: 0|req: 222/428] 10.222.0.82 () {56 vars in 1186 bytes} [Wed Aug 24 21:22:33 2022] GET /identity/v3/projects/eee97875cd814139887752d95e3dbc4c => generated 298 bytes in 284 msecs (HTTP/1.1 200) 5 headers in 177 bytes (1 switches on core 0)
Aug 24 21:22:33.845432 n-d-854118-4 devstack@keystone.service[82102]: DEBUG keystone.server.flask.request_processing.middleware.auth_context [None req-6bab0b86-0bf7-4dad-9cf2-8efe096f31ae None admin] Authenticating user token {{(pid=82102) process_request /usr/local/lib/python3.8/dist-packages/keystonemiddleware/auth_token/__init__.py:407}}
Aug 24 21:22:33.925647 n-d-854118-4 devstack@keystone.service[82102]: DEBUG dbcounter [-] [82102] Writing DB stats keystone:SELECT=100 {{(pid=82102) stat_writer /usr/local/lib/python3.8/dist-packages/dbcounter.py:114}}
Aug 24 21:22:33.961434 n-d-854118-4 devstack@keystone.service[82103]: DEBUG dbcounter [-] [82103] Writing DB stats keystone:SELECT=100 {{(pid=82103) stat_writer /usr/local/lib/python3.8/dist-packages/dbcounter.py:114}}
Aug 24 21:22:33.974507 n-d-854118-4 devstack@keystone.service[82103]: DEBUG keystone.server.flask.request_processing.middleware.auth_context [None req-0c3f75a4-169a-4ec7-b75a-60bb73017d26 None admin] Validating token access rules against request {{(pid=82103) validate_allowed_request /usr/local/lib/python3.8/dist-packages/keystonemiddleware/auth_token/__init__.py:545}}
Aug 24 21:22:33.976145 n-d-854118-4 devstack@keystone.service[82102]: DEBUG keystone.server.flask.request_processing.middleware.auth_context [None req-6bab0b86-0bf7-4dad-9cf2-8efe096f31ae None admin] Validating token access rules against request {{(pid=82102) validate_allowed_request /usr/local/lib/python3.8/dist-packages/keystonemiddleware/auth_token/__init__.py:545}}
Aug 24 21:22:34.021563 n-d-854118-4 devstack@keystone.service[82102]: DEBUG keystone.server.flask.request_processing.middleware.auth_context [None req-68d6e516-deb6-4793-baeb-e97f8604b68e None admin] RBAC: auth_context: {'token': , 'domain_id': None, 'trust_id': None, 'trustor_id': None, 'trustee_id': None, 'domain_name': None, 'group_ids': [], 'user_id': '3942c656d1554beb932053b435dbdb61', 'user_domain_id': 'default', 'system_scope': 'all', 'project_id': None, 'project_domain_id': None, 'roles': ['admin', 'member', 'reader'], 'is_admin_project': True, 'service_user_id': None, 'service_user_domain_id': None, 'service_project_id': None, 'service_project_domain_id': None, 'service_roles': []} {{(pid=82102) fill_context /opt/stack/keystone/keystone/server/flask/request_processing/middleware/auth_context.py:478}}
Aug 24 21:22:34.022875 n-d-854118-4 devstack@keystone.service[82102]: DEBUG keystone.server.flask.request_processing.req_logging [None req-68d6e516-deb6-4793-baeb-e97f8604b68e None admin] REQUEST_METHOD: `GET` {{(pid=82102) log_request_info /opt/stack/keystone/keystone/server/flask/request_processing/req_logging.py:27}}
Aug 24 21:22:34.023346 n-d-854118-4 devstack@keystone.service[82102]: DEBUG keystone.server.flask.request_processing.req_logging [None req-68d6e516-deb6-4793-baeb-e97f8604b68e None admin] SCRIPT_NAME: `/identity` {{(pid=82102) log_request_info /opt/stack/keystone/keystone/server/flask/request_processing/req_logging.py:28}}
Aug 24 21:22:34.023741 n-d-854118-4 devstack@keystone.service[82103]: DEBUG keystone.server.flask.request_processing.middleware.auth_context [None req-b29eba80-ec3d-42e9-be14-a8b0db8bdb1a None admin] RBAC: auth_context: {'token': , 'domain_id': None, 'trust_id': None, 'trustor_id': None, 'trustee_id': None, 'domain_name': None, 'group_ids': [], 'user_id': '3942c656d1554beb932053b435dbdb61', 'user_domain_id': 'default', 'system_scope': 'all', 'project_id': None, 'project_domain_id': None, 'roles': ['admin', 'member', 'reader'], 'is_admin_project': True, 'service_user_id': None, 'service_user_domain_id': None, 'service_project_id': None, 'service_project_domain_id': None, 'service_roles': []} {{(pid=82103) fill_context /opt/stack/keystone/keystone/server/flask/request_processing/middleware/auth_context.py:478}}
Aug 24 21:22:34.024093 n-d-854118-4 devstack@keystone.service[82102]: DEBUG keystone.server.flask.request_processing.req_logging [None req-68d6e516-deb6-4793-baeb-e97f8604b68e None admin] PATH_INFO: `/v3/groups/ae547b49e31144c999fdf38a7b9b405f` {{(pid=82102) log_request_info /opt/stack/keystone/keystone/server/flask/request_processing/req_logging.py:29}}
Aug 24 21:22:34.024441 n-d-854118-4 devstack@keystone.service[82103]: DEBUG keystone.server.flask.request_processing.req_logging [None req-b29eba80-ec3d-42e9-be14-a8b0db8bdb1a None admin] REQUEST_METHOD: `GET` {{(pid=82103) log_request_info /opt/stack/keystone/keystone/server/flask/request_processing/req_logging.py:27}}
Aug 24 21:22:34.024756 n-d-854118-4 devstack@keystone.service[82103]: DEBUG keystone.server.flask.request_processing.req_logging [None req-b29eba80-ec3d-42e9-be14-a8b0db8bdb1a None admin] SCRIPT_NAME: `/identity` {{(pid=82103) log_request_info /opt/stack/keystone/keystone/server/flask/request_processing/req_logging.py:28}}
Aug 24 21:22:34.025055 n-d-854118-4 devstack@keystone.service[82103]: DEBUG keystone.server.flask.request_processing.req_logging [None req-b29eba80-ec3d-42e9-be14-a8b0db8bdb1a None admin] PATH_INFO: `/v3/projects/eee97875cd814139887752d95e3dbc4c` {{(pid=82103) log_request_info /opt/stack/keystone/keystone/server/flask/request_processing/req_logging.py:29}}
Aug 24 21:22:34.026125 n-d-854118-4 devstack@keystone.service[82102]: DEBUG keystone.common.rbac_enforcer.enforcer [None req-68d6e516-deb6-4793-baeb-e97f8604b68e None admin] RBAC: Authorizing `identity:get_group(group_id=ae547b49e31144c999fdf38a7b9b405f)` {{(pid=82102) enforce_call /opt/stack/keystone/keystone/common/rbac_enforcer/enforcer.py:449}}
Aug 24 21:22:34.026271 n-d-854118-4 devstack@keystone.service[82103]: DEBUG keystone.common.rbac_enforcer.enforcer [None req-b29eba80-ec3d-42e9-be14-a8b0db8bdb1a None admin] RBAC: Authorizing `identity:get_project(project_id=eee97875cd814139887752d95e3dbc4c)` {{(pid=82103) enforce_call /opt/stack/keystone/keystone/common/rbac_enforcer/enforcer.py:449}}
Aug 24 21:22:34.027684 n-d-854118-4 devstack@keystone.service[82103]: DEBUG keystone.common.rbac_enforcer.enforcer [None req-b29eba80-ec3d-42e9-be14-a8b0db8bdb1a None admin] RBAC: Authorization granted {{(pid=82103) enforce_call /opt/stack/keystone/keystone/common/rbac_enforcer/enforcer.py:457}}
Aug 24 21:22:34.028224 n-d-854118-4 devstack@keystone.service[82102]: DEBUG keystone.common.rbac_enforcer.enforcer [None req-68d6e516-deb6-4793-baeb-e97f8604b68e None admin] RBAC: Authorization granted {{(pid=82102) enforce_call /opt/stack/keystone/keystone/common/rbac_enforcer/enforcer.py:457}}
Aug 24 21:22:34.029414 n-d-854118-4 devstack@keystone.service[82103]: [pid: 82103|app: 0|req: 207/429] 10.222.0.82 () {56 vars in 1186 bytes} [Wed Aug 24 21:22:33 2022] GET /identity/v3/projects/eee97875cd814139887752d95e3dbc4c => generated 298 bytes in 202 msecs (HTTP/1.1 200) 5 headers in 177 bytes (1 switches on core 0)
Aug 24 21:22:34.030206 n-d-854118-4 devstack@keystone.service[82103]: DEBUG keystone.server.flask.request_processing.middleware.auth_context [None req-b29eba80-ec3d-42e9-be14-a8b0db8bdb1a None admin] Authenticating user token {{(pid=82103) process_request /usr/local/lib/python3.8/dist-packages/keystonemiddleware/auth_token/__init__.py:407}}
Aug 24 21:22:34.030895 n-d-854118-4 devstack@keystone.service[82102]: [pid: 82102|app: 0|req: 223/430] 10.222.0.82 () {56 vars in 1180 bytes} [Wed Aug 24 21:22:33 2022] GET /identity/v3/groups/ae547b49e31144c999fdf38a7b9b405f => generated 226 bytes in 186 msecs (HTTP/1.1 200) 5 headers in 177 bytes (1 switches on core 0)
Aug 24 21:22:34.036666 n-d-854118-4 devstack@keystone.service[82102]: DEBUG keystone.server.flask.request_processing.middleware.auth_context [None req-68d6e516-deb6-4793-baeb-e97f8604b68e None admin] Authenticating user token {{(pid=82102) process_request /usr/local/lib/python3.8/dist-packages/keystonemiddleware/auth_token/__init__.py:407}}
Aug 24 21:22:34.161402 n-d-854118-4 devstack@keystone.service[82103]: DEBUG keystone.server.flask.request_processing.middleware.auth_context [None req-b29eba80-ec3d-42e9-be14-a8b0db8bdb1a None admin] Validating token access rules against request {{(pid=82103) validate_allowed_request /usr/local/lib/python3.8/dist-packages/keystonemiddleware/auth_token/__init__.py:545}}
Aug 24 21:22:34.162201 n-d-854118-4 devstack@keystone.service[82102]: DEBUG keystone.server.flask.request_processing.middleware.auth_context [None req-68d6e516-deb6-4793-baeb-e97f8604b68e None admin] Validating token access rules against request {{(pid=82102) validate_allowed_request /usr/local/lib/python3.8/dist-packages/keystonemiddleware/auth_token/__init__.py:545}}
Aug 24 21:22:34.197346 n-d-854118-4 devstack@keystone.service[82102]: DEBUG dbcounter [-] [82102] Writing DB stats keystone:SELECT=100 {{(pid=82102) stat_writer /usr/local/lib/python3.8/dist-packages/dbcounter.py:114}}
Aug 24 21:22:34.202099 n-d-854118-4 devstack@keystone.service[82103]: DEBUG keystone.server.flask.request_processing.middleware.auth_context [None req-00652201-c924-4970-96be-8ca22048685f None admin] RBAC: auth_context: {'token': , 'domain_id': None, 'trust_id': None, 'trustor_id': None, 'trustee_id': None, 'domain_name': None, 'group_ids': [], 'user_id': '3942c656d1554beb932053b435dbdb61', 'user_domain_id': 'default', 'system_scope': 'all', 'project_id': None, 'project_domain_id': None, 'roles': ['admin', 'member', 'reader'], 'is_admin_project': True, 'service_user_id': None, 'service_user_domain_id': None, 'service_project_id': None, 'service_project_domain_id': None, 'service_roles': []} {{(pid=82103) fill_context /opt/stack/keystone/keystone/server/flask/request_processing/middleware/auth_context.py:478}}
Aug 24 21:22:34.202238 n-d-854118-4 devstack@keystone.service[82102]: DEBUG keystone.server.flask.request_processing.middleware.auth_context [None req-0c8882b4-ff32-42ce-944b-e5327a86367b None admin] RBAC: auth_context: {'token': , 'domain_id': None, 'trust_id': None, 'trustor_id': None, 'trustee_id': None, 'domain_name': None, 'group_ids': [], 'user_id': '3942c656d1554beb932053b435dbdb61', 'user_domain_id': 'default', 'system_scope': 'all', 'project_id': None, 'project_domain_id': None, 'roles': ['admin', 'member', 'reader'], 'is_admin_project': True, 'service_user_id': None, 'service_user_domain_id': None, 'service_project_id': None, 'service_project_domain_id': None, 'service_roles': []} {{(pid=82102) fill_context /opt/stack/keystone/keystone/server/flask/request_processing/middleware/auth_context.py:478}}
Aug 24 21:22:34.202777 n-d-854118-4 devstack@keystone.service[82102]: DEBUG keystone.server.flask.request_processing.req_logging [None req-0c8882b4-ff32-42ce-944b-e5327a86367b None admin] REQUEST_METHOD: `GET` {{(pid=82102) log_request_info /opt/stack/keystone/keystone/server/flask/request_processing/req_logging.py:27}}
Aug 24 21:22:34.203056 n-d-854118-4 devstack@keystone.service[82102]: DEBUG keystone.server.flask.request_processing.req_logging [None req-0c8882b4-ff32-42ce-944b-e5327a86367b None admin] SCRIPT_NAME: `/identity` {{(pid=82102) log_request_info /opt/stack/keystone/keystone/server/flask/request_processing/req_logging.py:28}}
Aug 24 21:22:34.203856 n-d-854118-4 devstack@keystone.service[82102]: DEBUG keystone.server.flask.request_processing.req_logging [None req-0c8882b4-ff32-42ce-944b-e5327a86367b None admin] PATH_INFO: `/v3/groups/ae547b49e31144c999fdf38a7b9b405f` {{(pid=82102) log_request_info /opt/stack/keystone/keystone/server/flask/request_processing/req_logging.py:29}}
Aug 24 21:22:34.204612 n-d-854118-4 devstack@keystone.service[82103]: DEBUG keystone.server.flask.request_processing.req_logging [None req-00652201-c924-4970-96be-8ca22048685f None admin] REQUEST_METHOD: `GET` {{(pid=82103) log_request_info /opt/stack/keystone/keystone/server/flask/request_processing/req_logging.py:27}}
Aug 24 21:22:34.205139 n-d-854118-4 devstack@keystone.service[82102]: DEBUG keystone.common.rbac_enforcer.enforcer [None req-0c8882b4-ff32-42ce-944b-e5327a86367b None admin] RBAC: Authorizing `identity:get_group(group_id=ae547b49e31144c999fdf38a7b9b405f)` {{(pid=82102) enforce_call /opt/stack/keystone/keystone/common/rbac_enforcer/enforcer.py:449}}
Aug 24 21:22:34.205626 n-d-854118-4 devstack@keystone.service[82103]: DEBUG keystone.server.flask.request_processing.req_logging [None req-00652201-c924-4970-96be-8ca22048685f None admin] SCRIPT_NAME: `/identity` {{(pid=82103) log_request_info /opt/stack/keystone/keystone/server/flask/request_processing/req_logging.py:28}}
Aug 24 21:22:34.206290 n-d-854118-4 devstack@keystone.service[82103]: DEBUG keystone.server.flask.request_processing.req_logging [None req-00652201-c924-4970-96be-8ca22048685f None admin] PATH_INFO: `/v3/roles/member` {{(pid=82103) log_request_info /opt/stack/keystone/keystone/server/flask/request_processing/req_logging.py:29}}
Aug 24 21:22:34.206592 n-d-854118-4 devstack@keystone.service[82102]: DEBUG keystone.common.rbac_enforcer.enforcer [None req-0c8882b4-ff32-42ce-944b-e5327a86367b None admin] RBAC: Authorization granted {{(pid=82102) enforce_call /opt/stack/keystone/keystone/common/rbac_enforcer/enforcer.py:457}}
Aug 24 21:22:34.208267 n-d-854118-4 devstack@keystone.service[82102]: [pid: 82102|app: 0|req: 224/431] 10.222.0.82 () {56 vars in 1180 bytes} [Wed Aug 24 21:22:34 2022] GET /identity/v3/groups/ae547b49e31144c999fdf38a7b9b405f => generated 226 bytes in 172 msecs (HTTP/1.1 200) 5 headers in 177 bytes (2 switches on core 0)
Aug 24 21:22:34.213801 n-d-854118-4 devstack@keystone.service[82102]: DEBUG keystone.server.flask.request_processing.middleware.auth_context [None req-0c8882b4-ff32-42ce-944b-e5327a86367b None admin] Authenticating user token {{(pid=82102) process_request /usr/local/lib/python3.8/dist-packages/keystonemiddleware/auth_token/__init__.py:407}}
Aug 24 21:22:34.220743 n-d-854118-4 devstack@keystone.service[82103]: DEBUG keystone.common.rbac_enforcer.enforcer [None req-00652201-c924-4970-96be-8ca22048685f None admin] Extracting inferred target data resulted in "NOT FOUND (404)". {{(pid=82103) enforce_call /opt/stack/keystone/keystone/common/rbac_enforcer/enforcer.py:409}}
Aug 24 21:22:34.225850 n-d-854118-4 devstack@keystone.service[82103]: ERROR keystone.server.flask.application [None req-00652201-c924-4970-96be-8ca22048685f None admin] Could not find role: member.: keystone.exception.RoleNotFound: Could not find role: member.
Aug 24 21:22:34.225850 n-d-854118-4 devstack@keystone.service[82103]: ERROR keystone.server.flask.application
