Aug 26 19:07:06.355984 n-d-853835-8 devstack@placement-api.service[108223]: INFO placement.requestlog [req-eeaf9dfa-9afb-4cea-9c43-1405e62c8791 req-6fbbbdc0-599c-4495-b0a0-8e36aeff2141 service placement] 10.222.0.79 "GET /placement/resource_providers/2be52d40-8ffc-4154-b467-87f6553acce5/aggregates" status: 200 len: 53 microversion: 1.19
Aug 26 19:07:06.356347 n-d-853835-8 devstack@placement-api.service[108223]: [pid: 108223|app: 0|req: 17/31] 10.222.0.79 () {60 vars in 1425 bytes} [Fri Aug 26 19:07:06 2022] GET /placement/resource_providers/2be52d40-8ffc-4154-b467-87f6553acce5/aggregates => generated 53 bytes in 16 msecs (HTTP/1.1 200) 8 headers in 295 bytes (1 switches on core 0)
Aug 26 19:07:06.365199 n-d-853835-8 devstack@placement-api.service[108224]: DEBUG placement.requestlog [req-eeaf9dfa-9afb-4cea-9c43-1405e62c8791 req-b33fecce-98ae-4bc1-af23-08e7a95667a3 None None] Starting request: 10.222.0.79 "PUT /placement/resource_providers/2be52d40-8ffc-4154-b467-87f6553acce5/aggregates" {{(pid=108224) __call__ /opt/stack/placement/placement/requestlog.py:55}}
Aug 26 19:07:06.388547 n-d-853835-8 devstack@placement-api.service[108224]: DEBUG placement.objects.resource_provider [req-eeaf9dfa-9afb-4cea-9c43-1405e62c8791 req-b33fecce-98ae-4bc1-af23-08e7a95667a3 service placement] _ensure_aggregate() did not find aggregate a7d31324-8b37-409d-afa4-6d4ba6be8be2. Attempting to create it. {{(pid=108224) _ensure_aggregate /opt/stack/placement/placement/objects/resource_provider.py:321}}
Aug 26 19:07:06.390886 n-d-853835-8 devstack@placement-api.service[108224]: DEBUG placement.objects.resource_provider [req-eeaf9dfa-9afb-4cea-9c43-1405e62c8791 req-b33fecce-98ae-4bc1-af23-08e7a95667a3 service placement] _ensure_aggregate() created new aggregate a7d31324-8b37-409d-afa4-6d4ba6be8be2 (id=1). {{(pid=108224) _ensure_aggregate /opt/stack/placement/placement/objects/resource_provider.py:327}}
Aug 26 19:07:06.392929 n-d-853835-8 devstack@placement-api.service[108224]: DEBUG placement.objects.resource_provider [req-eeaf9dfa-9afb-4cea-9c43-1405e62c8791 req-b33fecce-98ae-4bc1-af23-08e7a95667a3 service placement] Setting aggregates for provider 2be52d40-8ffc-4154-b467-87f6553acce5. Successfully associated aggregate a7d31324-8b37-409d-afa4-6d4ba6be8be2. {{(pid=108224) _set_aggregates /opt/stack/placement/placement/objects/resource_provider.py:389}}
Aug 26 19:07:06.513625 n-d-853835-8 devstack@placement-api.service[108224]: INFO placement.requestlog [req-eeaf9dfa-9afb-4cea-9c43-1405e62c8791 req-b33fecce-98ae-4bc1-af23-08e7a95667a3 service placement] 10.222.0.79 "PUT /placement/resource_providers/2be52d40-8ffc-4154-b467-87f6553acce5/aggregates" status: 200 len: 91 microversion: 1.19
Aug 26 19:07:06.514029 n-d-853835-8 devstack@placement-api.service[108224]: [pid: 108224|app: 0|req: 15/32] 10.222.0.79 () {64 vars in 1477 bytes} [Fri Aug 26 19:07:06 2022] PUT /placement/resource_providers/2be52d40-8ffc-4154-b467-87f6553acce5/aggregates => generated 91 bytes in 149 msecs (HTTP/1.1 200) 8 headers in 295 bytes (2 switches on core 0)
Aug 26 19:07:06.803721 n-d-853835-8 devstack@placement-api.service[108223]: DEBUG placement.requestlog [req-ee0877a2-8285-4c99-a36b-3a34954fd7e6 req-39e154a1-fe93-401f-ad4e-d03e4ba75bc7 None None] Starting request: 10.222.0.79 "GET /placement/resource_providers?name=n-h2-853835-8" {{(pid=108223) __call__ /opt/stack/placement/placement/requestlog.py:55}}
Aug 26 19:07:06.823485 n-d-853835-8 devstack@placement-api.service[108223]: INFO placement.requestlog [req-ee0877a2-8285-4c99-a36b-3a34954fd7e6 req-39e154a1-fe93-401f-ad4e-d03e4ba75bc7 service placement] 10.222.0.79 "GET /placement/resource_providers?name=n-h2-853835-8" status: 200 len: 440 microversion: 1.0
Aug 26 19:07:06.824013 n-d-853835-8 devstack@placement-api.service[108223]: [pid: 108223|app: 0|req: 18/33] 10.222.0.79 () {58 vars in 1274 bytes} [Fri Aug 26 19:07:06 2022] GET /placement/resource_providers?name=n-h2-853835-8 => generated 440 bytes in 21 msecs (HTTP/1.1 200) 6 headers in 224 bytes (1 switches on core 0)
Aug 26 19:07:06.832108 n-d-853835-8 devstack@placement-api.service[108224]: DEBUG placement.requestlog [req-ee0877a2-8285-4c99-a36b-3a34954fd7e6 req-84c36c92-7642-4933-b8e8-f952cdf5ccf4 None None] Starting request: 10.222.0.79 "GET /placement/resource_providers/2be52d40-8ffc-4154-b467-87f6553acce5/aggregates" {{(pid=108224) __call__ /opt/stack/placement/placement/requestlog.py:55}}
Aug 26 19:07:06.850799 n-d-853835-8 devstack@placement-api.service[108224]: INFO placement.requestlog [req-ee0877a2-8285-4c99-a36b-3a34954fd7e6 req-84c36c92-7642-4933-b8e8-f952cdf5ccf4 service placement] 10.222.0.79 "GET /placement/resource_providers/2be52d40-8ffc-4154-b467-87f6553acce5/aggregates" status: 200 len: 91 microversion: 1.19
Aug 26 19:07:06.852027 n-d-853835-8 devstack@placement-api.service[108224]: [pid: 108224|app: 0|req: 16/34] 10.222.0.79 () {60 vars in 1425 bytes} [Fri Aug 26 19:07:06 2022] GET /placement/resource_providers/2be52d40-8ffc-4154-b467-87f6553acce5/aggregates => generated 91 bytes in 21 msecs (HTTP/1.1 200) 8 headers in 295 bytes (1 switches on core 0)
Aug 26 19:07:06.859704 n-d-853835-8 devstack@placement-api.service[108223]: DEBUG placement.requestlog [req-ee0877a2-8285-4c99-a36b-3a34954fd7e6 req-8ef1b20d-510e-4a36-a310-d383fc959ea2 None None] Starting request: 10.222.0.79 "PUT /placement/resource_providers/2be52d40-8ffc-4154-b467-87f6553acce5/aggregates" {{(pid=108223) __call__ /opt/stack/placement/placement/requestlog.py:55}}
Aug 26 19:07:06.898024 n-d-853835-8 devstack@placement-api.service[108223]: DEBUG placement.objects.resource_provider [req-ee0877a2-8285-4c99-a36b-3a34954fd7e6 req-8ef1b20d-510e-4a36-a310-d383fc959ea2 service placement] Setting aggregates for provider 2be52d40-8ffc-4154-b467-87f6553acce5. Successfully disassociated aggregate a7d31324-8b37-409d-afa4-6d4ba6be8be2. {{(pid=108223) _set_aggregates /opt/stack/placement/placement/objects/resource_provider.py:404}}
Aug 26 19:07:07.045680 n-d-853835-8 devstack@placement-api.service[108223]: INFO placement.requestlog [req-ee0877a2-8285-4c99-a36b-3a34954fd7e6 req-8ef1b20d-510e-4a36-a310-d383fc959ea2 service placement] 10.222.0.79 "PUT /placement/resource_providers/2be52d40-8ffc-4154-b467-87f6553acce5/aggregates" status: 200 len: 53 microversion: 1.19
Aug 26 19:07:07.046510 n-d-853835-8 devstack@placement-api.service[108223]: [pid: 108223|app: 0|req: 19/35] 10.222.0.79 () {64 vars in 1477 bytes} [Fri Aug 26 19:07:06 2022] PUT /placement/resource_providers/2be52d40-8ffc-4154-b467-87f6553acce5/aggregates => generated 53 bytes in 188 msecs (HTTP/1.1 200) 8 headers in 295 bytes (1 switches on core 0)
Aug 26 19:07:08.212063 n-d-853835-8 devstack@placement-api.service[108224]: DEBUG placement.requestlog [req-e4acd425-43d8-4769-9939-4baaa268ab3d req-20837686-a12c-4c78-b741-0818a04d864d None None] Starting request: 10.222.0.79 "GET /placement/resource_providers?name=n-h2-853835-8" {{(pid=108224) __call__ /opt/stack/placement/placement/requestlog.py:55}}
Aug 26 19:07:08.241720 n-d-853835-8 devstack@placement-api.service[108224]: INFO placement.requestlog [req-e4acd425-43d8-4769-9939-4baaa268ab3d req-20837686-a12c-4c78-b741-0818a04d864d service placement] 10.222.0.79 "GET /placement/resource_providers?name=n-h2-853835-8" status: 200 len: 440 microversion: 1.0
Aug 26 19:07:08.244863 n-d-853835-8 devstack@placement-api.service[108224]: [pid: 108224|app: 0|req: 17/36] 10.222.0.79 () {58 vars in 1274 bytes} [Fri Aug 26 19:07:08 2022] GET /placement/resource_providers?name=n-h2-853835-8 => generated 440 bytes in 33 msecs (HTTP/1.1 200) 6 headers in 224 bytes (1 switches on core 0)
Aug 26 19:07:08.263073 n-d-853835-8 devstack@placement-api.service[108223]: DEBUG placement.requestlog [req-e4acd425-43d8-4769-9939-4baaa268ab3d req-ccaa92fc-d718-4ffd-87ff-5ca87e13dce8 None None] Starting request: 10.222.0.79 "GET /placement/resource_providers/2be52d40-8ffc-4154-b467-87f6553acce5/aggregates" {{(pid=108223) __call__ /opt/stack/placement/placement/requestlog.py:55}}
Aug 26 19:07:08.289685 n-d-853835-8 devstack@placement-api.service[108223]: INFO placement.requestlog [req-e4acd425-43d8-4769-9939-4baaa268ab3d req-ccaa92fc-d718-4ffd-87ff-5ca87e13dce8 service placement] 10.222.0.79 "GET /placement/resource_providers/2be52d40-8ffc-4154-b467-87f6553acce5/aggregates" status: 200 len: 53 microversion: 1.19
Aug 26 19:07:08.290449 n-d-853835-8 devstack@placement-api.service[108223]: [pid: 108223|app: 0|req: 20/37] 10.222.0.79 () {60 vars in 1425 bytes} [Fri Aug 26 19:07:08 2022] GET /placement/resource_providers/2be52d40-8ffc-4154-b467-87f6553acce5/aggregates => generated 53 bytes in 28 msecs (HTTP/1.1 200) 8 headers in 295 bytes (1 switches on core 0)
Aug 26 19:07:08.298550 n-d-853835-8 devstack@placement-api.service[108224]: DEBUG placement.requestlog [req-e4acd425-43d8-4769-9939-4baaa268ab3d req-54278ee0-e52c-4389-8fcc-f3b00f0552ad None None] Starting request: 10.222.0.79 "PUT /placement/resource_providers/2be52d40-8ffc-4154-b467-87f6553acce5/aggregates" {{(pid=108224) __call__ /opt/stack/placement/placement/requestlog.py:55}}
Aug 26 19:07:08.341794 n-d-853835-8 devstack@placement-api.service[108224]: DEBUG placement.objects.resource_provider [req-e4acd425-43d8-4769-9939-4baaa268ab3d req-54278ee0-e52c-4389-8fcc-f3b00f0552ad service placement] _ensure_aggregate() did not find aggregate 0a2543d5-51ae-4357-a188-4d0c2c7a478c. Attempting to create it. {{(pid=108224) _ensure_aggregate /opt/stack/placement/placement/objects/resource_provider.py:321}}
Aug 26 19:07:08.352127 n-d-853835-8 devstack@placement-api.service[108224]: DEBUG placement.objects.resource_provider [req-e4acd425-43d8-4769-9939-4baaa268ab3d req-54278ee0-e52c-4389-8fcc-f3b00f0552ad service placement] _ensure_aggregate() created new aggregate 0a2543d5-51ae-4357-a188-4d0c2c7a478c (id=2). {{(pid=108224) _ensure_aggregate /opt/stack/placement/placement/objects/resource_provider.py:327}}
Aug 26 19:07:08.355480 n-d-853835-8 devstack@placement-api.service[108224]: DEBUG placement.objects.resource_provider [req-e4acd425-43d8-4769-9939-4baaa268ab3d req-54278ee0-e52c-4389-8fcc-f3b00f0552ad service placement] Setting aggregates for provider 2be52d40-8ffc-4154-b467-87f6553acce5. Successfully associated aggregate 0a2543d5-51ae-4357-a188-4d0c2c7a478c. {{(pid=108224) _set_aggregates /opt/stack/placement/placement/objects/resource_provider.py:389}}
Aug 26 19:07:08.453845 n-d-853835-8 devstack@placement-api.service[108224]: INFO placement.requestlog [req-e4acd425-43d8-4769-9939-4baaa268ab3d req-54278ee0-e52c-4389-8fcc-f3b00f0552ad service placement] 10.222.0.79 "PUT /placement/resource_providers/2be52d40-8ffc-4154-b467-87f6553acce5/aggregates" status: 200 len: 91 microversion: 1.19
Aug 26 19:07:08.455506 n-d-853835-8 devstack@placement-api.service[108224]: [pid: 108224|app: 0|req: 18/38] 10.222.0.79 () {64 vars in 1477 bytes} [Fri Aug 26 19:07:08 2022] PUT /placement/resource_providers/2be52d40-8ffc-4154-b467-87f6553acce5/aggregates => generated 91 bytes in 157 msecs (HTTP/1.1 200) 8 headers in 295 bytes (1 switches on core 0)
Aug 26 19:07:08.838644 n-d-853835-8 devstack@placement-api.service[108223]: DEBUG placement.requestlog [None req-4a640f10-0640-4bfe-bd95-c38851b3c91f None None] Starting request: 10.222.0.79 "GET /placement/" {{(pid=108223) __call__ /opt/stack/placement/placement/requestlog.py:55}}
Aug 26 19:07:08.839816 n-d-853835-8 devstack@placement-api.service[108223]: INFO placement.requestlog [None req-4a640f10-0640-4bfe-bd95-c38851b3c91f None None] 10.222.0.79 "GET /placement/" status: 200 len: 136 microversion: 1.0
Aug 26 19:07:08.840645 n-d-853835-8 devstack@placement-api.service[108223]: [pid: 108223|app: 0|req: 21/39] 10.222.0.79 () {54 vars in 907 bytes} [Fri Aug 26 19:07:08 2022] GET /placement => generated 136 bytes in 2 msecs (HTTP/1.1 200) 6 headers in 224 bytes (1 switches on core 0)
Aug 26 19:07:08.856167 n-d-853835-8 devstack@placement-api.service[108224]: DEBUG placement.requestlog [req-7b8cefc7-06cd-4713-b8e5-283dcb57da34 req-1062272a-714c-430f-be97-bafda6efcd9d None None] Starting request: 10.222.0.79 "GET /placement/resource_providers?name=n-h2-853835-8" {{(pid=108224) __call__ /opt/stack/placement/placement/requestlog.py:55}}
Aug 26 19:07:08.957993 n-d-853835-8 devstack@placement-api.service[108224]: INFO placement.requestlog [req-7b8cefc7-06cd-4713-b8e5-283dcb57da34 req-1062272a-714c-430f-be97-bafda6efcd9d service placement] 10.222.0.79 "GET /placement/resource_providers?name=n-h2-853835-8" status: 200 len: 440 microversion: 1.0
Aug 26 19:07:08.966608 n-d-853835-8 devstack@placement-api.service[108223]: DEBUG placement.requestlog [req-7b8cefc7-06cd-4713-b8e5-283dcb57da34 req-b66dd64e-65d0-46df-a0e9-8a393e32e94f None None] Starting request: 10.222.0.79 "GET /placement/resource_providers/2be52d40-8ffc-4154-b467-87f6553acce5/aggregates" {{(pid=108223) __call__ /opt/stack/placement/placement/requestlog.py:55}}
Aug 26 19:07:08.978535 n-d-853835-8 devstack@placement-api.service[108224]: [pid: 108224|app: 0|req: 19/40] 10.222.0.79 () {58 vars in 1274 bytes} [Fri Aug 26 19:07:08 2022] GET /placement/resource_providers?name=n-h2-853835-8 => generated 440 bytes in 110 msecs (HTTP/1.1 200) 6 headers in 224 bytes (1 switches on core 0)
Aug 26 19:07:08.983645 n-d-853835-8 devstack@placement-api.service[108223]: INFO placement.requestlog [req-7b8cefc7-06cd-4713-b8e5-283dcb57da34 req-b66dd64e-65d0-46df-a0e9-8a393e32e94f service placement] 10.222.0.79 "GET /placement/resource_providers/2be52d40-8ffc-4154-b467-87f6553acce5/aggregates" status: 200 len: 91 microversion: 1.19
Aug 26 19:07:08.992366 n-d-853835-8 devstack@placement-api.service[108224]: DEBUG placement.requestlog [req-7b8cefc7-06cd-4713-b8e5-283dcb57da34 req-efc6f6ae-7ecd-4cca-8b39-eb0416a8ac7b None None] Starting request: 10.222.0.79 "PUT /placement/resource_providers/2be52d40-8ffc-4154-b467-87f6553acce5/aggregates" {{(pid=108224) __call__ /opt/stack/placement/placement/requestlog.py:55}}
Aug 26 19:07:08.999471 n-d-853835-8 devstack@placement-api.service[108223]: [pid: 108223|app: 0|req: 22/41] 10.222.0.79 () {60 vars in 1425 bytes} [Fri Aug 26 19:07:08 2022] GET /placement/resource_providers/2be52d40-8ffc-4154-b467-87f6553acce5/aggregates => generated 91 bytes in 32 msecs (HTTP/1.1 200) 8 headers in 295 bytes (2 switches on core 0)
Aug 26 19:07:09.016169 n-d-853835-8 devstack@placement-api.service[108224]: DEBUG placement.objects.resource_provider [req-7b8cefc7-06cd-4713-b8e5-283dcb57da34 req-efc6f6ae-7ecd-4cca-8b39-eb0416a8ac7b service placement] Setting aggregates for provider 2be52d40-8ffc-4154-b467-87f6553acce5. Successfully disassociated aggregate 0a2543d5-51ae-4357-a188-4d0c2c7a478c. {{(pid=108224) _set_aggregates /opt/stack/placement/placement/objects/resource_provider.py:404}}
Aug 26 19:07:09.167348 n-d-853835-8 devstack@placement-api.service[108224]: INFO placement.requestlog [req-7b8cefc7-06cd-4713-b8e5-283dcb57da34 req-efc6f6ae-7ecd-4cca-8b39-eb0416a8ac7b service placement] 10.222.0.79 "PUT /placement/resource_providers/2be52d40-8ffc-4154-b467-87f6553acce5/aggregates" status: 200 len: 53 microversion: 1.19
Aug 26 19:07:09.171403 n-d-853835-8 devstack@placement-api.service[108224]: [pid: 108224|app: 0|req: 20/42] 10.222.0.79 () {64 vars in 1477 bytes} [Fri Aug 26 19:07:08 2022] PUT /placement/resource_providers/2be52d40-8ffc-4154-b467-87f6553acce5/aggregates => generated 53 bytes in 179 msecs (HTTP/1.1 200) 8 headers in 295 bytes (1 switches on core 0)
Aug 26 19:07:10.063042 n-d-853835-8 devstack@placement-api.service[108223]: DEBUG placement.requestlog [req-57593cde-41f1-4e07-a388-24d744363189 req-c99214a6-81db-4f5c-9c77-1c3f7a13e4e4 None None] Starting request: 10.222.0.79 "GET /placement/resource_providers?name=n-h2-853835-8" {{(pid=108223) __call__ /opt/stack/placement/placement/requestlog.py:55}}
Aug 26 19:07:10.087863 n-d-853835-8 devstack@placement-api.service[108223]: INFO placement.requestlog [req-57593cde-41f1-4e07-a388-24d744363189 req-c99214a6-81db-4f5c-9c77-1c3f7a13e4e4 service placement] 10.222.0.79 "GET /placement/resource_providers?name=n-h2-853835-8" status: 200 len: 440 microversion: 1.0
Aug 26 19:07:10.088353 n-d-853835-8 devstack@placement-api.service[108223]: [pid: 108223|app: 0|req: 23/43] 10.222.0.79 () {58 vars in 1274 bytes} [Fri Aug 26 19:07:10 2022] GET /placement/resource_providers?name=n-h2-853835-8 => generated 440 bytes in 26 msecs (HTTP/1.1 200) 6 headers in 224 bytes (1 switches on core 0)
Aug 26 19:07:10.095643 n-d-853835-8 devstack@placement-api.service[108224]: DEBUG placement.requestlog [req-57593cde-41f1-4e07-a388-24d744363189 req-70447078-4b89-4ad8-b188-3d38bd0558d9 None None] Starting request: 10.222.0.79 "GET /placement/resource_providers/2be52d40-8ffc-4154-b467-87f6553acce5/aggregates" {{(pid=108224) __call__ /opt/stack/placement/placement/requestlog.py:55}}
Aug 26 19:07:10.110485 n-d-853835-8 devstack@placement-api.service[108224]: INFO placement.requestlog [req-57593cde-41f1-4e07-a388-24d744363189 req-70447078-4b89-4ad8-b188-3d38bd0558d9 service placement] 10.222.0.79 "GET /placement/resource_providers/2be52d40-8ffc-4154-b467-87f6553acce5/aggregates" status: 200 len: 53 microversion: 1.19
Aug 26 19:07:10.110923 n-d-853835-8 devstack@placement-api.service[108224]: [pid: 108224|app: 0|req: 21/44] 10.222.0.79 () {60 vars in 1425 bytes} [Fri Aug 26 19:07:10 2022] GET /placement/resource_providers/2be52d40-8ffc-4154-b467-87f6553acce5/aggregates => generated 53 bytes in 16 msecs (HTTP/1.1 200) 8 headers in 295 bytes (1 switches on core 0)
Aug 26 19:07:10.117955 n-d-853835-8 devstack@placement-api.service[108223]: DEBUG placement.requestlog [req-57593cde-41f1-4e07-a388-24d744363189 req-de69b79b-a249-45a8-b996-a103d0aa0d24 None None] Starting request: 10.222.0.79 "PUT /placement/resource_providers/2be52d40-8ffc-4154-b467-87f6553acce5/aggregates" {{(pid=108223) __call__ /opt/stack/placement/placement/requestlog.py:55}}
Aug 26 19:07:10.140757 n-d-853835-8 devstack@placement-api.service[108223]: DEBUG placement.objects.resource_provider [req-57593cde-41f1-4e07-a388-24d744363189 req-de69b79b-a249-45a8-b996-a103d0aa0d24 service placement] _ensure_aggregate() did not find aggregate a236c07e-d8dc-4eb9-8359-196f008cf0d4. Attempting to create it. {{(pid=108223) _ensure_aggregate /opt/stack/placement/placement/objects/resource_provider.py:321}}
Aug 26 19:07:10.142736 n-d-853835-8 devstack@placement-api.service[108223]: DEBUG placement.objects.resource_provider [req-57593cde-41f1-4e07-a388-24d744363189 req-de69b79b-a249-45a8-b996-a103d0aa0d24 service placement] _ensure_aggregate() created new aggregate a236c07e-d8dc-4eb9-8359-196f008cf0d4 (id=3). {{(pid=108223) _ensure_aggregate /opt/stack/placement/placement/objects/resource_provider.py:327}}
Aug 26 19:07:10.144459 n-d-853835-8 devstack@placement-api.service[108223]: DEBUG placement.objects.resource_provider [req-57593cde-41f1-4e07-a388-24d744363189 req-de69b79b-a249-45a8-b996-a103d0aa0d24 service placement] Setting aggregates for provider 2be52d40-8ffc-4154-b467-87f6553acce5. Successfully associated aggregate a236c07e-d8dc-4eb9-8359-196f008cf0d4. {{(pid=108223) _set_aggregates /opt/stack/placement/placement/objects/resource_provider.py:389}}
Aug 26 19:07:10.244687 n-d-853835-8 devstack@placement-api.service[108223]: INFO placement.requestlog [req-57593cde-41f1-4e07-a388-24d744363189 req-de69b79b-a249-45a8-b996-a103d0aa0d24 service placement] 10.222.0.79 "PUT /placement/resource_providers/2be52d40-8ffc-4154-b467-87f6553acce5/aggregates" status: 200 len: 91 microversion: 1.19
Aug 26 19:07:10.245419 n-d-853835-8 devstack@placement-api.service[108223]: [pid: 108223|app: 0|req: 24/45] 10.222.0.79 () {64 vars in 1477 bytes} [Fri Aug 26 19:07:10 2022] PUT /placement/resource_providers/2be52d40-8ffc-4154-b467-87f6553acce5/aggregates => generated 91 bytes in 127 msecs (HTTP/1.1 200) 8 headers in 295 bytes (2 switches on core 0)
Aug 26 19:07:12.632516 n-d-853835-8 devstack@placement-api.service[108224]: DEBUG placement.requestlog [req-366fa773-0daf-4d34-b251-f6dee23cd898 req-89ed0328-724b-48a5-aaba-9c29442c7305 None None] Starting request: 10.222.0.79 "GET /placement/allocation_candidates?limit=1000&member_of=in%3Aa236c07e-d8dc-4eb9-8359-196f008cf0d4&resources=DISK_GB%3A1%2CMEMORY_MB%3A1024%2CVCPU%3A1&root_required=%21COMPUTE_STATUS_DISABLED" {{(pid=108224) __call__ /opt/stack/placement/placement/requestlog.py:55}}
Aug 26 19:07:13.165453 n-d-853835-8 devstack@placement-api.service[108224]: DEBUG placement.objects.research_context [req-366fa773-0daf-4d34-b251-f6dee23cd898 req-89ed0328-724b-48a5-aaba-9c29442c7305 service placement] getting providers with 1 DISK_GB {{(pid=108224) __init__ /opt/stack/placement/placement/objects/research_context.py:136}}
Aug 26 19:07:13.181130 n-d-853835-8 devstack@placement-api.service[108224]: DEBUG placement.objects.research_context [req-366fa773-0daf-4d34-b251-f6dee23cd898 req-89ed0328-724b-48a5-aaba-9c29442c7305 service placement] getting providers with 1024 MEMORY_MB {{(pid=108224) __init__ /opt/stack/placement/placement/objects/research_context.py:136}}
Aug 26 19:07:13.190011 n-d-853835-8 devstack@placement-api.service[108224]: DEBUG placement.objects.research_context [req-366fa773-0daf-4d34-b251-f6dee23cd898 req-89ed0328-724b-48a5-aaba-9c29442c7305 service placement] getting providers with 1 VCPU {{(pid=108224) __init__ /opt/stack/placement/placement/objects/research_context.py:136}}
Aug 26 19:07:13.196867 n-d-853835-8 devstack@placement-api.service[108224]: DEBUG placement.objects.research_context [req-366fa773-0daf-4d34-b251-f6dee23cd898 req-89ed0328-724b-48a5-aaba-9c29442c7305 service placement] found 1 providers after applying required aggregates filter ([{'a236c07e-d8dc-4eb9-8359-196f008cf0d4'}]) {{(pid=108224) get_provider_ids_for_traits_and_aggs /opt/stack/placement/placement/objects/research_context.py:1158}}
Aug 26 19:07:13.197148 n-d-853835-8 devstack@placement-api.service[108224]: DEBUG placement.objects.research_context [req-366fa773-0daf-4d34-b251-f6dee23cd898 req-89ed0328-724b-48a5-aaba-9c29442c7305 service placement] found 2 providers with available 1 DISK_GB {{(pid=108224) get_provider_ids_matching /opt/stack/placement/placement/objects/research_context.py:563}}
Aug 26 19:07:13.197609 n-d-853835-8 devstack@placement-api.service[108224]: DEBUG placement.objects.research_context [req-366fa773-0daf-4d34-b251-f6dee23cd898 req-89ed0328-724b-48a5-aaba-9c29442c7305 service placement] found 1 providers after applying initial aggregate and trait filters {{(pid=108224) get_provider_ids_matching /opt/stack/placement/placement/objects/research_context.py:575}}
Aug 26 19:07:13.197867 n-d-853835-8 devstack@placement-api.service[108224]: DEBUG placement.objects.research_context [req-366fa773-0daf-4d34-b251-f6dee23cd898 req-89ed0328-724b-48a5-aaba-9c29442c7305 service placement] found 2 providers with available 1024 MEMORY_MB {{(pid=108224) get_provider_ids_matching /opt/stack/placement/placement/objects/research_context.py:563}}
Aug 26 19:07:13.198126 n-d-853835-8 devstack@placement-api.service[108224]: DEBUG placement.objects.research_context [req-366fa773-0daf-4d34-b251-f6dee23cd898 req-89ed0328-724b-48a5-aaba-9c29442c7305 service placement] found 1 providers after filtering by previous result {{(pid=108224) get_provider_ids_matching /opt/stack/placement/placement/objects/research_context.py:594}}
Aug 26 19:07:13.198533 n-d-853835-8 devstack@placement-api.service[108224]: DEBUG placement.objects.research_context [req-366fa773-0daf-4d34-b251-f6dee23cd898 req-89ed0328-724b-48a5-aaba-9c29442c7305 service placement] found 2 providers with available 1 VCPU {{(pid=108224) get_provider_ids_matching /opt/stack/placement/placement/objects/research_context.py:563}}
Aug 26 19:07:13.198793 n-d-853835-8 devstack@placement-api.service[108224]: DEBUG placement.objects.research_context [req-366fa773-0daf-4d34-b251-f6dee23cd898 req-89ed0328-724b-48a5-aaba-9c29442c7305 service placement] found 1 providers after filtering by previous result {{(pid=108224) get_provider_ids_matching /opt/stack/placement/placement/objects/research_context.py:594}}
Aug 26 19:07:13.214339 n-d-853835-8 devstack@placement-api.service[108224]: DEBUG placement.objects.allocation_candidate [req-366fa773-0daf-4d34-b251-f6dee23cd898 req-89ed0328-724b-48a5-aaba-9c29442c7305 service placement] RequestGroup(use_same_provider=False, resources={DISK_GB:1, MEMORY_MB:1024, VCPU:1}, traits=(), aggregates=[[a236c07e-d8dc-4eb9-8359-196f008cf0d4]]) (suffix '') returned 1 matches {{(pid=108224) _get_by_requests /opt/stack/placement/placement/objects/allocation_candidate.py:156}}
Aug 26 19:07:13.214709 n-d-853835-8 devstack@placement-api.service[108224]: DEBUG placement.objects.allocation_candidate [req-366fa773-0daf-4d34-b251-f6dee23cd898 req-89ed0328-724b-48a5-aaba-9c29442c7305 service placement] Merging candidates yields 1 allocation requests and 1 provider summaries {{(pid=108224) _merge_candidates /opt/stack/placement/placement/objects/allocation_candidate.py:809}}
Aug 26 19:07:13.216813 n-d-853835-8 devstack@placement-api.service[108224]: INFO placement.requestlog [req-366fa773-0daf-4d34-b251-f6dee23cd898 req-89ed0328-724b-48a5-aaba-9c29442c7305 service placement] 10.222.0.79 "GET /placement/allocation_candidates?limit=1000&member_of=in%3Aa236c07e-d8dc-4eb9-8359-196f008cf0d4&resources=DISK_GB%3A1%2CMEMORY_MB%3A1024%2CVCPU%3A1&root_required=%21COMPUTE_STATUS_DISABLED" status: 200 len: 676 microversion: 1.36
Aug 26 19:07:13.217246 n-d-853835-8 devstack@placement-api.service[108224]: [pid: 108224|app: 0|req: 22/46] 10.222.0.79 () {60 vars in 1610 bytes} [Fri Aug 26 19:07:12 2022] GET /placement/allocation_candidates?limit=1000&member_of=in%3Aa236c07e-d8dc-4eb9-8359-196f008cf0d4&resources=DISK_GB%3A1%2CMEMORY_MB%3A1024%2CVCPU%3A1&root_required=%21COMPUTE_STATUS_DISABLED => generated 676 bytes in 586 msecs (HTTP/1.1 200) 8 headers in 296 bytes (1 switches on core 0)
Aug 26 19:07:13.408499 n-d-853835-8 devstack@placement-api.service[108223]: DEBUG placement.requestlog [req-366fa773-0daf-4d34-b251-f6dee23cd898 req-2e508e22-b0e6-4d23-822d-ab797d3d917c None None] Starting request: 10.222.0.79 "GET /placement/allocations/53ab22fb-e54a-4adf-a301-e6536f8452d5" {{(pid=108223) __call__ /opt/stack/placement/placement/requestlog.py:55}}
Aug 26 19:07:13.444649 n-d-853835-8 devstack@placement-api.service[108223]: INFO placement.requestlog [req-366fa773-0daf-4d34-b251-f6dee23cd898 req-2e508e22-b0e6-4d23-822d-ab797d3d917c service placement] 10.222.0.79 "GET /placement/allocations/53ab22fb-e54a-4adf-a301-e6536f8452d5" status: 200 len: 19 microversion: 1.28
Aug 26 19:07:13.445421 n-d-853835-8 devstack@placement-api.service[108223]: [pid: 108223|app: 0|req: 25/47] 10.222.0.79 () {60 vars in 1380 bytes} [Fri Aug 26 19:07:13 2022] GET /placement/allocations/53ab22fb-e54a-4adf-a301-e6536f8452d5 => generated 19 bytes in 40 msecs (HTTP/1.1 200) 8 headers in 295 bytes (1 switches on core 0)
Aug 26 19:07:13.452794 n-d-853835-8 devstack@placement-api.service[108224]: DEBUG placement.requestlog [req-366fa773-0daf-4d34-b251-f6dee23cd898 req-b7bcb7b8-c9b5-47e3-8b4b-c04e391c6a73 None None] Starting request: 10.222.0.79 "PUT /placement/allocations/53ab22fb-e54a-4adf-a301-e6536f8452d5" {{(pid=108224) __call__ /opt/stack/placement/placement/requestlog.py:55}}
Aug 26 19:07:13.896055 n-d-853835-8 devstack@placement-api.service[108224]: DEBUG placement.handlers.allocation [req-366fa773-0daf-4d34-b251-f6dee23cd898 req-b7bcb7b8-c9b5-47e3-8b4b-c04e391c6a73 service placement] Successfully wrote allocations [, , ] {{(pid=108224) _update_consumers_and_create_allocations /opt/stack/placement/placement/handlers/allocation.py:462}}
Aug 26 19:07:14.033579 n-d-853835-8 devstack@placement-api.service[108224]: INFO placement.requestlog [req-366fa773-0daf-4d34-b251-f6dee23cd898 req-b7bcb7b8-c9b5-47e3-8b4b-c04e391c6a73 service placement] 10.222.0.79 "PUT /placement/allocations/53ab22fb-e54a-4adf-a301-e6536f8452d5" status: 204 len: 0 microversion: 1.36
Aug 26 19:07:14.037115 n-d-853835-8 devstack@placement-api.service[108224]: [pid: 108224|app: 0|req: 23/48] 10.222.0.79 () {64 vars in 1433 bytes} [Fri Aug 26 19:07:13 2022] PUT /placement/allocations/53ab22fb-e54a-4adf-a301-e6536f8452d5 => generated 0 bytes in 585 msecs (HTTP/1.1 204) 5 headers in 199 bytes (1 switches on core 0)
Aug 26 19:07:15.638493 n-d-853835-8 devstack@placement-api.service[108223]: DEBUG placement.requestlog [req-366fa773-0daf-4d34-b251-f6dee23cd898 req-d1bb881a-9cd4-41ba-828b-93b196a7f4d1 None None] Starting request: 10.222.0.30 "GET /placement/allocations/53ab22fb-e54a-4adf-a301-e6536f8452d5" {{(pid=108223) __call__ /opt/stack/placement/placement/requestlog.py:55}}
Aug 26 19:07:15.656780 n-d-853835-8 devstack@placement-api.service[108223]: INFO placement.requestlog [req-366fa773-0daf-4d34-b251-f6dee23cd898 req-d1bb881a-9cd4-41ba-828b-93b196a7f4d1 service placement] 10.222.0.30 "GET /placement/allocations/53ab22fb-e54a-4adf-a301-e6536f8452d5" status: 200 len: 258 microversion: 1.28
Aug 26 19:07:15.657770 n-d-853835-8 devstack@placement-api.service[108223]: [pid: 108223|app: 0|req: 26/49] 10.222.0.30 () {60 vars in 1377 bytes} [Fri Aug 26 19:07:15 2022] GET /placement/allocations/53ab22fb-e54a-4adf-a301-e6536f8452d5 => generated 258 bytes in 19 msecs (HTTP/1.1 200) 8 headers in 296 bytes (1 switches on core 0)
Aug 26 19:07:16.222851 n-d-853835-8 devstack@placement-api.service[108224]: DEBUG placement.requestlog [req-366fa773-0daf-4d34-b251-f6dee23cd898 req-b66c8882-7adf-4927-ad2f-743318826196 None None] Starting request: 10.222.0.30 "GET /placement/resource_providers/2be52d40-8ffc-4154-b467-87f6553acce5/allocations" {{(pid=108224) __call__ /opt/stack/placement/placement/requestlog.py:55}}
Aug 26 19:07:16.245853 n-d-853835-8 devstack@placement-api.service[108224]: INFO placement.requestlog [req-366fa773-0daf-4d34-b251-f6dee23cd898 req-b66c8882-7adf-4927-ad2f-743318826196 service placement] 10.222.0.30 "GET /placement/resource_providers/2be52d40-8ffc-4154-b467-87f6553acce5/allocations" status: 200 len: 153 microversion: 1.0
Aug 26 19:07:16.246436 n-d-853835-8 devstack@placement-api.service[108224]: [pid: 108224|app: 0|req: 24/50] 10.222.0.30 () {58 vars in 1390 bytes} [Fri Aug 26 19:07:16 2022] GET /placement/resource_providers/2be52d40-8ffc-4154-b467-87f6553acce5/allocations => generated 153 bytes in 24 msecs (HTTP/1.1 200) 6 headers in 224 bytes (1 switches on core 0)
Aug 26 19:07:16.253187 n-d-853835-8 devstack@placement-api.service[108223]: DEBUG placement.requestlog [req-366fa773-0daf-4d34-b251-f6dee23cd898 req-464c96e6-d84c-4935-a12b-83d6a778003c None None] Starting request: 10.222.0.30 "GET /placement/allocations/53ab22fb-e54a-4adf-a301-e6536f8452d5" {{(pid=108223) __call__ /opt/stack/placement/placement/requestlog.py:55}}
Aug 26 19:07:16.282821 n-d-853835-8 devstack@placement-api.service[108223]: INFO placement.requestlog [req-366fa773-0daf-4d34-b251-f6dee23cd898 req-464c96e6-d84c-4935-a12b-83d6a778003c service placement] 10.222.0.30 "GET /placement/allocations/53ab22fb-e54a-4adf-a301-e6536f8452d5" status: 200 len: 258 microversion: 1.28
Aug 26 19:07:16.284648 n-d-853835-8 devstack@placement-api.service[108223]: [pid: 108223|app: 0|req: 27/51] 10.222.0.30 () {60 vars in 1377 bytes} [Fri Aug 26 19:07:16 2022] GET /placement/allocations/53ab22fb-e54a-4adf-a301-e6536f8452d5 => generated 258 bytes in 31 msecs (HTTP/1.1 200) 8 headers in 296 bytes (1 switches on core 0)
Aug 26 19:07:26.243345 n-d-853835-8 devstack@placement-api.service[108224]: DEBUG dbcounter [-] [108224] Writing DB stats placement:SELECT=63,placement:INSERT=10,placement:UPDATE=5,placement:DELETE=3 {{(pid=108224) stat_writer /usr/local/lib/python3.8/dist-packages/dbcounter.py:114}}
Aug 26 19:07:26.277525 n-d-853835-8 devstack@placement-api.service[108223]: DEBUG dbcounter [-] [108223] Writing DB stats placement:SELECT=35,placement:DELETE=1,placement:UPDATE=2,placement:INSERT=2 {{(pid=108223) stat_writer /usr/local/lib/python3.8/dist-packages/dbcounter.py:114}}
Aug 26 19:07:37.128154 n-d-853835-8 devstack@placement-api.service[108224]: DEBUG placement.requestlog [req-14314149-aed0-43f4-84aa-67abdb20a160 req-52f3ec69-319e-41f9-b6e1-680fa8bcee68 None None] Starting request: 10.222.0.79 "GET /placement/allocation_candidates?limit=1000&resources=DISK_GB%3A1%2CMEMORY_MB%3A1024%2CVCPU%3A1&root_required=%21COMPUTE_STATUS_DISABLED" {{(pid=108224) __call__ /opt/stack/placement/placement/requestlog.py:55}}
Aug 26 19:07:37.173077 n-d-853835-8 devstack@placement-api.service[108224]: DEBUG placement.objects.research_context [req-14314149-aed0-43f4-84aa-67abdb20a160 req-52f3ec69-319e-41f9-b6e1-680fa8bcee68 service placement] getting providers with 1 DISK_GB {{(pid=108224) __init__ /opt/stack/placement/placement/objects/research_context.py:136}}
Aug 26 19:07:37.179345 n-d-853835-8 devstack@placement-api.service[108224]: DEBUG placement.objects.research_context [req-14314149-aed0-43f4-84aa-67abdb20a160 req-52f3ec69-319e-41f9-b6e1-680fa8bcee68 service placement] getting providers with 1024 MEMORY_MB {{(pid=108224) __init__ /opt/stack/placement/placement/objects/research_context.py:136}}
Aug 26 19:07:37.184966 n-d-853835-8 devstack@placement-api.service[108224]: DEBUG placement.objects.research_context [req-14314149-aed0-43f4-84aa-67abdb20a160 req-52f3ec69-319e-41f9-b6e1-680fa8bcee68 service placement] getting providers with 1 VCPU {{(pid=108224) __init__ /opt/stack/placement/placement/objects/research_context.py:136}}
Aug 26 19:07:37.192037 n-d-853835-8 devstack@placement-api.service[108224]: DEBUG placement.objects.research_context [req-14314149-aed0-43f4-84aa-67abdb20a160 req-52f3ec69-319e-41f9-b6e1-680fa8bcee68 service placement] found 2 providers with available 1 DISK_GB {{(pid=108224) get_provider_ids_matching /opt/stack/placement/placement/objects/research_context.py:563}}
Aug 26 19:07:37.192431 n-d-853835-8 devstack@placement-api.service[108224]: DEBUG placement.objects.research_context [req-14314149-aed0-43f4-84aa-67abdb20a160 req-52f3ec69-319e-41f9-b6e1-680fa8bcee68 service placement] found 2 providers with available 1024 MEMORY_MB {{(pid=108224) get_provider_ids_matching /opt/stack/placement/placement/objects/research_context.py:563}}
Aug 26 19:07:37.192955 n-d-853835-8 devstack@placement-api.service[108224]: DEBUG placement.objects.research_context [req-14314149-aed0-43f4-84aa-67abdb20a160 req-52f3ec69-319e-41f9-b6e1-680fa8bcee68 service placement] found 2 providers after filtering by previous result {{(pid=108224) get_provider_ids_matching /opt/stack/placement/placement/objects/research_context.py:594}}
Aug 26 19:07:37.193433 n-d-853835-8 devstack@placement-api.service[108224]: DEBUG placement.objects.research_context [req-14314149-aed0-43f4-84aa-67abdb20a160 req-52f3ec69-319e-41f9-b6e1-680fa8bcee68 service placement] found 2 providers with available 1 VCPU {{(pid=108224) get_provider_ids_matching /opt/stack/placement/placement/objects/research_context.py:563}}
Aug 26 19:07:37.194148 n-d-853835-8 devstack@placement-api.service[108224]: DEBUG placement.objects.research_context [req-14314149-aed0-43f4-84aa-67abdb20a160 req-52f3ec69-319e-41f9-b6e1-680fa8bcee68 service placement] found 2 providers after filtering by previous result {{(pid=108224) get_provider_ids_matching /opt/stack/placement/placement/objects/research_context.py:594}}
Aug 26 19:07:37.208548 n-d-853835-8 devstack@placement-api.service[108224]: DEBUG placement.objects.allocation_candidate [req-14314149-aed0-43f4-84aa-67abdb20a160 req-52f3ec69-319e-41f9-b6e1-680fa8bcee68 service placement] RequestGroup(use_same_provider=False, resources={DISK_GB:1, MEMORY_MB:1024, VCPU:1}, traits=(), aggregates=[]) (suffix '') returned 2 matches {{(pid=108224) _get_by_requests /opt/stack/placement/placement/objects/allocation_candidate.py:156}}
Aug 26 19:07:37.209057 n-d-853835-8 devstack@placement-api.service[108224]: DEBUG placement.objects.allocation_candidate [req-14314149-aed0-43f4-84aa-67abdb20a160 req-52f3ec69-319e-41f9-b6e1-680fa8bcee68 service placement] Merging candidates yields 2 allocation requests and 2 provider summaries {{(pid=108224) _merge_candidates /opt/stack/placement/placement/objects/allocation_candidate.py:809}}
Aug 26 19:07:37.210636 n-d-853835-8 devstack@placement-api.service[108224]: INFO placement.requestlog [req-14314149-aed0-43f4-84aa-67abdb20a160 req-52f3ec69-319e-41f9-b6e1-680fa8bcee68 service placement] 10.222.0.79 "GET /placement/allocation_candidates?limit=1000&resources=DISK_GB%3A1%2CMEMORY_MB%3A1024%2CVCPU%3A1&root_required=%21COMPUTE_STATUS_DISABLED" status: 200 len: 1306 microversion: 1.36
Aug 26 19:07:37.211104 n-d-853835-8 devstack@placement-api.service[108224]: [pid: 108224|app: 0|req: 25/52] 10.222.0.79 () {60 vars in 1506 bytes} [Fri Aug 26 19:07:37 2022] GET /placement/allocation_candidates?limit=1000&resources=DISK_GB%3A1%2CMEMORY_MB%3A1024%2CVCPU%3A1&root_required=%21COMPUTE_STATUS_DISABLED => generated 1306 bytes in 83 msecs (HTTP/1.1 200) 8 headers in 297 bytes (1 switches on core 0)
Aug 26 19:07:37.474439 n-d-853835-8 devstack@placement-api.service[108223]: DEBUG placement.requestlog [req-14314149-aed0-43f4-84aa-67abdb20a160 req-2db95d2a-d806-4098-b8f4-adaf6f5c13cc None None] Starting request: 10.222.0.79 "GET /placement/allocations/10f33e5c-316b-4adc-a02a-1095983dc838" {{(pid=108223) __call__ /opt/stack/placement/placement/requestlog.py:55}}
Aug 26 19:07:37.487115 n-d-853835-8 devstack@placement-api.service[108223]: INFO placement.requestlog [req-14314149-aed0-43f4-84aa-67abdb20a160 req-2db95d2a-d806-4098-b8f4-adaf6f5c13cc service placement] 10.222.0.79 "GET /placement/allocations/10f33e5c-316b-4adc-a02a-1095983dc838" status: 200 len: 19 microversion: 1.28
Aug 26 19:07:37.487865 n-d-853835-8 devstack@placement-api.service[108223]: [pid: 108223|app: 0|req: 28/53] 10.222.0.79 () {60 vars in 1380 bytes} [Fri Aug 26 19:07:37 2022] GET /placement/allocations/10f33e5c-316b-4adc-a02a-1095983dc838 => generated 19 bytes in 14 msecs (HTTP/1.1 200) 8 headers in 295 bytes (1 switches on core 0)
Aug 26 19:07:37.495302 n-d-853835-8 devstack@placement-api.service[108224]: DEBUG placement.requestlog [req-14314149-aed0-43f4-84aa-67abdb20a160 req-78a69c25-4756-47f4-a013-f1cae4ae66ac None None] Starting request: 10.222.0.79 "PUT /placement/allocations/10f33e5c-316b-4adc-a02a-1095983dc838" {{(pid=108224) __call__ /opt/stack/placement/placement/requestlog.py:55}}
Aug 26 19:07:37.952243 n-d-853835-8 devstack@placement-api.service[108224]: DEBUG placement.handlers.allocation [req-14314149-aed0-43f4-84aa-67abdb20a160 req-78a69c25-4756-47f4-a013-f1cae4ae66ac service placement] Successfully wrote allocations [, , ] {{(pid=108224) _update_consumers_and_create_allocations /opt/stack/placement/placement/handlers/allocation.py:462}}
Aug 26 19:07:38.030307 n-d-853835-8 devstack@placement-api.service[108224]: INFO placement.requestlog [req-14314149-aed0-43f4-84aa-67abdb20a160 req-78a69c25-4756-47f4-a013-f1cae4ae66ac service placement] 10.222.0.79 "PUT /placement/allocations/10f33e5c-316b-4adc-a02a-1095983dc838" status: 204 len: 0 microversion: 1.36
Aug 26 19:07:38.031595 n-d-853835-8 devstack@placement-api.service[108224]: [pid: 108224|app: 0|req: 26/54] 10.222.0.79 () {64 vars in 1433 bytes} [Fri Aug 26 19:07:37 2022] PUT /placement/allocations/10f33e5c-316b-4adc-a02a-1095983dc838 => generated 0 bytes in 536 msecs (HTTP/1.1 204) 5 headers in 199 bytes (2 switches on core 0)
Aug 26 19:07:39.561520 n-d-853835-8 devstack@placement-api.service[108223]: DEBUG placement.requestlog [req-14314149-aed0-43f4-84aa-67abdb20a160 req-86f3d898-5adc-4ae6-8135-eb8584f50920 None None] Starting request: 10.222.0.77 "GET /placement/allocations/10f33e5c-316b-4adc-a02a-1095983dc838" {{(pid=108223) __call__ /opt/stack/placement/placement/requestlog.py:55}}
Aug 26 19:07:39.583523 n-d-853835-8 devstack@placement-api.service[108223]: INFO placement.requestlog [req-14314149-aed0-43f4-84aa-67abdb20a160 req-86f3d898-5adc-4ae6-8135-eb8584f50920 service placement] 10.222.0.77 "GET /placement/allocations/10f33e5c-316b-4adc-a02a-1095983dc838" status: 200 len: 258 microversion: 1.28
Aug 26 19:07:39.583523 n-d-853835-8 devstack@placement-api.service[108223]: [pid: 108223|app: 0|req: 29/55] 10.222.0.77 () {60 vars in 1377 bytes} [Fri Aug 26 19:07:39 2022] GET /placement/allocations/10f33e5c-316b-4adc-a02a-1095983dc838 => generated 258 bytes in 21 msecs (HTTP/1.1 200) 8 headers in 296 bytes (1 switches on core 0)
Aug 26 19:07:39.957117 n-d-853835-8 devstack@placement-api.service[108224]: DEBUG placement.requestlog [req-14314149-aed0-43f4-84aa-67abdb20a160 req-eac1a62e-7a4f-42b7-92f0-0647793a1fd5 None None] Starting request: 10.222.0.77 "GET /placement/resource_providers/716a2353-b7ac-4bfc-b09d-9968a5998167/allocations" {{(pid=108224) __call__ /opt/stack/placement/placement/requestlog.py:55}}
Aug 26 19:07:39.995332 n-d-853835-8 devstack@placement-api.service[108224]: INFO placement.requestlog [req-14314149-aed0-43f4-84aa-67abdb20a160 req-eac1a62e-7a4f-42b7-92f0-0647793a1fd5 service placement] 10.222.0.77 "GET /placement/resource_providers/716a2353-b7ac-4bfc-b09d-9968a5998167/allocations" status: 200 len: 153 microversion: 1.0
Aug 26 19:07:39.996560 n-d-853835-8 devstack@placement-api.service[108224]: [pid: 108224|app: 0|req: 27/56] 10.222.0.77 () {58 vars in 1390 bytes} [Fri Aug 26 19:07:39 2022] GET /placement/resource_providers/716a2353-b7ac-4bfc-b09d-9968a5998167/allocations => generated 153 bytes in 40 msecs (HTTP/1.1 200) 6 headers in 224 bytes (1 switches on core 0)
Aug 26 19:07:40.005812 n-d-853835-8 devstack@placement-api.service[108223]: DEBUG placement.requestlog [req-14314149-aed0-43f4-84aa-67abdb20a160 req-b3b39a95-69d6-44ef-8285-da13d347743d None None] Starting request: 10.222.0.77 "GET /placement/allocations/10f33e5c-316b-4adc-a02a-1095983dc838" {{(pid=108223) __call__ /opt/stack/placement/placement/requestlog.py:55}}
Aug 26 19:07:40.026527 n-d-853835-8 devstack@placement-api.service[108223]: INFO placement.requestlog [req-14314149-aed0-43f4-84aa-67abdb20a160 req-b3b39a95-69d6-44ef-8285-da13d347743d service placement] 10.222.0.77 "GET /placement/allocations/10f33e5c-316b-4adc-a02a-1095983dc838" status: 200 len: 258 microversion: 1.28
Aug 26 19:07:40.029363 n-d-853835-8 devstack@placement-api.service[108223]: [pid: 108223|app: 0|req: 30/57] 10.222.0.77 () {60 vars in 1377 bytes} [Fri Aug 26 19:07:40 2022] GET /placement/allocations/10f33e5c-316b-4adc-a02a-1095983dc838 => generated 258 bytes in 22 msecs (HTTP/1.1 200) 8 headers in 296 bytes (1 switches on core 0)
Aug 26 19:07:47.457048 n-d-853835-8 devstack@placement-api.service[108224]: DEBUG placement.requestlog [req-21e66c00-c345-4db3-b019-cc91feb57cb0 req-f8900446-bb85-4df7-a691-fc2e7e72244f None None] Starting request: 10.222.0.30 "GET /placement/resource_providers/2be52d40-8ffc-4154-b467-87f6553acce5/allocations" {{(pid=108224) __call__ /opt/stack/placement/placement/requestlog.py:55}}
Aug 26 19:07:47.503432 n-d-853835-8 devstack@placement-api.service[108224]: INFO placement.requestlog [req-21e66c00-c345-4db3-b019-cc91feb57cb0 req-f8900446-bb85-4df7-a691-fc2e7e72244f service placement] 10.222.0.30 "GET /placement/resource_providers/2be52d40-8ffc-4154-b467-87f6553acce5/allocations" status: 200 len: 153 microversion: 1.0
Aug 26 19:07:47.504871 n-d-853835-8 devstack@placement-api.service[108224]: [pid: 108224|app: 0|req: 28/58] 10.222.0.30 () {58 vars in 1390 bytes} [Fri Aug 26 19:07:47 2022] GET /placement/resource_providers/2be52d40-8ffc-4154-b467-87f6553acce5/allocations => generated 153 bytes in 48 msecs (HTTP/1.1 200) 6 headers in 224 bytes (1 switches on core 0)
Aug 26 19:07:47.511584 n-d-853835-8 devstack@placement-api.service[108223]: DEBUG placement.requestlog [req-21e66c00-c345-4db3-b019-cc91feb57cb0 req-cfd00b13-b0a9-4c65-bb87-4b208c98e925 None None] Starting request: 10.222.0.30 "GET /placement/allocations/53ab22fb-e54a-4adf-a301-e6536f8452d5" {{(pid=108223) __call__ /opt/stack/placement/placement/requestlog.py:55}}
Aug 26 19:07:47.547505 n-d-853835-8 devstack@placement-api.service[108223]: INFO placement.requestlog [req-21e66c00-c345-4db3-b019-cc91feb57cb0 req-cfd00b13-b0a9-4c65-bb87-4b208c98e925 service placement] 10.222.0.30 "GET /placement/allocations/53ab22fb-e54a-4adf-a301-e6536f8452d5" status: 200 len: 258 microversion: 1.28
Aug 26 19:07:47.548761 n-d-853835-8 devstack@placement-api.service[108223]: [pid: 108223|app: 0|req: 31/59] 10.222.0.30 () {60 vars in 1377 bytes} [Fri Aug 26 19:07:47 2022] GET /placement/allocations/53ab22fb-e54a-4adf-a301-e6536f8452d5 => generated 258 bytes in 38 msecs (HTTP/1.1 200) 8 headers in 296 bytes (1 switches on core 0)
Aug 26 19:07:47.755516 n-d-853835-8 devstack@placement-api.service[108224]: DEBUG placement.requestlog [req-21e66c00-c345-4db3-b019-cc91feb57cb0 req-ff1dc8f8-b080-4ed5-bc10-5714d76f75a0 None None] Starting request: 10.222.0.30 "DELETE /placement/allocations/53ab22fb-e54a-4adf-a301-e6536f8452d5" {{(pid=108224) __call__ /opt/stack/placement/placement/requestlog.py:55}}
Aug 26 19:07:48.133112 n-d-853835-8 devstack@placement-api.service[108224]: DEBUG placement.handlers.allocation [req-21e66c00-c345-4db3-b019-cc91feb57cb0 req-ff1dc8f8-b080-4ed5-bc10-5714d76f75a0 service placement] Successfully deleted allocations [, , ] {{(pid=108224) delete_allocations /opt/stack/placement/placement/handlers/allocation.py:627}}
Aug 26 19:07:48.133783 n-d-853835-8 devstack@placement-api.service[108224]: INFO placement.requestlog [req-21e66c00-c345-4db3-b019-cc91feb57cb0 req-ff1dc8f8-b080-4ed5-bc10-5714d76f75a0 service placement] 10.222.0.30 "DELETE /placement/allocations/53ab22fb-e54a-4adf-a301-e6536f8452d5" status: 204 len: 0 microversion: 1.0
Aug 26 19:07:48.134218 n-d-853835-8 devstack@placement-api.service[108224]: [pid: 108224|app: 0|req: 29/60] 10.222.0.30 () {60 vars in 1355 bytes} [Fri Aug 26 19:07:47 2022] DELETE /placement/allocations/53ab22fb-e54a-4adf-a301-e6536f8452d5 => generated 0 bytes in 379 msecs (HTTP/1.1 204) 5 headers in 198 bytes (2 switches on core 0)
Aug 26 19:07:48.200616 n-d-853835-8 devstack@placement-api.service[108223]: DEBUG placement.requestlog [req-19791cc1-922e-4830-b467-1b62420111dd req-0fbd93fa-a61f-44fc-b5be-7360a4f1254d None None] Starting request: 10.222.0.30 "GET /placement/resource_providers/2be52d40-8ffc-4154-b467-87f6553acce5/allocations" {{(pid=108223) __call__ /opt/stack/placement/placement/requestlog.py:55}}
Aug 26 19:07:48.233850 n-d-853835-8 devstack@placement-api.service[108223]: INFO placement.requestlog [req-19791cc1-922e-4830-b467-1b62420111dd req-0fbd93fa-a61f-44fc-b5be-7360a4f1254d service placement] 10.222.0.30 "GET /placement/resource_providers/2be52d40-8ffc-4154-b467-87f6553acce5/allocations" status: 200 len: 54 microversion: 1.0
Aug 26 19:07:48.234797 n-d-853835-8 devstack@placement-api.service[108223]: [pid: 108223|app: 0|req: 32/61] 10.222.0.30 () {58 vars in 1390 bytes} [Fri Aug 26 19:07:48 2022] GET /placement/resource_providers/2be52d40-8ffc-4154-b467-87f6553acce5/allocations => generated 54 bytes in 34 msecs (HTTP/1.1 200) 6 headers in 223 bytes (1 switches on core 0)
Aug 26 19:07:48.362899 n-d-853835-8 devstack@placement-api.service[108224]: DEBUG placement.requestlog [req-19791cc1-922e-4830-b467-1b62420111dd req-93c2db15-16b1-4c30-9aef-33332eab3149 None None] Starting request: 10.222.0.30 "GET /placement/resource_providers/2be52d40-8ffc-4154-b467-87f6553acce5/allocations" {{(pid=108224) __call__ /opt/stack/placement/placement/requestlog.py:55}}
Aug 26 19:07:48.410690 n-d-853835-8 devstack@placement-api.service[108224]: INFO placement.requestlog [req-19791cc1-922e-4830-b467-1b62420111dd req-93c2db15-16b1-4c30-9aef-33332eab3149 service placement] 10.222.0.30 "GET /placement/resource_providers/2be52d40-8ffc-4154-b467-87f6553acce5/allocations" status: 200 len: 54 microversion: 1.0
Aug 26 19:07:48.411083 n-d-853835-8 devstack@placement-api.service[108224]: [pid: 108224|app: 0|req: 30/62] 10.222.0.30 () {58 vars in 1390 bytes} [Fri Aug 26 19:07:48 2022] GET /placement/resource_providers/2be52d40-8ffc-4154-b467-87f6553acce5/allocations => generated 54 bytes in 48 msecs (HTTP/1.1 200) 6 headers in 223 bytes (1 switches on core 0)
Aug 26 19:07:48.823254 n-d-853835-8 devstack@placement-api.service[108223]: DEBUG placement.requestlog [req-a86ff60b-27be-42e0-954b-0ef4be31a0a2 req-620b0c67-9861-4f69-9955-7a386b6acfb8 None None] Starting request: 10.222.0.79 "GET /placement/resource_providers?name=n-h2-853835-8" {{(pid=108223) __call__ /opt/stack/placement/placement/requestlog.py:55}}
Aug 26 19:07:48.845689 n-d-853835-8 devstack@placement-api.service[108223]: INFO placement.requestlog [req-a86ff60b-27be-42e0-954b-0ef4be31a0a2 req-620b0c67-9861-4f69-9955-7a386b6acfb8 service placement] 10.222.0.79 "GET /placement/resource_providers?name=n-h2-853835-8" status: 200 len: 440 microversion: 1.0
Aug 26 19:07:48.854606 n-d-853835-8 devstack@placement-api.service[108223]: [pid: 108223|app: 0|req: 33/63] 10.222.0.79 () {58 vars in 1274 bytes} [Fri Aug 26 19:07:48 2022] GET /placement/resource_providers?name=n-h2-853835-8 => generated 440 bytes in 31 msecs (HTTP/1.1 200) 6 headers in 224 bytes (1 switches on core 0)
Aug 26 19:07:48.855033 n-d-853835-8 devstack@placement-api.service[108224]: DEBUG placement.requestlog [req-a86ff60b-27be-42e0-954b-0ef4be31a0a2 req-9a278a8c-62e0-4b3c-b0f3-f4b32e36684b None None] Starting request: 10.222.0.79 "GET /placement/resource_providers/2be52d40-8ffc-4154-b467-87f6553acce5/aggregates" {{(pid=108224) __call__ /opt/stack/placement/placement/requestlog.py:55}}
Aug 26 19:07:48.889275 n-d-853835-8 devstack@placement-api.service[108224]: INFO placement.requestlog [req-a86ff60b-27be-42e0-954b-0ef4be31a0a2 req-9a278a8c-62e0-4b3c-b0f3-f4b32e36684b service placement] 10.222.0.79 "GET /placement/resource_providers/2be52d40-8ffc-4154-b467-87f6553acce5/aggregates" status: 200 len: 91 microversion: 1.19
