Aug 22 15:12:23.120843 n-d-853704-4 devstack@placement-api.service[108269]: DEBUG placement.handlers.allocation [req-42cf8b60-b760-4b6d-aad4-05171dbc8529 req-52d38186-7a56-4f16-bbe1-2d854054f792 service placement] Successfully deleted allocations [, , ] {{(pid=108269) delete_allocations /opt/stack/placement/placement/handlers/allocation.py:627}}
Aug 22 15:12:23.121487 n-d-853704-4 devstack@placement-api.service[108269]: INFO placement.requestlog [req-42cf8b60-b760-4b6d-aad4-05171dbc8529 req-52d38186-7a56-4f16-bbe1-2d854054f792 service placement] 10.222.0.69 "DELETE /placement/allocations/7d6c4cd3-f353-4e4c-ab60-f530eff1fa58" status: 204 len: 0 microversion: 1.0
Aug 22 15:12:23.124138 n-d-853704-4 devstack@placement-api.service[108269]: [pid: 108269|app: 0|req: 148/301] 10.222.0.69 () {60 vars in 1355 bytes} [Mon Aug 22 15:12:22 2022] DELETE /placement/allocations/7d6c4cd3-f353-4e4c-ab60-f530eff1fa58 => generated 0 bytes in 229 msecs (HTTP/1.1 204) 5 headers in 198 bytes (2 switches on core 0)
Aug 22 15:12:25.020460 n-d-853704-4 devstack@placement-api.service[108268]: DEBUG placement.requestlog [None req-290423f4-9b60-4abc-8dfd-c33e0bd7c7c7 None None] Starting request: 10.222.0.71 "GET /placement/resource_providers/6a34b0b8-5bd3-409f-876d-a42790c2652c/aggregates" {{(pid=108268) __call__ /opt/stack/placement/placement/requestlog.py:55}}
Aug 22 15:12:25.110724 n-d-853704-4 devstack@placement-api.service[108268]: INFO placement.requestlog [None req-290423f4-9b60-4abc-8dfd-c33e0bd7c7c7 service placement] 10.222.0.71 "GET /placement/resource_providers/6a34b0b8-5bd3-409f-876d-a42790c2652c/aggregates" status: 404 len: 235 microversion: 1.1
Aug 22 15:12:25.111228 n-d-853704-4 devstack@placement-api.service[108268]: [pid: 108268|app: 0|req: 154/302] 10.222.0.71 () {58 vars in 1362 bytes} [Mon Aug 22 15:12:25 2022] GET /placement/resource_providers/6a34b0b8-5bd3-409f-876d-a42790c2652c/aggregates => generated 235 bytes in 91 msecs (HTTP/1.1 404) 5 headers in 202 bytes (1 switches on core 0)
Aug 22 15:12:25.369588 n-d-853704-4 devstack@placement-api.service[108269]: DEBUG placement.requestlog [None req-e36b99f6-7253-4f1f-99d0-b5686e0dcdd9 None None] Starting request: 10.222.0.71 "DELETE /placement/resource_providers/6a34b0b8-5bd3-409f-876d-a42790c2652c" {{(pid=108269) __call__ /opt/stack/placement/placement/requestlog.py:55}}
Aug 22 15:12:25.382075 n-d-853704-4 devstack@placement-api.service[108269]: DEBUG placement.wsgi_wrapper [None req-e36b99f6-7253-4f1f-99d0-b5686e0dcdd9 service placement] Placement API returning an error response: No resource provider with uuid 6a34b0b8-5bd3-409f-876d-a42790c2652c found for delete {{(pid=108269) call_func /opt/stack/placement/placement/wsgi_wrapper.py:31}}
Aug 22 15:12:25.382855 n-d-853704-4 devstack@placement-api.service[108269]: INFO placement.requestlog [None req-e36b99f6-7253-4f1f-99d0-b5686e0dcdd9 service placement] 10.222.0.71 "DELETE /placement/resource_providers/6a34b0b8-5bd3-409f-876d-a42790c2652c" status: 404 len: 246 microversion: 1.1
Aug 22 15:12:25.383205 n-d-853704-4 devstack@placement-api.service[108269]: [pid: 108269|app: 0|req: 149/303] 10.222.0.71 () {60 vars in 1351 bytes} [Mon Aug 22 15:12:25 2022] DELETE /placement/resource_providers/6a34b0b8-5bd3-409f-876d-a42790c2652c => generated 246 bytes in 14 msecs (HTTP/1.1 404) 6 headers in 231 bytes (1 switches on core 0)
Aug 22 15:12:30.347677 n-d-853704-4 devstack@placement-api.service[108268]: DEBUG placement.requestlog [None req-d94618e8-1f8f-4d83-8999-42920b2a95cc None None] Starting request: 10.222.0.71 "GET /placement/resource_providers/15182ef8-5568-4e15-aad3-e0142782c4d3/aggregates" {{(pid=108268) __call__ /opt/stack/placement/placement/requestlog.py:55}}
Aug 22 15:12:30.357285 n-d-853704-4 devstack@placement-api.service[108268]: DEBUG dbcounter [-] [108268] Writing DB stats placement:SELECT=28,placement:DELETE=6 {{(pid=108268) stat_writer /usr/local/lib/python3.8/dist-packages/dbcounter.py:114}}
Aug 22 15:12:30.363008 n-d-853704-4 devstack@placement-api.service[108268]: INFO placement.requestlog [None req-d94618e8-1f8f-4d83-8999-42920b2a95cc service placement] 10.222.0.71 "GET /placement/resource_providers/15182ef8-5568-4e15-aad3-e0142782c4d3/aggregates" status: 404 len: 235 microversion: 1.1
Aug 22 15:12:30.364083 n-d-853704-4 devstack@placement-api.service[108268]: [pid: 108268|app: 0|req: 155/304] 10.222.0.71 () {58 vars in 1362 bytes} [Mon Aug 22 15:12:30 2022] GET /placement/resource_providers/15182ef8-5568-4e15-aad3-e0142782c4d3/aggregates => generated 235 bytes in 17 msecs (HTTP/1.1 404) 5 headers in 202 bytes (1 switches on core 0)
Aug 22 15:12:30.375153 n-d-853704-4 devstack@placement-api.service[108269]: DEBUG placement.requestlog [None req-27ad72af-3d1b-4877-8366-dcffffadd261 None None] Starting request: 10.222.0.71 "DELETE /placement/resource_providers/15182ef8-5568-4e15-aad3-e0142782c4d3" {{(pid=108269) __call__ /opt/stack/placement/placement/requestlog.py:55}}
Aug 22 15:12:30.392173 n-d-853704-4 devstack@placement-api.service[108269]: DEBUG placement.wsgi_wrapper [None req-27ad72af-3d1b-4877-8366-dcffffadd261 service placement] Placement API returning an error response: No resource provider with uuid 15182ef8-5568-4e15-aad3-e0142782c4d3 found for delete {{(pid=108269) call_func /opt/stack/placement/placement/wsgi_wrapper.py:31}}
Aug 22 15:12:30.392486 n-d-853704-4 devstack@placement-api.service[108269]: INFO placement.requestlog [None req-27ad72af-3d1b-4877-8366-dcffffadd261 service placement] 10.222.0.71 "DELETE /placement/resource_providers/15182ef8-5568-4e15-aad3-e0142782c4d3" status: 404 len: 246 microversion: 1.1
Aug 22 15:12:30.393583 n-d-853704-4 devstack@placement-api.service[108269]: [pid: 108269|app: 0|req: 150/305] 10.222.0.71 () {60 vars in 1351 bytes} [Mon Aug 22 15:12:30 2022] DELETE /placement/resource_providers/15182ef8-5568-4e15-aad3-e0142782c4d3 => generated 246 bytes in 19 msecs (HTTP/1.1 404) 6 headers in 231 bytes (2 switches on core 0)
Aug 22 15:12:30.847861 n-d-853704-4 devstack@placement-api.service[108268]: DEBUG placement.requestlog [req-fea3a91a-c38a-49c5-b95f-5f9e3e31cff8 req-59de56d0-c331-4038-be1a-15142c1afc99 None None] Starting request: 10.222.0.71 "GET /placement/allocations/bd096792-06c7-4c92-bf66-a9a288f15031" {{(pid=108268) __call__ /opt/stack/placement/placement/requestlog.py:55}}
Aug 22 15:12:30.862873 n-d-853704-4 devstack@placement-api.service[108268]: INFO placement.requestlog [req-fea3a91a-c38a-49c5-b95f-5f9e3e31cff8 req-59de56d0-c331-4038-be1a-15142c1afc99 service placement] 10.222.0.71 "GET /placement/allocations/bd096792-06c7-4c92-bf66-a9a288f15031" status: 200 len: 259 microversion: 1.28
Aug 22 15:12:30.863196 n-d-853704-4 devstack@placement-api.service[108268]: [pid: 108268|app: 0|req: 156/306] 10.222.0.71 () {60 vars in 1380 bytes} [Mon Aug 22 15:12:30 2022] GET /placement/allocations/bd096792-06c7-4c92-bf66-a9a288f15031 => generated 259 bytes in 16 msecs (HTTP/1.1 200) 8 headers in 296 bytes (1 switches on core 0)
Aug 22 15:12:30.869171 n-d-853704-4 devstack@placement-api.service[108269]: DEBUG placement.requestlog [req-fea3a91a-c38a-49c5-b95f-5f9e3e31cff8 req-30aa2d24-e58b-4417-9206-5675596b21de None None] Starting request: 10.222.0.71 "GET /placement/allocations/bd096792-06c7-4c92-bf66-a9a288f15031" {{(pid=108269) __call__ /opt/stack/placement/placement/requestlog.py:55}}
Aug 22 15:12:30.885081 n-d-853704-4 devstack@placement-api.service[108269]: INFO placement.requestlog [req-fea3a91a-c38a-49c5-b95f-5f9e3e31cff8 req-30aa2d24-e58b-4417-9206-5675596b21de service placement] 10.222.0.71 "GET /placement/allocations/bd096792-06c7-4c92-bf66-a9a288f15031" status: 200 len: 259 microversion: 1.28
Aug 22 15:12:30.885393 n-d-853704-4 devstack@placement-api.service[108269]: [pid: 108269|app: 0|req: 151/307] 10.222.0.71 () {60 vars in 1380 bytes} [Mon Aug 22 15:12:30 2022] GET /placement/allocations/bd096792-06c7-4c92-bf66-a9a288f15031 => generated 259 bytes in 17 msecs (HTTP/1.1 200) 8 headers in 296 bytes (1 switches on core 0)
Aug 22 15:12:30.890895 n-d-853704-4 devstack@placement-api.service[108268]: DEBUG placement.requestlog [req-fea3a91a-c38a-49c5-b95f-5f9e3e31cff8 req-115b46b3-53ea-4f91-8e73-259a11929761 None None] Starting request: 10.222.0.71 "GET /placement/allocations/e7822303-a2ab-4b5b-9ef6-d78cb21ba76d" {{(pid=108268) __call__ /opt/stack/placement/placement/requestlog.py:55}}
Aug 22 15:12:30.903126 n-d-853704-4 devstack@placement-api.service[108268]: INFO placement.requestlog [req-fea3a91a-c38a-49c5-b95f-5f9e3e31cff8 req-115b46b3-53ea-4f91-8e73-259a11929761 service placement] 10.222.0.71 "GET /placement/allocations/e7822303-a2ab-4b5b-9ef6-d78cb21ba76d" status: 200 len: 19 microversion: 1.28
Aug 22 15:12:30.903884 n-d-853704-4 devstack@placement-api.service[108268]: [pid: 108268|app: 0|req: 157/308] 10.222.0.71 () {60 vars in 1380 bytes} [Mon Aug 22 15:12:30 2022] GET /placement/allocations/e7822303-a2ab-4b5b-9ef6-d78cb21ba76d => generated 19 bytes in 13 msecs (HTTP/1.1 200) 8 headers in 295 bytes (1 switches on core 0)
Aug 22 15:12:30.914538 n-d-853704-4 devstack@placement-api.service[108269]: DEBUG placement.requestlog [req-fea3a91a-c38a-49c5-b95f-5f9e3e31cff8 req-d24a7b98-67bc-4f3c-866c-9d6389db25e9 None None] Starting request: 10.222.0.71 "POST /placement/allocations" {{(pid=108269) __call__ /opt/stack/placement/placement/requestlog.py:55}}
Aug 22 15:12:31.031801 n-d-853704-4 devstack@placement-api.service[108268]: DEBUG placement.requestlog [req-39551f40-3005-4579-af37-d3445fbcb07b req-8018354b-616b-446e-8b18-06c5cb48d005 None None] Starting request: 10.222.0.48 "DELETE /placement/allocations/0652398d-2b1d-4c19-98d1-e984b8c8f1f9" {{(pid=108268) __call__ /opt/stack/placement/placement/requestlog.py:55}}
Aug 22 15:12:31.158070 n-d-853704-4 devstack@placement-api.service[108269]: DEBUG placement.handlers.allocation [req-fea3a91a-c38a-49c5-b95f-5f9e3e31cff8 req-d24a7b98-67bc-4f3c-866c-9d6389db25e9 service placement] Successfully wrote allocations [, , , , , ] {{(pid=108269) _update_consumers_and_create_allocations /opt/stack/placement/placement/handlers/allocation.py:572}}
Aug 22 15:12:31.247024 n-d-853704-4 devstack@placement-api.service[108269]: INFO placement.requestlog [req-fea3a91a-c38a-49c5-b95f-5f9e3e31cff8 req-d24a7b98-67bc-4f3c-866c-9d6389db25e9 service placement] 10.222.0.71 "POST /placement/allocations" status: 204 len: 0 microversion: 1.28
Aug 22 15:12:31.247427 n-d-853704-4 devstack@placement-api.service[108268]: DEBUG placement.handlers.allocation [req-39551f40-3005-4579-af37-d3445fbcb07b req-8018354b-616b-446e-8b18-06c5cb48d005 service placement] Successfully deleted allocations [, , ] {{(pid=108268) delete_allocations /opt/stack/placement/placement/handlers/allocation.py:627}}
Aug 22 15:12:31.248156 n-d-853704-4 devstack@placement-api.service[108268]: INFO placement.requestlog [req-39551f40-3005-4579-af37-d3445fbcb07b req-8018354b-616b-446e-8b18-06c5cb48d005 service placement] 10.222.0.48 "DELETE /placement/allocations/0652398d-2b1d-4c19-98d1-e984b8c8f1f9" status: 204 len: 0 microversion: 1.0
Aug 22 15:12:31.248813 n-d-853704-4 devstack@placement-api.service[108268]: [pid: 108268|app: 0|req: 158/310] 10.222.0.48 () {60 vars in 1355 bytes} [Mon Aug 22 15:12:31 2022] DELETE /placement/allocations/0652398d-2b1d-4c19-98d1-e984b8c8f1f9 => generated 0 bytes in 217 msecs (HTTP/1.1 204) 5 headers in 198 bytes (1 switches on core 0)
Aug 22 15:12:31.257573 n-d-853704-4 devstack@placement-api.service[108269]: [pid: 108269|app: 0|req: 152/310] 10.222.0.71 () {64 vars in 1323 bytes} [Mon Aug 22 15:12:30 2022] POST /placement/allocations => generated 0 bytes in 334 msecs (HTTP/1.1 204) 5 headers in 199 bytes (1 switches on core 0)
Aug 22 15:12:31.281357 n-d-853704-4 devstack@placement-api.service[108268]: DEBUG placement.requestlog [req-fea3a91a-c38a-49c5-b95f-5f9e3e31cff8 req-28a53381-e9a3-4a44-8b10-4b305d7345ba None None] Starting request: 10.222.0.71 "GET /placement/allocations/bd096792-06c7-4c92-bf66-a9a288f15031" {{(pid=108268) __call__ /opt/stack/placement/placement/requestlog.py:55}}
Aug 22 15:12:31.293015 n-d-853704-4 devstack@placement-api.service[108268]: INFO placement.requestlog [req-fea3a91a-c38a-49c5-b95f-5f9e3e31cff8 req-28a53381-e9a3-4a44-8b10-4b305d7345ba service placement] 10.222.0.71 "GET /placement/allocations/bd096792-06c7-4c92-bf66-a9a288f15031" status: 200 len: 19 microversion: 1.28
Aug 22 15:12:31.293493 n-d-853704-4 devstack@placement-api.service[108268]: [pid: 108268|app: 0|req: 159/311] 10.222.0.71 () {60 vars in 1380 bytes} [Mon Aug 22 15:12:31 2022] GET /placement/allocations/bd096792-06c7-4c92-bf66-a9a288f15031 => generated 19 bytes in 13 msecs (HTTP/1.1 200) 8 headers in 295 bytes (1 switches on core 0)
Aug 22 15:12:31.299637 n-d-853704-4 devstack@placement-api.service[108269]: DEBUG placement.requestlog [req-fea3a91a-c38a-49c5-b95f-5f9e3e31cff8 req-134cee4d-9016-4a72-a9b0-06cb804d55cb None None] Starting request: 10.222.0.71 "PUT /placement/allocations/bd096792-06c7-4c92-bf66-a9a288f15031" {{(pid=108269) __call__ /opt/stack/placement/placement/requestlog.py:55}}
Aug 22 15:12:31.436798 n-d-853704-4 devstack@placement-api.service[108269]: DEBUG placement.handlers.allocation [req-fea3a91a-c38a-49c5-b95f-5f9e3e31cff8 req-134cee4d-9016-4a72-a9b0-06cb804d55cb service placement] Successfully wrote allocations [, , ] {{(pid=108269) _update_consumers_and_create_allocations /opt/stack/placement/placement/handlers/allocation.py:462}}
Aug 22 15:12:31.454273 n-d-853704-4 devstack@placement-api.service[108268]: DEBUG placement.requestlog [req-de239ed8-a77f-49fc-bd02-d6ae854222c0 req-f7fc9e6b-09ab-4fb3-a5b0-76015ffc4a99 None None] Starting request: 10.222.0.48 "DELETE /placement/allocations/471d1e28-c810-4390-a730-181a5c4089a2" {{(pid=108268) __call__ /opt/stack/placement/placement/requestlog.py:55}}
Aug 22 15:12:31.527743 n-d-853704-4 devstack@placement-api.service[108269]: INFO placement.requestlog [req-fea3a91a-c38a-49c5-b95f-5f9e3e31cff8 req-134cee4d-9016-4a72-a9b0-06cb804d55cb service placement] 10.222.0.71 "PUT /placement/allocations/bd096792-06c7-4c92-bf66-a9a288f15031" status: 204 len: 0 microversion: 1.28
Aug 22 15:12:31.528815 n-d-853704-4 devstack@placement-api.service[108269]: [pid: 108269|app: 0|req: 153/312] 10.222.0.71 () {64 vars in 1433 bytes} [Mon Aug 22 15:12:31 2022] PUT /placement/allocations/bd096792-06c7-4c92-bf66-a9a288f15031 => generated 0 bytes in 229 msecs (HTTP/1.1 204) 5 headers in 199 bytes (1 switches on core 0)
Aug 22 15:12:31.657058 n-d-853704-4 devstack@placement-api.service[108268]: DEBUG placement.handlers.allocation [req-de239ed8-a77f-49fc-bd02-d6ae854222c0 req-f7fc9e6b-09ab-4fb3-a5b0-76015ffc4a99 service placement] Successfully deleted allocations [, , ] {{(pid=108268) delete_allocations /opt/stack/placement/placement/handlers/allocation.py:627}}
Aug 22 15:12:31.659999 n-d-853704-4 devstack@placement-api.service[108268]: INFO placement.requestlog [req-de239ed8-a77f-49fc-bd02-d6ae854222c0 req-f7fc9e6b-09ab-4fb3-a5b0-76015ffc4a99 service placement] 10.222.0.48 "DELETE /placement/allocations/471d1e28-c810-4390-a730-181a5c4089a2" status: 204 len: 0 microversion: 1.0
Aug 22 15:12:31.660798 n-d-853704-4 devstack@placement-api.service[108268]: [pid: 108268|app: 0|req: 160/313] 10.222.0.48 () {60 vars in 1355 bytes} [Mon Aug 22 15:12:31 2022] DELETE /placement/allocations/471d1e28-c810-4390-a730-181a5c4089a2 => generated 0 bytes in 206 msecs (HTTP/1.1 204) 5 headers in 198 bytes (1 switches on core 0)
Aug 22 15:12:31.775224 n-d-853704-4 devstack@placement-api.service[108269]: DEBUG placement.requestlog [req-fea3a91a-c38a-49c5-b95f-5f9e3e31cff8 req-8d6e36a7-f6e5-4b18-9e16-6d73e9ad63c3 None None] Starting request: 10.222.0.48 "GET /placement/allocations/bd096792-06c7-4c92-bf66-a9a288f15031" {{(pid=108269) __call__ /opt/stack/placement/placement/requestlog.py:55}}
Aug 22 15:12:31.791889 n-d-853704-4 devstack@placement-api.service[108269]: INFO placement.requestlog [req-fea3a91a-c38a-49c5-b95f-5f9e3e31cff8 req-8d6e36a7-f6e5-4b18-9e16-6d73e9ad63c3 service placement] 10.222.0.48 "GET /placement/allocations/bd096792-06c7-4c92-bf66-a9a288f15031" status: 200 len: 259 microversion: 1.28
Aug 22 15:12:31.792253 n-d-853704-4 devstack@placement-api.service[108269]: [pid: 108269|app: 0|req: 154/314] 10.222.0.48 () {60 vars in 1377 bytes} [Mon Aug 22 15:12:31 2022] GET /placement/allocations/bd096792-06c7-4c92-bf66-a9a288f15031 => generated 259 bytes in 17 msecs (HTTP/1.1 200) 8 headers in 296 bytes (1 switches on core 0)
Aug 22 15:12:40.088556 n-d-853704-4 devstack@placement-api.service[108268]: DEBUG placement.requestlog [req-c7658e32-e026-455d-8ec5-c476dbaca129 req-f6f0b2e5-e93e-43f9-a909-5fb82e711c86 None None] Starting request: 10.222.0.69 "DELETE /placement/allocations/7eb81bae-e07c-43eb-a554-1c965c9f93e6" {{(pid=108268) __call__ /opt/stack/placement/placement/requestlog.py:55}}
Aug 22 15:12:40.304999 n-d-853704-4 devstack@placement-api.service[108268]: DEBUG placement.handlers.allocation [req-c7658e32-e026-455d-8ec5-c476dbaca129 req-f6f0b2e5-e93e-43f9-a909-5fb82e711c86 service placement] Successfully deleted allocations [, , ] {{(pid=108268) delete_allocations /opt/stack/placement/placement/handlers/allocation.py:627}}
Aug 22 15:12:40.305956 n-d-853704-4 devstack@placement-api.service[108268]: INFO placement.requestlog [req-c7658e32-e026-455d-8ec5-c476dbaca129 req-f6f0b2e5-e93e-43f9-a909-5fb82e711c86 service placement] 10.222.0.69 "DELETE /placement/allocations/7eb81bae-e07c-43eb-a554-1c965c9f93e6" status: 204 len: 0 microversion: 1.0
Aug 22 15:12:40.306763 n-d-853704-4 devstack@placement-api.service[108268]: [pid: 108268|app: 0|req: 161/315] 10.222.0.69 () {60 vars in 1355 bytes} [Mon Aug 22 15:12:40 2022] DELETE /placement/allocations/7eb81bae-e07c-43eb-a554-1c965c9f93e6 => generated 0 bytes in 218 msecs (HTTP/1.1 204) 5 headers in 198 bytes (1 switches on core 0)
Aug 22 15:12:40.568399 n-d-853704-4 devstack@placement-api.service[108269]: DEBUG placement.requestlog [req-99125992-81cf-417b-b674-f6a7596ce8d7 req-531fb6bd-c4b7-4050-8475-8879ee28b10f None None] Starting request: 10.222.0.48 "GET /placement/resource_providers/845b5b0f-ffb5-4180-a8c0-70a4a2702ddd/allocations" {{(pid=108269) __call__ /opt/stack/placement/placement/requestlog.py:55}}
Aug 22 15:12:40.576962 n-d-853704-4 devstack@placement-api.service[108269]: DEBUG dbcounter [-] [108269] Writing DB stats placement:SELECT=75,placement:DELETE=11,placement:INSERT=8,placement:UPDATE=5 {{(pid=108269) stat_writer /usr/local/lib/python3.8/dist-packages/dbcounter.py:114}}
Aug 22 15:12:40.619268 n-d-853704-4 devstack@placement-api.service[108269]: INFO placement.requestlog [req-99125992-81cf-417b-b674-f6a7596ce8d7 req-531fb6bd-c4b7-4050-8475-8879ee28b10f service placement] 10.222.0.48 "GET /placement/resource_providers/845b5b0f-ffb5-4180-a8c0-70a4a2702ddd/allocations" status: 200 len: 860 microversion: 1.0
Aug 22 15:12:40.620202 n-d-853704-4 devstack@placement-api.service[108269]: [pid: 108269|app: 0|req: 155/316] 10.222.0.48 () {58 vars in 1390 bytes} [Mon Aug 22 15:12:40 2022] GET /placement/resource_providers/845b5b0f-ffb5-4180-a8c0-70a4a2702ddd/allocations => generated 860 bytes in 52 msecs (HTTP/1.1 200) 6 headers in 224 bytes (1 switches on core 0)
Aug 22 15:12:41.281067 n-d-853704-4 devstack@placement-api.service[108268]: DEBUG placement.requestlog [req-758f63c7-b004-4b18-8041-63c48dfc65a8 req-bca239ba-0ca1-4180-9409-fd5bcb181077 None None] Starting request: 10.222.0.48 "GET /placement/allocations/c752d47d-7a6f-4c2b-9995-545fa009474b" {{(pid=108268) __call__ /opt/stack/placement/placement/requestlog.py:55}}
Aug 22 15:12:41.303928 n-d-853704-4 devstack@placement-api.service[108268]: INFO placement.requestlog [req-758f63c7-b004-4b18-8041-63c48dfc65a8 req-bca239ba-0ca1-4180-9409-fd5bcb181077 service placement] 10.222.0.48 "GET /placement/allocations/c752d47d-7a6f-4c2b-9995-545fa009474b" status: 200 len: 258 microversion: 1.28
Aug 22 15:12:41.304486 n-d-853704-4 devstack@placement-api.service[108268]: [pid: 108268|app: 0|req: 162/317] 10.222.0.48 () {60 vars in 1377 bytes} [Mon Aug 22 15:12:41 2022] GET /placement/allocations/c752d47d-7a6f-4c2b-9995-545fa009474b => generated 258 bytes in 24 msecs (HTTP/1.1 200) 8 headers in 296 bytes (1 switches on core 0)
Aug 22 15:12:41.522677 n-d-853704-4 devstack@placement-api.service[108269]: DEBUG placement.requestlog [req-20a111f7-c482-47da-a750-6fd28c71f336 req-16e06cf0-fa3c-4e2b-b83d-70b5e065ca9d None None] Starting request: 10.222.0.71 "GET /placement/allocation_candidates?limit=1000&resources=DISK_GB%3A1%2CMEMORY_MB%3A1024%2CVCPU%3A1&root_required=%21COMPUTE_STATUS_DISABLED" {{(pid=108269) __call__ /opt/stack/placement/placement/requestlog.py:55}}
Aug 22 15:12:41.600647 n-d-853704-4 devstack@placement-api.service[108269]: DEBUG placement.objects.research_context [req-20a111f7-c482-47da-a750-6fd28c71f336 req-16e06cf0-fa3c-4e2b-b83d-70b5e065ca9d service placement] getting providers with 1 DISK_GB {{(pid=108269) __init__ /opt/stack/placement/placement/objects/research_context.py:136}}
Aug 22 15:12:41.640685 n-d-853704-4 devstack@placement-api.service[108269]: DEBUG placement.objects.research_context [req-20a111f7-c482-47da-a750-6fd28c71f336 req-16e06cf0-fa3c-4e2b-b83d-70b5e065ca9d service placement] getting providers with 1024 MEMORY_MB {{(pid=108269) __init__ /opt/stack/placement/placement/objects/research_context.py:136}}
Aug 22 15:12:41.640685 n-d-853704-4 devstack@placement-api.service[108269]: DEBUG placement.objects.research_context [req-20a111f7-c482-47da-a750-6fd28c71f336 req-16e06cf0-fa3c-4e2b-b83d-70b5e065ca9d service placement] getting providers with 1 VCPU {{(pid=108269) __init__ /opt/stack/placement/placement/objects/research_context.py:136}}
Aug 22 15:12:41.640685 n-d-853704-4 devstack@placement-api.service[108269]: DEBUG placement.objects.research_context [req-20a111f7-c482-47da-a750-6fd28c71f336 req-16e06cf0-fa3c-4e2b-b83d-70b5e065ca9d service placement] found 2 providers with available 1 DISK_GB {{(pid=108269) get_provider_ids_matching /opt/stack/placement/placement/objects/research_context.py:563}}
Aug 22 15:12:41.640685 n-d-853704-4 devstack@placement-api.service[108269]: DEBUG placement.objects.research_context [req-20a111f7-c482-47da-a750-6fd28c71f336 req-16e06cf0-fa3c-4e2b-b83d-70b5e065ca9d service placement] found 2 providers with available 1024 MEMORY_MB {{(pid=108269) get_provider_ids_matching /opt/stack/placement/placement/objects/research_context.py:563}}
Aug 22 15:12:41.640685 n-d-853704-4 devstack@placement-api.service[108269]: DEBUG placement.objects.research_context [req-20a111f7-c482-47da-a750-6fd28c71f336 req-16e06cf0-fa3c-4e2b-b83d-70b5e065ca9d service placement] found 2 providers after filtering by previous result {{(pid=108269) get_provider_ids_matching /opt/stack/placement/placement/objects/research_context.py:594}}
Aug 22 15:12:41.640685 n-d-853704-4 devstack@placement-api.service[108269]: DEBUG placement.objects.research_context [req-20a111f7-c482-47da-a750-6fd28c71f336 req-16e06cf0-fa3c-4e2b-b83d-70b5e065ca9d service placement] found 2 providers with available 1 VCPU {{(pid=108269) get_provider_ids_matching /opt/stack/placement/placement/objects/research_context.py:563}}
Aug 22 15:12:41.640685 n-d-853704-4 devstack@placement-api.service[108269]: DEBUG placement.objects.research_context [req-20a111f7-c482-47da-a750-6fd28c71f336 req-16e06cf0-fa3c-4e2b-b83d-70b5e065ca9d service placement] found 2 providers after filtering by previous result {{(pid=108269) get_provider_ids_matching /opt/stack/placement/placement/objects/research_context.py:594}}
Aug 22 15:12:41.640685 n-d-853704-4 devstack@placement-api.service[108269]: DEBUG placement.objects.allocation_candidate [req-20a111f7-c482-47da-a750-6fd28c71f336 req-16e06cf0-fa3c-4e2b-b83d-70b5e065ca9d service placement] RequestGroup(use_same_provider=False, resources={DISK_GB:1, MEMORY_MB:1024, VCPU:1}, traits=(), aggregates=[]) (suffix '') returned 2 matches {{(pid=108269) _get_by_requests /opt/stack/placement/placement/objects/allocation_candidate.py:156}}
Aug 22 15:12:41.640685 n-d-853704-4 devstack@placement-api.service[108269]: DEBUG placement.objects.allocation_candidate [req-20a111f7-c482-47da-a750-6fd28c71f336 req-16e06cf0-fa3c-4e2b-b83d-70b5e065ca9d service placement] Merging candidates yields 2 allocation requests and 2 provider summaries {{(pid=108269) _merge_candidates /opt/stack/placement/placement/objects/allocation_candidate.py:809}}
Aug 22 15:12:41.644219 n-d-853704-4 devstack@placement-api.service[108269]: INFO placement.requestlog [req-20a111f7-c482-47da-a750-6fd28c71f336 req-16e06cf0-fa3c-4e2b-b83d-70b5e065ca9d service placement] 10.222.0.71 "GET /placement/allocation_candidates?limit=1000&resources=DISK_GB%3A1%2CMEMORY_MB%3A1024%2CVCPU%3A1&root_required=%21COMPUTE_STATUS_DISABLED" status: 200 len: 1309 microversion: 1.36
Aug 22 15:12:41.645443 n-d-853704-4 devstack@placement-api.service[108269]: [pid: 108269|app: 0|req: 156/318] 10.222.0.71 () {60 vars in 1506 bytes} [Mon Aug 22 15:12:41 2022] GET /placement/allocation_candidates?limit=1000&resources=DISK_GB%3A1%2CMEMORY_MB%3A1024%2CVCPU%3A1&root_required=%21COMPUTE_STATUS_DISABLED => generated 1309 bytes in 123 msecs (HTTP/1.1 200) 8 headers in 297 bytes (1 switches on core 0)
Aug 22 15:12:41.749942 n-d-853704-4 devstack@placement-api.service[108268]: DEBUG placement.requestlog [req-20a111f7-c482-47da-a750-6fd28c71f336 req-0380912c-4855-4ad2-afc6-631e341ab5e4 None None] Starting request: 10.222.0.71 "GET /placement/allocations/cd91f9fb-f7eb-49ed-8d47-4f18b66c3242" {{(pid=108268) __call__ /opt/stack/placement/placement/requestlog.py:55}}
Aug 22 15:12:41.766795 n-d-853704-4 devstack@placement-api.service[108268]: INFO placement.requestlog [req-20a111f7-c482-47da-a750-6fd28c71f336 req-0380912c-4855-4ad2-afc6-631e341ab5e4 service placement] 10.222.0.71 "GET /placement/allocations/cd91f9fb-f7eb-49ed-8d47-4f18b66c3242" status: 200 len: 19 microversion: 1.28
Aug 22 15:12:41.776697 n-d-853704-4 devstack@placement-api.service[108269]: DEBUG placement.requestlog [req-20a111f7-c482-47da-a750-6fd28c71f336 req-8873639f-ef36-4c2d-ba53-92b6e15f29d3 None None] Starting request: 10.222.0.71 "PUT /placement/allocations/cd91f9fb-f7eb-49ed-8d47-4f18b66c3242" {{(pid=108269) __call__ /opt/stack/placement/placement/requestlog.py:55}}
Aug 22 15:12:41.789528 n-d-853704-4 devstack@placement-api.service[108268]: [pid: 108268|app: 0|req: 163/319] 10.222.0.71 () {60 vars in 1380 bytes} [Mon Aug 22 15:12:41 2022] GET /placement/allocations/cd91f9fb-f7eb-49ed-8d47-4f18b66c3242 => generated 19 bytes in 40 msecs (HTTP/1.1 200) 8 headers in 295 bytes (1 switches on core 0)
Aug 22 15:12:42.012251 n-d-853704-4 devstack@placement-api.service[108269]: DEBUG placement.handlers.allocation [req-20a111f7-c482-47da-a750-6fd28c71f336 req-8873639f-ef36-4c2d-ba53-92b6e15f29d3 service placement] Successfully wrote allocations [, , ] {{(pid=108269) _update_consumers_and_create_allocations /opt/stack/placement/placement/handlers/allocation.py:462}}
Aug 22 15:12:42.146744 n-d-853704-4 devstack@placement-api.service[108269]: INFO placement.requestlog [req-20a111f7-c482-47da-a750-6fd28c71f336 req-8873639f-ef36-4c2d-ba53-92b6e15f29d3 service placement] 10.222.0.71 "PUT /placement/allocations/cd91f9fb-f7eb-49ed-8d47-4f18b66c3242" status: 204 len: 0 microversion: 1.36
Aug 22 15:12:42.147414 n-d-853704-4 devstack@placement-api.service[108269]: [pid: 108269|app: 0|req: 157/320] 10.222.0.71 () {64 vars in 1433 bytes} [Mon Aug 22 15:12:41 2022] PUT /placement/allocations/cd91f9fb-f7eb-49ed-8d47-4f18b66c3242 => generated 0 bytes in 371 msecs (HTTP/1.1 204) 5 headers in 199 bytes (2 switches on core 0)
Aug 22 15:12:44.652225 n-d-853704-4 devstack@placement-api.service[108268]: DEBUG placement.requestlog [req-6efe3eaa-b386-43bd-b331-3ccaa0b36ac7 req-eac01b6b-9517-4046-8790-3f41fdeeee09 None None] Starting request: 10.222.0.69 "DELETE /placement/allocations/5a924e68-9697-41fb-8c96-39c28b5d6572" {{(pid=108268) __call__ /opt/stack/placement/placement/requestlog.py:55}}
Aug 22 15:12:44.806708 n-d-853704-4 devstack@placement-api.service[108269]: DEBUG placement.requestlog [req-20a111f7-c482-47da-a750-6fd28c71f336 req-ca827d38-d3d0-455c-9e84-143380671ab1 None None] Starting request: 10.222.0.48 "GET /placement/allocations/cd91f9fb-f7eb-49ed-8d47-4f18b66c3242" {{(pid=108269) __call__ /opt/stack/placement/placement/requestlog.py:55}}
Aug 22 15:12:44.823802 n-d-853704-4 devstack@placement-api.service[108269]: INFO placement.requestlog [req-20a111f7-c482-47da-a750-6fd28c71f336 req-ca827d38-d3d0-455c-9e84-143380671ab1 service placement] 10.222.0.48 "GET /placement/allocations/cd91f9fb-f7eb-49ed-8d47-4f18b66c3242" status: 200 len: 259 microversion: 1.28
Aug 22 15:12:44.824168 n-d-853704-4 devstack@placement-api.service[108269]: [pid: 108269|app: 0|req: 158/321] 10.222.0.48 () {60 vars in 1377 bytes} [Mon Aug 22 15:12:44 2022] GET /placement/allocations/cd91f9fb-f7eb-49ed-8d47-4f18b66c3242 => generated 259 bytes in 18 msecs (HTTP/1.1 200) 8 headers in 296 bytes (2 switches on core 0)
Aug 22 15:12:44.905058 n-d-853704-4 devstack@placement-api.service[108268]: DEBUG placement.handlers.allocation [req-6efe3eaa-b386-43bd-b331-3ccaa0b36ac7 req-eac01b6b-9517-4046-8790-3f41fdeeee09 service placement] Successfully deleted allocations [, , ] {{(pid=108268) delete_allocations /opt/stack/placement/placement/handlers/allocation.py:627}}
Aug 22 15:12:44.905846 n-d-853704-4 devstack@placement-api.service[108268]: INFO placement.requestlog [req-6efe3eaa-b386-43bd-b331-3ccaa0b36ac7 req-eac01b6b-9517-4046-8790-3f41fdeeee09 service placement] 10.222.0.69 "DELETE /placement/allocations/5a924e68-9697-41fb-8c96-39c28b5d6572" status: 204 len: 0 microversion: 1.0
Aug 22 15:12:44.906455 n-d-853704-4 devstack@placement-api.service[108268]: [pid: 108268|app: 0|req: 164/322] 10.222.0.69 () {60 vars in 1355 bytes} [Mon Aug 22 15:12:44 2022] DELETE /placement/allocations/5a924e68-9697-41fb-8c96-39c28b5d6572 => generated 0 bytes in 255 msecs (HTTP/1.1 204) 5 headers in 198 bytes (2 switches on core 0)
Aug 22 15:12:48.285321 n-d-853704-4 devstack@placement-api.service[108269]: DEBUG placement.requestlog [req-3c5f6dea-37a8-49e3-951f-70bb5ceaa913 req-982fb7e0-44c7-479c-9ea9-e6cda4175e75 None None] Starting request: 10.222.0.69 "GET /placement/resource_providers/42f59cad-b31b-4dec-847f-ef9c5bc8050c/allocations" {{(pid=108269) __call__ /opt/stack/placement/placement/requestlog.py:55}}
Aug 22 15:12:48.338073 n-d-853704-4 devstack@placement-api.service[108269]: INFO placement.requestlog [req-3c5f6dea-37a8-49e3-951f-70bb5ceaa913 req-982fb7e0-44c7-479c-9ea9-e6cda4175e75 service placement] 10.222.0.69 "GET /placement/resource_providers/42f59cad-b31b-4dec-847f-ef9c5bc8050c/allocations" status: 200 len: 860 microversion: 1.0
Aug 22 15:12:48.339487 n-d-853704-4 devstack@placement-api.service[108269]: [pid: 108269|app: 0|req: 159/323] 10.222.0.69 () {58 vars in 1390 bytes} [Mon Aug 22 15:12:48 2022] GET /placement/resource_providers/42f59cad-b31b-4dec-847f-ef9c5bc8050c/allocations => generated 860 bytes in 55 msecs (HTTP/1.1 200) 6 headers in 224 bytes (1 switches on core 0)
Aug 22 15:12:48.872518 n-d-853704-4 devstack@placement-api.service[108268]: DEBUG placement.requestlog [req-3c5f6dea-37a8-49e3-951f-70bb5ceaa913 req-95287fbb-43a8-43e0-a4ea-82b643fe49e8 None None] Starting request: 10.222.0.69 "GET /placement/allocations/6790cae5-e5c2-41dc-8386-8b4ef356fdf0" {{(pid=108268) __call__ /opt/stack/placement/placement/requestlog.py:55}}
Aug 22 15:12:48.897547 n-d-853704-4 devstack@placement-api.service[108268]: INFO placement.requestlog [req-3c5f6dea-37a8-49e3-951f-70bb5ceaa913 req-95287fbb-43a8-43e0-a4ea-82b643fe49e8 service placement] 10.222.0.69 "GET /placement/allocations/6790cae5-e5c2-41dc-8386-8b4ef356fdf0" status: 200 len: 259 microversion: 1.28
Aug 22 15:12:48.899334 n-d-853704-4 devstack@placement-api.service[108268]: [pid: 108268|app: 0|req: 165/324] 10.222.0.69 () {60 vars in 1377 bytes} [Mon Aug 22 15:12:48 2022] GET /placement/allocations/6790cae5-e5c2-41dc-8386-8b4ef356fdf0 => generated 259 bytes in 28 msecs (HTTP/1.1 200) 8 headers in 296 bytes (1 switches on core 0)
Aug 22 15:12:48.909320 n-d-853704-4 devstack@placement-api.service[108269]: DEBUG placement.requestlog [req-3c5f6dea-37a8-49e3-951f-70bb5ceaa913 req-92158f29-f349-4932-9da6-2ee2cd6e93d2 None None] Starting request: 10.222.0.69 "PUT /placement/allocations/6790cae5-e5c2-41dc-8386-8b4ef356fdf0" {{(pid=108269) __call__ /opt/stack/placement/placement/requestlog.py:55}}
Aug 22 15:12:49.029468 n-d-853704-4 devstack@placement-api.service[108269]: DEBUG placement.handlers.allocation [req-3c5f6dea-37a8-49e3-951f-70bb5ceaa913 req-92158f29-f349-4932-9da6-2ee2cd6e93d2 service placement] Successfully wrote allocations [, , ] {{(pid=108269) _update_consumers_and_create_allocations /opt/stack/placement/placement/handlers/allocation.py:462}}
Aug 22 15:12:49.212613 n-d-853704-4 devstack@placement-api.service[108269]: INFO placement.requestlog [req-3c5f6dea-37a8-49e3-951f-70bb5ceaa913 req-92158f29-f349-4932-9da6-2ee2cd6e93d2 service placement] 10.222.0.69 "PUT /placement/allocations/6790cae5-e5c2-41dc-8386-8b4ef356fdf0" status: 204 len: 0 microversion: 1.28
Aug 22 15:12:49.213458 n-d-853704-4 devstack@placement-api.service[108269]: [pid: 108269|app: 0|req: 160/325] 10.222.0.69 () {64 vars in 1430 bytes} [Mon Aug 22 15:12:48 2022] PUT /placement/allocations/6790cae5-e5c2-41dc-8386-8b4ef356fdf0 => generated 0 bytes in 306 msecs (HTTP/1.1 204) 5 headers in 199 bytes (1 switches on core 0)
Aug 22 15:12:53.572396 n-d-853704-4 devstack@placement-api.service[108268]: DEBUG placement.requestlog [req-f845ddd0-324a-4cdd-8673-dc3cacab9eae req-e0aab694-b0f6-4a2a-b2db-0f79629f419e None None] Starting request: 10.222.0.69 "GET /placement/allocations/0f34ed88-9815-48e7-828e-a570d3115cda" {{(pid=108268) __call__ /opt/stack/placement/placement/requestlog.py:55}}
Aug 22 15:12:53.632970 n-d-853704-4 devstack@placement-api.service[108268]: INFO placement.requestlog [req-f845ddd0-324a-4cdd-8673-dc3cacab9eae req-e0aab694-b0f6-4a2a-b2db-0f79629f419e service placement] 10.222.0.69 "GET /placement/allocations/0f34ed88-9815-48e7-828e-a570d3115cda" status: 200 len: 259 microversion: 1.28
Aug 22 15:12:53.634111 n-d-853704-4 devstack@placement-api.service[108268]: [pid: 108268|app: 0|req: 166/326] 10.222.0.69 () {60 vars in 1377 bytes} [Mon Aug 22 15:12:53 2022] GET /placement/allocations/0f34ed88-9815-48e7-828e-a570d3115cda => generated 259 bytes in 62 msecs (HTTP/1.1 200) 8 headers in 296 bytes (1 switches on core 0)
Aug 22 15:12:53.642676 n-d-853704-4 devstack@placement-api.service[108269]: DEBUG placement.requestlog [req-f845ddd0-324a-4cdd-8673-dc3cacab9eae req-05e3cb90-6748-4735-85fb-a2f641dd974e None None] Starting request: 10.222.0.69 "GET /placement/allocations/0f34ed88-9815-48e7-828e-a570d3115cda" {{(pid=108269) __call__ /opt/stack/placement/placement/requestlog.py:55}}
Aug 22 15:12:53.682340 n-d-853704-4 devstack@placement-api.service[108269]: INFO placement.requestlog [req-f845ddd0-324a-4cdd-8673-dc3cacab9eae req-05e3cb90-6748-4735-85fb-a2f641dd974e service placement] 10.222.0.69 "GET /placement/allocations/0f34ed88-9815-48e7-828e-a570d3115cda" status: 200 len: 259 microversion: 1.28
Aug 22 15:12:53.682652 n-d-853704-4 devstack@placement-api.service[108269]: [pid: 108269|app: 0|req: 161/327] 10.222.0.69 () {60 vars in 1377 bytes} [Mon Aug 22 15:12:53 2022] GET /placement/allocations/0f34ed88-9815-48e7-828e-a570d3115cda => generated 259 bytes in 41 msecs (HTTP/1.1 200) 8 headers in 296 bytes (2 switches on core 0)
Aug 22 15:12:53.689936 n-d-853704-4 devstack@placement-api.service[108268]: DEBUG placement.requestlog [req-f845ddd0-324a-4cdd-8673-dc3cacab9eae req-d4ecbe0f-7b1c-402c-b586-0ade4ad975f0 None None] Starting request: 10.222.0.69 "GET /placement/allocations/c752d47d-7a6f-4c2b-9995-545fa009474b" {{(pid=108268) __call__ /opt/stack/placement/placement/requestlog.py:55}}
Aug 22 15:12:53.769076 n-d-853704-4 devstack@placement-api.service[108268]: INFO placement.requestlog [req-f845ddd0-324a-4cdd-8673-dc3cacab9eae req-d4ecbe0f-7b1c-402c-b586-0ade4ad975f0 service placement] 10.222.0.69 "GET /placement/allocations/c752d47d-7a6f-4c2b-9995-545fa009474b" status: 200 len: 258 microversion: 1.28
Aug 22 15:12:53.772495 n-d-853704-4 devstack@placement-api.service[108268]: [pid: 108268|app: 0|req: 167/328] 10.222.0.69 () {60 vars in 1377 bytes} [Mon Aug 22 15:12:53 2022] GET /placement/allocations/c752d47d-7a6f-4c2b-9995-545fa009474b => generated 258 bytes in 81 msecs (HTTP/1.1 200) 8 headers in 296 bytes (1 switches on core 0)
Aug 22 15:12:53.777963 n-d-853704-4 devstack@placement-api.service[108269]: DEBUG placement.requestlog [req-f845ddd0-324a-4cdd-8673-dc3cacab9eae req-bab4d752-cd0c-40b1-b143-ba8f7cbd9a79 None None] Starting request: 10.222.0.69 "POST /placement/allocations" {{(pid=108269) __call__ /opt/stack/placement/placement/requestlog.py:55}}
Aug 22 15:12:54.016156 n-d-853704-4 devstack@placement-api.service[108269]: DEBUG placement.handlers.allocation [req-f845ddd0-324a-4cdd-8673-dc3cacab9eae req-bab4d752-cd0c-40b1-b143-ba8f7cbd9a79 service placement] Successfully wrote allocations [, , , , , ] {{(pid=108269) _update_consumers_and_create_allocations /opt/stack/placement/placement/handlers/allocation.py:572}}
Aug 22 15:12:54.089533 n-d-853704-4 devstack@placement-api.service[108269]: INFO placement.requestlog [req-f845ddd0-324a-4cdd-8673-dc3cacab9eae req-bab4d752-cd0c-40b1-b143-ba8f7cbd9a79 service placement] 10.222.0.69 "POST /placement/allocations" status: 204 len: 0 microversion: 1.28
Aug 22 15:12:54.090113 n-d-853704-4 devstack@placement-api.service[108269]: [pid: 108269|app: 0|req: 162/329] 10.222.0.69 () {64 vars in 1320 bytes} [Mon Aug 22 15:12:53 2022] POST /placement/allocations => generated 0 bytes in 312 msecs (HTTP/1.1 204) 5 headers in 199 bytes (2 switches on core 0)
Aug 22 15:13:03.750785 n-d-853704-4 devstack@placement-api.service[108268]: DEBUG dbcounter [-] [108268] Writing DB stats placement:SELECT=55,placement:DELETE=8 {{(pid=108268) stat_writer /usr/local/lib/python3.8/dist-packages/dbcounter.py:114}}
Aug 22 15:13:04.018958 n-d-853704-4 devstack@placement-api.service[108269]: DEBUG dbcounter [-] [108269] Writing DB stats placement:SELECT=78,placement:INSERT=7,placement:DELETE=7,placement:UPDATE=7 {{(pid=108269) stat_writer /usr/local/lib/python3.8/dist-packages/dbcounter.py:114}}
Aug 22 15:13:08.034430 n-d-853704-4 devstack@placement-api.service[108268]: DEBUG placement.requestlog [req-4d4d4215-6754-47b8-9aff-d60d8180a788 req-6354d166-b101-4b11-97a3-fdafe1b48cf2 None None] Starting request: 10.222.0.71 "GET /placement/allocation_candidates?limit=1000&resources=DISK_GB%3A1%2CMEMORY_MB%3A1024%2CVCPU%3A1&root_required=%21COMPUTE_STATUS_DISABLED" {{(pid=108268) __call__ /opt/stack/placement/placement/requestlog.py:55}}
Aug 22 15:13:08.485569 n-d-853704-4 devstack@placement-api.service[108268]: DEBUG placement.objects.research_context [req-4d4d4215-6754-47b8-9aff-d60d8180a788 req-6354d166-b101-4b11-97a3-fdafe1b48cf2 service placement] getting providers with 1 DISK_GB {{(pid=108268) __init__ /opt/stack/placement/placement/objects/research_context.py:136}}
Aug 22 15:13:08.491608 n-d-853704-4 devstack@placement-api.service[108268]: DEBUG placement.objects.research_context [req-4d4d4215-6754-47b8-9aff-d60d8180a788 req-6354d166-b101-4b11-97a3-fdafe1b48cf2 service placement] getting providers with 1024 MEMORY_MB {{(pid=108268) __init__ /opt/stack/placement/placement/objects/research_context.py:136}}
Aug 22 15:13:08.499718 n-d-853704-4 devstack@placement-api.service[108268]: DEBUG placement.objects.research_context [req-4d4d4215-6754-47b8-9aff-d60d8180a788 req-6354d166-b101-4b11-97a3-fdafe1b48cf2 service placement] getting providers with 1 VCPU {{(pid=108268) __init__ /opt/stack/placement/placement/objects/research_context.py:136}}
Aug 22 15:13:08.511087 n-d-853704-4 devstack@placement-api.service[108268]: DEBUG placement.objects.research_context [req-4d4d4215-6754-47b8-9aff-d60d8180a788 req-6354d166-b101-4b11-97a3-fdafe1b48cf2 service placement] found 2 providers with available 1 DISK_GB {{(pid=108268) get_provider_ids_matching /opt/stack/placement/placement/objects/research_context.py:563}}
Aug 22 15:13:08.516544 n-d-853704-4 devstack@placement-api.service[108268]: DEBUG placement.objects.research_context [req-4d4d4215-6754-47b8-9aff-d60d8180a788 req-6354d166-b101-4b11-97a3-fdafe1b48cf2 service placement] found 2 providers with available 1024 MEMORY_MB {{(pid=108268) get_provider_ids_matching /opt/stack/placement/placement/objects/research_context.py:563}}
Aug 22 15:13:08.516544 n-d-853704-4 devstack@placement-api.service[108268]: DEBUG placement.objects.research_context [req-4d4d4215-6754-47b8-9aff-d60d8180a788 req-6354d166-b101-4b11-97a3-fdafe1b48cf2 service placement] found 2 providers after filtering by previous result {{(pid=108268) get_provider_ids_matching /opt/stack/placement/placement/objects/research_context.py:594}}
Aug 22 15:13:08.516544 n-d-853704-4 devstack@placement-api.service[108268]: DEBUG placement.objects.research_context [req-4d4d4215-6754-47b8-9aff-d60d8180a788 req-6354d166-b101-4b11-97a3-fdafe1b48cf2 service placement] found 2 providers with available 1 VCPU {{(pid=108268) get_provider_ids_matching /opt/stack/placement/placement/objects/research_context.py:563}}
Aug 22 15:13:08.516544 n-d-853704-4 devstack@placement-api.service[108268]: DEBUG placement.objects.research_context [req-4d4d4215-6754-47b8-9aff-d60d8180a788 req-6354d166-b101-4b11-97a3-fdafe1b48cf2 service placement] found 2 providers after filtering by previous result {{(pid=108268) get_provider_ids_matching /opt/stack/placement/placement/objects/research_context.py:594}}
Aug 22 15:13:08.559153 n-d-853704-4 devstack@placement-api.service[108268]: DEBUG placement.objects.allocation_candidate [req-4d4d4215-6754-47b8-9aff-d60d8180a788 req-6354d166-b101-4b11-97a3-fdafe1b48cf2 service placement] RequestGroup(use_same_provider=False, resources={DISK_GB:1, MEMORY_MB:1024, VCPU:1}, traits=(), aggregates=[]) (suffix '') returned 2 matches {{(pid=108268) _get_by_requests /opt/stack/placement/placement/objects/allocation_candidate.py:156}}
Aug 22 15:13:08.561106 n-d-853704-4 devstack@placement-api.service[108268]: DEBUG placement.objects.allocation_candidate [req-4d4d4215-6754-47b8-9aff-d60d8180a788 req-6354d166-b101-4b11-97a3-fdafe1b48cf2 service placement] Merging candidates yields 2 allocation requests and 2 provider summaries {{(pid=108268) _merge_candidates /opt/stack/placement/placement/objects/allocation_candidate.py:809}}
Aug 22 15:13:08.566413 n-d-853704-4 devstack@placement-api.service[108268]: INFO placement.requestlog [req-4d4d4215-6754-47b8-9aff-d60d8180a788 req-6354d166-b101-4b11-97a3-fdafe1b48cf2 service placement] 10.222.0.71 "GET /placement/allocation_candidates?limit=1000&resources=DISK_GB%3A1%2CMEMORY_MB%3A1024%2CVCPU%3A1&root_required=%21COMPUTE_STATUS_DISABLED" status: 200 len: 1309 microversion: 1.36
Aug 22 15:13:08.593665 n-d-853704-4 devstack@placement-api.service[108268]: [pid: 108268|app: 0|req: 168/330] 10.222.0.71 () {60 vars in 1506 bytes} [Mon Aug 22 15:13:08 2022] GET /placement/allocation_candidates?limit=1000&resources=DISK_GB%3A1%2CMEMORY_MB%3A1024%2CVCPU%3A1&root_required=%21COMPUTE_STATUS_DISABLED => generated 1309 bytes in 559 msecs (HTTP/1.1 200) 8 headers in 297 bytes (1 switches on core 0)
Aug 22 15:13:08.686086 n-d-853704-4 devstack@placement-api.service[108269]: DEBUG placement.requestlog [req-4d4d4215-6754-47b8-9aff-d60d8180a788 req-df91796f-52e0-4232-a1b9-82dff75d9bc6 None None] Starting request: 10.222.0.71 "GET /placement/allocations/f239c055-46f5-4352-aa21-06aa2db8839f" {{(pid=108269) __call__ /opt/stack/placement/placement/requestlog.py:55}}
Aug 22 15:13:08.717140 n-d-853704-4 devstack@placement-api.service[108269]: INFO placement.requestlog [req-4d4d4215-6754-47b8-9aff-d60d8180a788 req-df91796f-52e0-4232-a1b9-82dff75d9bc6 service placement] 10.222.0.71 "GET /placement/allocations/f239c055-46f5-4352-aa21-06aa2db8839f" status: 200 len: 19 microversion: 1.28
Aug 22 15:13:08.720012 n-d-853704-4 devstack@placement-api.service[108269]: [pid: 108269|app: 0|req: 163/331] 10.222.0.71 () {60 vars in 1380 bytes} [Mon Aug 22 15:13:08 2022] GET /placement/allocations/f239c055-46f5-4352-aa21-06aa2db8839f => generated 19 bytes in 34 msecs (HTTP/1.1 200) 8 headers in 295 bytes (1 switches on core 0)
Aug 22 15:13:08.729165 n-d-853704-4 devstack@placement-api.service[108268]: DEBUG placement.requestlog [req-4d4d4215-6754-47b8-9aff-d60d8180a788 req-c7d6fcb1-3004-457e-846b-04dd8d678d4a None None] Starting request: 10.222.0.71 "PUT /placement/allocations/f239c055-46f5-4352-aa21-06aa2db8839f" {{(pid=108268) __call__ /opt/stack/placement/placement/requestlog.py:55}}
Aug 22 15:13:08.961920 n-d-853704-4 devstack@placement-api.service[108268]: DEBUG placement.handlers.allocation [req-4d4d4215-6754-47b8-9aff-d60d8180a788 req-c7d6fcb1-3004-457e-846b-04dd8d678d4a service placement] Successfully wrote allocations [, , ] {{(pid=108268) _update_consumers_and_create_allocations /opt/stack/placement/placement/handlers/allocation.py:462}}
Aug 22 15:13:09.079459 n-d-853704-4 devstack@placement-api.service[108268]: INFO placement.requestlog [req-4d4d4215-6754-47b8-9aff-d60d8180a788 req-c7d6fcb1-3004-457e-846b-04dd8d678d4a service placement] 10.222.0.71 "PUT /placement/allocations/f239c055-46f5-4352-aa21-06aa2db8839f" status: 204 len: 0 microversion: 1.36
Aug 22 15:13:09.082036 n-d-853704-4 devstack@placement-api.service[108268]: [pid: 108268|app: 0|req: 169/332] 10.222.0.71 () {64 vars in 1433 bytes} [Mon Aug 22 15:13:08 2022] PUT /placement/allocations/f239c055-46f5-4352-aa21-06aa2db8839f => generated 0 bytes in 353 msecs (HTTP/1.1 204) 5 headers in 199 bytes (1 switches on core 0)
Aug 22 15:13:10.504954 n-d-853704-4 devstack@placement-api.service[108269]: DEBUG placement.requestlog [req-4d4d4215-6754-47b8-9aff-d60d8180a788 req-f2f36dfb-e244-4bdf-9e69-d381255f482e None None] Starting request: 10.222.0.69 "GET /placement/allocations/f239c055-46f5-4352-aa21-06aa2db8839f" {{(pid=108269) __call__ /opt/stack/placement/placement/requestlog.py:55}}
Aug 22 15:13:10.545353 n-d-853704-4 devstack@placement-api.service[108269]: INFO placement.requestlog [req-4d4d4215-6754-47b8-9aff-d60d8180a788 req-f2f36dfb-e244-4bdf-9e69-d381255f482e service placement] 10.222.0.69 "GET /placement/allocations/f239c055-46f5-4352-aa21-06aa2db8839f" status: 200 len: 259 microversion: 1.28
Aug 22 15:13:10.547346 n-d-853704-4 devstack@placement-api.service[108269]: [pid: 108269|app: 0|req: 164/333] 10.222.0.69 () {60 vars in 1377 bytes} [Mon Aug 22 15:13:10 2022] GET /placement/allocations/f239c055-46f5-4352-aa21-06aa2db8839f => generated 259 bytes in 43 msecs (HTTP/1.1 200) 8 headers in 296 bytes (1 switches on core 0)
Aug 22 15:13:12.807158 n-d-853704-4 devstack@placement-api.service[108268]: DEBUG placement.requestlog [req-392618f0-06cf-4bbb-86a1-cb791e68d3b0 req-79b64fe0-de8e-43e2-bf1d-db797abeb700 None None] Starting request: 10.222.0.69 "DELETE /placement/allocations/8a8314ac-a649-4ae2-bcd5-a70fcd215bc6" {{(pid=108268) __call__ /opt/stack/placement/placement/requestlog.py:55}}
Aug 22 15:13:13.081459 n-d-853704-4 devstack@placement-api.service[108268]: DEBUG placement.handlers.allocation [req-392618f0-06cf-4bbb-86a1-cb791e68d3b0 req-79b64fe0-de8e-43e2-bf1d-db797abeb700 service placement] Successfully deleted allocations [, , ] {{(pid=108268) delete_allocations /opt/stack/placement/placement/handlers/allocation.py:627}}
Aug 22 15:13:13.082009 n-d-853704-4 devstack@placement-api.service[108268]: INFO placement.requestlog [req-392618f0-06cf-4bbb-86a1-cb791e68d3b0 req-79b64fe0-de8e-43e2-bf1d-db797abeb700 service placement] 10.222.0.69 "DELETE /placement/allocations/8a8314ac-a649-4ae2-bcd5-a70fcd215bc6" status: 204 len: 0 microversion: 1.0
Aug 22 15:13:13.082509 n-d-853704-4 devstack@placement-api.service[108268]: [pid: 108268|app: 0|req: 170/334] 10.222.0.69 () {60 vars in 1355 bytes} [Mon Aug 22 15:13:12 2022] DELETE /placement/allocations/8a8314ac-a649-4ae2-bcd5-a70fcd215bc6 => generated 0 bytes in 276 msecs (HTTP/1.1 204) 5 headers in 198 bytes (1 switches on core 0)
Aug 22 15:13:15.177155 n-d-853704-4 devstack@placement-api.service[108269]: DEBUG placement.requestlog [None req-dd26b701-35aa-4a26-89e4-24ab55703ef3 None None] Starting request: 10.222.0.71 "GET /placement/resource_providers/06b1c062-5bae-47ab-9bc1-25f1adaf0cf7/aggregates" {{(pid=108269) __call__ /opt/stack/placement/placement/requestlog.py:55}}
Aug 22 15:13:15.443972 n-d-853704-4 devstack@placement-api.service[108269]: INFO placement.requestlog [None req-dd26b701-35aa-4a26-89e4-24ab55703ef3 service placement] 10.222.0.71 "GET /placement/resource_providers/06b1c062-5bae-47ab-9bc1-25f1adaf0cf7/aggregates" status: 404 len: 235 microversion: 1.1
Aug 22 15:13:15.446782 n-d-853704-4 devstack@placement-api.service[108269]: [pid: 108269|app: 0|req: 165/335] 10.222.0.71 () {58 vars in 1362 bytes} [Mon Aug 22 15:13:15 2022] GET /placement/resource_providers/06b1c062-5bae-47ab-9bc1-25f1adaf0cf7/aggregates => generated 235 bytes in 270 msecs (HTTP/1.1 404) 5 headers in 202 bytes (1 switches on core 0)
Aug 22 15:13:15.469998 n-d-853704-4 devstack@placement-api.service[108268]: DEBUG placement.requestlog [None req-3b5f8f03-9f0e-4c9d-bbf6-174a376a0e56 None None] Starting request: 10.222.0.71 "DELETE /placement/resource_providers/06b1c062-5bae-47ab-9bc1-25f1adaf0cf7" {{(pid=108268) __call__ /opt/stack/placement/placement/requestlog.py:55}}
