Aug 22 15:28:59.364207 n-d-853704-4 devstack@placement-api.service[108268]: [pid: 108268|app: 0|req: 466/926] 10.222.0.71 () {58 vars in 1362 bytes} [Mon Aug 22 15:28:59 2022] GET /placement/resource_providers/1c4baba2-1cec-453a-b6d1-34f394358bbe/aggregates => generated 235 bytes in 12 msecs (HTTP/1.1 404) 5 headers in 202 bytes (1 switches on core 0)
Aug 22 15:28:59.390376 n-d-853704-4 devstack@placement-api.service[108269]: DEBUG placement.requestlog [None req-d670f33f-8cd9-4ed2-a07d-4b1134d49cfa None None] Starting request: 10.222.0.71 "DELETE /placement/resource_providers/1c4baba2-1cec-453a-b6d1-34f394358bbe" {{(pid=108269) __call__ /opt/stack/placement/placement/requestlog.py:55}}
Aug 22 15:28:59.410307 n-d-853704-4 devstack@placement-api.service[108269]: DEBUG placement.wsgi_wrapper [None req-d670f33f-8cd9-4ed2-a07d-4b1134d49cfa service placement] Placement API returning an error response: No resource provider with uuid 1c4baba2-1cec-453a-b6d1-34f394358bbe found for delete {{(pid=108269) call_func /opt/stack/placement/placement/wsgi_wrapper.py:31}}
Aug 22 15:28:59.411101 n-d-853704-4 devstack@placement-api.service[108269]: INFO placement.requestlog [None req-d670f33f-8cd9-4ed2-a07d-4b1134d49cfa service placement] 10.222.0.71 "DELETE /placement/resource_providers/1c4baba2-1cec-453a-b6d1-34f394358bbe" status: 404 len: 246 microversion: 1.1
Aug 22 15:28:59.412141 n-d-853704-4 devstack@placement-api.service[108269]: [pid: 108269|app: 0|req: 461/927] 10.222.0.71 () {60 vars in 1351 bytes} [Mon Aug 22 15:28:59 2022] DELETE /placement/resource_providers/1c4baba2-1cec-453a-b6d1-34f394358bbe => generated 246 bytes in 22 msecs (HTTP/1.1 404) 6 headers in 231 bytes (1 switches on core 0)
Aug 22 15:28:59.966568 n-d-853704-4 devstack@placement-api.service[108268]: DEBUG placement.requestlog [req-fb90ad14-48f6-4bd9-8a3b-e36884c93f2f req-bdf4829c-01cd-4c48-9e89-5f2f79e214b8 None None] Starting request: 10.222.0.48 "GET /placement/allocations/42be0fb3-846d-4336-94c9-109582e42407" {{(pid=108268) __call__ /opt/stack/placement/placement/requestlog.py:55}}
Aug 22 15:29:00.021924 n-d-853704-4 devstack@placement-api.service[108268]: INFO placement.requestlog [req-fb90ad14-48f6-4bd9-8a3b-e36884c93f2f req-bdf4829c-01cd-4c48-9e89-5f2f79e214b8 service placement] 10.222.0.48 "GET /placement/allocations/42be0fb3-846d-4336-94c9-109582e42407" status: 200 len: 259 microversion: 1.28
Aug 22 15:29:00.027633 n-d-853704-4 devstack@placement-api.service[108268]: [pid: 108268|app: 0|req: 467/928] 10.222.0.48 () {60 vars in 1377 bytes} [Mon Aug 22 15:28:59 2022] GET /placement/allocations/42be0fb3-846d-4336-94c9-109582e42407 => generated 259 bytes in 61 msecs (HTTP/1.1 200) 8 headers in 296 bytes (1 switches on core 0)
Aug 22 15:29:03.789609 n-d-853704-4 devstack@placement-api.service[108269]: DEBUG placement.requestlog [req-a44cbe3b-2bab-43f9-afcf-95530074016b req-4d4eeb62-59f2-46b4-b639-32ad5600c6eb None None] Starting request: 10.222.0.71 "GET /placement/allocation_candidates?limit=1000&resources=DISK_GB%3A1%2CMEMORY_MB%3A1024%2CVCPU%3A1&root_required=%21COMPUTE_STATUS_DISABLED" {{(pid=108269) __call__ /opt/stack/placement/placement/requestlog.py:55}}
Aug 22 15:29:03.925081 n-d-853704-4 devstack@placement-api.service[108269]: DEBUG placement.objects.research_context [req-a44cbe3b-2bab-43f9-afcf-95530074016b req-4d4eeb62-59f2-46b4-b639-32ad5600c6eb service placement] getting providers with 1 DISK_GB {{(pid=108269) __init__ /opt/stack/placement/placement/objects/research_context.py:136}}
Aug 22 15:29:03.950585 n-d-853704-4 devstack@placement-api.service[108269]: DEBUG placement.objects.research_context [req-a44cbe3b-2bab-43f9-afcf-95530074016b req-4d4eeb62-59f2-46b4-b639-32ad5600c6eb service placement] getting providers with 1024 MEMORY_MB {{(pid=108269) __init__ /opt/stack/placement/placement/objects/research_context.py:136}}
Aug 22 15:29:03.977505 n-d-853704-4 devstack@placement-api.service[108269]: DEBUG placement.objects.research_context [req-a44cbe3b-2bab-43f9-afcf-95530074016b req-4d4eeb62-59f2-46b4-b639-32ad5600c6eb service placement] getting providers with 1 VCPU {{(pid=108269) __init__ /opt/stack/placement/placement/objects/research_context.py:136}}
Aug 22 15:29:04.009778 n-d-853704-4 devstack@placement-api.service[108269]: DEBUG placement.objects.research_context [req-a44cbe3b-2bab-43f9-afcf-95530074016b req-4d4eeb62-59f2-46b4-b639-32ad5600c6eb service placement] found 2 providers with available 1 DISK_GB {{(pid=108269) get_provider_ids_matching /opt/stack/placement/placement/objects/research_context.py:563}}
Aug 22 15:29:04.019694 n-d-853704-4 devstack@placement-api.service[108269]: DEBUG placement.objects.research_context [req-a44cbe3b-2bab-43f9-afcf-95530074016b req-4d4eeb62-59f2-46b4-b639-32ad5600c6eb service placement] found 2 providers with available 1024 MEMORY_MB {{(pid=108269) get_provider_ids_matching /opt/stack/placement/placement/objects/research_context.py:563}}
Aug 22 15:29:04.020379 n-d-853704-4 devstack@placement-api.service[108269]: DEBUG placement.objects.research_context [req-a44cbe3b-2bab-43f9-afcf-95530074016b req-4d4eeb62-59f2-46b4-b639-32ad5600c6eb service placement] found 2 providers after filtering by previous result {{(pid=108269) get_provider_ids_matching /opt/stack/placement/placement/objects/research_context.py:594}}
Aug 22 15:29:04.020822 n-d-853704-4 devstack@placement-api.service[108269]: DEBUG placement.objects.research_context [req-a44cbe3b-2bab-43f9-afcf-95530074016b req-4d4eeb62-59f2-46b4-b639-32ad5600c6eb service placement] found 2 providers with available 1 VCPU {{(pid=108269) get_provider_ids_matching /opt/stack/placement/placement/objects/research_context.py:563}}
Aug 22 15:29:04.021297 n-d-853704-4 devstack@placement-api.service[108269]: DEBUG placement.objects.research_context [req-a44cbe3b-2bab-43f9-afcf-95530074016b req-4d4eeb62-59f2-46b4-b639-32ad5600c6eb service placement] found 2 providers after filtering by previous result {{(pid=108269) get_provider_ids_matching /opt/stack/placement/placement/objects/research_context.py:594}}
Aug 22 15:29:04.077261 n-d-853704-4 devstack@placement-api.service[108269]: DEBUG placement.objects.allocation_candidate [req-a44cbe3b-2bab-43f9-afcf-95530074016b req-4d4eeb62-59f2-46b4-b639-32ad5600c6eb service placement] RequestGroup(use_same_provider=False, resources={DISK_GB:1, MEMORY_MB:1024, VCPU:1}, traits=(), aggregates=[]) (suffix '') returned 2 matches {{(pid=108269) _get_by_requests /opt/stack/placement/placement/objects/allocation_candidate.py:156}}
Aug 22 15:29:04.077816 n-d-853704-4 devstack@placement-api.service[108269]: DEBUG placement.objects.allocation_candidate [req-a44cbe3b-2bab-43f9-afcf-95530074016b req-4d4eeb62-59f2-46b4-b639-32ad5600c6eb service placement] Merging candidates yields 2 allocation requests and 2 provider summaries {{(pid=108269) _merge_candidates /opt/stack/placement/placement/objects/allocation_candidate.py:809}}
Aug 22 15:29:04.084393 n-d-853704-4 devstack@placement-api.service[108269]: INFO placement.requestlog [req-a44cbe3b-2bab-43f9-afcf-95530074016b req-4d4eeb62-59f2-46b4-b639-32ad5600c6eb service placement] 10.222.0.71 "GET /placement/allocation_candidates?limit=1000&resources=DISK_GB%3A1%2CMEMORY_MB%3A1024%2CVCPU%3A1&root_required=%21COMPUTE_STATUS_DISABLED" status: 200 len: 1309 microversion: 1.36
Aug 22 15:29:04.085423 n-d-853704-4 devstack@placement-api.service[108269]: [pid: 108269|app: 0|req: 462/929] 10.222.0.71 () {60 vars in 1506 bytes} [Mon Aug 22 15:29:03 2022] GET /placement/allocation_candidates?limit=1000&resources=DISK_GB%3A1%2CMEMORY_MB%3A1024%2CVCPU%3A1&root_required=%21COMPUTE_STATUS_DISABLED => generated 1309 bytes in 296 msecs (HTTP/1.1 200) 8 headers in 297 bytes (1 switches on core 0)
Aug 22 15:29:04.243787 n-d-853704-4 devstack@placement-api.service[108268]: DEBUG placement.requestlog [req-a44cbe3b-2bab-43f9-afcf-95530074016b req-351be7bf-ddea-4801-a1cc-a8165cf39b12 None None] Starting request: 10.222.0.71 "GET /placement/allocations/ed7be4fb-56c4-4536-b1e1-a1033f809b8a" {{(pid=108268) __call__ /opt/stack/placement/placement/requestlog.py:55}}
Aug 22 15:29:04.258365 n-d-853704-4 devstack@placement-api.service[108268]: INFO placement.requestlog [req-a44cbe3b-2bab-43f9-afcf-95530074016b req-351be7bf-ddea-4801-a1cc-a8165cf39b12 service placement] 10.222.0.71 "GET /placement/allocations/ed7be4fb-56c4-4536-b1e1-a1033f809b8a" status: 200 len: 19 microversion: 1.28
Aug 22 15:29:04.259650 n-d-853704-4 devstack@placement-api.service[108268]: [pid: 108268|app: 0|req: 468/930] 10.222.0.71 () {60 vars in 1380 bytes} [Mon Aug 22 15:29:04 2022] GET /placement/allocations/ed7be4fb-56c4-4536-b1e1-a1033f809b8a => generated 19 bytes in 17 msecs (HTTP/1.1 200) 8 headers in 295 bytes (1 switches on core 0)
Aug 22 15:29:04.265928 n-d-853704-4 devstack@placement-api.service[108269]: DEBUG placement.requestlog [req-a44cbe3b-2bab-43f9-afcf-95530074016b req-a8143e79-a921-4333-a08b-5117b378343e None None] Starting request: 10.222.0.71 "PUT /placement/allocations/ed7be4fb-56c4-4536-b1e1-a1033f809b8a" {{(pid=108269) __call__ /opt/stack/placement/placement/requestlog.py:55}}
Aug 22 15:29:04.768113 n-d-853704-4 devstack@placement-api.service[108269]: DEBUG placement.handlers.allocation [req-a44cbe3b-2bab-43f9-afcf-95530074016b req-a8143e79-a921-4333-a08b-5117b378343e service placement] Successfully wrote allocations [, , ] {{(pid=108269) _update_consumers_and_create_allocations /opt/stack/placement/placement/handlers/allocation.py:462}}
Aug 22 15:29:04.833616 n-d-853704-4 devstack@placement-api.service[108269]: INFO placement.requestlog [req-a44cbe3b-2bab-43f9-afcf-95530074016b req-a8143e79-a921-4333-a08b-5117b378343e service placement] 10.222.0.71 "PUT /placement/allocations/ed7be4fb-56c4-4536-b1e1-a1033f809b8a" status: 204 len: 0 microversion: 1.36
Aug 22 15:29:04.834327 n-d-853704-4 devstack@placement-api.service[108269]: [pid: 108269|app: 0|req: 463/931] 10.222.0.71 () {64 vars in 1433 bytes} [Mon Aug 22 15:29:04 2022] PUT /placement/allocations/ed7be4fb-56c4-4536-b1e1-a1033f809b8a => generated 0 bytes in 569 msecs (HTTP/1.1 204) 5 headers in 199 bytes (1 switches on core 0)
Aug 22 15:29:06.145104 n-d-853704-4 devstack@placement-api.service[108268]: DEBUG placement.requestlog [req-a44cbe3b-2bab-43f9-afcf-95530074016b req-b964f8be-e448-443b-94be-61b774585e04 None None] Starting request: 10.222.0.69 "GET /placement/allocations/ed7be4fb-56c4-4536-b1e1-a1033f809b8a" {{(pid=108268) __call__ /opt/stack/placement/placement/requestlog.py:55}}
Aug 22 15:29:06.164026 n-d-853704-4 devstack@placement-api.service[108268]: INFO placement.requestlog [req-a44cbe3b-2bab-43f9-afcf-95530074016b req-b964f8be-e448-443b-94be-61b774585e04 service placement] 10.222.0.69 "GET /placement/allocations/ed7be4fb-56c4-4536-b1e1-a1033f809b8a" status: 200 len: 259 microversion: 1.28
Aug 22 15:29:06.165072 n-d-853704-4 devstack@placement-api.service[108268]: [pid: 108268|app: 0|req: 469/932] 10.222.0.69 () {60 vars in 1377 bytes} [Mon Aug 22 15:29:06 2022] GET /placement/allocations/ed7be4fb-56c4-4536-b1e1-a1033f809b8a => generated 259 bytes in 20 msecs (HTTP/1.1 200) 8 headers in 296 bytes (1 switches on core 0)
Aug 22 15:29:09.944712 n-d-853704-4 devstack@placement-api.service[108269]: DEBUG placement.requestlog [None req-28cbd59c-4de0-42df-a303-c85c29ac45d7 None None] Starting request: 10.222.0.71 "GET /placement/resource_providers/ec4e2b61-d838-40d7-bfe7-7e51d4fdb089/aggregates" {{(pid=108269) __call__ /opt/stack/placement/placement/requestlog.py:55}}
Aug 22 15:29:10.242763 n-d-853704-4 devstack@placement-api.service[108269]: INFO placement.requestlog [None req-28cbd59c-4de0-42df-a303-c85c29ac45d7 service placement] 10.222.0.71 "GET /placement/resource_providers/ec4e2b61-d838-40d7-bfe7-7e51d4fdb089/aggregates" status: 404 len: 235 microversion: 1.1
Aug 22 15:29:10.243568 n-d-853704-4 devstack@placement-api.service[108269]: [pid: 108269|app: 0|req: 464/933] 10.222.0.71 () {58 vars in 1362 bytes} [Mon Aug 22 15:29:09 2022] GET /placement/resource_providers/ec4e2b61-d838-40d7-bfe7-7e51d4fdb089/aggregates => generated 235 bytes in 300 msecs (HTTP/1.1 404) 5 headers in 202 bytes (1 switches on core 0)
Aug 22 15:29:10.358722 n-d-853704-4 devstack@placement-api.service[108268]: DEBUG placement.requestlog [None req-9f16d3e1-acb9-474d-acbe-bd734622e4e1 None None] Starting request: 10.222.0.71 "DELETE /placement/resource_providers/ec4e2b61-d838-40d7-bfe7-7e51d4fdb089" {{(pid=108268) __call__ /opt/stack/placement/placement/requestlog.py:55}}
Aug 22 15:29:10.392118 n-d-853704-4 devstack@placement-api.service[108268]: DEBUG placement.wsgi_wrapper [None req-9f16d3e1-acb9-474d-acbe-bd734622e4e1 service placement] Placement API returning an error response: No resource provider with uuid ec4e2b61-d838-40d7-bfe7-7e51d4fdb089 found for delete {{(pid=108268) call_func /opt/stack/placement/placement/wsgi_wrapper.py:31}}
Aug 22 15:29:10.394850 n-d-853704-4 devstack@placement-api.service[108268]: INFO placement.requestlog [None req-9f16d3e1-acb9-474d-acbe-bd734622e4e1 service placement] 10.222.0.71 "DELETE /placement/resource_providers/ec4e2b61-d838-40d7-bfe7-7e51d4fdb089" status: 404 len: 246 microversion: 1.1
Aug 22 15:29:10.398830 n-d-853704-4 devstack@placement-api.service[108268]: [pid: 108268|app: 0|req: 470/934] 10.222.0.71 () {60 vars in 1351 bytes} [Mon Aug 22 15:29:10 2022] DELETE /placement/resource_providers/ec4e2b61-d838-40d7-bfe7-7e51d4fdb089 => generated 246 bytes in 41 msecs (HTTP/1.1 404) 6 headers in 231 bytes (1 switches on core 0)
Aug 22 15:29:11.862425 n-d-853704-4 devstack@placement-api.service[108269]: DEBUG placement.requestlog [req-2331c3cb-46cd-4a0a-86d6-1762e72f28f5 req-6989be13-4f8d-4e80-84ae-b281a343cbf6 None None] Starting request: 10.222.0.69 "DELETE /placement/allocations/96ebcac8-3054-4375-bdae-85e2994b0ae0" {{(pid=108269) __call__ /opt/stack/placement/placement/requestlog.py:55}}
Aug 22 15:29:12.090656 n-d-853704-4 devstack@placement-api.service[108269]: DEBUG placement.handlers.allocation [req-2331c3cb-46cd-4a0a-86d6-1762e72f28f5 req-6989be13-4f8d-4e80-84ae-b281a343cbf6 service placement] Successfully deleted allocations [, , ] {{(pid=108269) delete_allocations /opt/stack/placement/placement/handlers/allocation.py:627}}
Aug 22 15:29:12.091619 n-d-853704-4 devstack@placement-api.service[108269]: INFO placement.requestlog [req-2331c3cb-46cd-4a0a-86d6-1762e72f28f5 req-6989be13-4f8d-4e80-84ae-b281a343cbf6 service placement] 10.222.0.69 "DELETE /placement/allocations/96ebcac8-3054-4375-bdae-85e2994b0ae0" status: 204 len: 0 microversion: 1.0
Aug 22 15:29:12.092672 n-d-853704-4 devstack@placement-api.service[108269]: [pid: 108269|app: 0|req: 465/935] 10.222.0.69 () {60 vars in 1355 bytes} [Mon Aug 22 15:29:11 2022] DELETE /placement/allocations/96ebcac8-3054-4375-bdae-85e2994b0ae0 => generated 0 bytes in 231 msecs (HTTP/1.1 204) 5 headers in 198 bytes (1 switches on core 0)
Aug 22 15:29:13.530537 n-d-853704-4 devstack@placement-api.service[108268]: DEBUG placement.requestlog [req-a64758cf-0656-4d3f-a9cf-52959cff7c18 req-c985ec3f-3149-4537-8510-60093c8d9886 None None] Starting request: 10.222.0.71 "GET /placement/allocation_candidates?limit=1000&resources=DISK_GB%3A1%2CMEMORY_MB%3A1024%2CVCPU%3A1&root_required=%21COMPUTE_STATUS_DISABLED" {{(pid=108268) __call__ /opt/stack/placement/placement/requestlog.py:55}}
Aug 22 15:29:13.629867 n-d-853704-4 devstack@placement-api.service[108268]: DEBUG placement.objects.research_context [req-a64758cf-0656-4d3f-a9cf-52959cff7c18 req-c985ec3f-3149-4537-8510-60093c8d9886 service placement] getting providers with 1 DISK_GB {{(pid=108268) __init__ /opt/stack/placement/placement/objects/research_context.py:136}}
Aug 22 15:29:13.638423 n-d-853704-4 devstack@placement-api.service[108268]: DEBUG placement.objects.research_context [req-a64758cf-0656-4d3f-a9cf-52959cff7c18 req-c985ec3f-3149-4537-8510-60093c8d9886 service placement] getting providers with 1024 MEMORY_MB {{(pid=108268) __init__ /opt/stack/placement/placement/objects/research_context.py:136}}
Aug 22 15:29:13.645925 n-d-853704-4 devstack@placement-api.service[108268]: DEBUG placement.objects.research_context [req-a64758cf-0656-4d3f-a9cf-52959cff7c18 req-c985ec3f-3149-4537-8510-60093c8d9886 service placement] getting providers with 1 VCPU {{(pid=108268) __init__ /opt/stack/placement/placement/objects/research_context.py:136}}
Aug 22 15:29:13.657625 n-d-853704-4 devstack@placement-api.service[108268]: DEBUG placement.objects.research_context [req-a64758cf-0656-4d3f-a9cf-52959cff7c18 req-c985ec3f-3149-4537-8510-60093c8d9886 service placement] found 2 providers with available 1 DISK_GB {{(pid=108268) get_provider_ids_matching /opt/stack/placement/placement/objects/research_context.py:563}}
Aug 22 15:29:13.657625 n-d-853704-4 devstack@placement-api.service[108268]: DEBUG placement.objects.research_context [req-a64758cf-0656-4d3f-a9cf-52959cff7c18 req-c985ec3f-3149-4537-8510-60093c8d9886 service placement] found 2 providers with available 1024 MEMORY_MB {{(pid=108268) get_provider_ids_matching /opt/stack/placement/placement/objects/research_context.py:563}}
Aug 22 15:29:13.657625 n-d-853704-4 devstack@placement-api.service[108268]: DEBUG placement.objects.research_context [req-a64758cf-0656-4d3f-a9cf-52959cff7c18 req-c985ec3f-3149-4537-8510-60093c8d9886 service placement] found 2 providers after filtering by previous result {{(pid=108268) get_provider_ids_matching /opt/stack/placement/placement/objects/research_context.py:594}}
Aug 22 15:29:13.657625 n-d-853704-4 devstack@placement-api.service[108268]: DEBUG placement.objects.research_context [req-a64758cf-0656-4d3f-a9cf-52959cff7c18 req-c985ec3f-3149-4537-8510-60093c8d9886 service placement] found 2 providers with available 1 VCPU {{(pid=108268) get_provider_ids_matching /opt/stack/placement/placement/objects/research_context.py:563}}
Aug 22 15:29:13.657625 n-d-853704-4 devstack@placement-api.service[108268]: DEBUG placement.objects.research_context [req-a64758cf-0656-4d3f-a9cf-52959cff7c18 req-c985ec3f-3149-4537-8510-60093c8d9886 service placement] found 2 providers after filtering by previous result {{(pid=108268) get_provider_ids_matching /opt/stack/placement/placement/objects/research_context.py:594}}
Aug 22 15:29:13.682950 n-d-853704-4 devstack@placement-api.service[108268]: DEBUG placement.objects.allocation_candidate [req-a64758cf-0656-4d3f-a9cf-52959cff7c18 req-c985ec3f-3149-4537-8510-60093c8d9886 service placement] RequestGroup(use_same_provider=False, resources={DISK_GB:1, MEMORY_MB:1024, VCPU:1}, traits=(), aggregates=[]) (suffix '') returned 2 matches {{(pid=108268) _get_by_requests /opt/stack/placement/placement/objects/allocation_candidate.py:156}}
Aug 22 15:29:13.684868 n-d-853704-4 devstack@placement-api.service[108268]: DEBUG placement.objects.allocation_candidate [req-a64758cf-0656-4d3f-a9cf-52959cff7c18 req-c985ec3f-3149-4537-8510-60093c8d9886 service placement] Merging candidates yields 2 allocation requests and 2 provider summaries {{(pid=108268) _merge_candidates /opt/stack/placement/placement/objects/allocation_candidate.py:809}}
Aug 22 15:29:13.685329 n-d-853704-4 devstack@placement-api.service[108268]: INFO placement.requestlog [req-a64758cf-0656-4d3f-a9cf-52959cff7c18 req-c985ec3f-3149-4537-8510-60093c8d9886 service placement] 10.222.0.71 "GET /placement/allocation_candidates?limit=1000&resources=DISK_GB%3A1%2CMEMORY_MB%3A1024%2CVCPU%3A1&root_required=%21COMPUTE_STATUS_DISABLED" status: 200 len: 1309 microversion: 1.36
Aug 22 15:29:13.686183 n-d-853704-4 devstack@placement-api.service[108268]: [pid: 108268|app: 0|req: 471/936] 10.222.0.71 () {60 vars in 1506 bytes} [Mon Aug 22 15:29:13 2022] GET /placement/allocation_candidates?limit=1000&resources=DISK_GB%3A1%2CMEMORY_MB%3A1024%2CVCPU%3A1&root_required=%21COMPUTE_STATUS_DISABLED => generated 1309 bytes in 156 msecs (HTTP/1.1 200) 8 headers in 297 bytes (2 switches on core 0)
Aug 22 15:29:13.864810 n-d-853704-4 devstack@placement-api.service[108269]: DEBUG placement.requestlog [req-a64758cf-0656-4d3f-a9cf-52959cff7c18 req-8b4a38d3-d633-4e58-aa78-54483967ee43 None None] Starting request: 10.222.0.71 "GET /placement/allocations/7cd5b39e-7cd1-4d64-89cc-b9f38f8f3e1a" {{(pid=108269) __call__ /opt/stack/placement/placement/requestlog.py:55}}
Aug 22 15:29:13.884964 n-d-853704-4 devstack@placement-api.service[108269]: INFO placement.requestlog [req-a64758cf-0656-4d3f-a9cf-52959cff7c18 req-8b4a38d3-d633-4e58-aa78-54483967ee43 service placement] 10.222.0.71 "GET /placement/allocations/7cd5b39e-7cd1-4d64-89cc-b9f38f8f3e1a" status: 200 len: 19 microversion: 1.28
Aug 22 15:29:13.890262 n-d-853704-4 devstack@placement-api.service[108269]: [pid: 108269|app: 0|req: 466/937] 10.222.0.71 () {60 vars in 1380 bytes} [Mon Aug 22 15:29:13 2022] GET /placement/allocations/7cd5b39e-7cd1-4d64-89cc-b9f38f8f3e1a => generated 19 bytes in 26 msecs (HTTP/1.1 200) 8 headers in 295 bytes (1 switches on core 0)
Aug 22 15:29:13.920872 n-d-853704-4 devstack@placement-api.service[108268]: DEBUG placement.requestlog [req-a64758cf-0656-4d3f-a9cf-52959cff7c18 req-2c11f71e-a377-434e-a5ed-4e65844f08fc None None] Starting request: 10.222.0.71 "PUT /placement/allocations/7cd5b39e-7cd1-4d64-89cc-b9f38f8f3e1a" {{(pid=108268) __call__ /opt/stack/placement/placement/requestlog.py:55}}
Aug 22 15:29:14.121947 n-d-853704-4 devstack@placement-api.service[108268]: DEBUG placement.handlers.allocation [req-a64758cf-0656-4d3f-a9cf-52959cff7c18 req-2c11f71e-a377-434e-a5ed-4e65844f08fc service placement] Successfully wrote allocations [, , ] {{(pid=108268) _update_consumers_and_create_allocations /opt/stack/placement/placement/handlers/allocation.py:462}}
Aug 22 15:29:14.222538 n-d-853704-4 devstack@placement-api.service[108268]: INFO placement.requestlog [req-a64758cf-0656-4d3f-a9cf-52959cff7c18 req-2c11f71e-a377-434e-a5ed-4e65844f08fc service placement] 10.222.0.71 "PUT /placement/allocations/7cd5b39e-7cd1-4d64-89cc-b9f38f8f3e1a" status: 204 len: 0 microversion: 1.36
Aug 22 15:29:14.234225 n-d-853704-4 devstack@placement-api.service[108268]: [pid: 108268|app: 0|req: 472/938] 10.222.0.71 () {64 vars in 1433 bytes} [Mon Aug 22 15:29:13 2022] PUT /placement/allocations/7cd5b39e-7cd1-4d64-89cc-b9f38f8f3e1a => generated 0 bytes in 303 msecs (HTTP/1.1 204) 5 headers in 199 bytes (2 switches on core 0)
Aug 22 15:29:15.432751 n-d-853704-4 devstack@placement-api.service[108269]: DEBUG placement.requestlog [req-a64758cf-0656-4d3f-a9cf-52959cff7c18 req-1f53547d-6fa0-4b5f-b303-1754ec36473f None None] Starting request: 10.222.0.48 "GET /placement/allocations/7cd5b39e-7cd1-4d64-89cc-b9f38f8f3e1a" {{(pid=108269) __call__ /opt/stack/placement/placement/requestlog.py:55}}
Aug 22 15:29:15.467202 n-d-853704-4 devstack@placement-api.service[108269]: INFO placement.requestlog [req-a64758cf-0656-4d3f-a9cf-52959cff7c18 req-1f53547d-6fa0-4b5f-b303-1754ec36473f service placement] 10.222.0.48 "GET /placement/allocations/7cd5b39e-7cd1-4d64-89cc-b9f38f8f3e1a" status: 200 len: 259 microversion: 1.28
Aug 22 15:29:15.467202 n-d-853704-4 devstack@placement-api.service[108269]: [pid: 108269|app: 0|req: 467/939] 10.222.0.48 () {60 vars in 1377 bytes} [Mon Aug 22 15:29:15 2022] GET /placement/allocations/7cd5b39e-7cd1-4d64-89cc-b9f38f8f3e1a => generated 259 bytes in 35 msecs (HTTP/1.1 200) 8 headers in 296 bytes (2 switches on core 0)
Aug 22 15:29:21.424357 n-d-853704-4 devstack@placement-api.service[108268]: DEBUG placement.requestlog [req-89a7982c-af47-4da8-b137-59bbd3469b0d req-098a07ae-1231-4928-b83e-9eb19952fdce None None] Starting request: 10.222.0.71 "GET /placement/allocation_candidates?limit=1000&resources=DISK_GB%3A1%2CMEMORY_MB%3A1024%2CVCPU%3A1&root_required=%21COMPUTE_STATUS_DISABLED" {{(pid=108268) __call__ /opt/stack/placement/placement/requestlog.py:55}}
Aug 22 15:29:21.461276 n-d-853704-4 devstack@placement-api.service[108268]: DEBUG dbcounter [-] [108268] Writing DB stats placement:SELECT=52,placement:INSERT=4,placement:DELETE=2,placement:UPDATE=2 {{(pid=108268) stat_writer /usr/local/lib/python3.8/dist-packages/dbcounter.py:114}}
Aug 22 15:29:21.554862 n-d-853704-4 devstack@placement-api.service[108268]: DEBUG placement.objects.research_context [req-89a7982c-af47-4da8-b137-59bbd3469b0d req-098a07ae-1231-4928-b83e-9eb19952fdce service placement] getting providers with 1 DISK_GB {{(pid=108268) __init__ /opt/stack/placement/placement/objects/research_context.py:136}}
Aug 22 15:29:21.576346 n-d-853704-4 devstack@placement-api.service[108268]: DEBUG placement.objects.research_context [req-89a7982c-af47-4da8-b137-59bbd3469b0d req-098a07ae-1231-4928-b83e-9eb19952fdce service placement] getting providers with 1024 MEMORY_MB {{(pid=108268) __init__ /opt/stack/placement/placement/objects/research_context.py:136}}
Aug 22 15:29:21.595192 n-d-853704-4 devstack@placement-api.service[108268]: DEBUG placement.objects.research_context [req-89a7982c-af47-4da8-b137-59bbd3469b0d req-098a07ae-1231-4928-b83e-9eb19952fdce service placement] getting providers with 1 VCPU {{(pid=108268) __init__ /opt/stack/placement/placement/objects/research_context.py:136}}
Aug 22 15:29:21.614921 n-d-853704-4 devstack@placement-api.service[108268]: DEBUG placement.objects.research_context [req-89a7982c-af47-4da8-b137-59bbd3469b0d req-098a07ae-1231-4928-b83e-9eb19952fdce service placement] found 2 providers with available 1 DISK_GB {{(pid=108268) get_provider_ids_matching /opt/stack/placement/placement/objects/research_context.py:563}}
Aug 22 15:29:21.616232 n-d-853704-4 devstack@placement-api.service[108268]: DEBUG placement.objects.research_context [req-89a7982c-af47-4da8-b137-59bbd3469b0d req-098a07ae-1231-4928-b83e-9eb19952fdce service placement] found 2 providers with available 1024 MEMORY_MB {{(pid=108268) get_provider_ids_matching /opt/stack/placement/placement/objects/research_context.py:563}}
Aug 22 15:29:21.616666 n-d-853704-4 devstack@placement-api.service[108268]: DEBUG placement.objects.research_context [req-89a7982c-af47-4da8-b137-59bbd3469b0d req-098a07ae-1231-4928-b83e-9eb19952fdce service placement] found 2 providers after filtering by previous result {{(pid=108268) get_provider_ids_matching /opt/stack/placement/placement/objects/research_context.py:594}}
Aug 22 15:29:21.618524 n-d-853704-4 devstack@placement-api.service[108268]: DEBUG placement.objects.research_context [req-89a7982c-af47-4da8-b137-59bbd3469b0d req-098a07ae-1231-4928-b83e-9eb19952fdce service placement] found 2 providers with available 1 VCPU {{(pid=108268) get_provider_ids_matching /opt/stack/placement/placement/objects/research_context.py:563}}
Aug 22 15:29:21.618956 n-d-853704-4 devstack@placement-api.service[108268]: DEBUG placement.objects.research_context [req-89a7982c-af47-4da8-b137-59bbd3469b0d req-098a07ae-1231-4928-b83e-9eb19952fdce service placement] found 2 providers after filtering by previous result {{(pid=108268) get_provider_ids_matching /opt/stack/placement/placement/objects/research_context.py:594}}
Aug 22 15:29:21.667795 n-d-853704-4 devstack@placement-api.service[108268]: DEBUG placement.objects.allocation_candidate [req-89a7982c-af47-4da8-b137-59bbd3469b0d req-098a07ae-1231-4928-b83e-9eb19952fdce service placement] RequestGroup(use_same_provider=False, resources={DISK_GB:1, MEMORY_MB:1024, VCPU:1}, traits=(), aggregates=[]) (suffix '') returned 2 matches {{(pid=108268) _get_by_requests /opt/stack/placement/placement/objects/allocation_candidate.py:156}}
Aug 22 15:29:21.668179 n-d-853704-4 devstack@placement-api.service[108268]: DEBUG placement.objects.allocation_candidate [req-89a7982c-af47-4da8-b137-59bbd3469b0d req-098a07ae-1231-4928-b83e-9eb19952fdce service placement] Merging candidates yields 2 allocation requests and 2 provider summaries {{(pid=108268) _merge_candidates /opt/stack/placement/placement/objects/allocation_candidate.py:809}}
Aug 22 15:29:21.676829 n-d-853704-4 devstack@placement-api.service[108268]: INFO placement.requestlog [req-89a7982c-af47-4da8-b137-59bbd3469b0d req-098a07ae-1231-4928-b83e-9eb19952fdce service placement] 10.222.0.71 "GET /placement/allocation_candidates?limit=1000&resources=DISK_GB%3A1%2CMEMORY_MB%3A1024%2CVCPU%3A1&root_required=%21COMPUTE_STATUS_DISABLED" status: 200 len: 1309 microversion: 1.36
Aug 22 15:29:21.680602 n-d-853704-4 devstack@placement-api.service[108268]: [pid: 108268|app: 0|req: 473/940] 10.222.0.71 () {60 vars in 1506 bytes} [Mon Aug 22 15:29:21 2022] GET /placement/allocation_candidates?limit=1000&resources=DISK_GB%3A1%2CMEMORY_MB%3A1024%2CVCPU%3A1&root_required=%21COMPUTE_STATUS_DISABLED => generated 1309 bytes in 257 msecs (HTTP/1.1 200) 8 headers in 297 bytes (1 switches on core 0)
Aug 22 15:29:21.883039 n-d-853704-4 devstack@placement-api.service[108269]: DEBUG placement.requestlog [req-89a7982c-af47-4da8-b137-59bbd3469b0d req-64461f3f-f858-4b30-a8b2-712d0f926ca0 None None] Starting request: 10.222.0.71 "GET /placement/allocations/f458b594-c19b-488c-b647-d090b3de8e46" {{(pid=108269) __call__ /opt/stack/placement/placement/requestlog.py:55}}
Aug 22 15:29:21.891718 n-d-853704-4 devstack@placement-api.service[108269]: DEBUG dbcounter [-] [108269] Writing DB stats placement:SELECT=72,placement:INSERT=12,placement:DELETE=6,placement:UPDATE=4 {{(pid=108269) stat_writer /usr/local/lib/python3.8/dist-packages/dbcounter.py:114}}
Aug 22 15:29:21.897216 n-d-853704-4 devstack@placement-api.service[108269]: INFO placement.requestlog [req-89a7982c-af47-4da8-b137-59bbd3469b0d req-64461f3f-f858-4b30-a8b2-712d0f926ca0 service placement] 10.222.0.71 "GET /placement/allocations/f458b594-c19b-488c-b647-d090b3de8e46" status: 200 len: 19 microversion: 1.28
Aug 22 15:29:21.904104 n-d-853704-4 devstack@placement-api.service[108268]: DEBUG placement.requestlog [req-89a7982c-af47-4da8-b137-59bbd3469b0d req-d2038018-2297-4d91-b8fc-2cb89e479445 None None] Starting request: 10.222.0.71 "PUT /placement/allocations/f458b594-c19b-488c-b647-d090b3de8e46" {{(pid=108268) __call__ /opt/stack/placement/placement/requestlog.py:55}}
Aug 22 15:29:21.925711 n-d-853704-4 devstack@placement-api.service[108269]: [pid: 108269|app: 0|req: 468/941] 10.222.0.71 () {60 vars in 1380 bytes} [Mon Aug 22 15:29:21 2022] GET /placement/allocations/f458b594-c19b-488c-b647-d090b3de8e46 => generated 19 bytes in 43 msecs (HTTP/1.1 200) 8 headers in 295 bytes (1 switches on core 0)
Aug 22 15:29:22.159945 n-d-853704-4 devstack@placement-api.service[108268]: DEBUG placement.handlers.allocation [req-89a7982c-af47-4da8-b137-59bbd3469b0d req-d2038018-2297-4d91-b8fc-2cb89e479445 service placement] Successfully wrote allocations [, , ] {{(pid=108268) _update_consumers_and_create_allocations /opt/stack/placement/placement/handlers/allocation.py:462}}
Aug 22 15:29:22.262481 n-d-853704-4 devstack@placement-api.service[108268]: INFO placement.requestlog [req-89a7982c-af47-4da8-b137-59bbd3469b0d req-d2038018-2297-4d91-b8fc-2cb89e479445 service placement] 10.222.0.71 "PUT /placement/allocations/f458b594-c19b-488c-b647-d090b3de8e46" status: 204 len: 0 microversion: 1.36
Aug 22 15:29:22.271369 n-d-853704-4 devstack@placement-api.service[108268]: [pid: 108268|app: 0|req: 474/942] 10.222.0.71 () {64 vars in 1433 bytes} [Mon Aug 22 15:29:21 2022] PUT /placement/allocations/f458b594-c19b-488c-b647-d090b3de8e46 => generated 0 bytes in 359 msecs (HTTP/1.1 204) 5 headers in 199 bytes (1 switches on core 0)
Aug 22 15:29:23.758093 n-d-853704-4 devstack@placement-api.service[108269]: DEBUG placement.requestlog [req-89a7982c-af47-4da8-b137-59bbd3469b0d req-f162e3fb-7a9a-4b85-9632-e86f56046fc1 None None] Starting request: 10.222.0.69 "GET /placement/allocations/f458b594-c19b-488c-b647-d090b3de8e46" {{(pid=108269) __call__ /opt/stack/placement/placement/requestlog.py:55}}
Aug 22 15:29:23.799631 n-d-853704-4 devstack@placement-api.service[108269]: INFO placement.requestlog [req-89a7982c-af47-4da8-b137-59bbd3469b0d req-f162e3fb-7a9a-4b85-9632-e86f56046fc1 service placement] 10.222.0.69 "GET /placement/allocations/f458b594-c19b-488c-b647-d090b3de8e46" status: 200 len: 259 microversion: 1.28
Aug 22 15:29:23.800812 n-d-853704-4 devstack@placement-api.service[108269]: [pid: 108269|app: 0|req: 469/943] 10.222.0.69 () {60 vars in 1377 bytes} [Mon Aug 22 15:29:23 2022] GET /placement/allocations/f458b594-c19b-488c-b647-d090b3de8e46 => generated 259 bytes in 43 msecs (HTTP/1.1 200) 8 headers in 296 bytes (1 switches on core 0)
Aug 22 15:29:30.669369 n-d-853704-4 devstack@placement-api.service[108268]: DEBUG placement.requestlog [req-8ae8dbaf-cc29-4c35-a296-09318f21fb76 req-55e07109-e437-40ae-819e-87b5016f0320 None None] Starting request: 10.222.0.69 "DELETE /placement/allocations/ed7be4fb-56c4-4536-b1e1-a1033f809b8a" {{(pid=108268) __call__ /opt/stack/placement/placement/requestlog.py:55}}
Aug 22 15:29:30.993607 n-d-853704-4 devstack@placement-api.service[108268]: DEBUG placement.handlers.allocation [req-8ae8dbaf-cc29-4c35-a296-09318f21fb76 req-55e07109-e437-40ae-819e-87b5016f0320 service placement] Successfully deleted allocations [, , ] {{(pid=108268) delete_allocations /opt/stack/placement/placement/handlers/allocation.py:627}}
Aug 22 15:29:30.994104 n-d-853704-4 devstack@placement-api.service[108268]: INFO placement.requestlog [req-8ae8dbaf-cc29-4c35-a296-09318f21fb76 req-55e07109-e437-40ae-819e-87b5016f0320 service placement] 10.222.0.69 "DELETE /placement/allocations/ed7be4fb-56c4-4536-b1e1-a1033f809b8a" status: 204 len: 0 microversion: 1.0
Aug 22 15:29:30.994513 n-d-853704-4 devstack@placement-api.service[108268]: [pid: 108268|app: 0|req: 475/944] 10.222.0.69 () {60 vars in 1355 bytes} [Mon Aug 22 15:29:30 2022] DELETE /placement/allocations/ed7be4fb-56c4-4536-b1e1-a1033f809b8a => generated 0 bytes in 326 msecs (HTTP/1.1 204) 5 headers in 198 bytes (1 switches on core 0)
Aug 22 15:29:34.691940 n-d-853704-4 devstack@placement-api.service[108269]: DEBUG placement.requestlog [req-b7abbd26-1e74-4bd4-bb53-9e4e042fd28a req-7b662b9c-17a9-4fde-b322-71497e454560 None None] Starting request: 10.222.0.69 "GET /placement/resource_providers/42f59cad-b31b-4dec-847f-ef9c5bc8050c/allocations" {{(pid=108269) __call__ /opt/stack/placement/placement/requestlog.py:55}}
Aug 22 15:29:34.760694 n-d-853704-4 devstack@placement-api.service[108269]: INFO placement.requestlog [req-b7abbd26-1e74-4bd4-bb53-9e4e042fd28a req-7b662b9c-17a9-4fde-b322-71497e454560 service placement] 10.222.0.69 "GET /placement/resource_providers/42f59cad-b31b-4dec-847f-ef9c5bc8050c/allocations" status: 200 len: 255 microversion: 1.0
Aug 22 15:29:34.763405 n-d-853704-4 devstack@placement-api.service[108269]: [pid: 108269|app: 0|req: 470/945] 10.222.0.69 () {58 vars in 1390 bytes} [Mon Aug 22 15:29:34 2022] GET /placement/resource_providers/42f59cad-b31b-4dec-847f-ef9c5bc8050c/allocations => generated 255 bytes in 73 msecs (HTTP/1.1 200) 6 headers in 224 bytes (1 switches on core 0)
Aug 22 15:29:34.826179 n-d-853704-4 devstack@placement-api.service[108268]: DEBUG placement.requestlog [req-69d5db3c-0924-4702-85e1-7b999d09fee2 req-cc3a08de-97bf-48c9-8fa8-44ecbab8d097 None None] Starting request: 10.222.0.71 "GET /placement/allocation_candidates?limit=1000&resources=MEMORY_MB%3A1024%2CVCPU%3A1&root_required=%21COMPUTE_STATUS_DISABLED" {{(pid=108268) __call__ /opt/stack/placement/placement/requestlog.py:55}}
Aug 22 15:29:34.909538 n-d-853704-4 devstack@placement-api.service[108268]: DEBUG placement.objects.research_context [req-69d5db3c-0924-4702-85e1-7b999d09fee2 req-cc3a08de-97bf-48c9-8fa8-44ecbab8d097 service placement] getting providers with 1024 MEMORY_MB {{(pid=108268) __init__ /opt/stack/placement/placement/objects/research_context.py:136}}
Aug 22 15:29:34.927967 n-d-853704-4 devstack@placement-api.service[108268]: DEBUG placement.objects.research_context [req-69d5db3c-0924-4702-85e1-7b999d09fee2 req-cc3a08de-97bf-48c9-8fa8-44ecbab8d097 service placement] getting providers with 1 VCPU {{(pid=108268) __init__ /opt/stack/placement/placement/objects/research_context.py:136}}
Aug 22 15:29:34.943507 n-d-853704-4 devstack@placement-api.service[108268]: DEBUG placement.objects.research_context [req-69d5db3c-0924-4702-85e1-7b999d09fee2 req-cc3a08de-97bf-48c9-8fa8-44ecbab8d097 service placement] found 2 providers with available 1024 MEMORY_MB {{(pid=108268) get_provider_ids_matching /opt/stack/placement/placement/objects/research_context.py:563}}
Aug 22 15:29:34.944813 n-d-853704-4 devstack@placement-api.service[108268]: DEBUG placement.objects.research_context [req-69d5db3c-0924-4702-85e1-7b999d09fee2 req-cc3a08de-97bf-48c9-8fa8-44ecbab8d097 service placement] found 2 providers with available 1 VCPU {{(pid=108268) get_provider_ids_matching /opt/stack/placement/placement/objects/research_context.py:563}}
Aug 22 15:29:34.947422 n-d-853704-4 devstack@placement-api.service[108268]: DEBUG placement.objects.research_context [req-69d5db3c-0924-4702-85e1-7b999d09fee2 req-cc3a08de-97bf-48c9-8fa8-44ecbab8d097 service placement] found 2 providers after filtering by previous result {{(pid=108268) get_provider_ids_matching /opt/stack/placement/placement/objects/research_context.py:594}}
Aug 22 15:29:34.965988 n-d-853704-4 devstack@placement-api.service[108268]: DEBUG placement.objects.allocation_candidate [req-69d5db3c-0924-4702-85e1-7b999d09fee2 req-cc3a08de-97bf-48c9-8fa8-44ecbab8d097 service placement] RequestGroup(use_same_provider=False, resources={MEMORY_MB:1024, VCPU:1}, traits=(), aggregates=[]) (suffix '') returned 2 matches {{(pid=108268) _get_by_requests /opt/stack/placement/placement/objects/allocation_candidate.py:156}}
Aug 22 15:29:34.966818 n-d-853704-4 devstack@placement-api.service[108268]: DEBUG placement.objects.allocation_candidate [req-69d5db3c-0924-4702-85e1-7b999d09fee2 req-cc3a08de-97bf-48c9-8fa8-44ecbab8d097 service placement] Merging candidates yields 2 allocation requests and 2 provider summaries {{(pid=108268) _merge_candidates /opt/stack/placement/placement/objects/allocation_candidate.py:809}}
Aug 22 15:29:34.973278 n-d-853704-4 devstack@placement-api.service[108268]: INFO placement.requestlog [req-69d5db3c-0924-4702-85e1-7b999d09fee2 req-cc3a08de-97bf-48c9-8fa8-44ecbab8d097 service placement] 10.222.0.71 "GET /placement/allocation_candidates?limit=1000&resources=MEMORY_MB%3A1024%2CVCPU%3A1&root_required=%21COMPUTE_STATUS_DISABLED" status: 200 len: 1281 microversion: 1.36
Aug 22 15:29:34.980750 n-d-853704-4 devstack@placement-api.service[108268]: [pid: 108268|app: 0|req: 476/946] 10.222.0.71 () {60 vars in 1478 bytes} [Mon Aug 22 15:29:34 2022] GET /placement/allocation_candidates?limit=1000&resources=MEMORY_MB%3A1024%2CVCPU%3A1&root_required=%21COMPUTE_STATUS_DISABLED => generated 1281 bytes in 155 msecs (HTTP/1.1 200) 8 headers in 297 bytes (1 switches on core 0)
Aug 22 15:29:35.120017 n-d-853704-4 devstack@placement-api.service[108269]: DEBUG placement.requestlog [req-69d5db3c-0924-4702-85e1-7b999d09fee2 req-eb509b22-a629-4bb1-8936-138d4e9e46f9 None None] Starting request: 10.222.0.71 "GET /placement/allocations/e76f0dd9-0a6a-45e2-b14f-a573ae17bbfd" {{(pid=108269) __call__ /opt/stack/placement/placement/requestlog.py:55}}
Aug 22 15:29:35.130037 n-d-853704-4 devstack@placement-api.service[108269]: INFO placement.requestlog [req-69d5db3c-0924-4702-85e1-7b999d09fee2 req-eb509b22-a629-4bb1-8936-138d4e9e46f9 service placement] 10.222.0.71 "GET /placement/allocations/e76f0dd9-0a6a-45e2-b14f-a573ae17bbfd" status: 200 len: 19 microversion: 1.28
Aug 22 15:29:35.130419 n-d-853704-4 devstack@placement-api.service[108269]: [pid: 108269|app: 0|req: 471/947] 10.222.0.71 () {60 vars in 1380 bytes} [Mon Aug 22 15:29:35 2022] GET /placement/allocations/e76f0dd9-0a6a-45e2-b14f-a573ae17bbfd => generated 19 bytes in 18 msecs (HTTP/1.1 200) 8 headers in 295 bytes (1 switches on core 0)
Aug 22 15:29:35.140224 n-d-853704-4 devstack@placement-api.service[108268]: DEBUG placement.requestlog [req-69d5db3c-0924-4702-85e1-7b999d09fee2 req-ae76cecc-1c04-4328-b363-8350956d9eda None None] Starting request: 10.222.0.71 "PUT /placement/allocations/e76f0dd9-0a6a-45e2-b14f-a573ae17bbfd" {{(pid=108268) __call__ /opt/stack/placement/placement/requestlog.py:55}}
Aug 22 15:29:35.724932 n-d-853704-4 devstack@placement-api.service[108268]: DEBUG placement.handlers.allocation [req-69d5db3c-0924-4702-85e1-7b999d09fee2 req-ae76cecc-1c04-4328-b363-8350956d9eda service placement] Successfully wrote allocations [, ] {{(pid=108268) _update_consumers_and_create_allocations /opt/stack/placement/placement/handlers/allocation.py:462}}
Aug 22 15:29:35.846966 n-d-853704-4 devstack@placement-api.service[108268]: INFO placement.requestlog [req-69d5db3c-0924-4702-85e1-7b999d09fee2 req-ae76cecc-1c04-4328-b363-8350956d9eda service placement] 10.222.0.71 "PUT /placement/allocations/e76f0dd9-0a6a-45e2-b14f-a573ae17bbfd" status: 204 len: 0 microversion: 1.36
Aug 22 15:29:35.852287 n-d-853704-4 devstack@placement-api.service[108268]: [pid: 108268|app: 0|req: 477/948] 10.222.0.71 () {64 vars in 1433 bytes} [Mon Aug 22 15:29:35 2022] PUT /placement/allocations/e76f0dd9-0a6a-45e2-b14f-a573ae17bbfd => generated 0 bytes in 710 msecs (HTTP/1.1 204) 5 headers in 199 bytes (2 switches on core 0)
Aug 22 15:29:38.002942 n-d-853704-4 devstack@placement-api.service[108269]: DEBUG placement.requestlog [req-69d5db3c-0924-4702-85e1-7b999d09fee2 req-4fa242cf-b1c1-46e1-ba5a-6e5e5bafe508 None None] Starting request: 10.222.0.69 "GET /placement/allocations/e76f0dd9-0a6a-45e2-b14f-a573ae17bbfd" {{(pid=108269) __call__ /opt/stack/placement/placement/requestlog.py:55}}
Aug 22 15:29:38.026694 n-d-853704-4 devstack@placement-api.service[108268]: DEBUG placement.requestlog [req-efd7220f-4a95-4c62-9343-6b37a5b8b12f req-6e6468fd-0ce8-4528-aafe-163b8572ed73 None None] Starting request: 10.222.0.48 "DELETE /placement/allocations/4525e490-1599-4caf-b02e-78c4047609a2" {{(pid=108268) __call__ /opt/stack/placement/placement/requestlog.py:55}}
Aug 22 15:29:38.031871 n-d-853704-4 devstack@placement-api.service[108269]: INFO placement.requestlog [req-69d5db3c-0924-4702-85e1-7b999d09fee2 req-4fa242cf-b1c1-46e1-ba5a-6e5e5bafe508 service placement] 10.222.0.69 "GET /placement/allocations/e76f0dd9-0a6a-45e2-b14f-a573ae17bbfd" status: 200 len: 245 microversion: 1.28
Aug 22 15:29:38.036155 n-d-853704-4 devstack@placement-api.service[108269]: [pid: 108269|app: 0|req: 472/949] 10.222.0.69 () {60 vars in 1377 bytes} [Mon Aug 22 15:29:38 2022] GET /placement/allocations/e76f0dd9-0a6a-45e2-b14f-a573ae17bbfd => generated 245 bytes in 33 msecs (HTTP/1.1 200) 8 headers in 296 bytes (1 switches on core 0)
Aug 22 15:29:38.283865 n-d-853704-4 devstack@placement-api.service[108268]: DEBUG placement.handlers.allocation [req-efd7220f-4a95-4c62-9343-6b37a5b8b12f req-6e6468fd-0ce8-4528-aafe-163b8572ed73 service placement] Successfully deleted allocations [, , ] {{(pid=108268) delete_allocations /opt/stack/placement/placement/handlers/allocation.py:627}}
Aug 22 15:29:38.284364 n-d-853704-4 devstack@placement-api.service[108268]: INFO placement.requestlog [req-efd7220f-4a95-4c62-9343-6b37a5b8b12f req-6e6468fd-0ce8-4528-aafe-163b8572ed73 service placement] 10.222.0.48 "DELETE /placement/allocations/4525e490-1599-4caf-b02e-78c4047609a2" status: 204 len: 0 microversion: 1.0
Aug 22 15:29:38.285322 n-d-853704-4 devstack@placement-api.service[108268]: [pid: 108268|app: 0|req: 478/950] 10.222.0.48 () {60 vars in 1355 bytes} [Mon Aug 22 15:29:38 2022] DELETE /placement/allocations/4525e490-1599-4caf-b02e-78c4047609a2 => generated 0 bytes in 259 msecs (HTTP/1.1 204) 5 headers in 198 bytes (1 switches on core 0)
Aug 22 15:29:44.779733 n-d-853704-4 devstack@placement-api.service[108269]: DEBUG placement.requestlog [None req-1968e042-c22e-4fe9-ba0e-4b2f0e1a72ce None None] Starting request: 10.222.0.71 "GET /placement/resource_providers/e267ff91-e6b3-476c-b121-0cfca323b2ab/aggregates" {{(pid=108269) __call__ /opt/stack/placement/placement/requestlog.py:55}}
Aug 22 15:29:45.233216 n-d-853704-4 devstack@placement-api.service[108269]: INFO placement.requestlog [None req-1968e042-c22e-4fe9-ba0e-4b2f0e1a72ce service placement] 10.222.0.71 "GET /placement/resource_providers/e267ff91-e6b3-476c-b121-0cfca323b2ab/aggregates" status: 404 len: 235 microversion: 1.1
Aug 22 15:29:45.241450 n-d-853704-4 devstack@placement-api.service[108269]: [pid: 108269|app: 0|req: 473/951] 10.222.0.71 () {58 vars in 1362 bytes} [Mon Aug 22 15:29:44 2022] GET /placement/resource_providers/e267ff91-e6b3-476c-b121-0cfca323b2ab/aggregates => generated 235 bytes in 455 msecs (HTTP/1.1 404) 5 headers in 202 bytes (1 switches on core 0)
Aug 22 15:29:45.260915 n-d-853704-4 devstack@placement-api.service[108268]: DEBUG placement.requestlog [None req-d321e34b-ced5-4a13-b90b-b625a13dcb80 None None] Starting request: 10.222.0.71 "DELETE /placement/resource_providers/e267ff91-e6b3-476c-b121-0cfca323b2ab" {{(pid=108268) __call__ /opt/stack/placement/placement/requestlog.py:55}}
Aug 22 15:29:45.280926 n-d-853704-4 devstack@placement-api.service[108268]: DEBUG placement.wsgi_wrapper [None req-d321e34b-ced5-4a13-b90b-b625a13dcb80 service placement] Placement API returning an error response: No resource provider with uuid e267ff91-e6b3-476c-b121-0cfca323b2ab found for delete {{(pid=108268) call_func /opt/stack/placement/placement/wsgi_wrapper.py:31}}
Aug 22 15:29:45.281738 n-d-853704-4 devstack@placement-api.service[108268]: INFO placement.requestlog [None req-d321e34b-ced5-4a13-b90b-b625a13dcb80 service placement] 10.222.0.71 "DELETE /placement/resource_providers/e267ff91-e6b3-476c-b121-0cfca323b2ab" status: 404 len: 246 microversion: 1.1
Aug 22 15:29:45.282409 n-d-853704-4 devstack@placement-api.service[108268]: [pid: 108268|app: 0|req: 479/952] 10.222.0.71 () {60 vars in 1351 bytes} [Mon Aug 22 15:29:45 2022] DELETE /placement/resource_providers/e267ff91-e6b3-476c-b121-0cfca323b2ab => generated 246 bytes in 22 msecs (HTTP/1.1 404) 6 headers in 231 bytes (1 switches on core 0)
Aug 22 15:29:46.371697 n-d-853704-4 devstack@placement-api.service[108269]: DEBUG placement.requestlog [req-2708f85a-663b-4371-9a29-31da1cab03ce req-6f166657-47f6-4f7e-be9b-7fe03c49c472 None None] Starting request: 10.222.0.69 "DELETE /placement/allocations/f458b594-c19b-488c-b647-d090b3de8e46" {{(pid=108269) __call__ /opt/stack/placement/placement/requestlog.py:55}}
Aug 22 15:29:46.644818 n-d-853704-4 devstack@placement-api.service[108269]: DEBUG placement.handlers.allocation [req-2708f85a-663b-4371-9a29-31da1cab03ce req-6f166657-47f6-4f7e-be9b-7fe03c49c472 service placement] Successfully deleted allocations [, , ] {{(pid=108269) delete_allocations /opt/stack/placement/placement/handlers/allocation.py:627}}
Aug 22 15:29:46.645626 n-d-853704-4 devstack@placement-api.service[108269]: INFO placement.requestlog [req-2708f85a-663b-4371-9a29-31da1cab03ce req-6f166657-47f6-4f7e-be9b-7fe03c49c472 service placement] 10.222.0.69 "DELETE /placement/allocations/f458b594-c19b-488c-b647-d090b3de8e46" status: 204 len: 0 microversion: 1.0
Aug 22 15:29:46.646447 n-d-853704-4 devstack@placement-api.service[108269]: [pid: 108269|app: 0|req: 474/953] 10.222.0.69 () {60 vars in 1355 bytes} [Mon Aug 22 15:29:46 2022] DELETE /placement/allocations/f458b594-c19b-488c-b647-d090b3de8e46 => generated 0 bytes in 275 msecs (HTTP/1.1 204) 5 headers in 198 bytes (1 switches on core 0)
Aug 22 15:29:50.777817 n-d-853704-4 devstack@placement-api.service[108268]: DEBUG placement.requestlog [req-197d6869-7d99-4bcb-8bbb-6b778e6580c9 req-00033cc7-bd47-4782-95ee-74e22e4ce806 None None] Starting request: 10.222.0.71 "GET /placement/allocation_candidates?limit=1000&resources=DISK_GB%3A1%2CMEMORY_MB%3A1024%2CVCPU%3A1&root_required=%21COMPUTE_STATUS_DISABLED" {{(pid=108268) __call__ /opt/stack/placement/placement/requestlog.py:55}}
Aug 22 15:29:50.920217 n-d-853704-4 devstack@placement-api.service[108268]: DEBUG placement.objects.research_context [req-197d6869-7d99-4bcb-8bbb-6b778e6580c9 req-00033cc7-bd47-4782-95ee-74e22e4ce806 service placement] getting providers with 1 DISK_GB {{(pid=108268) __init__ /opt/stack/placement/placement/objects/research_context.py:136}}
Aug 22 15:29:50.943710 n-d-853704-4 devstack@placement-api.service[108268]: DEBUG placement.objects.research_context [req-197d6869-7d99-4bcb-8bbb-6b778e6580c9 req-00033cc7-bd47-4782-95ee-74e22e4ce806 service placement] getting providers with 1024 MEMORY_MB {{(pid=108268) __init__ /opt/stack/placement/placement/objects/research_context.py:136}}
Aug 22 15:29:50.958139 n-d-853704-4 devstack@placement-api.service[108268]: DEBUG placement.objects.research_context [req-197d6869-7d99-4bcb-8bbb-6b778e6580c9 req-00033cc7-bd47-4782-95ee-74e22e4ce806 service placement] getting providers with 1 VCPU {{(pid=108268) __init__ /opt/stack/placement/placement/objects/research_context.py:136}}
Aug 22 15:29:50.972865 n-d-853704-4 devstack@placement-api.service[108268]: DEBUG placement.objects.research_context [req-197d6869-7d99-4bcb-8bbb-6b778e6580c9 req-00033cc7-bd47-4782-95ee-74e22e4ce806 service placement] found 2 providers with available 1 DISK_GB {{(pid=108268) get_provider_ids_matching /opt/stack/placement/placement/objects/research_context.py:563}}
Aug 22 15:29:50.973443 n-d-853704-4 devstack@placement-api.service[108268]: DEBUG placement.objects.research_context [req-197d6869-7d99-4bcb-8bbb-6b778e6580c9 req-00033cc7-bd47-4782-95ee-74e22e4ce806 service placement] found 2 providers with available 1024 MEMORY_MB {{(pid=108268) get_provider_ids_matching /opt/stack/placement/placement/objects/research_context.py:563}}
Aug 22 15:29:50.973886 n-d-853704-4 devstack@placement-api.service[108268]: DEBUG placement.objects.research_context [req-197d6869-7d99-4bcb-8bbb-6b778e6580c9 req-00033cc7-bd47-4782-95ee-74e22e4ce806 service placement] found 2 providers after filtering by previous result {{(pid=108268) get_provider_ids_matching /opt/stack/placement/placement/objects/research_context.py:594}}
