Oct 18 15:45:03.848103 n-d-853682-5 sudo[149648]: ubuntu : TTY=unknown ; PWD=/ ; USER=root ; COMMAND=/usr/local/bin/cinder-rootwrap /etc/cinder/rootwrap.conf env LC_ALL=C vgs --noheadings --unit=g -o name,size,free,lv_count,uuid --separator : --nosuffix stack-volumes-lvmdriver-1
Oct 18 15:45:03.854805 n-d-853682-5 sudo[149648]: pam_unix(sudo:session): session opened for user root by (uid=0)
Oct 18 15:45:04.983644 n-d-853682-5 cinder-volume[113741]: DEBUG cinder.coordination [None req-73496846-4faf-4dc3-b54c-85d934a4fd24 tempest-AttachVolumeTestJSON-1787080058 None] Acquiring lock "cinder-4026a578-7ecb-4e1b-93a9-db1744efc83e-delete_volume" by "delete_volume" {{(pid=113741) _synchronized /opt/stack/cinder/cinder/coordination.py:192}}
Oct 18 15:45:05.007950 n-d-853682-5 cinder-volume[113741]: DEBUG cinder.coordination [None req-73496846-4faf-4dc3-b54c-85d934a4fd24 tempest-AttachVolumeTestJSON-1787080058 None] Lock "cinder-4026a578-7ecb-4e1b-93a9-db1744efc83e-delete_volume" acquired by "delete_volume" :: waited 0.024s {{(pid=113741) _synchronized /opt/stack/cinder/cinder/coordination.py:196}}
Oct 18 15:45:05.150786 n-d-853682-5 cinder-volume[113741]: DEBUG oslo_concurrency.lockutils [None req-73496846-4faf-4dc3-b54c-85d934a4fd24 tempest-AttachVolumeTestJSON-1787080058 None] Acquiring lock "lioadm" by "cinder.volume.targets.lio.LioAdm._execute" {{(pid=113741) inner /usr/local/lib/python3.8/dist-packages/oslo_concurrency/lockutils.py:404}}
Oct 18 15:45:05.158067 n-d-853682-5 cinder-volume[113741]: DEBUG oslo_concurrency.lockutils [None req-73496846-4faf-4dc3-b54c-85d934a4fd24 tempest-AttachVolumeTestJSON-1787080058 None] Lock "lioadm" acquired by "cinder.volume.targets.lio.LioAdm._execute" :: waited 0.007s {{(pid=113741) inner /usr/local/lib/python3.8/dist-packages/oslo_concurrency/lockutils.py:409}}
Oct 18 15:45:05.158900 n-d-853682-5 cinder-volume[113741]: DEBUG oslo_concurrency.processutils [None req-73496846-4faf-4dc3-b54c-85d934a4fd24 tempest-AttachVolumeTestJSON-1787080058 None] Running cmd (subprocess): sudo cinder-rootwrap /etc/cinder/rootwrap.conf cinder-rtstool get-targets {{(pid=113741) execute /usr/local/lib/python3.8/dist-packages/oslo_concurrency/processutils.py:384}}
Oct 18 15:45:05.251406 n-d-853682-5 sudo[149672]: ubuntu : TTY=unknown ; PWD=/ ; USER=root ; COMMAND=/usr/local/bin/cinder-rootwrap /etc/cinder/rootwrap.conf cinder-rtstool get-targets
Oct 18 15:45:05.254249 n-d-853682-5 sudo[149672]: pam_unix(sudo:session): session opened for user root by (uid=0)
Oct 18 15:45:05.836272 n-d-853682-5 sudo[149648]: pam_unix(sudo:session): session closed for user root
Oct 18 15:45:05.840395 n-d-853682-5 cinder-volume[113741]: DEBUG oslo_concurrency.processutils [None req-f5a57f17-cacc-4ece-aaae-9dde5b7c0882 tempest-AttachVolumeTestJSON-1787080058 None] CMD "sudo cinder-rootwrap /etc/cinder/rootwrap.conf env LC_ALL=C vgs --noheadings --unit=g -o name,size,free,lv_count,uuid --separator : --nosuffix stack-volumes-lvmdriver-1" returned: 0 in 2.077s {{(pid=113741) execute /usr/local/lib/python3.8/dist-packages/oslo_concurrency/processutils.py:422}}
Oct 18 15:45:05.845180 n-d-853682-5 cinder-volume[113741]: DEBUG oslo_concurrency.processutils [None req-f5a57f17-cacc-4ece-aaae-9dde5b7c0882 tempest-AttachVolumeTestJSON-1787080058 None] Running cmd (subprocess): sudo cinder-rootwrap /etc/cinder/rootwrap.conf env LC_ALL=C lvs --noheadings --unit=g -o vg_name,name,size --nosuffix --readonly stack-volumes-lvmdriver-1 {{(pid=113741) execute /usr/local/lib/python3.8/dist-packages/oslo_concurrency/processutils.py:384}}
Oct 18 15:45:05.946143 n-d-853682-5 sudo[149706]: ubuntu : TTY=unknown ; PWD=/ ; USER=root ; COMMAND=/usr/local/bin/cinder-rootwrap /etc/cinder/rootwrap.conf env LC_ALL=C lvs --noheadings --unit=g -o vg_name,name,size --nosuffix --readonly stack-volumes-lvmdriver-1
Oct 18 15:45:05.948033 n-d-853682-5 sudo[149706]: pam_unix(sudo:session): session opened for user root by (uid=0)
Oct 18 15:45:06.044146 n-d-853682-5 sudo[149638]: pam_unix(sudo:session): session closed for user root
Oct 18 15:45:06.046780 n-d-853682-5 cinder-volume[113741]: DEBUG oslo_concurrency.processutils [None req-8317ff43-b1b7-49f9-9e06-73eb362be9df tempest-ServerRescueNegativeTestJSON-1233761615 None] CMD "sudo cinder-rootwrap /etc/cinder/rootwrap.conf env LC_ALL=C lvcreate -n volume-a1afd8b4-b9b9-4c07-979c-558282ac358e stack-volumes-lvmdriver-1 -L 1g" returned: 0 in 2.681s {{(pid=113741) execute /usr/local/lib/python3.8/dist-packages/oslo_concurrency/processutils.py:422}}
Oct 18 15:45:06.054634 n-d-853682-5 cinder-volume[113741]: DEBUG cinder.volume.manager [None req-8317ff43-b1b7-49f9-9e06-73eb362be9df tempest-ServerRescueNegativeTestJSON-1233761615 None] Task 'cinder.volume.flows.manager.create_volume.CreateVolumeFromSpecTask;volume:create' (3736c474-191e-414d-907f-0aae154fa8c4) transitioned into state 'SUCCESS' from state 'RUNNING' with result '{'status': 'creating', 'volume_name': 'volume-a1afd8b4-b9b9-4c07-979c-558282ac358e', 'volume_size': 1}' {{(pid=113741) _task_receiver /usr/local/lib/python3.8/dist-packages/taskflow/listeners/logging.py:178}}
Oct 18 15:45:06.073681 n-d-853682-5 cinder-volume[113741]: DEBUG cinder.volume.manager [None req-8317ff43-b1b7-49f9-9e06-73eb362be9df tempest-ServerRescueNegativeTestJSON-1233761615 None] Task 'cinder.volume.flows.manager.create_volume.CreateVolumeOnFinishTask;volume:create, create.end' (c732fd51-579c-446e-851a-9c8dd14afc27) transitioned into state 'RUNNING' from state 'PENDING' {{(pid=113741) _task_receiver /usr/local/lib/python3.8/dist-packages/taskflow/listeners/logging.py:190}}
Oct 18 15:45:06.137922 n-d-853682-5 cinder-volume[113741]: INFO cinder.volume.flows.manager.create_volume [None req-8317ff43-b1b7-49f9-9e06-73eb362be9df tempest-ServerRescueNegativeTestJSON-1233761615 None] Volume volume-a1afd8b4-b9b9-4c07-979c-558282ac358e (a1afd8b4-b9b9-4c07-979c-558282ac358e): created successfully
Oct 18 15:45:06.141680 n-d-853682-5 cinder-volume[113741]: DEBUG cinder.volume.manager [None req-8317ff43-b1b7-49f9-9e06-73eb362be9df tempest-ServerRescueNegativeTestJSON-1233761615 None] Task 'cinder.volume.flows.manager.create_volume.CreateVolumeOnFinishTask;volume:create, create.end' (c732fd51-579c-446e-851a-9c8dd14afc27) transitioned into state 'SUCCESS' from state 'RUNNING' with result 'None' {{(pid=113741) _task_receiver /usr/local/lib/python3.8/dist-packages/taskflow/listeners/logging.py:178}}
Oct 18 15:45:06.182188 n-d-853682-5 cinder-volume[113741]: DEBUG cinder.volume.manager [None req-8317ff43-b1b7-49f9-9e06-73eb362be9df tempest-ServerRescueNegativeTestJSON-1233761615 None] Flow 'volume_create_manager' (b160f7c0-370c-41f2-adf3-7fa2fcc6c6ce) transitioned into state 'SUCCESS' from state 'RUNNING' {{(pid=113741) _flow_receiver /usr/local/lib/python3.8/dist-packages/taskflow/listeners/logging.py:141}}
Oct 18 15:45:06.231407 n-d-853682-5 cinder-volume[113741]: INFO cinder.volume.manager [None req-8317ff43-b1b7-49f9-9e06-73eb362be9df tempest-ServerRescueNegativeTestJSON-1233761615 None] Created volume successfully.
Oct 18 15:45:08.158587 n-d-853682-5 sudo[149706]: pam_unix(sudo:session): session closed for user root
Oct 18 15:45:08.161887 n-d-853682-5 cinder-volume[113741]: DEBUG oslo_concurrency.processutils [None req-f5a57f17-cacc-4ece-aaae-9dde5b7c0882 tempest-AttachVolumeTestJSON-1787080058 None] CMD "sudo cinder-rootwrap /etc/cinder/rootwrap.conf env LC_ALL=C lvs --noheadings --unit=g -o vg_name,name,size --nosuffix --readonly stack-volumes-lvmdriver-1" returned: 0 in 2.317s {{(pid=113741) execute /usr/local/lib/python3.8/dist-packages/oslo_concurrency/processutils.py:422}}
Oct 18 15:45:08.164177 n-d-853682-5 cinder-volume[113741]: DEBUG cinder.manager [None req-f5a57f17-cacc-4ece-aaae-9dde5b7c0882 tempest-AttachVolumeTestJSON-1787080058 None] Notifying Schedulers of capabilities ... {{(pid=113741) _publish_service_capabilities /opt/stack/cinder/cinder/manager.py:202}}
Oct 18 15:45:08.170943 n-d-853682-5 cinder-volume[113741]: INFO cinder.volume.manager [None req-f5a57f17-cacc-4ece-aaae-9dde5b7c0882 tempest-AttachVolumeTestJSON-1787080058 None] Deleted volume successfully.
Oct 18 15:45:08.202292 n-d-853682-5 cinder-volume[113741]: DEBUG cinder.coordination [None req-f5a57f17-cacc-4ece-aaae-9dde5b7c0882 tempest-AttachVolumeTestJSON-1787080058 None] Lock "cinder-2ea9584b-82af-4b4e-ae12-2544834fe35b-delete_volume" released by "delete_volume" :: held 11.373s {{(pid=113741) _synchronized /opt/stack/cinder/cinder/coordination.py:207}}
Oct 18 15:45:08.464010 n-d-853682-5 sudo[149672]: pam_unix(sudo:session): session closed for user root
Oct 18 15:45:08.467378 n-d-853682-5 cinder-volume[113741]: DEBUG oslo_concurrency.processutils [None req-73496846-4faf-4dc3-b54c-85d934a4fd24 tempest-AttachVolumeTestJSON-1787080058 None] CMD "sudo cinder-rootwrap /etc/cinder/rootwrap.conf cinder-rtstool get-targets" returned: 0 in 3.308s {{(pid=113741) execute /usr/local/lib/python3.8/dist-packages/oslo_concurrency/processutils.py:422}}
Oct 18 15:45:08.468207 n-d-853682-5 cinder-volume[113741]: DEBUG oslo_concurrency.lockutils [None req-73496846-4faf-4dc3-b54c-85d934a4fd24 tempest-AttachVolumeTestJSON-1787080058 None] Lock "lioadm" "released" by "cinder.volume.targets.lio.LioAdm._execute" :: held 3.310s {{(pid=113741) inner /usr/local/lib/python3.8/dist-packages/oslo_concurrency/lockutils.py:423}}
Oct 18 15:45:08.468996 n-d-853682-5 cinder-volume[113741]: INFO cinder.volume.targets.iscsi [None req-73496846-4faf-4dc3-b54c-85d934a4fd24 tempest-AttachVolumeTestJSON-1787080058 None] Skipping remove_export. No iscsi_target is presently exported for volume: 4026a578-7ecb-4e1b-93a9-db1744efc83e
Oct 18 15:45:08.470701 n-d-853682-5 cinder-volume[113741]: DEBUG oslo_concurrency.processutils [None req-73496846-4faf-4dc3-b54c-85d934a4fd24 tempest-AttachVolumeTestJSON-1787080058 None] Running cmd (subprocess): sudo cinder-rootwrap /etc/cinder/rootwrap.conf env LC_ALL=C lvs --noheadings --unit=g -o vg_name,name,size --nosuffix --readonly stack-volumes-lvmdriver-1/volume-4026a578-7ecb-4e1b-93a9-db1744efc83e {{(pid=113741) execute /usr/local/lib/python3.8/dist-packages/oslo_concurrency/processutils.py:384}}
Oct 18 15:45:08.593144 n-d-853682-5 sudo[149788]: ubuntu : TTY=unknown ; PWD=/ ; USER=root ; COMMAND=/usr/local/bin/cinder-rootwrap /etc/cinder/rootwrap.conf env LC_ALL=C lvs --noheadings --unit=g -o vg_name,name,size --nosuffix --readonly stack-volumes-lvmdriver-1/volume-4026a578-7ecb-4e1b-93a9-db1744efc83e
Oct 18 15:45:08.601856 n-d-853682-5 sudo[149788]: pam_unix(sudo:session): session opened for user root by (uid=0)
Oct 18 15:45:10.424346 n-d-853682-5 sudo[149788]: pam_unix(sudo:session): session closed for user root
Oct 18 15:45:10.428209 n-d-853682-5 cinder-volume[113741]: DEBUG oslo_concurrency.processutils [None req-73496846-4faf-4dc3-b54c-85d934a4fd24 tempest-AttachVolumeTestJSON-1787080058 None] CMD "sudo cinder-rootwrap /etc/cinder/rootwrap.conf env LC_ALL=C lvs --noheadings --unit=g -o vg_name,name,size --nosuffix --readonly stack-volumes-lvmdriver-1/volume-4026a578-7ecb-4e1b-93a9-db1744efc83e" returned: 0 in 1.956s {{(pid=113741) execute /usr/local/lib/python3.8/dist-packages/oslo_concurrency/processutils.py:422}}
Oct 18 15:45:10.429119 n-d-853682-5 cinder-volume[113741]: DEBUG oslo_concurrency.processutils [None req-73496846-4faf-4dc3-b54c-85d934a4fd24 tempest-AttachVolumeTestJSON-1787080058 None] Running cmd (subprocess): sudo cinder-rootwrap /etc/cinder/rootwrap.conf env LC_ALL=C lvdisplay --noheading -C -o Attr --readonly stack-volumes-lvmdriver-1/volume-4026a578-7ecb-4e1b-93a9-db1744efc83e {{(pid=113741) execute /usr/local/lib/python3.8/dist-packages/oslo_concurrency/processutils.py:384}}
Oct 18 15:45:10.499536 n-d-853682-5 sudo[149824]: ubuntu : TTY=unknown ; PWD=/ ; USER=root ; COMMAND=/usr/local/bin/cinder-rootwrap /etc/cinder/rootwrap.conf env LC_ALL=C lvdisplay --noheading -C -o Attr --readonly stack-volumes-lvmdriver-1/volume-4026a578-7ecb-4e1b-93a9-db1744efc83e
Oct 18 15:45:10.501583 n-d-853682-5 sudo[149824]: pam_unix(sudo:session): session opened for user root by (uid=0)
Oct 18 15:45:11.571379 n-d-853682-5 sudo[149824]: pam_unix(sudo:session): session closed for user root
Oct 18 15:45:11.574382 n-d-853682-5 cinder-volume[113741]: DEBUG oslo_concurrency.processutils [None req-73496846-4faf-4dc3-b54c-85d934a4fd24 tempest-AttachVolumeTestJSON-1787080058 None] CMD "sudo cinder-rootwrap /etc/cinder/rootwrap.conf env LC_ALL=C lvdisplay --noheading -C -o Attr --readonly stack-volumes-lvmdriver-1/volume-4026a578-7ecb-4e1b-93a9-db1744efc83e" returned: 0 in 1.145s {{(pid=113741) execute /usr/local/lib/python3.8/dist-packages/oslo_concurrency/processutils.py:422}}
Oct 18 15:45:11.578248 n-d-853682-5 cinder-volume[113741]: DEBUG oslo_concurrency.processutils [None req-73496846-4faf-4dc3-b54c-85d934a4fd24 tempest-AttachVolumeTestJSON-1787080058 None] Running cmd (subprocess): sudo cinder-rootwrap /etc/cinder/rootwrap.conf lvremove --config activation { retry_deactivation = 1} -f stack-volumes-lvmdriver-1/volume-4026a578-7ecb-4e1b-93a9-db1744efc83e {{(pid=113741) execute /usr/local/lib/python3.8/dist-packages/oslo_concurrency/processutils.py:384}}
Oct 18 15:45:11.622844 n-d-853682-5 sudo[149844]: ubuntu : TTY=unknown ; PWD=/ ; USER=root ; COMMAND=/usr/local/bin/cinder-rootwrap /etc/cinder/rootwrap.conf lvremove --config activation { retry_deactivation = 1} -f stack-volumes-lvmdriver-1/volume-4026a578-7ecb-4e1b-93a9-db1744efc83e
Oct 18 15:45:11.634105 n-d-853682-5 sudo[149844]: pam_unix(sudo:session): session opened for user root by (uid=0)
Oct 18 15:45:12.817131 n-d-853682-5 sudo[149844]: pam_unix(sudo:session): session closed for user root
Oct 18 15:45:12.819485 n-d-853682-5 cinder-volume[113741]: DEBUG oslo_concurrency.processutils [None req-73496846-4faf-4dc3-b54c-85d934a4fd24 tempest-AttachVolumeTestJSON-1787080058 None] CMD "sudo cinder-rootwrap /etc/cinder/rootwrap.conf lvremove --config activation { retry_deactivation = 1} -f stack-volumes-lvmdriver-1/volume-4026a578-7ecb-4e1b-93a9-db1744efc83e" returned: 0 in 1.241s {{(pid=113741) execute /usr/local/lib/python3.8/dist-packages/oslo_concurrency/processutils.py:422}}
Oct 18 15:45:12.820642 n-d-853682-5 cinder-volume[113741]: INFO cinder.volume.drivers.lvm [None req-73496846-4faf-4dc3-b54c-85d934a4fd24 tempest-AttachVolumeTestJSON-1787080058 None] Successfully deleted volume: 4026a578-7ecb-4e1b-93a9-db1744efc83e
Oct 18 15:45:12.909192 n-d-853682-5 cinder-volume[113741]: DEBUG cinder.quota [None req-73496846-4faf-4dc3-b54c-85d934a4fd24 tempest-AttachVolumeTestJSON-1787080058 None] Created reservations ['ae7a38bd-4ebb-4424-8d8b-83d223003261', '582a6f6b-a483-4154-b88e-b982ea594663', 'd3a5b32a-778d-4cf5-9d4b-b96ef8bb2199', 'c82075c9-ccab-42b4-b285-72b9aa4c89c2'] {{(pid=113741) reserve /opt/stack/cinder/cinder/quota.py:755}}
Oct 18 15:45:13.060751 n-d-853682-5 cinder-volume[113741]: DEBUG cinder.volume.drivers.lvm [None req-73496846-4faf-4dc3-b54c-85d934a4fd24 tempest-AttachVolumeTestJSON-1787080058 None] Updating volume stats {{(pid=113741) _update_volume_stats /opt/stack/cinder/cinder/volume/drivers/lvm.py:213}}
Oct 18 15:45:13.062201 n-d-853682-5 cinder-volume[113741]: DEBUG oslo_concurrency.processutils [None req-73496846-4faf-4dc3-b54c-85d934a4fd24 tempest-AttachVolumeTestJSON-1787080058 None] Running cmd (subprocess): sudo cinder-rootwrap /etc/cinder/rootwrap.conf env LC_ALL=C vgs --noheadings --unit=g -o name,size,free,lv_count,uuid --separator : --nosuffix stack-volumes-lvmdriver-1 {{(pid=113741) execute /usr/local/lib/python3.8/dist-packages/oslo_concurrency/processutils.py:384}}
Oct 18 15:45:13.114131 n-d-853682-5 sudo[149854]: ubuntu : TTY=unknown ; PWD=/ ; USER=root ; COMMAND=/usr/local/bin/cinder-rootwrap /etc/cinder/rootwrap.conf env LC_ALL=C vgs --noheadings --unit=g -o name,size,free,lv_count,uuid --separator : --nosuffix stack-volumes-lvmdriver-1
Oct 18 15:45:13.114991 n-d-853682-5 sudo[149854]: pam_unix(sudo:session): session opened for user root by (uid=0)
Oct 18 15:45:14.514208 n-d-853682-5 sudo[149854]: pam_unix(sudo:session): session closed for user root
Oct 18 15:45:14.516504 n-d-853682-5 cinder-volume[113741]: DEBUG oslo_concurrency.processutils [None req-73496846-4faf-4dc3-b54c-85d934a4fd24 tempest-AttachVolumeTestJSON-1787080058 None] CMD "sudo cinder-rootwrap /etc/cinder/rootwrap.conf env LC_ALL=C vgs --noheadings --unit=g -o name,size,free,lv_count,uuid --separator : --nosuffix stack-volumes-lvmdriver-1" returned: 0 in 1.454s {{(pid=113741) execute /usr/local/lib/python3.8/dist-packages/oslo_concurrency/processutils.py:422}}
Oct 18 15:45:14.518552 n-d-853682-5 cinder-volume[113741]: DEBUG oslo_concurrency.processutils [None req-73496846-4faf-4dc3-b54c-85d934a4fd24 tempest-AttachVolumeTestJSON-1787080058 None] Running cmd (subprocess): sudo cinder-rootwrap /etc/cinder/rootwrap.conf env LC_ALL=C lvs --noheadings --unit=g -o vg_name,name,size --nosuffix --readonly stack-volumes-lvmdriver-1 {{(pid=113741) execute /usr/local/lib/python3.8/dist-packages/oslo_concurrency/processutils.py:384}}
Oct 18 15:45:14.569672 n-d-853682-5 sudo[149889]: ubuntu : TTY=unknown ; PWD=/ ; USER=root ; COMMAND=/usr/local/bin/cinder-rootwrap /etc/cinder/rootwrap.conf env LC_ALL=C lvs --noheadings --unit=g -o vg_name,name,size --nosuffix --readonly stack-volumes-lvmdriver-1
Oct 18 15:45:14.571298 n-d-853682-5 sudo[149889]: pam_unix(sudo:session): session opened for user root by (uid=0)
Oct 18 15:45:15.426782 n-d-853682-5 cinder-volume[113741]: DEBUG oslo_service.periodic_task [None req-530a4391-6287-4db1-874b-beaa9b3f1cd3 None None] Running periodic task VolumeManager.publish_service_capabilities {{(pid=113741) run_periodic_tasks /usr/local/lib/python3.8/dist-packages/oslo_service/periodic_task.py:210}}
Oct 18 15:45:15.427776 n-d-853682-5 cinder-volume[113741]: DEBUG cinder.volume.drivers.lvm [None req-530a4391-6287-4db1-874b-beaa9b3f1cd3 None None] Updating volume stats {{(pid=113741) _update_volume_stats /opt/stack/cinder/cinder/volume/drivers/lvm.py:213}}
Oct 18 15:45:15.428729 n-d-853682-5 cinder-volume[113741]: DEBUG oslo_concurrency.processutils [None req-530a4391-6287-4db1-874b-beaa9b3f1cd3 None None] Running cmd (subprocess): sudo cinder-rootwrap /etc/cinder/rootwrap.conf env LC_ALL=C vgs --noheadings --unit=g -o name,size,free,lv_count,uuid --separator : --nosuffix stack-volumes-lvmdriver-1 {{(pid=113741) execute /usr/local/lib/python3.8/dist-packages/oslo_concurrency/processutils.py:384}}
Oct 18 15:45:15.478463 n-d-853682-5 sudo[149922]: ubuntu : TTY=unknown ; PWD=/ ; USER=root ; COMMAND=/usr/local/bin/cinder-rootwrap /etc/cinder/rootwrap.conf env LC_ALL=C vgs --noheadings --unit=g -o name,size,free,lv_count,uuid --separator : --nosuffix stack-volumes-lvmdriver-1
Oct 18 15:45:15.489644 n-d-853682-5 sudo[149922]: pam_unix(sudo:session): session opened for user root by (uid=0)
Oct 18 15:45:15.820466 n-d-853682-5 sudo[149889]: pam_unix(sudo:session): session closed for user root
Oct 18 15:45:15.823826 n-d-853682-5 cinder-volume[113741]: DEBUG oslo_concurrency.processutils [None req-73496846-4faf-4dc3-b54c-85d934a4fd24 tempest-AttachVolumeTestJSON-1787080058 None] CMD "sudo cinder-rootwrap /etc/cinder/rootwrap.conf env LC_ALL=C lvs --noheadings --unit=g -o vg_name,name,size --nosuffix --readonly stack-volumes-lvmdriver-1" returned: 0 in 1.304s {{(pid=113741) execute /usr/local/lib/python3.8/dist-packages/oslo_concurrency/processutils.py:422}}
Oct 18 15:45:15.827434 n-d-853682-5 cinder-volume[113741]: DEBUG cinder.manager [None req-73496846-4faf-4dc3-b54c-85d934a4fd24 tempest-AttachVolumeTestJSON-1787080058 None] Notifying Schedulers of capabilities ... {{(pid=113741) _publish_service_capabilities /opt/stack/cinder/cinder/manager.py:202}}
Oct 18 15:45:15.840999 n-d-853682-5 cinder-volume[113741]: INFO cinder.volume.manager [None req-73496846-4faf-4dc3-b54c-85d934a4fd24 tempest-AttachVolumeTestJSON-1787080058 None] Deleted volume successfully.
Oct 18 15:45:15.888608 n-d-853682-5 cinder-volume[113741]: DEBUG cinder.coordination [None req-73496846-4faf-4dc3-b54c-85d934a4fd24 tempest-AttachVolumeTestJSON-1787080058 None] Lock "cinder-4026a578-7ecb-4e1b-93a9-db1744efc83e-delete_volume" released by "delete_volume" :: held 10.881s {{(pid=113741) _synchronized /opt/stack/cinder/cinder/coordination.py:207}}
Oct 18 15:45:16.888421 n-d-853682-5 sudo[149922]: pam_unix(sudo:session): session closed for user root
Oct 18 15:45:16.892034 n-d-853682-5 cinder-volume[113741]: DEBUG oslo_concurrency.processutils [None req-530a4391-6287-4db1-874b-beaa9b3f1cd3 None None] CMD "sudo cinder-rootwrap /etc/cinder/rootwrap.conf env LC_ALL=C vgs --noheadings --unit=g -o name,size,free,lv_count,uuid --separator : --nosuffix stack-volumes-lvmdriver-1" returned: 0 in 1.463s {{(pid=113741) execute /usr/local/lib/python3.8/dist-packages/oslo_concurrency/processutils.py:422}}
Oct 18 15:45:16.893276 n-d-853682-5 cinder-volume[113741]: DEBUG oslo_concurrency.processutils [None req-530a4391-6287-4db1-874b-beaa9b3f1cd3 None None] Running cmd (subprocess): sudo cinder-rootwrap /etc/cinder/rootwrap.conf env LC_ALL=C lvs --noheadings --unit=g -o vg_name,name,size --nosuffix --readonly stack-volumes-lvmdriver-1 {{(pid=113741) execute /usr/local/lib/python3.8/dist-packages/oslo_concurrency/processutils.py:384}}
Oct 18 15:45:16.965406 n-d-853682-5 sudo[149958]: ubuntu : TTY=unknown ; PWD=/ ; USER=root ; COMMAND=/usr/local/bin/cinder-rootwrap /etc/cinder/rootwrap.conf env LC_ALL=C lvs --noheadings --unit=g -o vg_name,name,size --nosuffix --readonly stack-volumes-lvmdriver-1
Oct 18 15:45:16.966253 n-d-853682-5 sudo[149958]: pam_unix(sudo:session): session opened for user root by (uid=0)
Oct 18 15:45:18.496994 n-d-853682-5 sudo[149958]: pam_unix(sudo:session): session closed for user root
Oct 18 15:45:18.499386 n-d-853682-5 cinder-volume[113741]: DEBUG oslo_concurrency.processutils [None req-530a4391-6287-4db1-874b-beaa9b3f1cd3 None None] CMD "sudo cinder-rootwrap /etc/cinder/rootwrap.conf env LC_ALL=C lvs --noheadings --unit=g -o vg_name,name,size --nosuffix --readonly stack-volumes-lvmdriver-1" returned: 0 in 1.606s {{(pid=113741) execute /usr/local/lib/python3.8/dist-packages/oslo_concurrency/processutils.py:422}}
Oct 18 15:45:18.501206 n-d-853682-5 cinder-volume[113741]: DEBUG cinder.manager [None req-530a4391-6287-4db1-874b-beaa9b3f1cd3 None None] Notifying Schedulers of capabilities ... {{(pid=113741) _publish_service_capabilities /opt/stack/cinder/cinder/manager.py:202}}
Oct 18 15:45:24.880886 n-d-853682-5 cinder-volume[113741]: DEBUG dbcounter [-] [113741] Writing DB stats cinder:SELECT=21,cinder:INSERT=3,cinder:UPDATE=20,cinder:DELETE=2 {{(pid=113741) stat_writer /usr/local/lib/python3.8/dist-packages/dbcounter.py:114}}
Oct 18 15:45:26.746953 n-d-853682-5 cinder-volume[113741]: DEBUG cinder.volume.flows.manager.create_volume [req-a351273b-a267-46a0-861b-b29209c59b5c req-29d90197-149c-437e-81e4-d7a89d6dd4df tempest-VolumesSnapshotsTestJSON-1284785160 None] Volume reschedule parameters: True retry: {'num_attempts': 1, 'backends': ['n-d-853682-5@lvmdriver-1#lvmdriver-1'], 'hosts': ['n-d-853682-5@lvmdriver-1#lvmdriver-1']} {{(pid=113741) get_flow /opt/stack/cinder/cinder/volume/flows/manager/create_volume.py:1368}}
Oct 18 15:45:26.783727 n-d-853682-5 cinder-volume[113741]: DEBUG cinder.volume.manager [req-a351273b-a267-46a0-861b-b29209c59b5c req-29d90197-149c-437e-81e4-d7a89d6dd4df tempest-VolumesSnapshotsTestJSON-1284785160 None] Flow 'volume_create_manager' (155fd6b8-f9f4-47b6-bf6c-d76728a8efa9) transitioned into state 'RUNNING' from state 'PENDING' {{(pid=113741) _flow_receiver /usr/local/lib/python3.8/dist-packages/taskflow/listeners/logging.py:141}}
Oct 18 15:45:26.791213 n-d-853682-5 cinder-volume[113741]: DEBUG cinder.volume.manager [req-a351273b-a267-46a0-861b-b29209c59b5c req-29d90197-149c-437e-81e4-d7a89d6dd4df tempest-VolumesSnapshotsTestJSON-1284785160 None] Task 'cinder.volume.flows.manager.create_volume.ExtractVolumeRefTask;volume:create' (e45c2719-cd30-4630-b522-3072eb8cfed5) transitioned into state 'RUNNING' from state 'PENDING' {{(pid=113741) _task_receiver /usr/local/lib/python3.8/dist-packages/taskflow/listeners/logging.py:190}}
Oct 18 15:45:26.823692 n-d-853682-5 cinder-volume[113741]: DEBUG cinder.volume.manager [req-a351273b-a267-46a0-861b-b29209c59b5c req-29d90197-149c-437e-81e4-d7a89d6dd4df tempest-VolumesSnapshotsTestJSON-1284785160 None] Task 'cinder.volume.flows.manager.create_volume.ExtractVolumeRefTask;volume:create' (e45c2719-cd30-4630-b522-3072eb8cfed5) transitioned into state 'SUCCESS' from state 'RUNNING' with result 'Volume(_name_id=None,admin_metadata=,attach_status='detached',availability_zone='nova',bootable=False,cluster=,cluster_name=None,consistencygroup=,consistencygroup_id=None,created_at=2022-10-18T15:45:26Z,deleted=False,deleted_at=None,display_description=None,display_name='tempest-VolumesSnapshotsTestJSON-volume-1953954593',ec2_id=None,encryption_key_id=None,glance_metadata=,group=,group_id=None,host='n-d-853682-5@lvmdriver-1#lvmdriver-1',id=c81cc4e5-4fcc-46ca-83bd-cf02ff0a248c,launched_at=None,metadata={},migration_status=None,multiattach=False,previous_status=None,project_id='870632e1a4e949318298f43dece168f1',provider_auth=None,provider_geometry=None,provider_id=None,provider_location=None,replication_driver_data=None,replication_extended_status=None,replication_status=None,scheduled_at=2022-10-18T15:45:27Z,service_uuid=None,shared_targets=True,size=1,snapshot_id=None,snapshots=,source_volid=None,status='creating',terminated_at=None,updated_at=2022-10-18T15:45:27Z,use_quota=True,user_id='eca1ef4e123f410c9c41d99acbda1cef',volume_attachment=VolumeAttachmentList,volume_type=VolumeType(4040805b-ed95-46cd-bd63-d7ca841cb7a1),volume_type_id=4040805b-ed95-46cd-bd63-d7ca841cb7a1)' {{(pid=113741) _task_receiver /usr/local/lib/python3.8/dist-packages/taskflow/listeners/logging.py:178}}
Oct 18 15:45:26.843877 n-d-853682-5 cinder-volume[113741]: DEBUG cinder.volume.manager [req-a351273b-a267-46a0-861b-b29209c59b5c req-29d90197-149c-437e-81e4-d7a89d6dd4df tempest-VolumesSnapshotsTestJSON-1284785160 None] Task 'cinder.volume.flows.manager.create_volume.OnFailureRescheduleTask;volume:create' (cbc3fa4d-d127-4fea-a49e-e073c04b60a2) transitioned into state 'RUNNING' from state 'PENDING' {{(pid=113741) _task_receiver /usr/local/lib/python3.8/dist-packages/taskflow/listeners/logging.py:190}}
Oct 18 15:45:26.859152 n-d-853682-5 cinder-volume[113741]: DEBUG cinder.volume.manager [req-a351273b-a267-46a0-861b-b29209c59b5c req-29d90197-149c-437e-81e4-d7a89d6dd4df tempest-VolumesSnapshotsTestJSON-1284785160 None] Task 'cinder.volume.flows.manager.create_volume.OnFailureRescheduleTask;volume:create' (cbc3fa4d-d127-4fea-a49e-e073c04b60a2) transitioned into state 'SUCCESS' from state 'RUNNING' with result 'None' {{(pid=113741) _task_receiver /usr/local/lib/python3.8/dist-packages/taskflow/listeners/logging.py:178}}
Oct 18 15:45:26.871797 n-d-853682-5 cinder-volume[113741]: DEBUG cinder.volume.manager [req-a351273b-a267-46a0-861b-b29209c59b5c req-29d90197-149c-437e-81e4-d7a89d6dd4df tempest-VolumesSnapshotsTestJSON-1284785160 None] Task 'cinder.volume.flows.manager.create_volume.ExtractVolumeSpecTask;volume:create' (ba086392-8c4a-4ddf-8bd7-a6971aefc7ce) transitioned into state 'RUNNING' from state 'PENDING' {{(pid=113741) _task_receiver /usr/local/lib/python3.8/dist-packages/taskflow/listeners/logging.py:190}}
Oct 18 15:45:26.882305 n-d-853682-5 cinder-volume[113741]: DEBUG cinder.volume.manager [req-a351273b-a267-46a0-861b-b29209c59b5c req-29d90197-149c-437e-81e4-d7a89d6dd4df tempest-VolumesSnapshotsTestJSON-1284785160 None] Task 'cinder.volume.flows.manager.create_volume.ExtractVolumeSpecTask;volume:create' (ba086392-8c4a-4ddf-8bd7-a6971aefc7ce) transitioned into state 'SUCCESS' from state 'RUNNING' with result '{'status': 'creating', 'type': 'raw', 'volume_id': 'c81cc4e5-4fcc-46ca-83bd-cf02ff0a248c', 'volume_name': 'volume-c81cc4e5-4fcc-46ca-83bd-cf02ff0a248c', 'volume_size': 1}' {{(pid=113741) _task_receiver /usr/local/lib/python3.8/dist-packages/taskflow/listeners/logging.py:178}}
Oct 18 15:45:26.906805 n-d-853682-5 cinder-volume[113741]: DEBUG cinder.volume.manager [req-a351273b-a267-46a0-861b-b29209c59b5c req-29d90197-149c-437e-81e4-d7a89d6dd4df tempest-VolumesSnapshotsTestJSON-1284785160 None] Task 'cinder.volume.flows.manager.create_volume.NotifyVolumeActionTask;volume:create, create.start' (7f693da9-f6b4-4dd0-8646-a45916aa28df) transitioned into state 'RUNNING' from state 'PENDING' {{(pid=113741) _task_receiver /usr/local/lib/python3.8/dist-packages/taskflow/listeners/logging.py:190}}
Oct 18 15:45:26.916833 n-d-853682-5 cinder-volume[113741]: DEBUG cinder.volume.manager [req-a351273b-a267-46a0-861b-b29209c59b5c req-29d90197-149c-437e-81e4-d7a89d6dd4df tempest-VolumesSnapshotsTestJSON-1284785160 None] Task 'cinder.volume.flows.manager.create_volume.NotifyVolumeActionTask;volume:create, create.start' (7f693da9-f6b4-4dd0-8646-a45916aa28df) transitioned into state 'SUCCESS' from state 'RUNNING' with result 'None' {{(pid=113741) _task_receiver /usr/local/lib/python3.8/dist-packages/taskflow/listeners/logging.py:178}}
Oct 18 15:45:26.927222 n-d-853682-5 cinder-volume[113741]: DEBUG cinder.volume.manager [req-a351273b-a267-46a0-861b-b29209c59b5c req-29d90197-149c-437e-81e4-d7a89d6dd4df tempest-VolumesSnapshotsTestJSON-1284785160 None] Task 'cinder.volume.flows.manager.create_volume.CreateVolumeFromSpecTask;volume:create' (2714b721-4c5b-40a6-bded-e79a2289d5a1) transitioned into state 'RUNNING' from state 'PENDING' {{(pid=113741) _task_receiver /usr/local/lib/python3.8/dist-packages/taskflow/listeners/logging.py:190}}
Oct 18 15:45:26.930281 n-d-853682-5 cinder-volume[113741]: INFO cinder.volume.flows.manager.create_volume [req-a351273b-a267-46a0-861b-b29209c59b5c req-29d90197-149c-437e-81e4-d7a89d6dd4df tempest-VolumesSnapshotsTestJSON-1284785160 None] Volume c81cc4e5-4fcc-46ca-83bd-cf02ff0a248c: being created as raw with specification: {'status': 'creating', 'volume_name': 'volume-c81cc4e5-4fcc-46ca-83bd-cf02ff0a248c', 'volume_size': 1}
Oct 18 15:45:26.933759 n-d-853682-5 cinder-volume[113741]: DEBUG oslo_concurrency.processutils [req-a351273b-a267-46a0-861b-b29209c59b5c req-29d90197-149c-437e-81e4-d7a89d6dd4df tempest-VolumesSnapshotsTestJSON-1284785160 None] Running cmd (subprocess): sudo cinder-rootwrap /etc/cinder/rootwrap.conf env LC_ALL=C lvcreate -n volume-c81cc4e5-4fcc-46ca-83bd-cf02ff0a248c stack-volumes-lvmdriver-1 -L 1g {{(pid=113741) execute /usr/local/lib/python3.8/dist-packages/oslo_concurrency/processutils.py:384}}
Oct 18 15:45:27.042077 n-d-853682-5 sudo[150072]: ubuntu : TTY=unknown ; PWD=/ ; USER=root ; COMMAND=/usr/local/bin/cinder-rootwrap /etc/cinder/rootwrap.conf env LC_ALL=C lvcreate -n volume-c81cc4e5-4fcc-46ca-83bd-cf02ff0a248c stack-volumes-lvmdriver-1 -L 1g
Oct 18 15:45:27.042964 n-d-853682-5 sudo[150072]: pam_unix(sudo:session): session opened for user root by (uid=0)
Oct 18 15:45:28.645159 n-d-853682-5 sudo[150072]: pam_unix(sudo:session): session closed for user root
Oct 18 15:45:28.647265 n-d-853682-5 cinder-volume[113741]: DEBUG oslo_concurrency.processutils [req-a351273b-a267-46a0-861b-b29209c59b5c req-29d90197-149c-437e-81e4-d7a89d6dd4df tempest-VolumesSnapshotsTestJSON-1284785160 None] CMD "sudo cinder-rootwrap /etc/cinder/rootwrap.conf env LC_ALL=C lvcreate -n volume-c81cc4e5-4fcc-46ca-83bd-cf02ff0a248c stack-volumes-lvmdriver-1 -L 1g" returned: 0 in 1.713s {{(pid=113741) execute /usr/local/lib/python3.8/dist-packages/oslo_concurrency/processutils.py:422}}
Oct 18 15:45:28.652245 n-d-853682-5 cinder-volume[113741]: DEBUG cinder.volume.manager [req-a351273b-a267-46a0-861b-b29209c59b5c req-29d90197-149c-437e-81e4-d7a89d6dd4df tempest-VolumesSnapshotsTestJSON-1284785160 None] Task 'cinder.volume.flows.manager.create_volume.CreateVolumeFromSpecTask;volume:create' (2714b721-4c5b-40a6-bded-e79a2289d5a1) transitioned into state 'SUCCESS' from state 'RUNNING' with result '{'status': 'creating', 'volume_name': 'volume-c81cc4e5-4fcc-46ca-83bd-cf02ff0a248c', 'volume_size': 1}' {{(pid=113741) _task_receiver /usr/local/lib/python3.8/dist-packages/taskflow/listeners/logging.py:178}}
Oct 18 15:45:28.657065 n-d-853682-5 cinder-volume[113741]: DEBUG cinder.volume.manager [req-a351273b-a267-46a0-861b-b29209c59b5c req-29d90197-149c-437e-81e4-d7a89d6dd4df tempest-VolumesSnapshotsTestJSON-1284785160 None] Task 'cinder.volume.flows.manager.create_volume.CreateVolumeOnFinishTask;volume:create, create.end' (3839633b-392c-48fe-a3f2-22539b278052) transitioned into state 'RUNNING' from state 'PENDING' {{(pid=113741) _task_receiver /usr/local/lib/python3.8/dist-packages/taskflow/listeners/logging.py:190}}
Oct 18 15:45:28.701069 n-d-853682-5 cinder-volume[113741]: INFO cinder.volume.flows.manager.create_volume [req-a351273b-a267-46a0-861b-b29209c59b5c req-29d90197-149c-437e-81e4-d7a89d6dd4df tempest-VolumesSnapshotsTestJSON-1284785160 None] Volume volume-c81cc4e5-4fcc-46ca-83bd-cf02ff0a248c (c81cc4e5-4fcc-46ca-83bd-cf02ff0a248c): created successfully
Oct 18 15:45:28.704964 n-d-853682-5 cinder-volume[113741]: DEBUG cinder.volume.manager [req-a351273b-a267-46a0-861b-b29209c59b5c req-29d90197-149c-437e-81e4-d7a89d6dd4df tempest-VolumesSnapshotsTestJSON-1284785160 None] Task 'cinder.volume.flows.manager.create_volume.CreateVolumeOnFinishTask;volume:create, create.end' (3839633b-392c-48fe-a3f2-22539b278052) transitioned into state 'SUCCESS' from state 'RUNNING' with result 'None' {{(pid=113741) _task_receiver /usr/local/lib/python3.8/dist-packages/taskflow/listeners/logging.py:178}}
Oct 18 15:45:28.711129 n-d-853682-5 cinder-volume[113741]: DEBUG cinder.volume.manager [req-a351273b-a267-46a0-861b-b29209c59b5c req-29d90197-149c-437e-81e4-d7a89d6dd4df tempest-VolumesSnapshotsTestJSON-1284785160 None] Flow 'volume_create_manager' (155fd6b8-f9f4-47b6-bf6c-d76728a8efa9) transitioned into state 'SUCCESS' from state 'RUNNING' {{(pid=113741) _flow_receiver /usr/local/lib/python3.8/dist-packages/taskflow/listeners/logging.py:141}}
Oct 18 15:45:28.736292 n-d-853682-5 cinder-volume[113741]: INFO cinder.volume.manager [req-a351273b-a267-46a0-861b-b29209c59b5c req-29d90197-149c-437e-81e4-d7a89d6dd4df tempest-VolumesSnapshotsTestJSON-1284785160 None] Created volume successfully.
Oct 18 15:45:31.580553 n-d-853682-5 cinder-volume[113741]: DEBUG oslo_concurrency.processutils [req-209bd1fb-7988-445a-bf20-481a788ec4ca req-7383718b-77c5-4c3a-916d-a1b81cf14e6d tempest-VolumesSnapshotsTestJSON-1284785160 None] Running cmd (subprocess): sudo cinder-rootwrap /etc/cinder/rootwrap.conf env LC_ALL=C lvs --noheadings --unit=g -o vg_name,name,size --nosuffix --readonly stack-volumes-lvmdriver-1/volume-c81cc4e5-4fcc-46ca-83bd-cf02ff0a248c {{(pid=113741) execute /usr/local/lib/python3.8/dist-packages/oslo_concurrency/processutils.py:384}}
Oct 18 15:45:31.629989 n-d-853682-5 sudo[150198]: ubuntu : TTY=unknown ; PWD=/ ; USER=root ; COMMAND=/usr/local/bin/cinder-rootwrap /etc/cinder/rootwrap.conf env LC_ALL=C lvs --noheadings --unit=g -o vg_name,name,size --nosuffix --readonly stack-volumes-lvmdriver-1/volume-c81cc4e5-4fcc-46ca-83bd-cf02ff0a248c
Oct 18 15:45:31.631865 n-d-853682-5 sudo[150198]: pam_unix(sudo:session): session opened for user root by (uid=0)
Oct 18 15:45:33.017386 n-d-853682-5 sudo[150198]: pam_unix(sudo:session): session closed for user root
Oct 18 15:45:33.020110 n-d-853682-5 cinder-volume[113741]: DEBUG oslo_concurrency.processutils [req-209bd1fb-7988-445a-bf20-481a788ec4ca req-7383718b-77c5-4c3a-916d-a1b81cf14e6d tempest-VolumesSnapshotsTestJSON-1284785160 None] CMD "sudo cinder-rootwrap /etc/cinder/rootwrap.conf env LC_ALL=C lvs --noheadings --unit=g -o vg_name,name,size --nosuffix --readonly stack-volumes-lvmdriver-1/volume-c81cc4e5-4fcc-46ca-83bd-cf02ff0a248c" returned: 0 in 1.443s {{(pid=113741) execute /usr/local/lib/python3.8/dist-packages/oslo_concurrency/processutils.py:422}}
Oct 18 15:45:33.023483 n-d-853682-5 cinder-volume[113741]: DEBUG oslo_concurrency.processutils [req-209bd1fb-7988-445a-bf20-481a788ec4ca req-7383718b-77c5-4c3a-916d-a1b81cf14e6d tempest-VolumesSnapshotsTestJSON-1284785160 None] Running cmd (subprocess): sudo cinder-rootwrap /etc/cinder/rootwrap.conf env LC_ALL=C lvcreate --name _snapshot-3e2a4adf-8919-4b81-83fd-0dc25a2b44b8 --snapshot stack-volumes-lvmdriver-1/volume-c81cc4e5-4fcc-46ca-83bd-cf02ff0a248c -L 1.00g {{(pid=113741) execute /usr/local/lib/python3.8/dist-packages/oslo_concurrency/processutils.py:384}}
Oct 18 15:45:33.072554 n-d-853682-5 sudo[150228]: ubuntu : TTY=unknown ; PWD=/ ; USER=root ; COMMAND=/usr/local/bin/cinder-rootwrap /etc/cinder/rootwrap.conf env LC_ALL=C lvcreate --name _snapshot-3e2a4adf-8919-4b81-83fd-0dc25a2b44b8 --snapshot stack-volumes-lvmdriver-1/volume-c81cc4e5-4fcc-46ca-83bd-cf02ff0a248c -L 1.00g
Oct 18 15:45:33.075921 n-d-853682-5 sudo[150228]: pam_unix(sudo:session): session opened for user root by (uid=0)
Oct 18 15:45:34.852055 n-d-853682-5 cinder-volume[113741]: DEBUG dbcounter [-] [113741] Writing DB stats cinder:SELECT=41,cinder:UPDATE=18,cinder:INSERT=5,cinder:DELETE=1 {{(pid=113741) stat_writer /usr/local/lib/python3.8/dist-packages/dbcounter.py:114}}
Oct 18 15:45:34.898573 n-d-853682-5 sudo[150228]: pam_unix(sudo:session): session closed for user root
Oct 18 15:45:34.901160 n-d-853682-5 cinder-volume[113741]: DEBUG oslo_concurrency.processutils [req-209bd1fb-7988-445a-bf20-481a788ec4ca req-7383718b-77c5-4c3a-916d-a1b81cf14e6d tempest-VolumesSnapshotsTestJSON-1284785160 None] CMD "sudo cinder-rootwrap /etc/cinder/rootwrap.conf env LC_ALL=C lvcreate --name _snapshot-3e2a4adf-8919-4b81-83fd-0dc25a2b44b8 --snapshot stack-volumes-lvmdriver-1/volume-c81cc4e5-4fcc-46ca-83bd-cf02ff0a248c -L 1.00g" returned: 0 in 1.878s {{(pid=113741) execute /usr/local/lib/python3.8/dist-packages/oslo_concurrency/processutils.py:422}}
Oct 18 15:45:34.939649 n-d-853682-5 cinder-volume[113741]: INFO cinder.volume.manager [req-209bd1fb-7988-445a-bf20-481a788ec4ca req-7383718b-77c5-4c3a-916d-a1b81cf14e6d tempest-VolumesSnapshotsTestJSON-1284785160 None] Create snapshot completed successfully
Oct 18 15:45:36.711859 n-d-853682-5 cinder-volume[113741]: DEBUG cinder.coordination [req-b13668cb-20a6-493f-99b4-74f425e4d9cb req-eb69c2d2-7918-4cf5-a2d2-71def007da4f tempest-VolumesSnapshotsTestJSON-1284785160 None] Acquiring lock "cinder-3e2a4adf-8919-4b81-83fd-0dc25a2b44b8-delete_snapshot" by "delete_snapshot" {{(pid=113741) _synchronized /opt/stack/cinder/cinder/coordination.py:192}}
Oct 18 15:45:36.722538 n-d-853682-5 cinder-volume[113741]: DEBUG cinder.coordination [req-b13668cb-20a6-493f-99b4-74f425e4d9cb req-eb69c2d2-7918-4cf5-a2d2-71def007da4f tempest-VolumesSnapshotsTestJSON-1284785160 None] Lock "cinder-3e2a4adf-8919-4b81-83fd-0dc25a2b44b8-delete_snapshot" acquired by "delete_snapshot" :: waited 0.013s {{(pid=113741) _synchronized /opt/stack/cinder/cinder/coordination.py:196}}
Oct 18 15:45:36.727152 n-d-853682-5 cinder-volume[113741]: DEBUG oslo_concurrency.processutils [req-b13668cb-20a6-493f-99b4-74f425e4d9cb req-eb69c2d2-7918-4cf5-a2d2-71def007da4f tempest-VolumesSnapshotsTestJSON-1284785160 None] Running cmd (subprocess): sudo cinder-rootwrap /etc/cinder/rootwrap.conf env LC_ALL=C lvs --noheadings --unit=g -o vg_name,name,size --nosuffix --readonly stack-volumes-lvmdriver-1/_snapshot-3e2a4adf-8919-4b81-83fd-0dc25a2b44b8 {{(pid=113741) execute /usr/local/lib/python3.8/dist-packages/oslo_concurrency/processutils.py:384}}
Oct 18 15:45:36.773995 n-d-853682-5 sudo[150436]: ubuntu : TTY=unknown ; PWD=/ ; USER=root ; COMMAND=/usr/local/bin/cinder-rootwrap /etc/cinder/rootwrap.conf env LC_ALL=C lvs --noheadings --unit=g -o vg_name,name,size --nosuffix --readonly stack-volumes-lvmdriver-1/_snapshot-3e2a4adf-8919-4b81-83fd-0dc25a2b44b8
Oct 18 15:45:36.774932 n-d-853682-5 sudo[150436]: pam_unix(sudo:session): session opened for user root by (uid=0)
Oct 18 15:45:37.659221 n-d-853682-5 sudo[150436]: pam_unix(sudo:session): session closed for user root
Oct 18 15:45:37.661727 n-d-853682-5 cinder-volume[113741]: DEBUG oslo_concurrency.processutils [req-b13668cb-20a6-493f-99b4-74f425e4d9cb req-eb69c2d2-7918-4cf5-a2d2-71def007da4f tempest-VolumesSnapshotsTestJSON-1284785160 None] CMD "sudo cinder-rootwrap /etc/cinder/rootwrap.conf env LC_ALL=C lvs --noheadings --unit=g -o vg_name,name,size --nosuffix --readonly stack-volumes-lvmdriver-1/_snapshot-3e2a4adf-8919-4b81-83fd-0dc25a2b44b8" returned: 0 in 0.934s {{(pid=113741) execute /usr/local/lib/python3.8/dist-packages/oslo_concurrency/processutils.py:422}}
Oct 18 15:45:37.663997 n-d-853682-5 cinder-volume[113741]: DEBUG oslo_concurrency.processutils [req-b13668cb-20a6-493f-99b4-74f425e4d9cb req-eb69c2d2-7918-4cf5-a2d2-71def007da4f tempest-VolumesSnapshotsTestJSON-1284785160 None] Running cmd (subprocess): sudo cinder-rootwrap /etc/cinder/rootwrap.conf lvremove --config activation { retry_deactivation = 1} -f stack-volumes-lvmdriver-1/_snapshot-3e2a4adf-8919-4b81-83fd-0dc25a2b44b8 {{(pid=113741) execute /usr/local/lib/python3.8/dist-packages/oslo_concurrency/processutils.py:384}}
Oct 18 15:45:37.765819 n-d-853682-5 sudo[150447]: ubuntu : TTY=unknown ; PWD=/ ; USER=root ; COMMAND=/usr/local/bin/cinder-rootwrap /etc/cinder/rootwrap.conf lvremove --config activation { retry_deactivation = 1} -f stack-volumes-lvmdriver-1/_snapshot-3e2a4adf-8919-4b81-83fd-0dc25a2b44b8
Oct 18 15:45:37.766737 n-d-853682-5 sudo[150447]: pam_unix(sudo:session): session opened for user root by (uid=0)
Oct 18 15:45:39.137125 n-d-853682-5 sudo[150447]: pam_unix(sudo:session): session closed for user root
Oct 18 15:45:39.139304 n-d-853682-5 cinder-volume[113741]: DEBUG oslo_concurrency.processutils [req-b13668cb-20a6-493f-99b4-74f425e4d9cb req-eb69c2d2-7918-4cf5-a2d2-71def007da4f tempest-VolumesSnapshotsTestJSON-1284785160 None] CMD "sudo cinder-rootwrap /etc/cinder/rootwrap.conf lvremove --config activation { retry_deactivation = 1} -f stack-volumes-lvmdriver-1/_snapshot-3e2a4adf-8919-4b81-83fd-0dc25a2b44b8" returned: 0 in 1.475s {{(pid=113741) execute /usr/local/lib/python3.8/dist-packages/oslo_concurrency/processutils.py:422}}
Oct 18 15:45:39.200399 n-d-853682-5 cinder-volume[113741]: WARNING cinder.quota [req-b13668cb-20a6-493f-99b4-74f425e4d9cb req-eb69c2d2-7918-4cf5-a2d2-71def007da4f tempest-VolumesSnapshotsTestJSON-1284785160 None] Deprecated: Default quota for resource: snapshots_lvmdriver-1 is set by the default quota flag: quota_snapshots_lvmdriver-1, it is now deprecated. Please use the default quota class for default quota.
Oct 18 15:45:39.233158 n-d-853682-5 cinder-volume[113741]: DEBUG cinder.quota [req-b13668cb-20a6-493f-99b4-74f425e4d9cb req-eb69c2d2-7918-4cf5-a2d2-71def007da4f tempest-VolumesSnapshotsTestJSON-1284785160 None] Created reservations ['424ca92d-b49d-4d90-adf1-a06469f2bca3', '3eb0dc10-68cf-4a23-a894-e3d8480df315', '63d985bb-e967-44fa-a635-6c19fb545c48', 'a67de510-56cc-4a89-8485-91eafff8ea86'] {{(pid=113741) reserve /opt/stack/cinder/cinder/quota.py:755}}
Oct 18 15:45:39.361394 n-d-853682-5 cinder-volume[113741]: INFO cinder.volume.manager [req-b13668cb-20a6-493f-99b4-74f425e4d9cb req-eb69c2d2-7918-4cf5-a2d2-71def007da4f tempest-VolumesSnapshotsTestJSON-1284785160 None] Delete snapshot completed successfully.
Oct 18 15:45:39.374014 n-d-853682-5 cinder-volume[113741]: DEBUG cinder.coordination [req-b13668cb-20a6-493f-99b4-74f425e4d9cb req-eb69c2d2-7918-4cf5-a2d2-71def007da4f tempest-VolumesSnapshotsTestJSON-1284785160 None] Lock "cinder-3e2a4adf-8919-4b81-83fd-0dc25a2b44b8-delete_snapshot" released by "delete_snapshot" :: held 2.651s {{(pid=113741) _synchronized /opt/stack/cinder/cinder/coordination.py:207}}
Oct 18 15:45:41.770284 n-d-853682-5 cinder-volume[113741]: DEBUG cinder.coordination [req-3695b8c7-e427-46f8-8e73-8fd266c6847a req-3fdddee8-b990-4cb1-8621-a42f166cba00 tempest-VolumesSnapshotsTestJSON-1284785160 None] Acquiring lock "cinder-c81cc4e5-4fcc-46ca-83bd-cf02ff0a248c-delete_volume" by "delete_volume" {{(pid=113741) _synchronized /opt/stack/cinder/cinder/coordination.py:192}}
Oct 18 15:45:41.790676 n-d-853682-5 cinder-volume[113741]: DEBUG cinder.coordination [req-3695b8c7-e427-46f8-8e73-8fd266c6847a req-3fdddee8-b990-4cb1-8621-a42f166cba00 tempest-VolumesSnapshotsTestJSON-1284785160 None] Lock "cinder-c81cc4e5-4fcc-46ca-83bd-cf02ff0a248c-delete_volume" acquired by "delete_volume" :: waited 0.020s {{(pid=113741) _synchronized /opt/stack/cinder/cinder/coordination.py:196}}
Oct 18 15:45:41.879313 n-d-853682-5 cinder-volume[113741]: INFO cinder.volume.targets.iscsi [req-3695b8c7-e427-46f8-8e73-8fd266c6847a req-3fdddee8-b990-4cb1-8621-a42f166cba00 tempest-VolumesSnapshotsTestJSON-1284785160 None] Skipping remove_export. No iscsi_target is presently exported for volume: c81cc4e5-4fcc-46ca-83bd-cf02ff0a248c
Oct 18 15:45:41.881186 n-d-853682-5 cinder-volume[113741]: DEBUG oslo_concurrency.processutils [req-3695b8c7-e427-46f8-8e73-8fd266c6847a req-3fdddee8-b990-4cb1-8621-a42f166cba00 tempest-VolumesSnapshotsTestJSON-1284785160 None] Running cmd (subprocess): sudo cinder-rootwrap /etc/cinder/rootwrap.conf env LC_ALL=C lvs --noheadings --unit=g -o vg_name,name,size --nosuffix --readonly stack-volumes-lvmdriver-1/volume-c81cc4e5-4fcc-46ca-83bd-cf02ff0a248c {{(pid=113741) execute /usr/local/lib/python3.8/dist-packages/oslo_concurrency/processutils.py:384}}
Oct 18 15:45:41.910080 n-d-853682-5 sudo[150551]: ubuntu : TTY=unknown ; PWD=/ ; USER=root ; COMMAND=/usr/local/bin/cinder-rootwrap /etc/cinder/rootwrap.conf env LC_ALL=C lvs --noheadings --unit=g -o vg_name,name,size --nosuffix --readonly stack-volumes-lvmdriver-1/volume-c81cc4e5-4fcc-46ca-83bd-cf02ff0a248c
Oct 18 15:45:41.910904 n-d-853682-5 sudo[150551]: pam_unix(sudo:session): session opened for user root by (uid=0)
Oct 18 15:45:42.990985 n-d-853682-5 sudo[150551]: pam_unix(sudo:session): session closed for user root
Oct 18 15:45:42.993401 n-d-853682-5 cinder-volume[113741]: DEBUG oslo_concurrency.processutils [req-3695b8c7-e427-46f8-8e73-8fd266c6847a req-3fdddee8-b990-4cb1-8621-a42f166cba00 tempest-VolumesSnapshotsTestJSON-1284785160 None] CMD "sudo cinder-rootwrap /etc/cinder/rootwrap.conf env LC_ALL=C lvs --noheadings --unit=g -o vg_name,name,size --nosuffix --readonly stack-volumes-lvmdriver-1/volume-c81cc4e5-4fcc-46ca-83bd-cf02ff0a248c" returned: 0 in 1.112s {{(pid=113741) execute /usr/local/lib/python3.8/dist-packages/oslo_concurrency/processutils.py:422}}
Oct 18 15:45:42.995175 n-d-853682-5 cinder-volume[113741]: DEBUG oslo_concurrency.processutils [req-3695b8c7-e427-46f8-8e73-8fd266c6847a req-3fdddee8-b990-4cb1-8621-a42f166cba00 tempest-VolumesSnapshotsTestJSON-1284785160 None] Running cmd (subprocess): sudo cinder-rootwrap /etc/cinder/rootwrap.conf env LC_ALL=C lvdisplay --noheading -C -o Attr --readonly stack-volumes-lvmdriver-1/volume-c81cc4e5-4fcc-46ca-83bd-cf02ff0a248c {{(pid=113741) execute /usr/local/lib/python3.8/dist-packages/oslo_concurrency/processutils.py:384}}
Oct 18 15:45:43.048141 n-d-853682-5 sudo[150576]: ubuntu : TTY=unknown ; PWD=/ ; USER=root ; COMMAND=/usr/local/bin/cinder-rootwrap /etc/cinder/rootwrap.conf env LC_ALL=C lvdisplay --noheading -C -o Attr --readonly stack-volumes-lvmdriver-1/volume-c81cc4e5-4fcc-46ca-83bd-cf02ff0a248c
Oct 18 15:45:43.048993 n-d-853682-5 sudo[150576]: pam_unix(sudo:session): session opened for user root by (uid=0)
Oct 18 15:45:44.425336 n-d-853682-5 sudo[150576]: pam_unix(sudo:session): session closed for user root
Oct 18 15:45:44.427679 n-d-853682-5 cinder-volume[113741]: DEBUG oslo_concurrency.processutils [req-3695b8c7-e427-46f8-8e73-8fd266c6847a req-3fdddee8-b990-4cb1-8621-a42f166cba00 tempest-VolumesSnapshotsTestJSON-1284785160 None] CMD "sudo cinder-rootwrap /etc/cinder/rootwrap.conf env LC_ALL=C lvdisplay --noheading -C -o Attr --readonly stack-volumes-lvmdriver-1/volume-c81cc4e5-4fcc-46ca-83bd-cf02ff0a248c" returned: 0 in 1.432s {{(pid=113741) execute /usr/local/lib/python3.8/dist-packages/oslo_concurrency/processutils.py:422}}
Oct 18 15:45:44.430555 n-d-853682-5 cinder-volume[113741]: DEBUG oslo_concurrency.processutils [req-3695b8c7-e427-46f8-8e73-8fd266c6847a req-3fdddee8-b990-4cb1-8621-a42f166cba00 tempest-VolumesSnapshotsTestJSON-1284785160 None] Running cmd (subprocess): sudo cinder-rootwrap /etc/cinder/rootwrap.conf lvremove --config activation { retry_deactivation = 1} -f stack-volumes-lvmdriver-1/volume-c81cc4e5-4fcc-46ca-83bd-cf02ff0a248c {{(pid=113741) execute /usr/local/lib/python3.8/dist-packages/oslo_concurrency/processutils.py:384}}
Oct 18 15:45:44.451728 n-d-853682-5 sudo[150582]: ubuntu : TTY=unknown ; PWD=/ ; USER=root ; COMMAND=/usr/local/bin/cinder-rootwrap /etc/cinder/rootwrap.conf lvremove --config activation { retry_deactivation = 1} -f stack-volumes-lvmdriver-1/volume-c81cc4e5-4fcc-46ca-83bd-cf02ff0a248c
Oct 18 15:45:44.456387 n-d-853682-5 sudo[150582]: pam_unix(sudo:session): session opened for user root by (uid=0)
Oct 18 15:45:45.512912 n-d-853682-5 sudo[150582]: pam_unix(sudo:session): session closed for user root
Oct 18 15:45:45.515561 n-d-853682-5 cinder-volume[113741]: DEBUG oslo_concurrency.processutils [req-3695b8c7-e427-46f8-8e73-8fd266c6847a req-3fdddee8-b990-4cb1-8621-a42f166cba00 tempest-VolumesSnapshotsTestJSON-1284785160 None] CMD "sudo cinder-rootwrap /etc/cinder/rootwrap.conf lvremove --config activation { retry_deactivation = 1} -f stack-volumes-lvmdriver-1/volume-c81cc4e5-4fcc-46ca-83bd-cf02ff0a248c" returned: 0 in 1.085s {{(pid=113741) execute /usr/local/lib/python3.8/dist-packages/oslo_concurrency/processutils.py:422}}
Oct 18 15:45:45.517182 n-d-853682-5 cinder-volume[113741]: INFO cinder.volume.drivers.lvm [req-3695b8c7-e427-46f8-8e73-8fd266c6847a req-3fdddee8-b990-4cb1-8621-a42f166cba00 tempest-VolumesSnapshotsTestJSON-1284785160 None] Successfully deleted volume: c81cc4e5-4fcc-46ca-83bd-cf02ff0a248c
