Aug 19 11:26:21.030043 n-d-853682-2 devstack@placement-api.service[108206]: INFO placement.requestlog [None req-98c62eea-e394-49d5-8462-c33a6c67bcda service placement] 10.222.0.42 "DELETE /placement/resource_providers/87b87a9d-1076-4601-9ddc-7ebdde63beb9" status: 404 len: 246 microversion: 1.1
Aug 19 11:26:21.030619 n-d-853682-2 devstack@placement-api.service[108206]: [pid: 108206|app: 0|req: 377/743] 10.222.0.42 () {60 vars in 1351 bytes} [Fri Aug 19 11:26:21 2022] DELETE /placement/resource_providers/87b87a9d-1076-4601-9ddc-7ebdde63beb9 => generated 246 bytes in 14 msecs (HTTP/1.1 404) 6 headers in 231 bytes (1 switches on core 0)
Aug 19 11:26:24.988874 n-d-853682-2 devstack@placement-api.service[108207]: DEBUG placement.requestlog [None req-6d0be4f0-6015-4692-b841-1044203ec553 None None] Starting request: 10.222.0.42 "GET /placement/resource_providers/61a65d64-b59e-46a2-a8e5-288478285362/aggregates" {{(pid=108207) __call__ /opt/stack/placement/placement/requestlog.py:55}}
Aug 19 11:26:24.998985 n-d-853682-2 devstack@placement-api.service[108207]: DEBUG dbcounter [-] [108207] Writing DB stats placement:SELECT=43,placement:DELETE=4 {{(pid=108207) stat_writer /usr/local/lib/python3.8/dist-packages/dbcounter.py:114}}
Aug 19 11:26:25.003753 n-d-853682-2 devstack@placement-api.service[108207]: INFO placement.requestlog [None req-6d0be4f0-6015-4692-b841-1044203ec553 service placement] 10.222.0.42 "GET /placement/resource_providers/61a65d64-b59e-46a2-a8e5-288478285362/aggregates" status: 404 len: 235 microversion: 1.1
Aug 19 11:26:25.004578 n-d-853682-2 devstack@placement-api.service[108207]: [pid: 108207|app: 0|req: 367/744] 10.222.0.42 () {58 vars in 1362 bytes} [Fri Aug 19 11:26:24 2022] GET /placement/resource_providers/61a65d64-b59e-46a2-a8e5-288478285362/aggregates => generated 235 bytes in 16 msecs (HTTP/1.1 404) 5 headers in 202 bytes (2 switches on core 0)
Aug 19 11:26:25.025782 n-d-853682-2 devstack@placement-api.service[108206]: DEBUG placement.requestlog [None req-67f5c35d-9e34-49c7-ae51-cf3a0d67332b None None] Starting request: 10.222.0.42 "DELETE /placement/resource_providers/61a65d64-b59e-46a2-a8e5-288478285362" {{(pid=108206) __call__ /opt/stack/placement/placement/requestlog.py:55}}
Aug 19 11:26:25.046142 n-d-853682-2 devstack@placement-api.service[108206]: DEBUG placement.wsgi_wrapper [None req-67f5c35d-9e34-49c7-ae51-cf3a0d67332b service placement] Placement API returning an error response: No resource provider with uuid 61a65d64-b59e-46a2-a8e5-288478285362 found for delete {{(pid=108206) call_func /opt/stack/placement/placement/wsgi_wrapper.py:31}}
Aug 19 11:26:25.046929 n-d-853682-2 devstack@placement-api.service[108206]: INFO placement.requestlog [None req-67f5c35d-9e34-49c7-ae51-cf3a0d67332b service placement] 10.222.0.42 "DELETE /placement/resource_providers/61a65d64-b59e-46a2-a8e5-288478285362" status: 404 len: 246 microversion: 1.1
Aug 19 11:26:25.047276 n-d-853682-2 devstack@placement-api.service[108206]: [pid: 108206|app: 0|req: 378/745] 10.222.0.42 () {60 vars in 1351 bytes} [Fri Aug 19 11:26:25 2022] DELETE /placement/resource_providers/61a65d64-b59e-46a2-a8e5-288478285362 => generated 246 bytes in 22 msecs (HTTP/1.1 404) 6 headers in 231 bytes (1 switches on core 0)
Aug 19 11:26:30.741270 n-d-853682-2 devstack@placement-api.service[108207]: DEBUG placement.requestlog [req-10d10c4d-75dc-4a70-a262-413e70155eb2 req-4ab8e549-520c-4449-8cb1-876726431ced None None] Starting request: 10.222.0.58 "DELETE /placement/allocations/b9afe1a1-9703-43a9-b190-15fd9d14c040" {{(pid=108207) __call__ /opt/stack/placement/placement/requestlog.py:55}}
Aug 19 11:26:30.837903 n-d-853682-2 devstack@placement-api.service[108206]: DEBUG placement.requestlog [None req-10beab4a-294f-4114-94f0-ca19c9975685 None None] Starting request: 10.222.0.42 "GET /placement/resource_providers/98373cb4-3e74-4885-a38d-24a2d322c5df/aggregates" {{(pid=108206) __call__ /opt/stack/placement/placement/requestlog.py:55}}
Aug 19 11:26:30.850579 n-d-853682-2 devstack@placement-api.service[108206]: INFO placement.requestlog [None req-10beab4a-294f-4114-94f0-ca19c9975685 service placement] 10.222.0.42 "GET /placement/resource_providers/98373cb4-3e74-4885-a38d-24a2d322c5df/aggregates" status: 404 len: 235 microversion: 1.1
Aug 19 11:26:30.851546 n-d-853682-2 devstack@placement-api.service[108206]: [pid: 108206|app: 0|req: 379/746] 10.222.0.42 () {58 vars in 1362 bytes} [Fri Aug 19 11:26:30 2022] GET /placement/resource_providers/98373cb4-3e74-4885-a38d-24a2d322c5df/aggregates => generated 235 bytes in 14 msecs (HTTP/1.1 404) 5 headers in 202 bytes (1 switches on core 0)
Aug 19 11:26:30.873686 n-d-853682-2 devstack@placement-api.service[108206]: DEBUG placement.requestlog [None req-960e03a6-5dba-490c-b345-3b865ebd3d5b None None] Starting request: 10.222.0.42 "DELETE /placement/resource_providers/98373cb4-3e74-4885-a38d-24a2d322c5df" {{(pid=108206) __call__ /opt/stack/placement/placement/requestlog.py:55}}
Aug 19 11:26:30.884893 n-d-853682-2 devstack@placement-api.service[108206]: DEBUG placement.wsgi_wrapper [None req-960e03a6-5dba-490c-b345-3b865ebd3d5b service placement] Placement API returning an error response: No resource provider with uuid 98373cb4-3e74-4885-a38d-24a2d322c5df found for delete {{(pid=108206) call_func /opt/stack/placement/placement/wsgi_wrapper.py:31}}
Aug 19 11:26:30.886038 n-d-853682-2 devstack@placement-api.service[108206]: INFO placement.requestlog [None req-960e03a6-5dba-490c-b345-3b865ebd3d5b service placement] 10.222.0.42 "DELETE /placement/resource_providers/98373cb4-3e74-4885-a38d-24a2d322c5df" status: 404 len: 246 microversion: 1.1
Aug 19 11:26:30.886368 n-d-853682-2 devstack@placement-api.service[108206]: [pid: 108206|app: 0|req: 380/747] 10.222.0.42 () {60 vars in 1351 bytes} [Fri Aug 19 11:26:30 2022] DELETE /placement/resource_providers/98373cb4-3e74-4885-a38d-24a2d322c5df => generated 246 bytes in 13 msecs (HTTP/1.1 404) 6 headers in 231 bytes (2 switches on core 0)
Aug 19 11:26:30.967838 n-d-853682-2 devstack@placement-api.service[108207]: DEBUG placement.handlers.allocation [req-10d10c4d-75dc-4a70-a262-413e70155eb2 req-4ab8e549-520c-4449-8cb1-876726431ced service placement] Successfully deleted allocations [, , ] {{(pid=108207) delete_allocations /opt/stack/placement/placement/handlers/allocation.py:627}}
Aug 19 11:26:30.968364 n-d-853682-2 devstack@placement-api.service[108207]: INFO placement.requestlog [req-10d10c4d-75dc-4a70-a262-413e70155eb2 req-4ab8e549-520c-4449-8cb1-876726431ced service placement] 10.222.0.58 "DELETE /placement/allocations/b9afe1a1-9703-43a9-b190-15fd9d14c040" status: 204 len: 0 microversion: 1.0
Aug 19 11:26:30.968814 n-d-853682-2 devstack@placement-api.service[108207]: [pid: 108207|app: 0|req: 368/748] 10.222.0.58 () {60 vars in 1355 bytes} [Fri Aug 19 11:26:30 2022] DELETE /placement/allocations/b9afe1a1-9703-43a9-b190-15fd9d14c040 => generated 0 bytes in 229 msecs (HTTP/1.1 204) 5 headers in 198 bytes (1 switches on core 0)
Aug 19 11:26:36.086808 n-d-853682-2 devstack@placement-api.service[108206]: DEBUG placement.requestlog [None req-1a574d2a-a58e-4069-85e3-7edf05885f08 None None] Starting request: 10.222.0.42 "GET /placement/resource_providers/f57bbf2d-96a4-47de-8ad6-e3e0b5e23157/aggregates" {{(pid=108206) __call__ /opt/stack/placement/placement/requestlog.py:55}}
Aug 19 11:26:36.099179 n-d-853682-2 devstack@placement-api.service[108206]: INFO placement.requestlog [None req-1a574d2a-a58e-4069-85e3-7edf05885f08 service placement] 10.222.0.42 "GET /placement/resource_providers/f57bbf2d-96a4-47de-8ad6-e3e0b5e23157/aggregates" status: 404 len: 235 microversion: 1.1
Aug 19 11:26:36.103029 n-d-853682-2 devstack@placement-api.service[108206]: [pid: 108206|app: 0|req: 381/749] 10.222.0.42 () {58 vars in 1362 bytes} [Fri Aug 19 11:26:36 2022] GET /placement/resource_providers/f57bbf2d-96a4-47de-8ad6-e3e0b5e23157/aggregates => generated 235 bytes in 17 msecs (HTTP/1.1 404) 5 headers in 202 bytes (2 switches on core 0)
Aug 19 11:26:36.106740 n-d-853682-2 devstack@placement-api.service[108207]: DEBUG placement.requestlog [None req-57055e07-75bf-4943-8b55-b25bdd8e6613 None None] Starting request: 10.222.0.42 "DELETE /placement/resource_providers/f57bbf2d-96a4-47de-8ad6-e3e0b5e23157" {{(pid=108207) __call__ /opt/stack/placement/placement/requestlog.py:55}}
Aug 19 11:26:36.118889 n-d-853682-2 devstack@placement-api.service[108207]: DEBUG placement.wsgi_wrapper [None req-57055e07-75bf-4943-8b55-b25bdd8e6613 service placement] Placement API returning an error response: No resource provider with uuid f57bbf2d-96a4-47de-8ad6-e3e0b5e23157 found for delete {{(pid=108207) call_func /opt/stack/placement/placement/wsgi_wrapper.py:31}}
Aug 19 11:26:36.119749 n-d-853682-2 devstack@placement-api.service[108207]: INFO placement.requestlog [None req-57055e07-75bf-4943-8b55-b25bdd8e6613 service placement] 10.222.0.42 "DELETE /placement/resource_providers/f57bbf2d-96a4-47de-8ad6-e3e0b5e23157" status: 404 len: 246 microversion: 1.1
Aug 19 11:26:36.120746 n-d-853682-2 devstack@placement-api.service[108207]: [pid: 108207|app: 0|req: 369/750] 10.222.0.42 () {60 vars in 1351 bytes} [Fri Aug 19 11:26:36 2022] DELETE /placement/resource_providers/f57bbf2d-96a4-47de-8ad6-e3e0b5e23157 => generated 246 bytes in 14 msecs (HTTP/1.1 404) 6 headers in 231 bytes (1 switches on core 0)
Aug 19 11:26:45.538663 n-d-853682-2 devstack@placement-api.service[108206]: DEBUG placement.requestlog [req-2e899242-990f-47db-aac6-9c9152f1482e req-782bd83e-0f21-49d2-8fdf-efbed758a91f None None] Starting request: 10.222.0.49 "GET /placement/resource_providers/7817a3ec-0780-4b95-b6ad-120f1a750827/allocations" {{(pid=108206) __call__ /opt/stack/placement/placement/requestlog.py:55}}
Aug 19 11:26:45.546819 n-d-853682-2 devstack@placement-api.service[108206]: DEBUG dbcounter [-] [108206] Writing DB stats placement:SELECT=47,placement:DELETE=4,placement:INSERT=7,placement:UPDATE=4 {{(pid=108206) stat_writer /usr/local/lib/python3.8/dist-packages/dbcounter.py:114}}
Aug 19 11:26:45.578277 n-d-853682-2 devstack@placement-api.service[108206]: INFO placement.requestlog [req-2e899242-990f-47db-aac6-9c9152f1482e req-782bd83e-0f21-49d2-8fdf-efbed758a91f service placement] 10.222.0.49 "GET /placement/resource_providers/7817a3ec-0780-4b95-b6ad-120f1a750827/allocations" status: 200 len: 457 microversion: 1.0
Aug 19 11:26:45.579241 n-d-853682-2 devstack@placement-api.service[108206]: [pid: 108206|app: 0|req: 382/751] 10.222.0.49 () {58 vars in 1390 bytes} [Fri Aug 19 11:26:45 2022] GET /placement/resource_providers/7817a3ec-0780-4b95-b6ad-120f1a750827/allocations => generated 457 bytes in 41 msecs (HTTP/1.1 200) 6 headers in 224 bytes (1 switches on core 0)
Aug 19 11:26:46.116502 n-d-853682-2 devstack@placement-api.service[108207]: DEBUG dbcounter [-] [108207] Writing DB stats placement:SELECT=10,placement:DELETE=2 {{(pid=108207) stat_writer /usr/local/lib/python3.8/dist-packages/dbcounter.py:114}}
Aug 19 11:26:46.523156 n-d-853682-2 devstack@placement-api.service[108207]: DEBUG placement.requestlog [req-d4effca6-d8d4-409c-b25e-1ded56836fa7 req-ead3eb10-4cec-4cde-9c3a-d79f1909e0c3 None None] Starting request: 10.222.0.42 "GET /placement/allocation_candidates?limit=1000&resources=DISK_GB%3A1%2CMEMORY_MB%3A1024%2CVCPU%3A1&root_required=%21COMPUTE_STATUS_DISABLED" {{(pid=108207) __call__ /opt/stack/placement/placement/requestlog.py:55}}
Aug 19 11:26:46.621646 n-d-853682-2 devstack@placement-api.service[108207]: DEBUG placement.objects.research_context [req-d4effca6-d8d4-409c-b25e-1ded56836fa7 req-ead3eb10-4cec-4cde-9c3a-d79f1909e0c3 service placement] getting providers with 1 DISK_GB {{(pid=108207) __init__ /opt/stack/placement/placement/objects/research_context.py:136}}
Aug 19 11:26:46.680991 n-d-853682-2 devstack@placement-api.service[108207]: DEBUG placement.objects.research_context [req-d4effca6-d8d4-409c-b25e-1ded56836fa7 req-ead3eb10-4cec-4cde-9c3a-d79f1909e0c3 service placement] getting providers with 1024 MEMORY_MB {{(pid=108207) __init__ /opt/stack/placement/placement/objects/research_context.py:136}}
Aug 19 11:26:46.707487 n-d-853682-2 devstack@placement-api.service[108207]: DEBUG placement.objects.research_context [req-d4effca6-d8d4-409c-b25e-1ded56836fa7 req-ead3eb10-4cec-4cde-9c3a-d79f1909e0c3 service placement] getting providers with 1 VCPU {{(pid=108207) __init__ /opt/stack/placement/placement/objects/research_context.py:136}}
Aug 19 11:26:46.747470 n-d-853682-2 devstack@placement-api.service[108207]: DEBUG placement.objects.research_context [req-d4effca6-d8d4-409c-b25e-1ded56836fa7 req-ead3eb10-4cec-4cde-9c3a-d79f1909e0c3 service placement] found 2 providers with available 1 DISK_GB {{(pid=108207) get_provider_ids_matching /opt/stack/placement/placement/objects/research_context.py:563}}
Aug 19 11:26:46.748142 n-d-853682-2 devstack@placement-api.service[108207]: DEBUG placement.objects.research_context [req-d4effca6-d8d4-409c-b25e-1ded56836fa7 req-ead3eb10-4cec-4cde-9c3a-d79f1909e0c3 service placement] found 2 providers with available 1024 MEMORY_MB {{(pid=108207) get_provider_ids_matching /opt/stack/placement/placement/objects/research_context.py:563}}
Aug 19 11:26:46.748664 n-d-853682-2 devstack@placement-api.service[108207]: DEBUG placement.objects.research_context [req-d4effca6-d8d4-409c-b25e-1ded56836fa7 req-ead3eb10-4cec-4cde-9c3a-d79f1909e0c3 service placement] found 2 providers after filtering by previous result {{(pid=108207) get_provider_ids_matching /opt/stack/placement/placement/objects/research_context.py:594}}
Aug 19 11:26:46.749151 n-d-853682-2 devstack@placement-api.service[108207]: DEBUG placement.objects.research_context [req-d4effca6-d8d4-409c-b25e-1ded56836fa7 req-ead3eb10-4cec-4cde-9c3a-d79f1909e0c3 service placement] found 2 providers with available 1 VCPU {{(pid=108207) get_provider_ids_matching /opt/stack/placement/placement/objects/research_context.py:563}}
Aug 19 11:26:46.749627 n-d-853682-2 devstack@placement-api.service[108207]: DEBUG placement.objects.research_context [req-d4effca6-d8d4-409c-b25e-1ded56836fa7 req-ead3eb10-4cec-4cde-9c3a-d79f1909e0c3 service placement] found 2 providers after filtering by previous result {{(pid=108207) get_provider_ids_matching /opt/stack/placement/placement/objects/research_context.py:594}}
Aug 19 11:26:46.796696 n-d-853682-2 devstack@placement-api.service[108207]: DEBUG placement.objects.allocation_candidate [req-d4effca6-d8d4-409c-b25e-1ded56836fa7 req-ead3eb10-4cec-4cde-9c3a-d79f1909e0c3 service placement] RequestGroup(use_same_provider=False, resources={DISK_GB:1, MEMORY_MB:1024, VCPU:1}, traits=(), aggregates=[]) (suffix '') returned 2 matches {{(pid=108207) _get_by_requests /opt/stack/placement/placement/objects/allocation_candidate.py:156}}
Aug 19 11:26:46.797351 n-d-853682-2 devstack@placement-api.service[108207]: DEBUG placement.objects.allocation_candidate [req-d4effca6-d8d4-409c-b25e-1ded56836fa7 req-ead3eb10-4cec-4cde-9c3a-d79f1909e0c3 service placement] Merging candidates yields 2 allocation requests and 2 provider summaries {{(pid=108207) _merge_candidates /opt/stack/placement/placement/objects/allocation_candidate.py:809}}
Aug 19 11:26:46.805255 n-d-853682-2 devstack@placement-api.service[108207]: INFO placement.requestlog [req-d4effca6-d8d4-409c-b25e-1ded56836fa7 req-ead3eb10-4cec-4cde-9c3a-d79f1909e0c3 service placement] 10.222.0.42 "GET /placement/allocation_candidates?limit=1000&resources=DISK_GB%3A1%2CMEMORY_MB%3A1024%2CVCPU%3A1&root_required=%21COMPUTE_STATUS_DISABLED" status: 200 len: 1309 microversion: 1.36
Aug 19 11:26:46.821467 n-d-853682-2 devstack@placement-api.service[108207]: [pid: 108207|app: 0|req: 370/752] 10.222.0.42 () {60 vars in 1506 bytes} [Fri Aug 19 11:26:46 2022] GET /placement/allocation_candidates?limit=1000&resources=DISK_GB%3A1%2CMEMORY_MB%3A1024%2CVCPU%3A1&root_required=%21COMPUTE_STATUS_DISABLED => generated 1309 bytes in 300 msecs (HTTP/1.1 200) 8 headers in 297 bytes (1 switches on core 0)
Aug 19 11:26:47.010872 n-d-853682-2 devstack@placement-api.service[108206]: DEBUG placement.requestlog [req-d4effca6-d8d4-409c-b25e-1ded56836fa7 req-1727ad7a-d501-4f23-a363-188c40277e6f None None] Starting request: 10.222.0.42 "GET /placement/allocations/86095cae-7784-4407-a2a9-462e26f9e3f7" {{(pid=108206) __call__ /opt/stack/placement/placement/requestlog.py:55}}
Aug 19 11:26:47.047082 n-d-853682-2 devstack@placement-api.service[108206]: INFO placement.requestlog [req-d4effca6-d8d4-409c-b25e-1ded56836fa7 req-1727ad7a-d501-4f23-a363-188c40277e6f service placement] 10.222.0.42 "GET /placement/allocations/86095cae-7784-4407-a2a9-462e26f9e3f7" status: 200 len: 19 microversion: 1.28
Aug 19 11:26:47.050316 n-d-853682-2 devstack@placement-api.service[108206]: [pid: 108206|app: 0|req: 383/753] 10.222.0.42 () {60 vars in 1380 bytes} [Fri Aug 19 11:26:47 2022] GET /placement/allocations/86095cae-7784-4407-a2a9-462e26f9e3f7 => generated 19 bytes in 40 msecs (HTTP/1.1 200) 8 headers in 295 bytes (1 switches on core 0)
Aug 19 11:26:47.059979 n-d-853682-2 devstack@placement-api.service[108207]: DEBUG placement.requestlog [req-d4effca6-d8d4-409c-b25e-1ded56836fa7 req-0d4d1997-b904-4e53-9bb5-b4624d867c85 None None] Starting request: 10.222.0.42 "PUT /placement/allocations/86095cae-7784-4407-a2a9-462e26f9e3f7" {{(pid=108207) __call__ /opt/stack/placement/placement/requestlog.py:55}}
Aug 19 11:26:47.501628 n-d-853682-2 devstack@placement-api.service[108207]: DEBUG placement.handlers.allocation [req-d4effca6-d8d4-409c-b25e-1ded56836fa7 req-0d4d1997-b904-4e53-9bb5-b4624d867c85 service placement] Successfully wrote allocations [, , ] {{(pid=108207) _update_consumers_and_create_allocations /opt/stack/placement/placement/handlers/allocation.py:462}}
Aug 19 11:26:47.938548 n-d-853682-2 devstack@placement-api.service[108207]: INFO placement.requestlog [req-d4effca6-d8d4-409c-b25e-1ded56836fa7 req-0d4d1997-b904-4e53-9bb5-b4624d867c85 service placement] 10.222.0.42 "PUT /placement/allocations/86095cae-7784-4407-a2a9-462e26f9e3f7" status: 204 len: 0 microversion: 1.36
Aug 19 11:26:47.940005 n-d-853682-2 devstack@placement-api.service[108207]: [pid: 108207|app: 0|req: 371/754] 10.222.0.42 () {64 vars in 1433 bytes} [Fri Aug 19 11:26:47 2022] PUT /placement/allocations/86095cae-7784-4407-a2a9-462e26f9e3f7 => generated 0 bytes in 880 msecs (HTTP/1.1 204) 5 headers in 199 bytes (1 switches on core 0)
Aug 19 11:26:49.373556 n-d-853682-2 devstack@placement-api.service[108206]: DEBUG placement.requestlog [req-d4effca6-d8d4-409c-b25e-1ded56836fa7 req-c86b5696-0f63-4517-8fbd-91cab55c8d27 None None] Starting request: 10.222.0.58 "GET /placement/allocations/86095cae-7784-4407-a2a9-462e26f9e3f7" {{(pid=108206) __call__ /opt/stack/placement/placement/requestlog.py:55}}
Aug 19 11:26:49.403417 n-d-853682-2 devstack@placement-api.service[108206]: INFO placement.requestlog [req-d4effca6-d8d4-409c-b25e-1ded56836fa7 req-c86b5696-0f63-4517-8fbd-91cab55c8d27 service placement] 10.222.0.58 "GET /placement/allocations/86095cae-7784-4407-a2a9-462e26f9e3f7" status: 200 len: 259 microversion: 1.28
Aug 19 11:26:49.404113 n-d-853682-2 devstack@placement-api.service[108206]: [pid: 108206|app: 0|req: 384/755] 10.222.0.58 () {60 vars in 1377 bytes} [Fri Aug 19 11:26:49 2022] GET /placement/allocations/86095cae-7784-4407-a2a9-462e26f9e3f7 => generated 259 bytes in 31 msecs (HTTP/1.1 200) 8 headers in 296 bytes (1 switches on core 0)
Aug 19 11:26:50.589899 n-d-853682-2 devstack@placement-api.service[108207]: DEBUG placement.requestlog [req-83a680be-e14a-4352-9578-5f631a14ed61 req-d21238e1-812c-4593-93a4-3d0ee4202de8 None None] Starting request: 10.222.0.58 "GET /placement/resource_providers/a032d153-3f9b-4f9b-ad24-e852fe3ca173/allocations" {{(pid=108207) __call__ /opt/stack/placement/placement/requestlog.py:55}}
Aug 19 11:26:50.683252 n-d-853682-2 devstack@placement-api.service[108207]: INFO placement.requestlog [req-83a680be-e14a-4352-9578-5f631a14ed61 req-d21238e1-812c-4593-93a4-3d0ee4202de8 service placement] 10.222.0.58 "GET /placement/resource_providers/a032d153-3f9b-4f9b-ad24-e852fe3ca173/allocations" status: 200 len: 255 microversion: 1.0
Aug 19 11:26:50.686627 n-d-853682-2 devstack@placement-api.service[108207]: [pid: 108207|app: 0|req: 372/756] 10.222.0.58 () {58 vars in 1390 bytes} [Fri Aug 19 11:26:50 2022] GET /placement/resource_providers/a032d153-3f9b-4f9b-ad24-e852fe3ca173/allocations => generated 255 bytes in 97 msecs (HTTP/1.1 200) 6 headers in 224 bytes (1 switches on core 0)
Aug 19 11:26:55.588043 n-d-853682-2 devstack@placement-api.service[108206]: DEBUG placement.requestlog [req-e7f11edc-3705-41d2-ab48-0206e41c0419 req-50efcefc-aa99-47cc-a2a6-4d7176465bbe None None] Starting request: 10.222.0.58 "DELETE /placement/allocations/56c49051-0e50-45cd-b34f-4cb53499216d" {{(pid=108206) __call__ /opt/stack/placement/placement/requestlog.py:55}}
Aug 19 11:26:55.795521 n-d-853682-2 devstack@placement-api.service[108206]: DEBUG placement.handlers.allocation [req-e7f11edc-3705-41d2-ab48-0206e41c0419 req-50efcefc-aa99-47cc-a2a6-4d7176465bbe service placement] Successfully deleted allocations [, , ] {{(pid=108206) delete_allocations /opt/stack/placement/placement/handlers/allocation.py:627}}
Aug 19 11:26:55.796088 n-d-853682-2 devstack@placement-api.service[108206]: INFO placement.requestlog [req-e7f11edc-3705-41d2-ab48-0206e41c0419 req-50efcefc-aa99-47cc-a2a6-4d7176465bbe service placement] 10.222.0.58 "DELETE /placement/allocations/56c49051-0e50-45cd-b34f-4cb53499216d" status: 204 len: 0 microversion: 1.0
Aug 19 11:26:55.796818 n-d-853682-2 devstack@placement-api.service[108206]: [pid: 108206|app: 0|req: 385/757] 10.222.0.58 () {60 vars in 1355 bytes} [Fri Aug 19 11:26:55 2022] DELETE /placement/allocations/56c49051-0e50-45cd-b34f-4cb53499216d => generated 0 bytes in 209 msecs (HTTP/1.1 204) 5 headers in 198 bytes (1 switches on core 0)
Aug 19 11:26:59.721956 n-d-853682-2 devstack@placement-api.service[108207]: DEBUG placement.requestlog [req-8aedc3e5-6f09-4b4e-ad1a-cce895822992 req-a2f39e41-0e98-40cf-85c1-db1793e11425 None None] Starting request: 10.222.0.49 "DELETE /placement/allocations/102eaacb-157e-4205-8bb3-87da75657c80" {{(pid=108207) __call__ /opt/stack/placement/placement/requestlog.py:55}}
Aug 19 11:26:59.928240 n-d-853682-2 devstack@placement-api.service[108207]: DEBUG placement.handlers.allocation [req-8aedc3e5-6f09-4b4e-ad1a-cce895822992 req-a2f39e41-0e98-40cf-85c1-db1793e11425 service placement] Successfully deleted allocations [, , ] {{(pid=108207) delete_allocations /opt/stack/placement/placement/handlers/allocation.py:627}}
Aug 19 11:26:59.929159 n-d-853682-2 devstack@placement-api.service[108207]: INFO placement.requestlog [req-8aedc3e5-6f09-4b4e-ad1a-cce895822992 req-a2f39e41-0e98-40cf-85c1-db1793e11425 service placement] 10.222.0.49 "DELETE /placement/allocations/102eaacb-157e-4205-8bb3-87da75657c80" status: 204 len: 0 microversion: 1.0
Aug 19 11:26:59.930613 n-d-853682-2 devstack@placement-api.service[108207]: [pid: 108207|app: 0|req: 373/758] 10.222.0.49 () {60 vars in 1355 bytes} [Fri Aug 19 11:26:59 2022] DELETE /placement/allocations/102eaacb-157e-4205-8bb3-87da75657c80 => generated 0 bytes in 209 msecs (HTTP/1.1 204) 5 headers in 198 bytes (1 switches on core 0)
Aug 19 11:27:00.466151 n-d-853682-2 devstack@placement-api.service[108206]: DEBUG placement.requestlog [req-9157503f-aac8-4e82-95e5-5fb57499a87f req-08bcc6d9-e28d-46e8-8cb4-3804f23e23f4 None None] Starting request: 10.222.0.42 "GET /placement/allocation_candidates?limit=1000&resources=DISK_GB%3A1%2CMEMORY_MB%3A1024%2CVCPU%3A1&root_required=%21COMPUTE_STATUS_DISABLED" {{(pid=108206) __call__ /opt/stack/placement/placement/requestlog.py:55}}
Aug 19 11:27:00.601886 n-d-853682-2 devstack@placement-api.service[108206]: DEBUG placement.objects.research_context [req-9157503f-aac8-4e82-95e5-5fb57499a87f req-08bcc6d9-e28d-46e8-8cb4-3804f23e23f4 service placement] getting providers with 1 DISK_GB {{(pid=108206) __init__ /opt/stack/placement/placement/objects/research_context.py:136}}
Aug 19 11:27:00.624893 n-d-853682-2 devstack@placement-api.service[108206]: DEBUG placement.objects.research_context [req-9157503f-aac8-4e82-95e5-5fb57499a87f req-08bcc6d9-e28d-46e8-8cb4-3804f23e23f4 service placement] getting providers with 1024 MEMORY_MB {{(pid=108206) __init__ /opt/stack/placement/placement/objects/research_context.py:136}}
Aug 19 11:27:00.652524 n-d-853682-2 devstack@placement-api.service[108206]: DEBUG placement.objects.research_context [req-9157503f-aac8-4e82-95e5-5fb57499a87f req-08bcc6d9-e28d-46e8-8cb4-3804f23e23f4 service placement] getting providers with 1 VCPU {{(pid=108206) __init__ /opt/stack/placement/placement/objects/research_context.py:136}}
Aug 19 11:27:00.670007 n-d-853682-2 devstack@placement-api.service[108206]: DEBUG placement.objects.research_context [req-9157503f-aac8-4e82-95e5-5fb57499a87f req-08bcc6d9-e28d-46e8-8cb4-3804f23e23f4 service placement] found 2 providers with available 1 DISK_GB {{(pid=108206) get_provider_ids_matching /opt/stack/placement/placement/objects/research_context.py:563}}
Aug 19 11:27:00.670289 n-d-853682-2 devstack@placement-api.service[108206]: DEBUG placement.objects.research_context [req-9157503f-aac8-4e82-95e5-5fb57499a87f req-08bcc6d9-e28d-46e8-8cb4-3804f23e23f4 service placement] found 2 providers with available 1024 MEMORY_MB {{(pid=108206) get_provider_ids_matching /opt/stack/placement/placement/objects/research_context.py:563}}
Aug 19 11:27:00.670556 n-d-853682-2 devstack@placement-api.service[108206]: DEBUG placement.objects.research_context [req-9157503f-aac8-4e82-95e5-5fb57499a87f req-08bcc6d9-e28d-46e8-8cb4-3804f23e23f4 service placement] found 2 providers after filtering by previous result {{(pid=108206) get_provider_ids_matching /opt/stack/placement/placement/objects/research_context.py:594}}
Aug 19 11:27:00.670840 n-d-853682-2 devstack@placement-api.service[108206]: DEBUG placement.objects.research_context [req-9157503f-aac8-4e82-95e5-5fb57499a87f req-08bcc6d9-e28d-46e8-8cb4-3804f23e23f4 service placement] found 2 providers with available 1 VCPU {{(pid=108206) get_provider_ids_matching /opt/stack/placement/placement/objects/research_context.py:563}}
Aug 19 11:27:00.671102 n-d-853682-2 devstack@placement-api.service[108206]: DEBUG placement.objects.research_context [req-9157503f-aac8-4e82-95e5-5fb57499a87f req-08bcc6d9-e28d-46e8-8cb4-3804f23e23f4 service placement] found 2 providers after filtering by previous result {{(pid=108206) get_provider_ids_matching /opt/stack/placement/placement/objects/research_context.py:594}}
Aug 19 11:27:00.691983 n-d-853682-2 devstack@placement-api.service[108206]: DEBUG placement.objects.allocation_candidate [req-9157503f-aac8-4e82-95e5-5fb57499a87f req-08bcc6d9-e28d-46e8-8cb4-3804f23e23f4 service placement] RequestGroup(use_same_provider=False, resources={DISK_GB:1, MEMORY_MB:1024, VCPU:1}, traits=(), aggregates=[]) (suffix '') returned 2 matches {{(pid=108206) _get_by_requests /opt/stack/placement/placement/objects/allocation_candidate.py:156}}
Aug 19 11:27:00.693470 n-d-853682-2 devstack@placement-api.service[108206]: DEBUG placement.objects.allocation_candidate [req-9157503f-aac8-4e82-95e5-5fb57499a87f req-08bcc6d9-e28d-46e8-8cb4-3804f23e23f4 service placement] Merging candidates yields 2 allocation requests and 2 provider summaries {{(pid=108206) _merge_candidates /opt/stack/placement/placement/objects/allocation_candidate.py:809}}
Aug 19 11:27:00.695905 n-d-853682-2 devstack@placement-api.service[108206]: INFO placement.requestlog [req-9157503f-aac8-4e82-95e5-5fb57499a87f req-08bcc6d9-e28d-46e8-8cb4-3804f23e23f4 service placement] 10.222.0.42 "GET /placement/allocation_candidates?limit=1000&resources=DISK_GB%3A1%2CMEMORY_MB%3A1024%2CVCPU%3A1&root_required=%21COMPUTE_STATUS_DISABLED" status: 200 len: 1309 microversion: 1.36
Aug 19 11:27:00.712146 n-d-853682-2 devstack@placement-api.service[108206]: [pid: 108206|app: 0|req: 386/759] 10.222.0.42 () {60 vars in 1506 bytes} [Fri Aug 19 11:27:00 2022] GET /placement/allocation_candidates?limit=1000&resources=DISK_GB%3A1%2CMEMORY_MB%3A1024%2CVCPU%3A1&root_required=%21COMPUTE_STATUS_DISABLED => generated 1309 bytes in 247 msecs (HTTP/1.1 200) 8 headers in 297 bytes (1 switches on core 0)
Aug 19 11:27:00.787713 n-d-853682-2 devstack@placement-api.service[108207]: DEBUG placement.requestlog [req-9157503f-aac8-4e82-95e5-5fb57499a87f req-c54bdd0f-8bd2-4827-8050-22996ca73cca None None] Starting request: 10.222.0.42 "GET /placement/allocations/375d7a3d-0a27-4d91-b1e1-4158b017779a" {{(pid=108207) __call__ /opt/stack/placement/placement/requestlog.py:55}}
Aug 19 11:27:00.822889 n-d-853682-2 devstack@placement-api.service[108207]: INFO placement.requestlog [req-9157503f-aac8-4e82-95e5-5fb57499a87f req-c54bdd0f-8bd2-4827-8050-22996ca73cca service placement] 10.222.0.42 "GET /placement/allocations/375d7a3d-0a27-4d91-b1e1-4158b017779a" status: 200 len: 19 microversion: 1.28
Aug 19 11:27:00.831538 n-d-853682-2 devstack@placement-api.service[108207]: [pid: 108207|app: 0|req: 374/760] 10.222.0.42 () {60 vars in 1380 bytes} [Fri Aug 19 11:27:00 2022] GET /placement/allocations/375d7a3d-0a27-4d91-b1e1-4158b017779a => generated 19 bytes in 44 msecs (HTTP/1.1 200) 8 headers in 295 bytes (1 switches on core 0)
Aug 19 11:27:00.833400 n-d-853682-2 devstack@placement-api.service[108206]: DEBUG placement.requestlog [req-9157503f-aac8-4e82-95e5-5fb57499a87f req-aa96f5c3-623b-4b37-b8be-433af9dff108 None None] Starting request: 10.222.0.42 "PUT /placement/allocations/375d7a3d-0a27-4d91-b1e1-4158b017779a" {{(pid=108206) __call__ /opt/stack/placement/placement/requestlog.py:55}}
Aug 19 11:27:01.026136 n-d-853682-2 devstack@placement-api.service[108206]: DEBUG placement.handlers.allocation [req-9157503f-aac8-4e82-95e5-5fb57499a87f req-aa96f5c3-623b-4b37-b8be-433af9dff108 service placement] Successfully wrote allocations [, , ] {{(pid=108206) _update_consumers_and_create_allocations /opt/stack/placement/placement/handlers/allocation.py:462}}
Aug 19 11:27:01.099181 n-d-853682-2 devstack@placement-api.service[108206]: INFO placement.requestlog [req-9157503f-aac8-4e82-95e5-5fb57499a87f req-aa96f5c3-623b-4b37-b8be-433af9dff108 service placement] 10.222.0.42 "PUT /placement/allocations/375d7a3d-0a27-4d91-b1e1-4158b017779a" status: 204 len: 0 microversion: 1.36
Aug 19 11:27:01.103675 n-d-853682-2 devstack@placement-api.service[108206]: [pid: 108206|app: 0|req: 387/761] 10.222.0.42 () {64 vars in 1433 bytes} [Fri Aug 19 11:27:00 2022] PUT /placement/allocations/375d7a3d-0a27-4d91-b1e1-4158b017779a => generated 0 bytes in 267 msecs (HTTP/1.1 204) 5 headers in 199 bytes (1 switches on core 0)
Aug 19 11:27:01.480930 n-d-853682-2 devstack@placement-api.service[108207]: DEBUG placement.requestlog [req-c2c15493-f071-4e52-be95-538dbfe8037d req-16fa03bf-60e2-4b6b-b485-ea57430be47a None None] Starting request: 10.222.0.42 "DELETE /placement/allocations/375d7a3d-0a27-4d91-b1e1-4158b017779a" {{(pid=108207) __call__ /opt/stack/placement/placement/requestlog.py:55}}
Aug 19 11:27:01.727981 n-d-853682-2 devstack@placement-api.service[108207]: DEBUG placement.handlers.allocation [req-c2c15493-f071-4e52-be95-538dbfe8037d req-16fa03bf-60e2-4b6b-b485-ea57430be47a service placement] Successfully deleted allocations [, , ] {{(pid=108207) delete_allocations /opt/stack/placement/placement/handlers/allocation.py:627}}
Aug 19 11:27:01.728482 n-d-853682-2 devstack@placement-api.service[108207]: INFO placement.requestlog [req-c2c15493-f071-4e52-be95-538dbfe8037d req-16fa03bf-60e2-4b6b-b485-ea57430be47a service placement] 10.222.0.42 "DELETE /placement/allocations/375d7a3d-0a27-4d91-b1e1-4158b017779a" status: 204 len: 0 microversion: 1.0
Aug 19 11:27:01.730532 n-d-853682-2 devstack@placement-api.service[108207]: [pid: 108207|app: 0|req: 375/762] 10.222.0.42 () {60 vars in 1349 bytes} [Fri Aug 19 11:27:01 2022] DELETE /placement/allocations/375d7a3d-0a27-4d91-b1e1-4158b017779a => generated 0 bytes in 249 msecs (HTTP/1.1 204) 5 headers in 198 bytes (1 switches on core 0)
Aug 19 11:27:06.034042 n-d-853682-2 devstack@placement-api.service[108206]: DEBUG placement.requestlog [req-e88beea7-7f89-47db-91e0-d655514d91ad req-bc1e5326-ed97-49b6-ac4b-0d5b980fcb7f None None] Starting request: 10.222.0.42 "GET /placement/allocation_candidates?limit=1000&resources=DISK_GB%3A1%2CMEMORY_MB%3A1024%2CVCPU%3A1&root_required=%21COMPUTE_STATUS_DISABLED" {{(pid=108206) __call__ /opt/stack/placement/placement/requestlog.py:55}}
Aug 19 11:27:06.159120 n-d-853682-2 devstack@placement-api.service[108206]: DEBUG placement.objects.research_context [req-e88beea7-7f89-47db-91e0-d655514d91ad req-bc1e5326-ed97-49b6-ac4b-0d5b980fcb7f service placement] getting providers with 1 DISK_GB {{(pid=108206) __init__ /opt/stack/placement/placement/objects/research_context.py:136}}
Aug 19 11:27:06.201295 n-d-853682-2 devstack@placement-api.service[108206]: DEBUG placement.objects.research_context [req-e88beea7-7f89-47db-91e0-d655514d91ad req-bc1e5326-ed97-49b6-ac4b-0d5b980fcb7f service placement] getting providers with 1024 MEMORY_MB {{(pid=108206) __init__ /opt/stack/placement/placement/objects/research_context.py:136}}
Aug 19 11:27:06.235456 n-d-853682-2 devstack@placement-api.service[108206]: DEBUG placement.objects.research_context [req-e88beea7-7f89-47db-91e0-d655514d91ad req-bc1e5326-ed97-49b6-ac4b-0d5b980fcb7f service placement] getting providers with 1 VCPU {{(pid=108206) __init__ /opt/stack/placement/placement/objects/research_context.py:136}}
Aug 19 11:27:06.257595 n-d-853682-2 devstack@placement-api.service[108206]: DEBUG placement.objects.research_context [req-e88beea7-7f89-47db-91e0-d655514d91ad req-bc1e5326-ed97-49b6-ac4b-0d5b980fcb7f service placement] found 2 providers with available 1 DISK_GB {{(pid=108206) get_provider_ids_matching /opt/stack/placement/placement/objects/research_context.py:563}}
Aug 19 11:27:06.257866 n-d-853682-2 devstack@placement-api.service[108206]: DEBUG placement.objects.research_context [req-e88beea7-7f89-47db-91e0-d655514d91ad req-bc1e5326-ed97-49b6-ac4b-0d5b980fcb7f service placement] found 2 providers with available 1024 MEMORY_MB {{(pid=108206) get_provider_ids_matching /opt/stack/placement/placement/objects/research_context.py:563}}
Aug 19 11:27:06.259487 n-d-853682-2 devstack@placement-api.service[108206]: DEBUG placement.objects.research_context [req-e88beea7-7f89-47db-91e0-d655514d91ad req-bc1e5326-ed97-49b6-ac4b-0d5b980fcb7f service placement] found 2 providers after filtering by previous result {{(pid=108206) get_provider_ids_matching /opt/stack/placement/placement/objects/research_context.py:594}}
Aug 19 11:27:06.260271 n-d-853682-2 devstack@placement-api.service[108206]: DEBUG placement.objects.research_context [req-e88beea7-7f89-47db-91e0-d655514d91ad req-bc1e5326-ed97-49b6-ac4b-0d5b980fcb7f service placement] found 2 providers with available 1 VCPU {{(pid=108206) get_provider_ids_matching /opt/stack/placement/placement/objects/research_context.py:563}}
Aug 19 11:27:06.261568 n-d-853682-2 devstack@placement-api.service[108206]: DEBUG placement.objects.research_context [req-e88beea7-7f89-47db-91e0-d655514d91ad req-bc1e5326-ed97-49b6-ac4b-0d5b980fcb7f service placement] found 2 providers after filtering by previous result {{(pid=108206) get_provider_ids_matching /opt/stack/placement/placement/objects/research_context.py:594}}
Aug 19 11:27:06.327501 n-d-853682-2 devstack@placement-api.service[108206]: DEBUG placement.objects.allocation_candidate [req-e88beea7-7f89-47db-91e0-d655514d91ad req-bc1e5326-ed97-49b6-ac4b-0d5b980fcb7f service placement] RequestGroup(use_same_provider=False, resources={DISK_GB:1, MEMORY_MB:1024, VCPU:1}, traits=(), aggregates=[]) (suffix '') returned 2 matches {{(pid=108206) _get_by_requests /opt/stack/placement/placement/objects/allocation_candidate.py:156}}
Aug 19 11:27:06.330148 n-d-853682-2 devstack@placement-api.service[108206]: DEBUG placement.objects.allocation_candidate [req-e88beea7-7f89-47db-91e0-d655514d91ad req-bc1e5326-ed97-49b6-ac4b-0d5b980fcb7f service placement] Merging candidates yields 2 allocation requests and 2 provider summaries {{(pid=108206) _merge_candidates /opt/stack/placement/placement/objects/allocation_candidate.py:809}}
Aug 19 11:27:06.338593 n-d-853682-2 devstack@placement-api.service[108206]: INFO placement.requestlog [req-e88beea7-7f89-47db-91e0-d655514d91ad req-bc1e5326-ed97-49b6-ac4b-0d5b980fcb7f service placement] 10.222.0.42 "GET /placement/allocation_candidates?limit=1000&resources=DISK_GB%3A1%2CMEMORY_MB%3A1024%2CVCPU%3A1&root_required=%21COMPUTE_STATUS_DISABLED" status: 200 len: 1309 microversion: 1.36
Aug 19 11:27:06.344215 n-d-853682-2 devstack@placement-api.service[108206]: [pid: 108206|app: 0|req: 388/763] 10.222.0.42 () {60 vars in 1506 bytes} [Fri Aug 19 11:27:06 2022] GET /placement/allocation_candidates?limit=1000&resources=DISK_GB%3A1%2CMEMORY_MB%3A1024%2CVCPU%3A1&root_required=%21COMPUTE_STATUS_DISABLED => generated 1309 bytes in 311 msecs (HTTP/1.1 200) 8 headers in 297 bytes (1 switches on core 0)
Aug 19 11:27:06.434220 n-d-853682-2 devstack@placement-api.service[108207]: DEBUG placement.requestlog [req-e88beea7-7f89-47db-91e0-d655514d91ad req-6babac70-e6c4-46c8-9197-027fadce0c04 None None] Starting request: 10.222.0.42 "GET /placement/allocations/9a3467ce-6037-4711-9735-fb4acd055659" {{(pid=108207) __call__ /opt/stack/placement/placement/requestlog.py:55}}
Aug 19 11:27:06.450072 n-d-853682-2 devstack@placement-api.service[108207]: INFO placement.requestlog [req-e88beea7-7f89-47db-91e0-d655514d91ad req-6babac70-e6c4-46c8-9197-027fadce0c04 service placement] 10.222.0.42 "GET /placement/allocations/9a3467ce-6037-4711-9735-fb4acd055659" status: 200 len: 19 microversion: 1.28
Aug 19 11:27:06.450461 n-d-853682-2 devstack@placement-api.service[108207]: [pid: 108207|app: 0|req: 376/764] 10.222.0.42 () {60 vars in 1380 bytes} [Fri Aug 19 11:27:06 2022] GET /placement/allocations/9a3467ce-6037-4711-9735-fb4acd055659 => generated 19 bytes in 17 msecs (HTTP/1.1 200) 8 headers in 295 bytes (1 switches on core 0)
Aug 19 11:27:06.457067 n-d-853682-2 devstack@placement-api.service[108206]: DEBUG placement.requestlog [req-e88beea7-7f89-47db-91e0-d655514d91ad req-bb7a9403-5600-4cc2-90f4-e386457becaf None None] Starting request: 10.222.0.42 "PUT /placement/allocations/9a3467ce-6037-4711-9735-fb4acd055659" {{(pid=108206) __call__ /opt/stack/placement/placement/requestlog.py:55}}
Aug 19 11:27:06.746477 n-d-853682-2 devstack@placement-api.service[108206]: DEBUG placement.handlers.allocation [req-e88beea7-7f89-47db-91e0-d655514d91ad req-bb7a9403-5600-4cc2-90f4-e386457becaf service placement] Successfully wrote allocations [, , ] {{(pid=108206) _update_consumers_and_create_allocations /opt/stack/placement/placement/handlers/allocation.py:462}}
Aug 19 11:27:06.852764 n-d-853682-2 devstack@placement-api.service[108206]: INFO placement.requestlog [req-e88beea7-7f89-47db-91e0-d655514d91ad req-bb7a9403-5600-4cc2-90f4-e386457becaf service placement] 10.222.0.42 "PUT /placement/allocations/9a3467ce-6037-4711-9735-fb4acd055659" status: 204 len: 0 microversion: 1.36
Aug 19 11:27:06.856188 n-d-853682-2 devstack@placement-api.service[108206]: [pid: 108206|app: 0|req: 389/765] 10.222.0.42 () {64 vars in 1433 bytes} [Fri Aug 19 11:27:06 2022] PUT /placement/allocations/9a3467ce-6037-4711-9735-fb4acd055659 => generated 0 bytes in 397 msecs (HTTP/1.1 204) 5 headers in 199 bytes (1 switches on core 0)
Aug 19 11:27:08.229264 n-d-853682-2 devstack@placement-api.service[108207]: DEBUG placement.requestlog [req-e88beea7-7f89-47db-91e0-d655514d91ad req-818f455d-ddb9-4b51-aa16-e258c15aa8b5 None None] Starting request: 10.222.0.49 "GET /placement/allocations/9a3467ce-6037-4711-9735-fb4acd055659" {{(pid=108207) __call__ /opt/stack/placement/placement/requestlog.py:55}}
Aug 19 11:27:08.270932 n-d-853682-2 devstack@placement-api.service[108207]: INFO placement.requestlog [req-e88beea7-7f89-47db-91e0-d655514d91ad req-818f455d-ddb9-4b51-aa16-e258c15aa8b5 service placement] 10.222.0.49 "GET /placement/allocations/9a3467ce-6037-4711-9735-fb4acd055659" status: 200 len: 259 microversion: 1.28
Aug 19 11:27:08.275915 n-d-853682-2 devstack@placement-api.service[108207]: [pid: 108207|app: 0|req: 377/766] 10.222.0.49 () {60 vars in 1377 bytes} [Fri Aug 19 11:27:08 2022] GET /placement/allocations/9a3467ce-6037-4711-9735-fb4acd055659 => generated 259 bytes in 46 msecs (HTTP/1.1 200) 8 headers in 296 bytes (1 switches on core 0)
Aug 19 11:27:09.481643 n-d-853682-2 devstack@placement-api.service[108206]: DEBUG placement.requestlog [req-631555e1-08eb-43ec-84d4-ee1094bf6ca9 req-79cc01b0-08d8-4c39-ad4f-1deb00b0d727 None None] Starting request: 10.222.0.42 "GET /placement/allocation_candidates?limit=1000&resources=DISK_GB%3A1%2CMEMORY_MB%3A1024%2CVCPU%3A1&root_required=%21COMPUTE_STATUS_DISABLED" {{(pid=108206) __call__ /opt/stack/placement/placement/requestlog.py:55}}
Aug 19 11:27:09.568316 n-d-853682-2 devstack@placement-api.service[108206]: DEBUG placement.objects.research_context [req-631555e1-08eb-43ec-84d4-ee1094bf6ca9 req-79cc01b0-08d8-4c39-ad4f-1deb00b0d727 service placement] getting providers with 1 DISK_GB {{(pid=108206) __init__ /opt/stack/placement/placement/objects/research_context.py:136}}
Aug 19 11:27:09.581972 n-d-853682-2 devstack@placement-api.service[108206]: DEBUG placement.objects.research_context [req-631555e1-08eb-43ec-84d4-ee1094bf6ca9 req-79cc01b0-08d8-4c39-ad4f-1deb00b0d727 service placement] getting providers with 1024 MEMORY_MB {{(pid=108206) __init__ /opt/stack/placement/placement/objects/research_context.py:136}}
Aug 19 11:27:09.589892 n-d-853682-2 devstack@placement-api.service[108206]: DEBUG placement.objects.research_context [req-631555e1-08eb-43ec-84d4-ee1094bf6ca9 req-79cc01b0-08d8-4c39-ad4f-1deb00b0d727 service placement] getting providers with 1 VCPU {{(pid=108206) __init__ /opt/stack/placement/placement/objects/research_context.py:136}}
Aug 19 11:27:09.596750 n-d-853682-2 devstack@placement-api.service[108206]: DEBUG placement.objects.research_context [req-631555e1-08eb-43ec-84d4-ee1094bf6ca9 req-79cc01b0-08d8-4c39-ad4f-1deb00b0d727 service placement] found 2 providers with available 1 DISK_GB {{(pid=108206) get_provider_ids_matching /opt/stack/placement/placement/objects/research_context.py:563}}
Aug 19 11:27:09.597859 n-d-853682-2 devstack@placement-api.service[108206]: DEBUG placement.objects.research_context [req-631555e1-08eb-43ec-84d4-ee1094bf6ca9 req-79cc01b0-08d8-4c39-ad4f-1deb00b0d727 service placement] found 2 providers with available 1024 MEMORY_MB {{(pid=108206) get_provider_ids_matching /opt/stack/placement/placement/objects/research_context.py:563}}
Aug 19 11:27:09.598419 n-d-853682-2 devstack@placement-api.service[108206]: DEBUG placement.objects.research_context [req-631555e1-08eb-43ec-84d4-ee1094bf6ca9 req-79cc01b0-08d8-4c39-ad4f-1deb00b0d727 service placement] found 2 providers after filtering by previous result {{(pid=108206) get_provider_ids_matching /opt/stack/placement/placement/objects/research_context.py:594}}
Aug 19 11:27:09.599502 n-d-853682-2 devstack@placement-api.service[108206]: DEBUG placement.objects.research_context [req-631555e1-08eb-43ec-84d4-ee1094bf6ca9 req-79cc01b0-08d8-4c39-ad4f-1deb00b0d727 service placement] found 2 providers with available 1 VCPU {{(pid=108206) get_provider_ids_matching /opt/stack/placement/placement/objects/research_context.py:563}}
Aug 19 11:27:09.600013 n-d-853682-2 devstack@placement-api.service[108206]: DEBUG placement.objects.research_context [req-631555e1-08eb-43ec-84d4-ee1094bf6ca9 req-79cc01b0-08d8-4c39-ad4f-1deb00b0d727 service placement] found 2 providers after filtering by previous result {{(pid=108206) get_provider_ids_matching /opt/stack/placement/placement/objects/research_context.py:594}}
Aug 19 11:27:09.615185 n-d-853682-2 devstack@placement-api.service[108206]: DEBUG placement.objects.allocation_candidate [req-631555e1-08eb-43ec-84d4-ee1094bf6ca9 req-79cc01b0-08d8-4c39-ad4f-1deb00b0d727 service placement] RequestGroup(use_same_provider=False, resources={DISK_GB:1, MEMORY_MB:1024, VCPU:1}, traits=(), aggregates=[]) (suffix '') returned 2 matches {{(pid=108206) _get_by_requests /opt/stack/placement/placement/objects/allocation_candidate.py:156}}
Aug 19 11:27:09.615881 n-d-853682-2 devstack@placement-api.service[108206]: DEBUG placement.objects.allocation_candidate [req-631555e1-08eb-43ec-84d4-ee1094bf6ca9 req-79cc01b0-08d8-4c39-ad4f-1deb00b0d727 service placement] Merging candidates yields 2 allocation requests and 2 provider summaries {{(pid=108206) _merge_candidates /opt/stack/placement/placement/objects/allocation_candidate.py:809}}
Aug 19 11:27:09.617785 n-d-853682-2 devstack@placement-api.service[108206]: INFO placement.requestlog [req-631555e1-08eb-43ec-84d4-ee1094bf6ca9 req-79cc01b0-08d8-4c39-ad4f-1deb00b0d727 service placement] 10.222.0.42 "GET /placement/allocation_candidates?limit=1000&resources=DISK_GB%3A1%2CMEMORY_MB%3A1024%2CVCPU%3A1&root_required=%21COMPUTE_STATUS_DISABLED" status: 200 len: 1309 microversion: 1.36
Aug 19 11:27:09.618397 n-d-853682-2 devstack@placement-api.service[108206]: [pid: 108206|app: 0|req: 390/767] 10.222.0.42 () {60 vars in 1506 bytes} [Fri Aug 19 11:27:09 2022] GET /placement/allocation_candidates?limit=1000&resources=DISK_GB%3A1%2CMEMORY_MB%3A1024%2CVCPU%3A1&root_required=%21COMPUTE_STATUS_DISABLED => generated 1309 bytes in 137 msecs (HTTP/1.1 200) 8 headers in 297 bytes (1 switches on core 0)
Aug 19 11:27:09.770967 n-d-853682-2 devstack@placement-api.service[108207]: DEBUG placement.requestlog [req-631555e1-08eb-43ec-84d4-ee1094bf6ca9 req-0123e434-c0c0-4796-bab5-09166efc67c9 None None] Starting request: 10.222.0.42 "GET /placement/allocations/2e3d4506-5f6c-466b-8f9f-a0fcda68f3c5" {{(pid=108207) __call__ /opt/stack/placement/placement/requestlog.py:55}}
Aug 19 11:27:09.790055 n-d-853682-2 devstack@placement-api.service[108207]: INFO placement.requestlog [req-631555e1-08eb-43ec-84d4-ee1094bf6ca9 req-0123e434-c0c0-4796-bab5-09166efc67c9 service placement] 10.222.0.42 "GET /placement/allocations/2e3d4506-5f6c-466b-8f9f-a0fcda68f3c5" status: 200 len: 19 microversion: 1.28
Aug 19 11:27:09.790730 n-d-853682-2 devstack@placement-api.service[108207]: [pid: 108207|app: 0|req: 378/768] 10.222.0.42 () {60 vars in 1380 bytes} [Fri Aug 19 11:27:09 2022] GET /placement/allocations/2e3d4506-5f6c-466b-8f9f-a0fcda68f3c5 => generated 19 bytes in 21 msecs (HTTP/1.1 200) 8 headers in 295 bytes (1 switches on core 0)
Aug 19 11:27:09.797790 n-d-853682-2 devstack@placement-api.service[108206]: DEBUG placement.requestlog [req-631555e1-08eb-43ec-84d4-ee1094bf6ca9 req-9ce23592-b38f-4bbf-a508-69e6de612576 None None] Starting request: 10.222.0.42 "PUT /placement/allocations/2e3d4506-5f6c-466b-8f9f-a0fcda68f3c5" {{(pid=108206) __call__ /opt/stack/placement/placement/requestlog.py:55}}
Aug 19 11:27:09.864939 n-d-853682-2 devstack@placement-api.service[108206]: DEBUG dbcounter [-] [108206] Writing DB stats placement:SELECT=82,placement:DELETE=6,placement:INSERT=8,placement:UPDATE=4 {{(pid=108206) stat_writer /usr/local/lib/python3.8/dist-packages/dbcounter.py:114}}
Aug 19 11:27:10.062260 n-d-853682-2 devstack@placement-api.service[108206]: DEBUG placement.handlers.allocation [req-631555e1-08eb-43ec-84d4-ee1094bf6ca9 req-9ce23592-b38f-4bbf-a508-69e6de612576 service placement] Successfully wrote allocations [, , ] {{(pid=108206) _update_consumers_and_create_allocations /opt/stack/placement/placement/handlers/allocation.py:462}}
Aug 19 11:27:10.194274 n-d-853682-2 devstack@placement-api.service[108206]: INFO placement.requestlog [req-631555e1-08eb-43ec-84d4-ee1094bf6ca9 req-9ce23592-b38f-4bbf-a508-69e6de612576 service placement] 10.222.0.42 "PUT /placement/allocations/2e3d4506-5f6c-466b-8f9f-a0fcda68f3c5" status: 204 len: 0 microversion: 1.36
Aug 19 11:27:10.195591 n-d-853682-2 devstack@placement-api.service[108206]: [pid: 108206|app: 0|req: 391/769] 10.222.0.42 () {64 vars in 1433 bytes} [Fri Aug 19 11:27:09 2022] PUT /placement/allocations/2e3d4506-5f6c-466b-8f9f-a0fcda68f3c5 => generated 0 bytes in 398 msecs (HTTP/1.1 204) 5 headers in 199 bytes (1 switches on core 0)
Aug 19 11:27:12.033337 n-d-853682-2 devstack@placement-api.service[108207]: DEBUG placement.requestlog [req-631555e1-08eb-43ec-84d4-ee1094bf6ca9 req-bccaf5ad-0a24-4eda-ba59-cd35d9142d5c None None] Starting request: 10.222.0.58 "GET /placement/allocations/2e3d4506-5f6c-466b-8f9f-a0fcda68f3c5" {{(pid=108207) __call__ /opt/stack/placement/placement/requestlog.py:55}}
Aug 19 11:27:12.073254 n-d-853682-2 devstack@placement-api.service[108207]: INFO placement.requestlog [req-631555e1-08eb-43ec-84d4-ee1094bf6ca9 req-bccaf5ad-0a24-4eda-ba59-cd35d9142d5c service placement] 10.222.0.58 "GET /placement/allocations/2e3d4506-5f6c-466b-8f9f-a0fcda68f3c5" status: 200 len: 259 microversion: 1.28
Aug 19 11:27:12.073994 n-d-853682-2 devstack@placement-api.service[108207]: [pid: 108207|app: 0|req: 379/770] 10.222.0.58 () {60 vars in 1377 bytes} [Fri Aug 19 11:27:12 2022] GET /placement/allocations/2e3d4506-5f6c-466b-8f9f-a0fcda68f3c5 => generated 259 bytes in 41 msecs (HTTP/1.1 200) 8 headers in 296 bytes (1 switches on core 0)
Aug 19 11:27:16.498389 n-d-853682-2 devstack@placement-api.service[108206]: DEBUG placement.requestlog [req-7c71849c-0b2f-4502-aae2-8e74fd10f9e7 req-0d35e3f9-e25d-4d93-bb4e-bc436c36ebe4 None None] Starting request: 10.222.0.49 "DELETE /placement/allocations/e8ea53be-e380-4671-b988-44e0d5dd9258" {{(pid=108206) __call__ /opt/stack/placement/placement/requestlog.py:55}}
Aug 19 11:27:16.721055 n-d-853682-2 devstack@placement-api.service[108206]: DEBUG placement.handlers.allocation [req-7c71849c-0b2f-4502-aae2-8e74fd10f9e7 req-0d35e3f9-e25d-4d93-bb4e-bc436c36ebe4 service placement] Successfully deleted allocations [, , ] {{(pid=108206) delete_allocations /opt/stack/placement/placement/handlers/allocation.py:627}}
