Aug 19 11:18:35.384850 n-d-853682-2 devstack@placement-api.service[108207]: INFO placement.requestlog [req-5bd2d85b-427c-41d6-bcec-a7a3e4c7b146 req-bf85f1ea-e578-48b6-b507-64b5844a6ea1 service placement] 10.222.0.49 "GET /placement/allocations/4a16020c-0f5a-4f88-8d1c-ace5680a9af0" status: 200 len: 245 microversion: 1.28
Aug 19 11:18:35.386372 n-d-853682-2 devstack@placement-api.service[108207]: [pid: 108207|app: 0|req: 197/398] 10.222.0.49 () {60 vars in 1377 bytes} [Fri Aug 19 11:18:35 2022] GET /placement/allocations/4a16020c-0f5a-4f88-8d1c-ace5680a9af0 => generated 245 bytes in 26 msecs (HTTP/1.1 200) 8 headers in 296 bytes (1 switches on core 0)
Aug 19 11:18:35.394563 n-d-853682-2 devstack@placement-api.service[108206]: DEBUG placement.requestlog [req-5bd2d85b-427c-41d6-bcec-a7a3e4c7b146 req-ade353db-8d9b-46d5-95f2-cdbd80b7bd01 None None] Starting request: 10.222.0.49 "PUT /placement/allocations/4a16020c-0f5a-4f88-8d1c-ace5680a9af0" {{(pid=108206) __call__ /opt/stack/placement/placement/requestlog.py:55}}
Aug 19 11:18:35.549555 n-d-853682-2 devstack@placement-api.service[108206]: DEBUG placement.handlers.allocation [req-5bd2d85b-427c-41d6-bcec-a7a3e4c7b146 req-ade353db-8d9b-46d5-95f2-cdbd80b7bd01 service placement] Successfully wrote allocations [, ] {{(pid=108206) _update_consumers_and_create_allocations /opt/stack/placement/placement/handlers/allocation.py:462}}
Aug 19 11:18:35.692010 n-d-853682-2 devstack@placement-api.service[108206]: INFO placement.requestlog [req-5bd2d85b-427c-41d6-bcec-a7a3e4c7b146 req-ade353db-8d9b-46d5-95f2-cdbd80b7bd01 service placement] 10.222.0.49 "PUT /placement/allocations/4a16020c-0f5a-4f88-8d1c-ace5680a9af0" status: 204 len: 0 microversion: 1.28
Aug 19 11:18:35.692010 n-d-853682-2 devstack@placement-api.service[108206]: [pid: 108206|app: 0|req: 202/399] 10.222.0.49 () {64 vars in 1430 bytes} [Fri Aug 19 11:18:35 2022] PUT /placement/allocations/4a16020c-0f5a-4f88-8d1c-ace5680a9af0 => generated 0 bytes in 295 msecs (HTTP/1.1 204) 5 headers in 199 bytes (1 switches on core 0)
Aug 19 11:18:38.711457 n-d-853682-2 devstack@placement-api.service[108207]: DEBUG placement.requestlog [req-a4eb5e19-0cd6-4658-9abd-0b39cf32c01b req-24e7da6a-ab55-4fd7-a7e4-ce69ef29377e None None] Starting request: 10.222.0.49 "GET /placement/resource_providers/7817a3ec-0780-4b95-b6ad-120f1a750827/allocations" {{(pid=108207) __call__ /opt/stack/placement/placement/requestlog.py:55}}
Aug 19 11:18:38.753107 n-d-853682-2 devstack@placement-api.service[108207]: INFO placement.requestlog [req-a4eb5e19-0cd6-4658-9abd-0b39cf32c01b req-24e7da6a-ab55-4fd7-a7e4-ce69ef29377e service placement] 10.222.0.49 "GET /placement/resource_providers/7817a3ec-0780-4b95-b6ad-120f1a750827/allocations" status: 200 len: 140 microversion: 1.0
Aug 19 11:18:38.754659 n-d-853682-2 devstack@placement-api.service[108207]: [pid: 108207|app: 0|req: 198/400] 10.222.0.49 () {58 vars in 1390 bytes} [Fri Aug 19 11:18:38 2022] GET /placement/resource_providers/7817a3ec-0780-4b95-b6ad-120f1a750827/allocations => generated 140 bytes in 43 msecs (HTTP/1.1 200) 6 headers in 224 bytes (2 switches on core 0)
Aug 19 11:18:41.952070 n-d-853682-2 devstack@placement-api.service[108206]: DEBUG placement.requestlog [req-7d894a52-ed0a-4b9d-9d8c-5a369f7c7727 req-4fa22256-bb68-40c6-826a-5df56f5f270a None None] Starting request: 10.222.0.58 "GET /placement/resource_providers/a032d153-3f9b-4f9b-ad24-e852fe3ca173/allocations" {{(pid=108206) __call__ /opt/stack/placement/placement/requestlog.py:55}}
Aug 19 11:18:41.964098 n-d-853682-2 devstack@placement-api.service[108206]: DEBUG dbcounter [-] [108206] Writing DB stats placement:SELECT=48,placement:DELETE=4,placement:UPDATE=2 {{(pid=108206) stat_writer /usr/local/lib/python3.8/dist-packages/dbcounter.py:114}}
Aug 19 11:18:41.998486 n-d-853682-2 devstack@placement-api.service[108206]: INFO placement.requestlog [req-7d894a52-ed0a-4b9d-9d8c-5a369f7c7727 req-4fa22256-bb68-40c6-826a-5df56f5f270a service placement] 10.222.0.58 "GET /placement/resource_providers/a032d153-3f9b-4f9b-ad24-e852fe3ca173/allocations" status: 200 len: 847 microversion: 1.0
Aug 19 11:18:41.999175 n-d-853682-2 devstack@placement-api.service[108206]: [pid: 108206|app: 0|req: 203/401] 10.222.0.58 () {58 vars in 1390 bytes} [Fri Aug 19 11:18:41 2022] GET /placement/resource_providers/a032d153-3f9b-4f9b-ad24-e852fe3ca173/allocations => generated 847 bytes in 48 msecs (HTTP/1.1 200) 6 headers in 224 bytes (1 switches on core 0)
Aug 19 11:18:42.242117 n-d-853682-2 devstack@placement-api.service[108207]: DEBUG placement.requestlog [req-51b51f07-0ae8-4573-ab84-91ba34156c3e req-6af0db51-8e55-463a-a93f-45fe0fdacfb7 None None] Starting request: 10.222.0.42 "GET /placement/allocation_candidates?limit=1000&resources=DISK_GB%3A1%2CMEMORY_MB%3A1024%2CVCPU%3A1&root_required=%21COMPUTE_STATUS_DISABLED" {{(pid=108207) __call__ /opt/stack/placement/placement/requestlog.py:55}}
Aug 19 11:18:42.332056 n-d-853682-2 devstack@placement-api.service[108207]: DEBUG placement.objects.research_context [req-51b51f07-0ae8-4573-ab84-91ba34156c3e req-6af0db51-8e55-463a-a93f-45fe0fdacfb7 service placement] getting providers with 1 DISK_GB {{(pid=108207) __init__ /opt/stack/placement/placement/objects/research_context.py:136}}
Aug 19 11:18:42.346423 n-d-853682-2 devstack@placement-api.service[108207]: DEBUG placement.objects.research_context [req-51b51f07-0ae8-4573-ab84-91ba34156c3e req-6af0db51-8e55-463a-a93f-45fe0fdacfb7 service placement] getting providers with 1024 MEMORY_MB {{(pid=108207) __init__ /opt/stack/placement/placement/objects/research_context.py:136}}
Aug 19 11:18:42.361395 n-d-853682-2 devstack@placement-api.service[108207]: DEBUG placement.objects.research_context [req-51b51f07-0ae8-4573-ab84-91ba34156c3e req-6af0db51-8e55-463a-a93f-45fe0fdacfb7 service placement] getting providers with 1 VCPU {{(pid=108207) __init__ /opt/stack/placement/placement/objects/research_context.py:136}}
Aug 19 11:18:42.378837 n-d-853682-2 devstack@placement-api.service[108207]: DEBUG placement.objects.research_context [req-51b51f07-0ae8-4573-ab84-91ba34156c3e req-6af0db51-8e55-463a-a93f-45fe0fdacfb7 service placement] found 2 providers with available 1 DISK_GB {{(pid=108207) get_provider_ids_matching /opt/stack/placement/placement/objects/research_context.py:563}}
Aug 19 11:18:42.379389 n-d-853682-2 devstack@placement-api.service[108207]: DEBUG placement.objects.research_context [req-51b51f07-0ae8-4573-ab84-91ba34156c3e req-6af0db51-8e55-463a-a93f-45fe0fdacfb7 service placement] found 2 providers with available 1024 MEMORY_MB {{(pid=108207) get_provider_ids_matching /opt/stack/placement/placement/objects/research_context.py:563}}
Aug 19 11:18:42.379925 n-d-853682-2 devstack@placement-api.service[108207]: DEBUG placement.objects.research_context [req-51b51f07-0ae8-4573-ab84-91ba34156c3e req-6af0db51-8e55-463a-a93f-45fe0fdacfb7 service placement] found 2 providers after filtering by previous result {{(pid=108207) get_provider_ids_matching /opt/stack/placement/placement/objects/research_context.py:594}}
Aug 19 11:18:42.380362 n-d-853682-2 devstack@placement-api.service[108207]: DEBUG placement.objects.research_context [req-51b51f07-0ae8-4573-ab84-91ba34156c3e req-6af0db51-8e55-463a-a93f-45fe0fdacfb7 service placement] found 2 providers with available 1 VCPU {{(pid=108207) get_provider_ids_matching /opt/stack/placement/placement/objects/research_context.py:563}}
Aug 19 11:18:42.380808 n-d-853682-2 devstack@placement-api.service[108207]: DEBUG placement.objects.research_context [req-51b51f07-0ae8-4573-ab84-91ba34156c3e req-6af0db51-8e55-463a-a93f-45fe0fdacfb7 service placement] found 2 providers after filtering by previous result {{(pid=108207) get_provider_ids_matching /opt/stack/placement/placement/objects/research_context.py:594}}
Aug 19 11:18:42.409746 n-d-853682-2 devstack@placement-api.service[108207]: DEBUG placement.objects.allocation_candidate [req-51b51f07-0ae8-4573-ab84-91ba34156c3e req-6af0db51-8e55-463a-a93f-45fe0fdacfb7 service placement] RequestGroup(use_same_provider=False, resources={DISK_GB:1, MEMORY_MB:1024, VCPU:1}, traits=(), aggregates=[]) (suffix '') returned 2 matches {{(pid=108207) _get_by_requests /opt/stack/placement/placement/objects/allocation_candidate.py:156}}
Aug 19 11:18:42.410340 n-d-853682-2 devstack@placement-api.service[108207]: DEBUG placement.objects.allocation_candidate [req-51b51f07-0ae8-4573-ab84-91ba34156c3e req-6af0db51-8e55-463a-a93f-45fe0fdacfb7 service placement] Merging candidates yields 2 allocation requests and 2 provider summaries {{(pid=108207) _merge_candidates /opt/stack/placement/placement/objects/allocation_candidate.py:809}}
Aug 19 11:18:42.413044 n-d-853682-2 devstack@placement-api.service[108207]: INFO placement.requestlog [req-51b51f07-0ae8-4573-ab84-91ba34156c3e req-6af0db51-8e55-463a-a93f-45fe0fdacfb7 service placement] 10.222.0.42 "GET /placement/allocation_candidates?limit=1000&resources=DISK_GB%3A1%2CMEMORY_MB%3A1024%2CVCPU%3A1&root_required=%21COMPUTE_STATUS_DISABLED" status: 200 len: 1309 microversion: 1.36
Aug 19 11:18:42.415916 n-d-853682-2 devstack@placement-api.service[108207]: [pid: 108207|app: 0|req: 199/402] 10.222.0.42 () {60 vars in 1506 bytes} [Fri Aug 19 11:18:42 2022] GET /placement/allocation_candidates?limit=1000&resources=DISK_GB%3A1%2CMEMORY_MB%3A1024%2CVCPU%3A1&root_required=%21COMPUTE_STATUS_DISABLED => generated 1309 bytes in 174 msecs (HTTP/1.1 200) 8 headers in 297 bytes (1 switches on core 0)
Aug 19 11:18:42.567657 n-d-853682-2 devstack@placement-api.service[108206]: DEBUG placement.requestlog [req-51b51f07-0ae8-4573-ab84-91ba34156c3e req-6908b8ea-13df-494f-a90f-9effb807c6c7 None None] Starting request: 10.222.0.42 "GET /placement/allocations/342963f0-f479-4ff3-96db-8ea4698e32b7" {{(pid=108206) __call__ /opt/stack/placement/placement/requestlog.py:55}}
Aug 19 11:18:42.580001 n-d-853682-2 devstack@placement-api.service[108206]: INFO placement.requestlog [req-51b51f07-0ae8-4573-ab84-91ba34156c3e req-6908b8ea-13df-494f-a90f-9effb807c6c7 service placement] 10.222.0.42 "GET /placement/allocations/342963f0-f479-4ff3-96db-8ea4698e32b7" status: 200 len: 19 microversion: 1.28
Aug 19 11:18:42.580376 n-d-853682-2 devstack@placement-api.service[108206]: [pid: 108206|app: 0|req: 204/403] 10.222.0.42 () {60 vars in 1380 bytes} [Fri Aug 19 11:18:42 2022] GET /placement/allocations/342963f0-f479-4ff3-96db-8ea4698e32b7 => generated 19 bytes in 13 msecs (HTTP/1.1 200) 8 headers in 295 bytes (2 switches on core 0)
Aug 19 11:18:42.594283 n-d-853682-2 devstack@placement-api.service[108207]: DEBUG placement.requestlog [req-51b51f07-0ae8-4573-ab84-91ba34156c3e req-bb648cf8-4847-4614-80df-c592a927f95c None None] Starting request: 10.222.0.42 "PUT /placement/allocations/342963f0-f479-4ff3-96db-8ea4698e32b7" {{(pid=108207) __call__ /opt/stack/placement/placement/requestlog.py:55}}
Aug 19 11:18:43.158156 n-d-853682-2 devstack@placement-api.service[108207]: DEBUG dbcounter [-] [108207] Writing DB stats placement:SELECT=80,placement:INSERT=12,placement:DELETE=5,placement:UPDATE=3 {{(pid=108207) stat_writer /usr/local/lib/python3.8/dist-packages/dbcounter.py:114}}
Aug 19 11:18:43.165833 n-d-853682-2 devstack@placement-api.service[108207]: DEBUG placement.handlers.allocation [req-51b51f07-0ae8-4573-ab84-91ba34156c3e req-bb648cf8-4847-4614-80df-c592a927f95c service placement] Successfully wrote allocations [, , ] {{(pid=108207) _update_consumers_and_create_allocations /opt/stack/placement/placement/handlers/allocation.py:462}}
Aug 19 11:18:43.310789 n-d-853682-2 devstack@placement-api.service[108207]: INFO placement.requestlog [req-51b51f07-0ae8-4573-ab84-91ba34156c3e req-bb648cf8-4847-4614-80df-c592a927f95c service placement] 10.222.0.42 "PUT /placement/allocations/342963f0-f479-4ff3-96db-8ea4698e32b7" status: 204 len: 0 microversion: 1.36
Aug 19 11:18:43.311303 n-d-853682-2 devstack@placement-api.service[108207]: [pid: 108207|app: 0|req: 200/404] 10.222.0.42 () {64 vars in 1433 bytes} [Fri Aug 19 11:18:42 2022] PUT /placement/allocations/342963f0-f479-4ff3-96db-8ea4698e32b7 => generated 0 bytes in 717 msecs (HTTP/1.1 204) 5 headers in 199 bytes (1 switches on core 0)
Aug 19 11:18:45.040757 n-d-853682-2 devstack@placement-api.service[108206]: DEBUG placement.requestlog [req-51b51f07-0ae8-4573-ab84-91ba34156c3e req-3a701f9a-5046-4934-bf0e-abc0212b3e01 None None] Starting request: 10.222.0.49 "GET /placement/allocations/342963f0-f479-4ff3-96db-8ea4698e32b7" {{(pid=108206) __call__ /opt/stack/placement/placement/requestlog.py:55}}
Aug 19 11:18:45.064980 n-d-853682-2 devstack@placement-api.service[108206]: INFO placement.requestlog [req-51b51f07-0ae8-4573-ab84-91ba34156c3e req-3a701f9a-5046-4934-bf0e-abc0212b3e01 service placement] 10.222.0.49 "GET /placement/allocations/342963f0-f479-4ff3-96db-8ea4698e32b7" status: 200 len: 259 microversion: 1.28
Aug 19 11:18:45.074935 n-d-853682-2 devstack@placement-api.service[108206]: [pid: 108206|app: 0|req: 205/405] 10.222.0.49 () {60 vars in 1377 bytes} [Fri Aug 19 11:18:45 2022] GET /placement/allocations/342963f0-f479-4ff3-96db-8ea4698e32b7 => generated 259 bytes in 30 msecs (HTTP/1.1 200) 8 headers in 296 bytes (1 switches on core 0)
Aug 19 11:18:45.578893 n-d-853682-2 devstack@placement-api.service[108207]: DEBUG placement.requestlog [req-15315b6c-8532-47f9-b8fc-0387e93832ef req-5729c5da-9d9a-4b64-9150-0a3ec1d08056 None None] Starting request: 10.222.0.42 "GET /placement/allocation_candidates?limit=1000&resources=DISK_GB%3A1%2CMEMORY_MB%3A1024%2CVCPU%3A1&root_required=%21COMPUTE_STATUS_DISABLED" {{(pid=108207) __call__ /opt/stack/placement/placement/requestlog.py:55}}
Aug 19 11:18:45.675657 n-d-853682-2 devstack@placement-api.service[108207]: DEBUG placement.objects.research_context [req-15315b6c-8532-47f9-b8fc-0387e93832ef req-5729c5da-9d9a-4b64-9150-0a3ec1d08056 service placement] getting providers with 1 DISK_GB {{(pid=108207) __init__ /opt/stack/placement/placement/objects/research_context.py:136}}
Aug 19 11:18:45.691953 n-d-853682-2 devstack@placement-api.service[108207]: DEBUG placement.objects.research_context [req-15315b6c-8532-47f9-b8fc-0387e93832ef req-5729c5da-9d9a-4b64-9150-0a3ec1d08056 service placement] getting providers with 1024 MEMORY_MB {{(pid=108207) __init__ /opt/stack/placement/placement/objects/research_context.py:136}}
Aug 19 11:18:45.693048 n-d-853682-2 devstack@placement-api.service[108207]: DEBUG placement.objects.research_context [req-15315b6c-8532-47f9-b8fc-0387e93832ef req-5729c5da-9d9a-4b64-9150-0a3ec1d08056 service placement] getting providers with 1 VCPU {{(pid=108207) __init__ /opt/stack/placement/placement/objects/research_context.py:136}}
Aug 19 11:18:45.700582 n-d-853682-2 devstack@placement-api.service[108207]: DEBUG placement.objects.research_context [req-15315b6c-8532-47f9-b8fc-0387e93832ef req-5729c5da-9d9a-4b64-9150-0a3ec1d08056 service placement] found 2 providers with available 1 DISK_GB {{(pid=108207) get_provider_ids_matching /opt/stack/placement/placement/objects/research_context.py:563}}
Aug 19 11:18:45.700928 n-d-853682-2 devstack@placement-api.service[108207]: DEBUG placement.objects.research_context [req-15315b6c-8532-47f9-b8fc-0387e93832ef req-5729c5da-9d9a-4b64-9150-0a3ec1d08056 service placement] found 2 providers with available 1024 MEMORY_MB {{(pid=108207) get_provider_ids_matching /opt/stack/placement/placement/objects/research_context.py:563}}
Aug 19 11:18:45.731499 n-d-853682-2 devstack@placement-api.service[108207]: DEBUG placement.objects.research_context [req-15315b6c-8532-47f9-b8fc-0387e93832ef req-5729c5da-9d9a-4b64-9150-0a3ec1d08056 service placement] found 2 providers after filtering by previous result {{(pid=108207) get_provider_ids_matching /opt/stack/placement/placement/objects/research_context.py:594}}
Aug 19 11:18:45.731499 n-d-853682-2 devstack@placement-api.service[108207]: DEBUG placement.objects.research_context [req-15315b6c-8532-47f9-b8fc-0387e93832ef req-5729c5da-9d9a-4b64-9150-0a3ec1d08056 service placement] found 2 providers with available 1 VCPU {{(pid=108207) get_provider_ids_matching /opt/stack/placement/placement/objects/research_context.py:563}}
Aug 19 11:18:45.731499 n-d-853682-2 devstack@placement-api.service[108207]: DEBUG placement.objects.research_context [req-15315b6c-8532-47f9-b8fc-0387e93832ef req-5729c5da-9d9a-4b64-9150-0a3ec1d08056 service placement] found 2 providers after filtering by previous result {{(pid=108207) get_provider_ids_matching /opt/stack/placement/placement/objects/research_context.py:594}}
Aug 19 11:18:45.764457 n-d-853682-2 devstack@placement-api.service[108207]: DEBUG placement.objects.allocation_candidate [req-15315b6c-8532-47f9-b8fc-0387e93832ef req-5729c5da-9d9a-4b64-9150-0a3ec1d08056 service placement] RequestGroup(use_same_provider=False, resources={DISK_GB:1, MEMORY_MB:1024, VCPU:1}, traits=(), aggregates=[]) (suffix '') returned 2 matches {{(pid=108207) _get_by_requests /opt/stack/placement/placement/objects/allocation_candidate.py:156}}
Aug 19 11:18:45.765136 n-d-853682-2 devstack@placement-api.service[108207]: DEBUG placement.objects.allocation_candidate [req-15315b6c-8532-47f9-b8fc-0387e93832ef req-5729c5da-9d9a-4b64-9150-0a3ec1d08056 service placement] Merging candidates yields 2 allocation requests and 2 provider summaries {{(pid=108207) _merge_candidates /opt/stack/placement/placement/objects/allocation_candidate.py:809}}
Aug 19 11:18:45.766845 n-d-853682-2 devstack@placement-api.service[108207]: INFO placement.requestlog [req-15315b6c-8532-47f9-b8fc-0387e93832ef req-5729c5da-9d9a-4b64-9150-0a3ec1d08056 service placement] 10.222.0.42 "GET /placement/allocation_candidates?limit=1000&resources=DISK_GB%3A1%2CMEMORY_MB%3A1024%2CVCPU%3A1&root_required=%21COMPUTE_STATUS_DISABLED" status: 200 len: 1309 microversion: 1.36
Aug 19 11:18:45.767581 n-d-853682-2 devstack@placement-api.service[108207]: [pid: 108207|app: 0|req: 201/406] 10.222.0.42 () {60 vars in 1506 bytes} [Fri Aug 19 11:18:45 2022] GET /placement/allocation_candidates?limit=1000&resources=DISK_GB%3A1%2CMEMORY_MB%3A1024%2CVCPU%3A1&root_required=%21COMPUTE_STATUS_DISABLED => generated 1309 bytes in 190 msecs (HTTP/1.1 200) 8 headers in 297 bytes (1 switches on core 0)
Aug 19 11:18:45.884776 n-d-853682-2 devstack@placement-api.service[108206]: DEBUG placement.requestlog [req-15315b6c-8532-47f9-b8fc-0387e93832ef req-112d6744-a7e1-4558-ba0b-19519f1232f9 None None] Starting request: 10.222.0.42 "GET /placement/allocations/4ffb45f1-16c6-4d4e-aa7b-ca6fc3e926fc" {{(pid=108206) __call__ /opt/stack/placement/placement/requestlog.py:55}}
Aug 19 11:18:45.900631 n-d-853682-2 devstack@placement-api.service[108206]: INFO placement.requestlog [req-15315b6c-8532-47f9-b8fc-0387e93832ef req-112d6744-a7e1-4558-ba0b-19519f1232f9 service placement] 10.222.0.42 "GET /placement/allocations/4ffb45f1-16c6-4d4e-aa7b-ca6fc3e926fc" status: 200 len: 19 microversion: 1.28
Aug 19 11:18:45.901838 n-d-853682-2 devstack@placement-api.service[108206]: [pid: 108206|app: 0|req: 206/407] 10.222.0.42 () {60 vars in 1380 bytes} [Fri Aug 19 11:18:45 2022] GET /placement/allocations/4ffb45f1-16c6-4d4e-aa7b-ca6fc3e926fc => generated 19 bytes in 18 msecs (HTTP/1.1 200) 8 headers in 295 bytes (1 switches on core 0)
Aug 19 11:18:45.909803 n-d-853682-2 devstack@placement-api.service[108207]: DEBUG placement.requestlog [req-15315b6c-8532-47f9-b8fc-0387e93832ef req-2b5fa933-adf2-40b2-bbbf-4d032e25adc0 None None] Starting request: 10.222.0.42 "PUT /placement/allocations/4ffb45f1-16c6-4d4e-aa7b-ca6fc3e926fc" {{(pid=108207) __call__ /opt/stack/placement/placement/requestlog.py:55}}
Aug 19 11:18:46.134536 n-d-853682-2 devstack@placement-api.service[108207]: DEBUG placement.handlers.allocation [req-15315b6c-8532-47f9-b8fc-0387e93832ef req-2b5fa933-adf2-40b2-bbbf-4d032e25adc0 service placement] Successfully wrote allocations [, , ] {{(pid=108207) _update_consumers_and_create_allocations /opt/stack/placement/placement/handlers/allocation.py:462}}
Aug 19 11:18:46.270686 n-d-853682-2 devstack@placement-api.service[108207]: INFO placement.requestlog [req-15315b6c-8532-47f9-b8fc-0387e93832ef req-2b5fa933-adf2-40b2-bbbf-4d032e25adc0 service placement] 10.222.0.42 "PUT /placement/allocations/4ffb45f1-16c6-4d4e-aa7b-ca6fc3e926fc" status: 204 len: 0 microversion: 1.36
Aug 19 11:18:46.271620 n-d-853682-2 devstack@placement-api.service[108207]: [pid: 108207|app: 0|req: 202/408] 10.222.0.42 () {64 vars in 1433 bytes} [Fri Aug 19 11:18:45 2022] PUT /placement/allocations/4ffb45f1-16c6-4d4e-aa7b-ca6fc3e926fc => generated 0 bytes in 362 msecs (HTTP/1.1 204) 5 headers in 199 bytes (1 switches on core 0)
Aug 19 11:18:48.048349 n-d-853682-2 devstack@placement-api.service[108206]: DEBUG placement.requestlog [req-15315b6c-8532-47f9-b8fc-0387e93832ef req-711bdc07-9b25-4db4-ad90-3a1dfb7a20c7 None None] Starting request: 10.222.0.49 "GET /placement/allocations/4ffb45f1-16c6-4d4e-aa7b-ca6fc3e926fc" {{(pid=108206) __call__ /opt/stack/placement/placement/requestlog.py:55}}
Aug 19 11:18:48.087639 n-d-853682-2 devstack@placement-api.service[108206]: INFO placement.requestlog [req-15315b6c-8532-47f9-b8fc-0387e93832ef req-711bdc07-9b25-4db4-ad90-3a1dfb7a20c7 service placement] 10.222.0.49 "GET /placement/allocations/4ffb45f1-16c6-4d4e-aa7b-ca6fc3e926fc" status: 200 len: 259 microversion: 1.28
Aug 19 11:18:48.087639 n-d-853682-2 devstack@placement-api.service[108206]: [pid: 108206|app: 0|req: 207/409] 10.222.0.49 () {60 vars in 1377 bytes} [Fri Aug 19 11:18:48 2022] GET /placement/allocations/4ffb45f1-16c6-4d4e-aa7b-ca6fc3e926fc => generated 259 bytes in 39 msecs (HTTP/1.1 200) 8 headers in 296 bytes (1 switches on core 0)
Aug 19 11:18:50.693779 n-d-853682-2 devstack@placement-api.service[108207]: DEBUG placement.requestlog [req-7df1eb35-d9d0-49b3-b4c5-8df6cefec896 req-f92e7873-7b66-415a-a074-998a9b933fbe None None] Starting request: 10.222.0.58 "GET /placement/resource_providers?in_tree=a032d153-3f9b-4f9b-ad24-e852fe3ca173" {{(pid=108207) __call__ /opt/stack/placement/placement/requestlog.py:55}}
Aug 19 11:18:51.005075 n-d-853682-2 devstack@placement-api.service[108207]: INFO placement.requestlog [req-7df1eb35-d9d0-49b3-b4c5-8df6cefec896 req-f92e7873-7b66-415a-a074-998a9b933fbe service placement] 10.222.0.58 "GET /placement/resource_providers?in_tree=a032d153-3f9b-4f9b-ad24-e852fe3ca173" status: 200 len: 863 microversion: 1.14
Aug 19 11:18:51.005913 n-d-853682-2 devstack@placement-api.service[108207]: [pid: 108207|app: 0|req: 203/410] 10.222.0.58 () {60 vars in 1376 bytes} [Fri Aug 19 11:18:50 2022] GET /placement/resource_providers?in_tree=a032d153-3f9b-4f9b-ad24-e852fe3ca173 => generated 863 bytes in 312 msecs (HTTP/1.1 200) 6 headers in 225 bytes (1 switches on core 0)
Aug 19 11:18:51.142408 n-d-853682-2 devstack@placement-api.service[108206]: DEBUG placement.requestlog [req-7df1eb35-d9d0-49b3-b4c5-8df6cefec896 req-c1f9b266-bb06-4c5c-8170-b3f6c091ce73 None None] Starting request: 10.222.0.58 "GET /placement/resource_providers/a032d153-3f9b-4f9b-ad24-e852fe3ca173/inventories" {{(pid=108206) __call__ /opt/stack/placement/placement/requestlog.py:55}}
Aug 19 11:18:51.173186 n-d-853682-2 devstack@placement-api.service[108206]: INFO placement.requestlog [req-7df1eb35-d9d0-49b3-b4c5-8df6cefec896 req-c1f9b266-bb06-4c5c-8170-b3f6c091ce73 service placement] 10.222.0.58 "GET /placement/resource_providers/a032d153-3f9b-4f9b-ad24-e852fe3ca173/inventories" status: 200 len: 398 microversion: 1.0
Aug 19 11:18:51.179507 n-d-853682-2 devstack@placement-api.service[108206]: [pid: 108206|app: 0|req: 208/411] 10.222.0.58 () {58 vars in 1390 bytes} [Fri Aug 19 11:18:51 2022] GET /placement/resource_providers/a032d153-3f9b-4f9b-ad24-e852fe3ca173/inventories => generated 398 bytes in 32 msecs (HTTP/1.1 200) 6 headers in 224 bytes (1 switches on core 0)
Aug 19 11:18:51.287460 n-d-853682-2 devstack@placement-api.service[108207]: DEBUG placement.requestlog [req-7df1eb35-d9d0-49b3-b4c5-8df6cefec896 req-849d8a6f-439b-4b90-ba93-4fec529c5171 None None] Starting request: 10.222.0.58 "GET /placement/resource_providers/a032d153-3f9b-4f9b-ad24-e852fe3ca173/aggregates" {{(pid=108207) __call__ /opt/stack/placement/placement/requestlog.py:55}}
Aug 19 11:18:51.327186 n-d-853682-2 devstack@placement-api.service[108207]: INFO placement.requestlog [req-7df1eb35-d9d0-49b3-b4c5-8df6cefec896 req-849d8a6f-439b-4b90-ba93-4fec529c5171 service placement] 10.222.0.58 "GET /placement/resource_providers/a032d153-3f9b-4f9b-ad24-e852fe3ca173/aggregates" status: 200 len: 54 microversion: 1.19
Aug 19 11:18:51.327914 n-d-853682-2 devstack@placement-api.service[108207]: [pid: 108207|app: 0|req: 204/412] 10.222.0.58 () {60 vars in 1431 bytes} [Fri Aug 19 11:18:51 2022] GET /placement/resource_providers/a032d153-3f9b-4f9b-ad24-e852fe3ca173/aggregates => generated 54 bytes in 41 msecs (HTTP/1.1 200) 8 headers in 295 bytes (1 switches on core 0)
Aug 19 11:18:51.344875 n-d-853682-2 devstack@placement-api.service[108206]: DEBUG placement.requestlog [req-7df1eb35-d9d0-49b3-b4c5-8df6cefec896 req-17b00775-f918-49be-bb45-702923e49866 None None] Starting request: 10.222.0.58 "GET /placement/resource_providers/a032d153-3f9b-4f9b-ad24-e852fe3ca173/traits" {{(pid=108206) __call__ /opt/stack/placement/placement/requestlog.py:55}}
Aug 19 11:18:51.419081 n-d-853682-2 devstack@placement-api.service[108206]: INFO placement.requestlog [req-7df1eb35-d9d0-49b3-b4c5-8df6cefec896 req-17b00775-f918-49be-bb45-702923e49866 service placement] 10.222.0.58 "GET /placement/resource_providers/a032d153-3f9b-4f9b-ad24-e852fe3ca173/traits" status: 200 len: 212 microversion: 1.6
Aug 19 11:18:51.419633 n-d-853682-2 devstack@placement-api.service[108206]: [pid: 108206|app: 0|req: 209/413] 10.222.0.58 () {60 vars in 1418 bytes} [Fri Aug 19 11:18:51 2022] GET /placement/resource_providers/a032d153-3f9b-4f9b-ad24-e852fe3ca173/traits => generated 212 bytes in 75 msecs (HTTP/1.1 200) 6 headers in 224 bytes (1 switches on core 0)
Aug 19 11:18:51.705553 n-d-853682-2 devstack@placement-api.service[108207]: DEBUG placement.requestlog [req-7df1eb35-d9d0-49b3-b4c5-8df6cefec896 req-e5b67a53-d7c0-47ba-8e41-914b79da9bd3 None None] Starting request: 10.222.0.58 "DELETE /placement/allocations/d1d85e88-c1d4-48a5-9599-42c28d62eaad" {{(pid=108207) __call__ /opt/stack/placement/placement/requestlog.py:55}}
Aug 19 11:18:52.006901 n-d-853682-2 devstack@placement-api.service[108207]: DEBUG placement.handlers.allocation [req-7df1eb35-d9d0-49b3-b4c5-8df6cefec896 req-e5b67a53-d7c0-47ba-8e41-914b79da9bd3 service placement] Successfully deleted allocations [, ] {{(pid=108207) delete_allocations /opt/stack/placement/placement/handlers/allocation.py:627}}
Aug 19 11:18:52.010520 n-d-853682-2 devstack@placement-api.service[108207]: INFO placement.requestlog [req-7df1eb35-d9d0-49b3-b4c5-8df6cefec896 req-e5b67a53-d7c0-47ba-8e41-914b79da9bd3 service placement] 10.222.0.58 "DELETE /placement/allocations/d1d85e88-c1d4-48a5-9599-42c28d62eaad" status: 204 len: 0 microversion: 1.0
Aug 19 11:18:52.010520 n-d-853682-2 devstack@placement-api.service[108207]: [pid: 108207|app: 0|req: 205/414] 10.222.0.58 () {60 vars in 1355 bytes} [Fri Aug 19 11:18:51 2022] DELETE /placement/allocations/d1d85e88-c1d4-48a5-9599-42c28d62eaad => generated 0 bytes in 303 msecs (HTTP/1.1 204) 5 headers in 198 bytes (1 switches on core 0)
Aug 19 11:18:55.139079 n-d-853682-2 devstack@placement-api.service[108206]: DEBUG placement.requestlog [req-4f0ab216-5c9f-4aa5-bb35-2aa0f5b34a92 req-4578dcec-7ce7-4614-8bfe-ee8c79f73160 None None] Starting request: 10.222.0.58 "DELETE /placement/allocations/2f8a8b8f-2d4a-4464-b48f-7c6ab5d06c25" {{(pid=108206) __call__ /opt/stack/placement/placement/requestlog.py:55}}
Aug 19 11:18:55.347410 n-d-853682-2 devstack@placement-api.service[108206]: DEBUG placement.handlers.allocation [req-4f0ab216-5c9f-4aa5-bb35-2aa0f5b34a92 req-4578dcec-7ce7-4614-8bfe-ee8c79f73160 service placement] Successfully deleted allocations [, , ] {{(pid=108206) delete_allocations /opt/stack/placement/placement/handlers/allocation.py:627}}
Aug 19 11:18:55.348816 n-d-853682-2 devstack@placement-api.service[108206]: INFO placement.requestlog [req-4f0ab216-5c9f-4aa5-bb35-2aa0f5b34a92 req-4578dcec-7ce7-4614-8bfe-ee8c79f73160 service placement] 10.222.0.58 "DELETE /placement/allocations/2f8a8b8f-2d4a-4464-b48f-7c6ab5d06c25" status: 204 len: 0 microversion: 1.0
Aug 19 11:18:55.349417 n-d-853682-2 devstack@placement-api.service[108206]: [pid: 108206|app: 0|req: 210/415] 10.222.0.58 () {60 vars in 1355 bytes} [Fri Aug 19 11:18:55 2022] DELETE /placement/allocations/2f8a8b8f-2d4a-4464-b48f-7c6ab5d06c25 => generated 0 bytes in 211 msecs (HTTP/1.1 204) 5 headers in 198 bytes (1 switches on core 0)
Aug 19 11:18:59.145377 n-d-853682-2 devstack@placement-api.service[108207]: DEBUG placement.requestlog [req-78a9c1ae-bd2e-4070-b61f-8753018e1830 req-12dddf14-7714-46c4-bef3-eb7814ff6521 None None] Starting request: 10.222.0.42 "GET /placement/allocation_candidates?limit=1000&resources=MEMORY_MB%3A1024%2CVCPU%3A1&root_required=%21COMPUTE_STATUS_DISABLED" {{(pid=108207) __call__ /opt/stack/placement/placement/requestlog.py:55}}
Aug 19 11:18:59.250614 n-d-853682-2 devstack@placement-api.service[108207]: DEBUG placement.objects.research_context [req-78a9c1ae-bd2e-4070-b61f-8753018e1830 req-12dddf14-7714-46c4-bef3-eb7814ff6521 service placement] getting providers with 1024 MEMORY_MB {{(pid=108207) __init__ /opt/stack/placement/placement/objects/research_context.py:136}}
Aug 19 11:18:59.264129 n-d-853682-2 devstack@placement-api.service[108207]: DEBUG placement.objects.research_context [req-78a9c1ae-bd2e-4070-b61f-8753018e1830 req-12dddf14-7714-46c4-bef3-eb7814ff6521 service placement] getting providers with 1 VCPU {{(pid=108207) __init__ /opt/stack/placement/placement/objects/research_context.py:136}}
Aug 19 11:18:59.281614 n-d-853682-2 devstack@placement-api.service[108207]: DEBUG placement.objects.research_context [req-78a9c1ae-bd2e-4070-b61f-8753018e1830 req-12dddf14-7714-46c4-bef3-eb7814ff6521 service placement] found 2 providers with available 1024 MEMORY_MB {{(pid=108207) get_provider_ids_matching /opt/stack/placement/placement/objects/research_context.py:563}}
Aug 19 11:18:59.282253 n-d-853682-2 devstack@placement-api.service[108207]: DEBUG placement.objects.research_context [req-78a9c1ae-bd2e-4070-b61f-8753018e1830 req-12dddf14-7714-46c4-bef3-eb7814ff6521 service placement] found 2 providers with available 1 VCPU {{(pid=108207) get_provider_ids_matching /opt/stack/placement/placement/objects/research_context.py:563}}
Aug 19 11:18:59.282903 n-d-853682-2 devstack@placement-api.service[108207]: DEBUG placement.objects.research_context [req-78a9c1ae-bd2e-4070-b61f-8753018e1830 req-12dddf14-7714-46c4-bef3-eb7814ff6521 service placement] found 2 providers after filtering by previous result {{(pid=108207) get_provider_ids_matching /opt/stack/placement/placement/objects/research_context.py:594}}
Aug 19 11:18:59.308207 n-d-853682-2 devstack@placement-api.service[108207]: DEBUG placement.objects.allocation_candidate [req-78a9c1ae-bd2e-4070-b61f-8753018e1830 req-12dddf14-7714-46c4-bef3-eb7814ff6521 service placement] RequestGroup(use_same_provider=False, resources={MEMORY_MB:1024, VCPU:1}, traits=(), aggregates=[]) (suffix '') returned 2 matches {{(pid=108207) _get_by_requests /opt/stack/placement/placement/objects/allocation_candidate.py:156}}
Aug 19 11:18:59.308967 n-d-853682-2 devstack@placement-api.service[108207]: DEBUG placement.objects.allocation_candidate [req-78a9c1ae-bd2e-4070-b61f-8753018e1830 req-12dddf14-7714-46c4-bef3-eb7814ff6521 service placement] Merging candidates yields 2 allocation requests and 2 provider summaries {{(pid=108207) _merge_candidates /opt/stack/placement/placement/objects/allocation_candidate.py:809}}
Aug 19 11:18:59.314215 n-d-853682-2 devstack@placement-api.service[108207]: INFO placement.requestlog [req-78a9c1ae-bd2e-4070-b61f-8753018e1830 req-12dddf14-7714-46c4-bef3-eb7814ff6521 service placement] 10.222.0.42 "GET /placement/allocation_candidates?limit=1000&resources=MEMORY_MB%3A1024%2CVCPU%3A1&root_required=%21COMPUTE_STATUS_DISABLED" status: 200 len: 1281 microversion: 1.36
Aug 19 11:18:59.315596 n-d-853682-2 devstack@placement-api.service[108207]: [pid: 108207|app: 0|req: 206/416] 10.222.0.42 () {60 vars in 1478 bytes} [Fri Aug 19 11:18:59 2022] GET /placement/allocation_candidates?limit=1000&resources=MEMORY_MB%3A1024%2CVCPU%3A1&root_required=%21COMPUTE_STATUS_DISABLED => generated 1281 bytes in 170 msecs (HTTP/1.1 200) 8 headers in 297 bytes (1 switches on core 0)
Aug 19 11:18:59.397756 n-d-853682-2 devstack@placement-api.service[108206]: DEBUG placement.requestlog [req-78a9c1ae-bd2e-4070-b61f-8753018e1830 req-8e27ee89-0178-4913-bd21-d9a21a04355e None None] Starting request: 10.222.0.42 "GET /placement/allocations/ea6d6567-955c-4da6-8b41-160be34dc09d" {{(pid=108206) __call__ /opt/stack/placement/placement/requestlog.py:55}}
Aug 19 11:18:59.430966 n-d-853682-2 devstack@placement-api.service[108206]: INFO placement.requestlog [req-78a9c1ae-bd2e-4070-b61f-8753018e1830 req-8e27ee89-0178-4913-bd21-d9a21a04355e service placement] 10.222.0.42 "GET /placement/allocations/ea6d6567-955c-4da6-8b41-160be34dc09d" status: 200 len: 19 microversion: 1.28
Aug 19 11:18:59.438177 n-d-853682-2 devstack@placement-api.service[108206]: [pid: 108206|app: 0|req: 211/417] 10.222.0.42 () {60 vars in 1380 bytes} [Fri Aug 19 11:18:59 2022] GET /placement/allocations/ea6d6567-955c-4da6-8b41-160be34dc09d => generated 19 bytes in 40 msecs (HTTP/1.1 200) 8 headers in 295 bytes (1 switches on core 0)
Aug 19 11:18:59.444277 n-d-853682-2 devstack@placement-api.service[108207]: DEBUG placement.requestlog [req-78a9c1ae-bd2e-4070-b61f-8753018e1830 req-96c363fa-f79e-4a80-9bd3-3e0d35c7c98e None None] Starting request: 10.222.0.42 "PUT /placement/allocations/ea6d6567-955c-4da6-8b41-160be34dc09d" {{(pid=108207) __call__ /opt/stack/placement/placement/requestlog.py:55}}
Aug 19 11:18:59.881285 n-d-853682-2 devstack@placement-api.service[108207]: DEBUG placement.handlers.allocation [req-78a9c1ae-bd2e-4070-b61f-8753018e1830 req-96c363fa-f79e-4a80-9bd3-3e0d35c7c98e service placement] Successfully wrote allocations [, ] {{(pid=108207) _update_consumers_and_create_allocations /opt/stack/placement/placement/handlers/allocation.py:462}}
Aug 19 11:18:59.943074 n-d-853682-2 devstack@placement-api.service[108207]: INFO placement.requestlog [req-78a9c1ae-bd2e-4070-b61f-8753018e1830 req-96c363fa-f79e-4a80-9bd3-3e0d35c7c98e service placement] 10.222.0.42 "PUT /placement/allocations/ea6d6567-955c-4da6-8b41-160be34dc09d" status: 204 len: 0 microversion: 1.36
Aug 19 11:18:59.944295 n-d-853682-2 devstack@placement-api.service[108207]: [pid: 108207|app: 0|req: 207/418] 10.222.0.42 () {64 vars in 1433 bytes} [Fri Aug 19 11:18:59 2022] PUT /placement/allocations/ea6d6567-955c-4da6-8b41-160be34dc09d => generated 0 bytes in 504 msecs (HTTP/1.1 204) 5 headers in 199 bytes (1 switches on core 0)
Aug 19 11:19:01.326960 n-d-853682-2 devstack@placement-api.service[108206]: DEBUG placement.requestlog [req-78a9c1ae-bd2e-4070-b61f-8753018e1830 req-e7cf8d32-a7e1-434c-8a51-aab06fd6d930 None None] Starting request: 10.222.0.58 "GET /placement/allocations/ea6d6567-955c-4da6-8b41-160be34dc09d" {{(pid=108206) __call__ /opt/stack/placement/placement/requestlog.py:55}}
Aug 19 11:19:01.359401 n-d-853682-2 devstack@placement-api.service[108206]: INFO placement.requestlog [req-78a9c1ae-bd2e-4070-b61f-8753018e1830 req-e7cf8d32-a7e1-434c-8a51-aab06fd6d930 service placement] 10.222.0.58 "GET /placement/allocations/ea6d6567-955c-4da6-8b41-160be34dc09d" status: 200 len: 245 microversion: 1.28
Aug 19 11:19:01.359789 n-d-853682-2 devstack@placement-api.service[108206]: [pid: 108206|app: 0|req: 212/419] 10.222.0.58 () {60 vars in 1377 bytes} [Fri Aug 19 11:19:01 2022] GET /placement/allocations/ea6d6567-955c-4da6-8b41-160be34dc09d => generated 245 bytes in 33 msecs (HTTP/1.1 200) 8 headers in 296 bytes (1 switches on core 0)
Aug 19 11:19:01.540832 n-d-853682-2 devstack@placement-api.service[108207]: DEBUG placement.requestlog [req-9a66a85c-5a34-48c2-a05d-5f78183ac032 req-7d6c1044-b9b2-4001-8321-e6f2436cf636 None None] Starting request: 10.222.0.42 "GET /placement/resource_providers/7817a3ec-0780-4b95-b6ad-120f1a750827/traits" {{(pid=108207) __call__ /opt/stack/placement/placement/requestlog.py:55}}
Aug 19 11:19:01.882265 n-d-853682-2 devstack@placement-api.service[108207]: INFO placement.requestlog [req-9a66a85c-5a34-48c2-a05d-5f78183ac032 req-7d6c1044-b9b2-4001-8321-e6f2436cf636 service placement] 10.222.0.42 "GET /placement/resource_providers/7817a3ec-0780-4b95-b6ad-120f1a750827/traits" status: 200 len: 212 microversion: 1.6
Aug 19 11:19:01.882934 n-d-853682-2 devstack@placement-api.service[108207]: [pid: 108207|app: 0|req: 208/420] 10.222.0.42 () {60 vars in 1412 bytes} [Fri Aug 19 11:19:01 2022] GET /placement/resource_providers/7817a3ec-0780-4b95-b6ad-120f1a750827/traits => generated 212 bytes in 342 msecs (HTTP/1.1 200) 6 headers in 224 bytes (1 switches on core 0)
Aug 19 11:19:02.986017 n-d-853682-2 devstack@placement-api.service[108206]: DEBUG placement.requestlog [req-9a66a85c-5a34-48c2-a05d-5f78183ac032 req-cfd35cf8-ffa7-4860-b3fc-c0ec4de2c870 None None] Starting request: 10.222.0.42 "GET /placement/allocations/342963f0-f479-4ff3-96db-8ea4698e32b7" {{(pid=108206) __call__ /opt/stack/placement/placement/requestlog.py:55}}
Aug 19 11:19:03.008331 n-d-853682-2 devstack@placement-api.service[108206]: INFO placement.requestlog [req-9a66a85c-5a34-48c2-a05d-5f78183ac032 req-cfd35cf8-ffa7-4860-b3fc-c0ec4de2c870 service placement] 10.222.0.42 "GET /placement/allocations/342963f0-f479-4ff3-96db-8ea4698e32b7" status: 200 len: 259 microversion: 1.28
Aug 19 11:19:03.015282 n-d-853682-2 devstack@placement-api.service[108206]: [pid: 108206|app: 0|req: 213/421] 10.222.0.42 () {60 vars in 1380 bytes} [Fri Aug 19 11:19:02 2022] GET /placement/allocations/342963f0-f479-4ff3-96db-8ea4698e32b7 => generated 259 bytes in 29 msecs (HTTP/1.1 200) 8 headers in 296 bytes (1 switches on core 0)
Aug 19 11:19:03.015851 n-d-853682-2 devstack@placement-api.service[108207]: DEBUG placement.requestlog [req-9a66a85c-5a34-48c2-a05d-5f78183ac032 req-1e84e8ae-e229-4384-b73d-7c3194e2c29f None None] Starting request: 10.222.0.42 "GET /placement/allocations/342963f0-f479-4ff3-96db-8ea4698e32b7" {{(pid=108207) __call__ /opt/stack/placement/placement/requestlog.py:55}}
Aug 19 11:19:03.037224 n-d-853682-2 devstack@placement-api.service[108207]: INFO placement.requestlog [req-9a66a85c-5a34-48c2-a05d-5f78183ac032 req-1e84e8ae-e229-4384-b73d-7c3194e2c29f service placement] 10.222.0.42 "GET /placement/allocations/342963f0-f479-4ff3-96db-8ea4698e32b7" status: 200 len: 259 microversion: 1.28
Aug 19 11:19:03.053460 n-d-853682-2 devstack@placement-api.service[108206]: DEBUG placement.requestlog [req-9a66a85c-5a34-48c2-a05d-5f78183ac032 req-b81ee292-ee8e-4438-a71c-4e1b7fe66f44 None None] Starting request: 10.222.0.42 "GET /placement/allocations/82128f32-891d-47c0-ab35-74955edbc80b" {{(pid=108206) __call__ /opt/stack/placement/placement/requestlog.py:55}}
Aug 19 11:19:03.065348 n-d-853682-2 devstack@placement-api.service[108207]: [pid: 108207|app: 0|req: 209/422] 10.222.0.42 () {60 vars in 1380 bytes} [Fri Aug 19 11:19:03 2022] GET /placement/allocations/342963f0-f479-4ff3-96db-8ea4698e32b7 => generated 259 bytes in 49 msecs (HTTP/1.1 200) 8 headers in 296 bytes (1 switches on core 0)
Aug 19 11:19:03.076419 n-d-853682-2 devstack@placement-api.service[108206]: INFO placement.requestlog [req-9a66a85c-5a34-48c2-a05d-5f78183ac032 req-b81ee292-ee8e-4438-a71c-4e1b7fe66f44 service placement] 10.222.0.42 "GET /placement/allocations/82128f32-891d-47c0-ab35-74955edbc80b" status: 200 len: 19 microversion: 1.28
Aug 19 11:19:03.084232 n-d-853682-2 devstack@placement-api.service[108207]: DEBUG placement.requestlog [req-9a66a85c-5a34-48c2-a05d-5f78183ac032 req-9f8475bd-6c0d-43b0-af27-f9b3bd2fc579 None None] Starting request: 10.222.0.42 "POST /placement/allocations" {{(pid=108207) __call__ /opt/stack/placement/placement/requestlog.py:55}}
Aug 19 11:19:03.096286 n-d-853682-2 devstack@placement-api.service[108206]: [pid: 108206|app: 0|req: 214/423] 10.222.0.42 () {60 vars in 1380 bytes} [Fri Aug 19 11:19:03 2022] GET /placement/allocations/82128f32-891d-47c0-ab35-74955edbc80b => generated 19 bytes in 43 msecs (HTTP/1.1 200) 8 headers in 295 bytes (2 switches on core 0)
Aug 19 11:19:03.154665 n-d-853682-2 devstack@placement-api.service[108207]: DEBUG dbcounter [-] [108207] Writing DB stats placement:UPDATE=5,placement:SELECT=79,placement:DELETE=7,placement:INSERT=9 {{(pid=108207) stat_writer /usr/local/lib/python3.8/dist-packages/dbcounter.py:114}}
Aug 19 11:19:03.338719 n-d-853682-2 devstack@placement-api.service[108207]: DEBUG placement.handlers.allocation [req-9a66a85c-5a34-48c2-a05d-5f78183ac032 req-9f8475bd-6c0d-43b0-af27-f9b3bd2fc579 service placement] Successfully wrote allocations [, , , , , ] {{(pid=108207) _update_consumers_and_create_allocations /opt/stack/placement/placement/handlers/allocation.py:572}}
Aug 19 11:19:03.442365 n-d-853682-2 devstack@placement-api.service[108207]: INFO placement.requestlog [req-9a66a85c-5a34-48c2-a05d-5f78183ac032 req-9f8475bd-6c0d-43b0-af27-f9b3bd2fc579 service placement] 10.222.0.42 "POST /placement/allocations" status: 204 len: 0 microversion: 1.28
Aug 19 11:19:03.452055 n-d-853682-2 devstack@placement-api.service[108207]: [pid: 108207|app: 0|req: 210/424] 10.222.0.42 () {64 vars in 1323 bytes} [Fri Aug 19 11:19:03 2022] POST /placement/allocations => generated 0 bytes in 359 msecs (HTTP/1.1 204) 5 headers in 199 bytes (1 switches on core 0)
Aug 19 11:19:03.758775 n-d-853682-2 devstack@placement-api.service[108206]: DEBUG placement.requestlog [req-9a66a85c-5a34-48c2-a05d-5f78183ac032 req-333f009f-62d6-4106-a616-45dec8070531 None None] Starting request: 10.222.0.42 "GET /placement/allocation_candidates?limit=1000&resources=DISK_GB%3A1%2CMEMORY_MB%3A1024%2CVCPU%3A1&root_required=%21COMPUTE_STATUS_DISABLED" {{(pid=108206) __call__ /opt/stack/placement/placement/requestlog.py:55}}
Aug 19 11:19:03.807392 n-d-853682-2 devstack@placement-api.service[108206]: DEBUG placement.objects.research_context [req-9a66a85c-5a34-48c2-a05d-5f78183ac032 req-333f009f-62d6-4106-a616-45dec8070531 service placement] getting providers with 1 DISK_GB {{(pid=108206) __init__ /opt/stack/placement/placement/objects/research_context.py:136}}
Aug 19 11:19:03.815618 n-d-853682-2 devstack@placement-api.service[108206]: DEBUG placement.objects.research_context [req-9a66a85c-5a34-48c2-a05d-5f78183ac032 req-333f009f-62d6-4106-a616-45dec8070531 service placement] getting providers with 1024 MEMORY_MB {{(pid=108206) __init__ /opt/stack/placement/placement/objects/research_context.py:136}}
Aug 19 11:19:03.823621 n-d-853682-2 devstack@placement-api.service[108206]: DEBUG placement.objects.research_context [req-9a66a85c-5a34-48c2-a05d-5f78183ac032 req-333f009f-62d6-4106-a616-45dec8070531 service placement] getting providers with 1 VCPU {{(pid=108206) __init__ /opt/stack/placement/placement/objects/research_context.py:136}}
Aug 19 11:19:03.843203 n-d-853682-2 devstack@placement-api.service[108206]: DEBUG placement.objects.research_context [req-9a66a85c-5a34-48c2-a05d-5f78183ac032 req-333f009f-62d6-4106-a616-45dec8070531 service placement] found 2 providers with available 1 DISK_GB {{(pid=108206) get_provider_ids_matching /opt/stack/placement/placement/objects/research_context.py:563}}
Aug 19 11:19:03.844092 n-d-853682-2 devstack@placement-api.service[108206]: DEBUG placement.objects.research_context [req-9a66a85c-5a34-48c2-a05d-5f78183ac032 req-333f009f-62d6-4106-a616-45dec8070531 service placement] found 2 providers with available 1024 MEMORY_MB {{(pid=108206) get_provider_ids_matching /opt/stack/placement/placement/objects/research_context.py:563}}
Aug 19 11:19:03.844642 n-d-853682-2 devstack@placement-api.service[108206]: DEBUG placement.objects.research_context [req-9a66a85c-5a34-48c2-a05d-5f78183ac032 req-333f009f-62d6-4106-a616-45dec8070531 service placement] found 2 providers after filtering by previous result {{(pid=108206) get_provider_ids_matching /opt/stack/placement/placement/objects/research_context.py:594}}
Aug 19 11:19:03.845138 n-d-853682-2 devstack@placement-api.service[108206]: DEBUG placement.objects.research_context [req-9a66a85c-5a34-48c2-a05d-5f78183ac032 req-333f009f-62d6-4106-a616-45dec8070531 service placement] found 2 providers with available 1 VCPU {{(pid=108206) get_provider_ids_matching /opt/stack/placement/placement/objects/research_context.py:563}}
Aug 19 11:19:03.845752 n-d-853682-2 devstack@placement-api.service[108206]: DEBUG placement.objects.research_context [req-9a66a85c-5a34-48c2-a05d-5f78183ac032 req-333f009f-62d6-4106-a616-45dec8070531 service placement] found 2 providers after filtering by previous result {{(pid=108206) get_provider_ids_matching /opt/stack/placement/placement/objects/research_context.py:594}}
Aug 19 11:19:03.863144 n-d-853682-2 devstack@placement-api.service[108206]: DEBUG placement.objects.allocation_candidate [req-9a66a85c-5a34-48c2-a05d-5f78183ac032 req-333f009f-62d6-4106-a616-45dec8070531 service placement] RequestGroup(use_same_provider=False, resources={DISK_GB:1, MEMORY_MB:1024, VCPU:1}, traits=(), aggregates=[]) (suffix '') returned 2 matches {{(pid=108206) _get_by_requests /opt/stack/placement/placement/objects/allocation_candidate.py:156}}
Aug 19 11:19:03.863865 n-d-853682-2 devstack@placement-api.service[108206]: DEBUG placement.objects.allocation_candidate [req-9a66a85c-5a34-48c2-a05d-5f78183ac032 req-333f009f-62d6-4106-a616-45dec8070531 service placement] Merging candidates yields 2 allocation requests and 2 provider summaries {{(pid=108206) _merge_candidates /opt/stack/placement/placement/objects/allocation_candidate.py:809}}
Aug 19 11:19:03.866532 n-d-853682-2 devstack@placement-api.service[108206]: INFO placement.requestlog [req-9a66a85c-5a34-48c2-a05d-5f78183ac032 req-333f009f-62d6-4106-a616-45dec8070531 service placement] 10.222.0.42 "GET /placement/allocation_candidates?limit=1000&resources=DISK_GB%3A1%2CMEMORY_MB%3A1024%2CVCPU%3A1&root_required=%21COMPUTE_STATUS_DISABLED" status: 200 len: 1309 microversion: 1.36
Aug 19 11:19:03.868365 n-d-853682-2 devstack@placement-api.service[108206]: [pid: 108206|app: 0|req: 215/425] 10.222.0.42 () {60 vars in 1506 bytes} [Fri Aug 19 11:19:03 2022] GET /placement/allocation_candidates?limit=1000&resources=DISK_GB%3A1%2CMEMORY_MB%3A1024%2CVCPU%3A1&root_required=%21COMPUTE_STATUS_DISABLED => generated 1309 bytes in 111 msecs (HTTP/1.1 200) 8 headers in 297 bytes (1 switches on core 0)
Aug 19 11:19:03.974039 n-d-853682-2 devstack@placement-api.service[108207]: DEBUG placement.requestlog [req-9a66a85c-5a34-48c2-a05d-5f78183ac032 req-1ff73722-3e94-4589-af8a-79ae22f51db7 None None] Starting request: 10.222.0.42 "GET /placement/allocations/342963f0-f479-4ff3-96db-8ea4698e32b7" {{(pid=108207) __call__ /opt/stack/placement/placement/requestlog.py:55}}
Aug 19 11:19:04.000027 n-d-853682-2 devstack@placement-api.service[108207]: INFO placement.requestlog [req-9a66a85c-5a34-48c2-a05d-5f78183ac032 req-1ff73722-3e94-4589-af8a-79ae22f51db7 service placement] 10.222.0.42 "GET /placement/allocations/342963f0-f479-4ff3-96db-8ea4698e32b7" status: 200 len: 19 microversion: 1.28
Aug 19 11:19:04.001399 n-d-853682-2 devstack@placement-api.service[108207]: [pid: 108207|app: 0|req: 211/426] 10.222.0.42 () {60 vars in 1380 bytes} [Fri Aug 19 11:19:03 2022] GET /placement/allocations/342963f0-f479-4ff3-96db-8ea4698e32b7 => generated 19 bytes in 27 msecs (HTTP/1.1 200) 8 headers in 295 bytes (1 switches on core 0)
Aug 19 11:19:04.010052 n-d-853682-2 devstack@placement-api.service[108206]: DEBUG placement.requestlog [req-9a66a85c-5a34-48c2-a05d-5f78183ac032 req-0da7528f-f236-4993-ad7f-787dc224d48f None None] Starting request: 10.222.0.42 "PUT /placement/allocations/342963f0-f479-4ff3-96db-8ea4698e32b7" {{(pid=108206) __call__ /opt/stack/placement/placement/requestlog.py:55}}
Aug 19 11:19:04.263810 n-d-853682-2 devstack@placement-api.service[108206]: DEBUG placement.handlers.allocation [req-9a66a85c-5a34-48c2-a05d-5f78183ac032 req-0da7528f-f236-4993-ad7f-787dc224d48f service placement] Successfully wrote allocations [, , ] {{(pid=108206) _update_consumers_and_create_allocations /opt/stack/placement/placement/handlers/allocation.py:462}}
Aug 19 11:19:04.372509 n-d-853682-2 devstack@placement-api.service[108206]: INFO placement.requestlog [req-9a66a85c-5a34-48c2-a05d-5f78183ac032 req-0da7528f-f236-4993-ad7f-787dc224d48f service placement] 10.222.0.42 "PUT /placement/allocations/342963f0-f479-4ff3-96db-8ea4698e32b7" status: 204 len: 0 microversion: 1.36
Aug 19 11:19:04.374318 n-d-853682-2 devstack@placement-api.service[108206]: [pid: 108206|app: 0|req: 216/427] 10.222.0.42 () {64 vars in 1433 bytes} [Fri Aug 19 11:19:04 2022] PUT /placement/allocations/342963f0-f479-4ff3-96db-8ea4698e32b7 => generated 0 bytes in 365 msecs (HTTP/1.1 204) 5 headers in 199 bytes (1 switches on core 0)
Aug 19 11:19:04.510748 n-d-853682-2 devstack@placement-api.service[108207]: DEBUG placement.requestlog [req-fdb311bf-bb39-4753-aa86-79221702f4a1 req-8ec10767-4de8-4bbb-b2fd-eb6689ac62d6 None None] Starting request: 10.222.0.58 "DELETE /placement/allocations/18762d35-53aa-448f-9636-b5fdf62834f8" {{(pid=108207) __call__ /opt/stack/placement/placement/requestlog.py:55}}
Aug 19 11:19:04.580267 n-d-853682-2 devstack@placement-api.service[108206]: DEBUG placement.requestlog [req-03b051bf-5b4c-42ca-a4e5-1d64e5d13dd5 req-70e9d758-3c4f-4260-a720-6db1156e1b46 None None] Starting request: 10.222.0.42 "GET /placement/allocation_candidates?limit=1000&resources=DISK_GB%3A1%2CMEMORY_MB%3A1024%2CVCPU%3A1&root_required=%21COMPUTE_STATUS_DISABLED" {{(pid=108206) __call__ /opt/stack/placement/placement/requestlog.py:55}}
