Aug 19 10:49:06.480810 n-d-853682-2 devstack@keystone.service[82015]: DEBUG keystone.server.flask.request_processing.middleware.auth_context [None req-5c5055fa-675a-4054-9244-1d96a1da0880 None admin] RBAC: auth_context: {'token': , 'domain_id': None, 'trust_id': None, 'trustor_id': None, 'trustee_id': None, 'domain_name': None, 'group_ids': [], 'user_id': 'e12133bb96384af7a055a3188cc24b60', 'user_domain_id': 'default', 'system_scope': 'all', 'project_id': None, 'project_domain_id': None, 'roles': ['admin', 'member', 'reader'], 'is_admin_project': True, 'service_user_id': None, 'service_user_domain_id': None, 'service_project_id': None, 'service_project_domain_id': None, 'service_roles': []} {{(pid=82015) fill_context /opt/stack/keystone/keystone/server/flask/request_processing/middleware/auth_context.py:478}}
Aug 19 10:49:06.481632 n-d-853682-2 devstack@keystone.service[82015]: DEBUG keystone.server.flask.request_processing.req_logging [None req-5c5055fa-675a-4054-9244-1d96a1da0880 None admin] REQUEST_METHOD: `GET` {{(pid=82015) log_request_info /opt/stack/keystone/keystone/server/flask/request_processing/req_logging.py:27}}
Aug 19 10:49:06.482031 n-d-853682-2 devstack@keystone.service[82015]: DEBUG keystone.server.flask.request_processing.req_logging [None req-5c5055fa-675a-4054-9244-1d96a1da0880 None admin] SCRIPT_NAME: `/identity` {{(pid=82015) log_request_info /opt/stack/keystone/keystone/server/flask/request_processing/req_logging.py:28}}
Aug 19 10:49:06.482406 n-d-853682-2 devstack@keystone.service[82015]: DEBUG keystone.server.flask.request_processing.req_logging [None req-5c5055fa-675a-4054-9244-1d96a1da0880 None admin] PATH_INFO: `/v3/users/5eb86071b40e4562add99ec9d8947564` {{(pid=82015) log_request_info /opt/stack/keystone/keystone/server/flask/request_processing/req_logging.py:29}}
Aug 19 10:49:06.483749 n-d-853682-2 devstack@keystone.service[82015]: DEBUG keystone.common.rbac_enforcer.enforcer [None req-5c5055fa-675a-4054-9244-1d96a1da0880 None admin] RBAC: Authorizing `identity:get_user(user_id=5eb86071b40e4562add99ec9d8947564)` {{(pid=82015) enforce_call /opt/stack/keystone/keystone/common/rbac_enforcer/enforcer.py:449}}
Aug 19 10:49:06.485338 n-d-853682-2 devstack@keystone.service[82015]: DEBUG keystone.common.rbac_enforcer.enforcer [None req-5c5055fa-675a-4054-9244-1d96a1da0880 None admin] RBAC: Authorization granted {{(pid=82015) enforce_call /opt/stack/keystone/keystone/common/rbac_enforcer/enforcer.py:457}}
Aug 19 10:49:06.487391 n-d-853682-2 devstack@keystone.service[82015]: [pid: 82015|app: 0|req: 64/137] 10.222.0.42 () {56 vars in 1177 bytes} [Fri Aug 19 10:49:06 2022] GET /identity/v3/users/5eb86071b40e4562add99ec9d8947564 => generated 275 bytes in 276 msecs (HTTP/1.1 200) 5 headers in 177 bytes (2 switches on core 0)
Aug 19 10:49:06.493617 n-d-853682-2 devstack@keystone.service[82016]: DEBUG keystone.server.flask.request_processing.middleware.auth_context [None req-ffef3434-b82e-4480-94ca-3b0c77400948 None None] Authenticating user token {{(pid=82016) process_request /usr/local/lib/python3.8/dist-packages/keystonemiddleware/auth_token/__init__.py:407}}
Aug 19 10:49:06.626506 n-d-853682-2 devstack@keystone.service[82016]: DEBUG keystone.server.flask.request_processing.middleware.auth_context [None req-ffef3434-b82e-4480-94ca-3b0c77400948 None None] Validating token access rules against request {{(pid=82016) validate_allowed_request /usr/local/lib/python3.8/dist-packages/keystonemiddleware/auth_token/__init__.py:545}}
Aug 19 10:49:06.657010 n-d-853682-2 devstack@keystone.service[82016]: DEBUG dbcounter [-] [82016] Writing DB stats keystone:INSERT=1,keystone:SELECT=99 {{(pid=82016) stat_writer /usr/local/lib/python3.8/dist-packages/dbcounter.py:114}}
Aug 19 10:49:06.669105 n-d-853682-2 devstack@keystone.service[82016]: DEBUG keystone.server.flask.request_processing.middleware.auth_context [None req-9b0e7f2c-3292-4df2-990e-e4dd85f6f0dc None admin] RBAC: auth_context: {'token': , 'domain_id': None, 'trust_id': None, 'trustor_id': None, 'trustee_id': None, 'domain_name': None, 'group_ids': [], 'user_id': 'e12133bb96384af7a055a3188cc24b60', 'user_domain_id': 'default', 'system_scope': 'all', 'project_id': None, 'project_domain_id': None, 'roles': ['admin', 'member', 'reader'], 'is_admin_project': True, 'service_user_id': None, 'service_user_domain_id': None, 'service_project_id': None, 'service_project_domain_id': None, 'service_roles': []} {{(pid=82016) fill_context /opt/stack/keystone/keystone/server/flask/request_processing/middleware/auth_context.py:478}}
Aug 19 10:49:06.669741 n-d-853682-2 devstack@keystone.service[82016]: DEBUG keystone.server.flask.request_processing.req_logging [None req-9b0e7f2c-3292-4df2-990e-e4dd85f6f0dc None admin] REQUEST_METHOD: `GET` {{(pid=82016) log_request_info /opt/stack/keystone/keystone/server/flask/request_processing/req_logging.py:27}}
Aug 19 10:49:06.670018 n-d-853682-2 devstack@keystone.service[82016]: DEBUG keystone.server.flask.request_processing.req_logging [None req-9b0e7f2c-3292-4df2-990e-e4dd85f6f0dc None admin] SCRIPT_NAME: `/identity` {{(pid=82016) log_request_info /opt/stack/keystone/keystone/server/flask/request_processing/req_logging.py:28}}
Aug 19 10:49:06.670300 n-d-853682-2 devstack@keystone.service[82016]: DEBUG keystone.server.flask.request_processing.req_logging [None req-9b0e7f2c-3292-4df2-990e-e4dd85f6f0dc None admin] PATH_INFO: `/v3/projects/c3069d069af8455799f534435552fc4d` {{(pid=82016) log_request_info /opt/stack/keystone/keystone/server/flask/request_processing/req_logging.py:29}}
Aug 19 10:49:06.675386 n-d-853682-2 devstack@keystone.service[82016]: DEBUG keystone.common.rbac_enforcer.enforcer [None req-9b0e7f2c-3292-4df2-990e-e4dd85f6f0dc None admin] RBAC: Authorizing `identity:get_project(project_id=c3069d069af8455799f534435552fc4d)` {{(pid=82016) enforce_call /opt/stack/keystone/keystone/common/rbac_enforcer/enforcer.py:449}}
Aug 19 10:49:06.676912 n-d-853682-2 devstack@keystone.service[82016]: DEBUG keystone.common.rbac_enforcer.enforcer [None req-9b0e7f2c-3292-4df2-990e-e4dd85f6f0dc None admin] RBAC: Authorization granted {{(pid=82016) enforce_call /opt/stack/keystone/keystone/common/rbac_enforcer/enforcer.py:457}}
Aug 19 10:49:06.678769 n-d-853682-2 devstack@keystone.service[82016]: [pid: 82016|app: 0|req: 74/138] 10.222.0.42 () {56 vars in 1186 bytes} [Fri Aug 19 10:49:06 2022] GET /identity/v3/projects/c3069d069af8455799f534435552fc4d => generated 312 bytes in 186 msecs (HTTP/1.1 200) 5 headers in 177 bytes (1 switches on core 0)
Aug 19 10:49:06.684688 n-d-853682-2 devstack@keystone.service[82015]: DEBUG keystone.server.flask.request_processing.middleware.auth_context [None req-5c5055fa-675a-4054-9244-1d96a1da0880 None admin] Authenticating user token {{(pid=82015) process_request /usr/local/lib/python3.8/dist-packages/keystonemiddleware/auth_token/__init__.py:407}}
Aug 19 10:49:06.835487 n-d-853682-2 devstack@keystone.service[82015]: DEBUG dbcounter [-] [82015] Writing DB stats keystone:SELECT=100 {{(pid=82015) stat_writer /usr/local/lib/python3.8/dist-packages/dbcounter.py:114}}
Aug 19 10:49:06.845629 n-d-853682-2 devstack@keystone.service[82016]: DEBUG keystone.server.flask.request_processing.middleware.auth_context [None req-9b0e7f2c-3292-4df2-990e-e4dd85f6f0dc None admin] Authenticating user token {{(pid=82016) process_request /usr/local/lib/python3.8/dist-packages/keystonemiddleware/auth_token/__init__.py:407}}
Aug 19 10:49:06.849616 n-d-853682-2 devstack@keystone.service[82015]: DEBUG keystone.server.flask.request_processing.middleware.auth_context [None req-5c5055fa-675a-4054-9244-1d96a1da0880 None admin] Validating token access rules against request {{(pid=82015) validate_allowed_request /usr/local/lib/python3.8/dist-packages/keystonemiddleware/auth_token/__init__.py:545}}
Aug 19 10:49:06.887792 n-d-853682-2 devstack@keystone.service[82015]: DEBUG keystone.server.flask.request_processing.middleware.auth_context [None req-616391f9-7204-4b7e-8680-41ec837d7e19 None admin] RBAC: auth_context: {'token': , 'domain_id': None, 'trust_id': None, 'trustor_id': None, 'trustee_id': None, 'domain_name': None, 'group_ids': [], 'user_id': 'e12133bb96384af7a055a3188cc24b60', 'user_domain_id': 'default', 'system_scope': 'all', 'project_id': None, 'project_domain_id': None, 'roles': ['admin', 'member', 'reader'], 'is_admin_project': True, 'service_user_id': None, 'service_user_domain_id': None, 'service_project_id': None, 'service_project_domain_id': None, 'service_roles': []} {{(pid=82015) fill_context /opt/stack/keystone/keystone/server/flask/request_processing/middleware/auth_context.py:478}}
Aug 19 10:49:06.890272 n-d-853682-2 devstack@keystone.service[82015]: DEBUG keystone.server.flask.request_processing.req_logging [None req-616391f9-7204-4b7e-8680-41ec837d7e19 None admin] REQUEST_METHOD: `PUT` {{(pid=82015) log_request_info /opt/stack/keystone/keystone/server/flask/request_processing/req_logging.py:27}}
Aug 19 10:49:06.890272 n-d-853682-2 devstack@keystone.service[82015]: DEBUG keystone.server.flask.request_processing.req_logging [None req-616391f9-7204-4b7e-8680-41ec837d7e19 None admin] SCRIPT_NAME: `/identity` {{(pid=82015) log_request_info /opt/stack/keystone/keystone/server/flask/request_processing/req_logging.py:28}}
Aug 19 10:49:06.890272 n-d-853682-2 devstack@keystone.service[82015]: DEBUG keystone.server.flask.request_processing.req_logging [None req-616391f9-7204-4b7e-8680-41ec837d7e19 None admin] PATH_INFO: `/v3/projects/c3069d069af8455799f534435552fc4d/users/5eb86071b40e4562add99ec9d8947564/roles/f6f3a0e8849f40fea6ff4aad026c0382` {{(pid=82015) log_request_info /opt/stack/keystone/keystone/server/flask/request_processing/req_logging.py:29}}
Aug 19 10:49:06.892806 n-d-853682-2 devstack@keystone.service[82015]: DEBUG keystone.common.rbac_enforcer.enforcer [None req-616391f9-7204-4b7e-8680-41ec837d7e19 None admin] RBAC: Authorizing `identity:create_grant(project_id=c3069d069af8455799f534435552fc4d, user_id=5eb86071b40e4562add99ec9d8947564, role_id=f6f3a0e8849f40fea6ff4aad026c0382)` {{(pid=82015) enforce_call /opt/stack/keystone/keystone/common/rbac_enforcer/enforcer.py:449}}
Aug 19 10:49:06.894928 n-d-853682-2 devstack@keystone.service[82015]: DEBUG keystone.common.rbac_enforcer.enforcer [None req-616391f9-7204-4b7e-8680-41ec837d7e19 None admin] RBAC: Authorization granted {{(pid=82015) enforce_call /opt/stack/keystone/keystone/common/rbac_enforcer/enforcer.py:457}}
Aug 19 10:49:06.970363 n-d-853682-2 devstack@keystone.service[82015]: [pid: 82015|app: 0|req: 65/139] 10.222.0.42 () {58 vars in 1439 bytes} [Fri Aug 19 10:49:06 2022] PUT /identity/v3/projects/c3069d069af8455799f534435552fc4d/users/5eb86071b40e4562add99ec9d8947564/roles/f6f3a0e8849f40fea6ff4aad026c0382 => generated 0 bytes in 286 msecs (HTTP/1.1 204) 3 headers in 132 bytes (0 switches on core 0)
Aug 19 10:49:07.023132 n-d-853682-2 devstack@keystone.service[82016]: DEBUG keystone.server.flask.request_processing.middleware.auth_context [None req-9b0e7f2c-3292-4df2-990e-e4dd85f6f0dc None admin] Validating token access rules against request {{(pid=82016) validate_allowed_request /usr/local/lib/python3.8/dist-packages/keystonemiddleware/auth_token/__init__.py:545}}
Aug 19 10:49:07.078800 n-d-853682-2 devstack@keystone.service[82016]: DEBUG keystone.server.flask.request_processing.middleware.auth_context [None req-f48a9cc4-d766-448c-be4d-9c6ddf57f3fe None admin] RBAC: auth_context: {'token': , 'domain_id': None, 'trust_id': None, 'trustor_id': None, 'trustee_id': None, 'domain_name': None, 'group_ids': [], 'user_id': 'e12133bb96384af7a055a3188cc24b60', 'user_domain_id': 'default', 'system_scope': 'all', 'project_id': None, 'project_domain_id': None, 'roles': ['admin', 'member', 'reader'], 'is_admin_project': True, 'service_user_id': None, 'service_user_domain_id': None, 'service_project_id': None, 'service_project_domain_id': None, 'service_roles': []} {{(pid=82016) fill_context /opt/stack/keystone/keystone/server/flask/request_processing/middleware/auth_context.py:478}}
Aug 19 10:49:07.079483 n-d-853682-2 devstack@keystone.service[82016]: DEBUG keystone.server.flask.request_processing.req_logging [None req-f48a9cc4-d766-448c-be4d-9c6ddf57f3fe None admin] REQUEST_METHOD: `GET` {{(pid=82016) log_request_info /opt/stack/keystone/keystone/server/flask/request_processing/req_logging.py:27}}
Aug 19 10:49:07.079774 n-d-853682-2 devstack@keystone.service[82016]: DEBUG keystone.server.flask.request_processing.req_logging [None req-f48a9cc4-d766-448c-be4d-9c6ddf57f3fe None admin] SCRIPT_NAME: `/identity` {{(pid=82016) log_request_info /opt/stack/keystone/keystone/server/flask/request_processing/req_logging.py:28}}
Aug 19 10:49:07.080050 n-d-853682-2 devstack@keystone.service[82016]: DEBUG keystone.server.flask.request_processing.req_logging [None req-f48a9cc4-d766-448c-be4d-9c6ddf57f3fe None admin] PATH_INFO: `/v3/domains/default` {{(pid=82016) log_request_info /opt/stack/keystone/keystone/server/flask/request_processing/req_logging.py:29}}
Aug 19 10:49:07.081633 n-d-853682-2 devstack@keystone.service[82016]: DEBUG keystone.common.rbac_enforcer.enforcer [None req-f48a9cc4-d766-448c-be4d-9c6ddf57f3fe None admin] RBAC: Authorizing `identity:get_domain(domain_id=default)` {{(pid=82016) enforce_call /opt/stack/keystone/keystone/common/rbac_enforcer/enforcer.py:449}}
Aug 19 10:49:07.083793 n-d-853682-2 devstack@keystone.service[82016]: DEBUG keystone.common.rbac_enforcer.enforcer [None req-f48a9cc4-d766-448c-be4d-9c6ddf57f3fe None admin] RBAC: Authorization granted {{(pid=82016) enforce_call /opt/stack/keystone/keystone/common/rbac_enforcer/enforcer.py:457}}
Aug 19 10:49:07.085609 n-d-853682-2 devstack@keystone.service[82016]: [pid: 82016|app: 0|req: 75/140] 10.222.0.42 () {56 vars in 1108 bytes} [Fri Aug 19 10:49:06 2022] GET /identity/v3/domains/default => generated 199 bytes in 240 msecs (HTTP/1.1 200) 5 headers in 177 bytes (2 switches on core 0)
Aug 19 10:49:07.091544 n-d-853682-2 devstack@keystone.service[82015]: DEBUG keystone.server.flask.request_processing.middleware.auth_context [None req-616391f9-7204-4b7e-8680-41ec837d7e19 None admin] Authenticating user token {{(pid=82015) process_request /usr/local/lib/python3.8/dist-packages/keystonemiddleware/auth_token/__init__.py:407}}
Aug 19 10:49:07.207012 n-d-853682-2 devstack@keystone.service[82015]: DEBUG keystone.server.flask.request_processing.middleware.auth_context [None req-616391f9-7204-4b7e-8680-41ec837d7e19 None admin] Validating token access rules against request {{(pid=82015) validate_allowed_request /usr/local/lib/python3.8/dist-packages/keystonemiddleware/auth_token/__init__.py:545}}
Aug 19 10:49:07.245217 n-d-853682-2 devstack@keystone.service[82015]: DEBUG keystone.server.flask.request_processing.middleware.auth_context [None req-327fa4d4-f0d9-433e-87b1-9182ec7514ef None admin] RBAC: auth_context: {'token': , 'domain_id': None, 'trust_id': None, 'trustor_id': None, 'trustee_id': None, 'domain_name': None, 'group_ids': [], 'user_id': 'e12133bb96384af7a055a3188cc24b60', 'user_domain_id': 'default', 'system_scope': 'all', 'project_id': None, 'project_domain_id': None, 'roles': ['admin', 'member', 'reader'], 'is_admin_project': True, 'service_user_id': None, 'service_user_domain_id': None, 'service_project_id': None, 'service_project_domain_id': None, 'service_roles': []} {{(pid=82015) fill_context /opt/stack/keystone/keystone/server/flask/request_processing/middleware/auth_context.py:478}}
Aug 19 10:49:07.245813 n-d-853682-2 devstack@keystone.service[82015]: DEBUG keystone.server.flask.request_processing.req_logging [None req-327fa4d4-f0d9-433e-87b1-9182ec7514ef None admin] REQUEST_METHOD: `POST` {{(pid=82015) log_request_info /opt/stack/keystone/keystone/server/flask/request_processing/req_logging.py:27}}
Aug 19 10:49:07.246072 n-d-853682-2 devstack@keystone.service[82015]: DEBUG keystone.server.flask.request_processing.req_logging [None req-327fa4d4-f0d9-433e-87b1-9182ec7514ef None admin] SCRIPT_NAME: `/identity` {{(pid=82015) log_request_info /opt/stack/keystone/keystone/server/flask/request_processing/req_logging.py:28}}
Aug 19 10:49:07.246352 n-d-853682-2 devstack@keystone.service[82015]: DEBUG keystone.server.flask.request_processing.req_logging [None req-327fa4d4-f0d9-433e-87b1-9182ec7514ef None admin] PATH_INFO: `/v3/users` {{(pid=82015) log_request_info /opt/stack/keystone/keystone/server/flask/request_processing/req_logging.py:29}}
Aug 19 10:49:07.247060 n-d-853682-2 devstack@keystone.service[82015]: DEBUG keystone.common.rbac_enforcer.enforcer [None req-327fa4d4-f0d9-433e-87b1-9182ec7514ef None admin] RBAC: Authorizing `identity:create_user()` {{(pid=82015) enforce_call /opt/stack/keystone/keystone/common/rbac_enforcer/enforcer.py:449}}
Aug 19 10:49:07.248567 n-d-853682-2 devstack@keystone.service[82015]: DEBUG keystone.common.rbac_enforcer.enforcer [None req-327fa4d4-f0d9-433e-87b1-9182ec7514ef None admin] RBAC: Authorization granted {{(pid=82015) enforce_call /opt/stack/keystone/keystone/common/rbac_enforcer/enforcer.py:457}}
Aug 19 10:49:07.359935 n-d-853682-2 devstack@keystone.service[82015]: [pid: 82015|app: 0|req: 66/141] 10.222.0.42 () {60 vars in 1132 bytes} [Fri Aug 19 10:49:07 2022] POST /identity/v3/users => generated 283 bytes in 269 msecs (HTTP/1.1 201) 5 headers in 182 bytes (1 switches on core 0)
Aug 19 10:49:07.768617 n-d-853682-2 devstack@keystone.service[82016]: DEBUG keystone.server.flask.request_processing.req_logging [None req-aa1a5d69-fae9-436f-a8a7-1633b93f6a4a None None] REQUEST_METHOD: `GET` {{(pid=82016) log_request_info /opt/stack/keystone/keystone/server/flask/request_processing/req_logging.py:27}}
Aug 19 10:49:07.769118 n-d-853682-2 devstack@keystone.service[82016]: DEBUG keystone.server.flask.request_processing.req_logging [None req-aa1a5d69-fae9-436f-a8a7-1633b93f6a4a None None] SCRIPT_NAME: `/identity` {{(pid=82016) log_request_info /opt/stack/keystone/keystone/server/flask/request_processing/req_logging.py:28}}
Aug 19 10:49:07.769197 n-d-853682-2 devstack@keystone.service[82016]: DEBUG keystone.server.flask.request_processing.req_logging [None req-aa1a5d69-fae9-436f-a8a7-1633b93f6a4a None None] PATH_INFO: `/` {{(pid=82016) log_request_info /opt/stack/keystone/keystone/server/flask/request_processing/req_logging.py:29}}
Aug 19 10:49:07.776395 n-d-853682-2 devstack@keystone.service[82016]: [pid: 82016|app: 0|req: 76/142] 10.222.0.42 () {54 vars in 927 bytes} [Fri Aug 19 10:49:07 2022] GET /identity => generated 270 bytes in 9 msecs (HTTP/1.1 300) 6 headers in 234 bytes (1 switches on core 0)
Aug 19 10:49:07.781762 n-d-853682-2 devstack@keystone.service[82015]: DEBUG keystone.server.flask.request_processing.req_logging [None req-2aa0ef6a-17d4-4335-b12d-e746f6375ae8 None None] REQUEST_METHOD: `POST` {{(pid=82015) log_request_info /opt/stack/keystone/keystone/server/flask/request_processing/req_logging.py:27}}
Aug 19 10:49:07.782214 n-d-853682-2 devstack@keystone.service[82015]: DEBUG keystone.server.flask.request_processing.req_logging [None req-2aa0ef6a-17d4-4335-b12d-e746f6375ae8 None None] SCRIPT_NAME: `/identity` {{(pid=82015) log_request_info /opt/stack/keystone/keystone/server/flask/request_processing/req_logging.py:28}}
Aug 19 10:49:07.782306 n-d-853682-2 devstack@keystone.service[82015]: DEBUG keystone.server.flask.request_processing.req_logging [None req-2aa0ef6a-17d4-4335-b12d-e746f6375ae8 None None] PATH_INFO: `/v3/auth/tokens` {{(pid=82015) log_request_info /opt/stack/keystone/keystone/server/flask/request_processing/req_logging.py:29}}
Aug 19 10:49:07.807929 n-d-853682-2 devstack@keystone.service[82015]: DEBUG keystone.auth.core [None req-2aa0ef6a-17d4-4335-b12d-e746f6375ae8 None None] MFA Rules not processed for user `e12133bb96384af7a055a3188cc24b60`. Rule list: `[]` (Enabled: `True`). {{(pid=82015) check_auth_methods_against_rules /opt/stack/keystone/keystone/auth/core.py:438}}
Aug 19 10:49:07.808964 n-d-853682-2 devstack@keystone.service[82015]: DEBUG keystone.common.fernet_utils [None req-2aa0ef6a-17d4-4335-b12d-e746f6375ae8 None None] Loaded 2 Fernet keys from /etc/keystone/fernet-keys/, but `[fernet_tokens] max_active_keys = 3`; perhaps there have not been enough key rotations to reach `max_active_keys` yet? {{(pid=82015) load_keys /opt/stack/keystone/keystone/common/fernet_utils.py:286}}
Aug 19 10:49:07.811170 n-d-853682-2 devstack@keystone.service[82015]: DEBUG dbcounter [-] [82015] Writing DB stats keystone:SELECT=96,keystone:INSERT=4 {{(pid=82015) stat_writer /usr/local/lib/python3.8/dist-packages/dbcounter.py:114}}
Aug 19 10:49:07.898854 n-d-853682-2 devstack@keystone.service[82015]: [pid: 82015|app: 0|req: 67/143] 10.222.0.42 () {58 vars in 1024 bytes} [Fri Aug 19 10:49:07 2022] POST /identity/v3/auth/tokens => generated 799 bytes in 118 msecs (HTTP/1.1 201) 6 headers in 363 bytes (1 switches on core 0)
Aug 19 10:49:08.196953 n-d-853682-2 devstack@keystone.service[82016]: DEBUG keystone.server.flask.request_processing.middleware.auth_context [None req-aa1a5d69-fae9-436f-a8a7-1633b93f6a4a None None] Authenticating user token {{(pid=82016) process_request /usr/local/lib/python3.8/dist-packages/keystonemiddleware/auth_token/__init__.py:407}}
Aug 19 10:49:08.267052 n-d-853682-2 devstack@keystone.service[82016]: DEBUG dbcounter [-] [82016] Writing DB stats keystone:SELECT=100 {{(pid=82016) stat_writer /usr/local/lib/python3.8/dist-packages/dbcounter.py:114}}
Aug 19 10:49:08.313248 n-d-853682-2 devstack@keystone.service[82016]: DEBUG keystone.server.flask.request_processing.middleware.auth_context [None req-aa1a5d69-fae9-436f-a8a7-1633b93f6a4a None None] Validating token access rules against request {{(pid=82016) validate_allowed_request /usr/local/lib/python3.8/dist-packages/keystonemiddleware/auth_token/__init__.py:545}}
Aug 19 10:49:08.351546 n-d-853682-2 devstack@keystone.service[82016]: DEBUG keystone.server.flask.request_processing.middleware.auth_context [None req-4220e66d-319e-45ff-a5cb-a1aa60ac9b53 None admin] RBAC: auth_context: {'token': , 'domain_id': None, 'trust_id': None, 'trustor_id': None, 'trustee_id': None, 'domain_name': None, 'group_ids': [], 'user_id': 'e12133bb96384af7a055a3188cc24b60', 'user_domain_id': 'default', 'system_scope': 'all', 'project_id': None, 'project_domain_id': None, 'roles': ['admin', 'member', 'reader'], 'is_admin_project': True, 'service_user_id': None, 'service_user_domain_id': None, 'service_project_id': None, 'service_project_domain_id': None, 'service_roles': []} {{(pid=82016) fill_context /opt/stack/keystone/keystone/server/flask/request_processing/middleware/auth_context.py:478}}
Aug 19 10:49:08.352271 n-d-853682-2 devstack@keystone.service[82016]: DEBUG keystone.server.flask.request_processing.req_logging [None req-4220e66d-319e-45ff-a5cb-a1aa60ac9b53 None admin] REQUEST_METHOD: `GET` {{(pid=82016) log_request_info /opt/stack/keystone/keystone/server/flask/request_processing/req_logging.py:27}}
Aug 19 10:49:08.352556 n-d-853682-2 devstack@keystone.service[82016]: DEBUG keystone.server.flask.request_processing.req_logging [None req-4220e66d-319e-45ff-a5cb-a1aa60ac9b53 None admin] SCRIPT_NAME: `/identity` {{(pid=82016) log_request_info /opt/stack/keystone/keystone/server/flask/request_processing/req_logging.py:28}}
Aug 19 10:49:08.352831 n-d-853682-2 devstack@keystone.service[82016]: DEBUG keystone.server.flask.request_processing.req_logging [None req-4220e66d-319e-45ff-a5cb-a1aa60ac9b53 None admin] PATH_INFO: `/v3/roles/member` {{(pid=82016) log_request_info /opt/stack/keystone/keystone/server/flask/request_processing/req_logging.py:29}}
Aug 19 10:49:08.363694 n-d-853682-2 devstack@keystone.service[82016]: DEBUG keystone.common.rbac_enforcer.enforcer [None req-4220e66d-319e-45ff-a5cb-a1aa60ac9b53 None admin] Extracting inferred target data resulted in "NOT FOUND (404)". {{(pid=82016) enforce_call /opt/stack/keystone/keystone/common/rbac_enforcer/enforcer.py:409}}
Aug 19 10:49:08.368780 n-d-853682-2 devstack@keystone.service[82016]: ERROR keystone.server.flask.application [None req-4220e66d-319e-45ff-a5cb-a1aa60ac9b53 None admin] Could not find role: member.: keystone.exception.RoleNotFound: Could not find role: member.
Aug 19 10:49:08.368780 n-d-853682-2 devstack@keystone.service[82016]: ERROR keystone.server.flask.application
Traceback (most recent call last):
Aug 19 10:49:08.368780 n-d-853682-2 devstack@keystone.service[82016]: ERROR keystone.server.flask.application
File "/usr/local/lib/python3.8/dist-packages/flask/app.py", line 1820, in full_dispatch_request
Aug 19 10:49:08.368780 n-d-853682-2 devstack@keystone.service[82016]: ERROR keystone.server.flask.application rv = self.dispatch_request()
Aug 19 10:49:08.368780 n-d-853682-2 devstack@keystone.service[82016]: ERROR keystone.server.flask.application
File "/usr/local/lib/python3.8/dist-packages/flask/app.py", line 1796, in dispatch_request
Aug 19 10:49:08.368780 n-d-853682-2 devstack@keystone.service[82016]: ERROR keystone.server.flask.application return self.ensure_sync(self.view_functions[rule.endpoint])(**view_args)
Aug 19 10:49:08.368780 n-d-853682-2 devstack@keystone.service[82016]: ERROR keystone.server.flask.application
File "/usr/local/lib/python3.8/dist-packages/flask_restful/__init__.py", line 467, in wrapper
Aug 19 10:49:08.368780 n-d-853682-2 devstack@keystone.service[82016]: ERROR keystone.server.flask.application resp = resource(*args, **kwargs)
Aug 19 10:49:08.368780 n-d-853682-2 devstack@keystone.service[82016]: ERROR keystone.server.flask.application
File "/usr/local/lib/python3.8/dist-packages/flask/views.py", line 107, in view
Aug 19 10:49:08.368780 n-d-853682-2 devstack@keystone.service[82016]: ERROR keystone.server.flask.application return current_app.ensure_sync(self.dispatch_request)(**kwargs)
Aug 19 10:49:08.368780 n-d-853682-2 devstack@keystone.service[82016]: ERROR keystone.server.flask.application
File "/usr/local/lib/python3.8/dist-packages/flask_restful/__init__.py", line 582, in dispatch_request
Aug 19 10:49:08.368780 n-d-853682-2 devstack@keystone.service[82016]: ERROR keystone.server.flask.application resp = meth(*args, **kwargs)
Aug 19 10:49:08.368780 n-d-853682-2 devstack@keystone.service[82016]: ERROR keystone.server.flask.application
File "/opt/stack/keystone/keystone/api/roles.py", line 50, in get
Aug 19 10:49:08.368780 n-d-853682-2 devstack@keystone.service[82016]: ERROR keystone.server.flask.application return self._get_role(role_id)
Aug 19 10:49:08.368780 n-d-853682-2 devstack@keystone.service[82016]: ERROR keystone.server.flask.application
File "/opt/stack/keystone/keystone/api/roles.py", line 70, in _get_role
Aug 19 10:49:08.368780 n-d-853682-2 devstack@keystone.service[82016]: ERROR keystone.server.flask.application ENFORCER.enforce_call(action='identity:get_role')
Aug 19 10:49:08.369705 n-d-853682-2 devstack@keystone.service[82016]: ERROR keystone.server.flask.application
File "/opt/stack/keystone/keystone/common/rbac_enforcer/enforcer.py", line 402, in enforce_call
Aug 19 10:49:08.369705 n-d-853682-2 devstack@keystone.service[82016]: ERROR keystone.server.flask.application policy_dict.update(cls._extract_member_target_data(
Aug 19 10:49:08.369705 n-d-853682-2 devstack@keystone.service[82016]: ERROR keystone.server.flask.application
File "/opt/stack/keystone/keystone/common/rbac_enforcer/enforcer.py", line 234, in _extract_member_target_data
Aug 19 10:49:08.369705 n-d-853682-2 devstack@keystone.service[82016]: ERROR keystone.server.flask.application member_name: func(flask.request.view_args[key])
Aug 19 10:49:08.369705 n-d-853682-2 devstack@keystone.service[82016]: ERROR keystone.server.flask.application
File "/opt/stack/keystone/keystone/common/manager.py", line 115, in wrapped
Aug 19 10:49:08.369705 n-d-853682-2 devstack@keystone.service[82016]: ERROR keystone.server.flask.application __ret_val = __f(*args, **kwargs)
Aug 19 10:49:08.369705 n-d-853682-2 devstack@keystone.service[82016]: ERROR keystone.server.flask.application
File "/usr/local/lib/python3.8/dist-packages/decorator.py", line 232, in fun
Aug 19 10:49:08.369705 n-d-853682-2 devstack@keystone.service[82016]: ERROR keystone.server.flask.application return caller(func, *(extras + args), **kw)
Aug 19 10:49:08.369705 n-d-853682-2 devstack@keystone.service[82016]: ERROR keystone.server.flask.application
File "/usr/local/lib/python3.8/dist-packages/dogpile/cache/region.py", line 1577, in get_or_create_for_user_func
Aug 19 10:49:08.369705 n-d-853682-2 devstack@keystone.service[82016]: ERROR keystone.server.flask.application return self.get_or_create(
Aug 19 10:49:08.369705 n-d-853682-2 devstack@keystone.service[82016]: ERROR keystone.server.flask.application
File "/usr/local/lib/python3.8/dist-packages/dogpile/cache/region.py", line 1042, in get_or_create
Aug 19 10:49:08.369705 n-d-853682-2 devstack@keystone.service[82016]: ERROR keystone.server.flask.application with Lock(
Aug 19 10:49:08.369705 n-d-853682-2 devstack@keystone.service[82016]: ERROR keystone.server.flask.application
File "/usr/local/lib/python3.8/dist-packages/dogpile/lock.py", line 185, in __enter__
Aug 19 10:49:08.369705 n-d-853682-2 devstack@keystone.service[82016]: ERROR keystone.server.flask.application return self._enter()
Aug 19 10:49:08.369705 n-d-853682-2 devstack@keystone.service[82016]: ERROR keystone.server.flask.application
File "/usr/local/lib/python3.8/dist-packages/dogpile/lock.py", line 94, in _enter
Aug 19 10:49:08.369705 n-d-853682-2 devstack@keystone.service[82016]: ERROR keystone.server.flask.application generated = self._enter_create(value, createdtime)
Aug 19 10:49:08.370434 n-d-853682-2 devstack@keystone.service[82016]: ERROR keystone.server.flask.application
File "/usr/local/lib/python3.8/dist-packages/dogpile/lock.py", line 178, in _enter_create
Aug 19 10:49:08.370434 n-d-853682-2 devstack@keystone.service[82016]: ERROR keystone.server.flask.application return self.creator()
Aug 19 10:49:08.370434 n-d-853682-2 devstack@keystone.service[82016]: ERROR keystone.server.flask.application
File "/usr/local/lib/python3.8/dist-packages/dogpile/cache/region.py", line 995, in gen_value
Aug 19 10:49:08.370434 n-d-853682-2 devstack@keystone.service[82016]: ERROR keystone.server.flask.application created_value = creator(
Aug 19 10:49:08.370434 n-d-853682-2 devstack@keystone.service[82016]: ERROR keystone.server.flask.application
File "/opt/stack/keystone/keystone/assignment/core.py", line 1276, in get_role
Aug 19 10:49:08.370434 n-d-853682-2 devstack@keystone.service[82016]: ERROR keystone.server.flask.application return self.driver.get_role(role_id)
Aug 19 10:49:08.370434 n-d-853682-2 devstack@keystone.service[82016]: ERROR keystone.server.flask.application
File "/opt/stack/keystone/keystone/assignment/role_backends/sql.py", line 70, in get_role
Aug 19 10:49:08.370434 n-d-853682-2 devstack@keystone.service[82016]: ERROR keystone.server.flask.application return self._get_role(session, role_id).to_dict()
Aug 19 10:49:08.370434 n-d-853682-2 devstack@keystone.service[82016]: ERROR keystone.server.flask.application
File "/opt/stack/keystone/keystone/assignment/role_backends/sql.py", line 65, in _get_role
Aug 19 10:49:08.370434 n-d-853682-2 devstack@keystone.service[82016]: ERROR keystone.server.flask.application raise exception.RoleNotFound(role_id=role_id)
Aug 19 10:49:08.370434 n-d-853682-2 devstack@keystone.service[82016]: ERROR keystone.server.flask.application keystone.exception.RoleNotFound: Could not find role: member.
Aug 19 10:49:08.370434 n-d-853682-2 devstack@keystone.service[82016]: ERROR keystone.server.flask.application
Aug 19 10:49:08.370434 n-d-853682-2 devstack@keystone.service[82016]: [pid: 82016|app: 0|req: 77/144] 10.222.0.42 () {56 vars in 1099 bytes} [Fri Aug 19 10:49:08 2022] GET /identity/v3/roles/member => generated 84 bytes in 174 msecs (HTTP/1.1 404) 5 headers in 183 bytes (1 switches on core 0)
Aug 19 10:49:08.376023 n-d-853682-2 devstack@keystone.service[82015]: DEBUG keystone.server.flask.request_processing.middleware.auth_context [None req-2aa0ef6a-17d4-4335-b12d-e746f6375ae8 None None] Authenticating user token {{(pid=82015) process_request /usr/local/lib/python3.8/dist-packages/keystonemiddleware/auth_token/__init__.py:407}}
Aug 19 10:49:08.444444 n-d-853682-2 devstack@keystone.service[82016]: DEBUG keystone.server.flask.request_processing.req_logging [None req-97738c72-8b28-4696-8b36-c7756b28c04b None None] REQUEST_METHOD: `GET` {{(pid=82016) log_request_info /opt/stack/keystone/keystone/server/flask/request_processing/req_logging.py:27}}
Aug 19 10:49:08.444782 n-d-853682-2 devstack@keystone.service[82016]: DEBUG keystone.server.flask.request_processing.req_logging [None req-97738c72-8b28-4696-8b36-c7756b28c04b None None] SCRIPT_NAME: `/identity` {{(pid=82016) log_request_info /opt/stack/keystone/keystone/server/flask/request_processing/req_logging.py:28}}
Aug 19 10:49:08.444986 n-d-853682-2 devstack@keystone.service[82016]: DEBUG keystone.server.flask.request_processing.req_logging [None req-97738c72-8b28-4696-8b36-c7756b28c04b None None] PATH_INFO: `/` {{(pid=82016) log_request_info /opt/stack/keystone/keystone/server/flask/request_processing/req_logging.py:29}}
Aug 19 10:49:08.446340 n-d-853682-2 devstack@keystone.service[82016]: [pid: 82016|app: 0|req: 78/145] 10.222.0.42 () {54 vars in 927 bytes} [Fri Aug 19 10:49:08 2022] GET /identity => generated 270 bytes in 3 msecs (HTTP/1.1 300) 6 headers in 234 bytes (2 switches on core 0)
Aug 19 10:49:08.457625 n-d-853682-2 devstack@keystone.service[82016]: DEBUG keystone.server.flask.request_processing.req_logging [None req-1fb5b1ff-aa70-4a2e-81e4-5f809d68a826 None None] REQUEST_METHOD: `POST` {{(pid=82016) log_request_info /opt/stack/keystone/keystone/server/flask/request_processing/req_logging.py:27}}
Aug 19 10:49:08.458445 n-d-853682-2 devstack@keystone.service[82016]: DEBUG keystone.server.flask.request_processing.req_logging [None req-1fb5b1ff-aa70-4a2e-81e4-5f809d68a826 None None] SCRIPT_NAME: `/identity` {{(pid=82016) log_request_info /opt/stack/keystone/keystone/server/flask/request_processing/req_logging.py:28}}
Aug 19 10:49:08.458751 n-d-853682-2 devstack@keystone.service[82016]: DEBUG keystone.server.flask.request_processing.req_logging [None req-1fb5b1ff-aa70-4a2e-81e4-5f809d68a826 None None] PATH_INFO: `/v3/auth/tokens` {{(pid=82016) log_request_info /opt/stack/keystone/keystone/server/flask/request_processing/req_logging.py:29}}
Aug 19 10:49:08.486688 n-d-853682-2 devstack@keystone.service[82016]: DEBUG keystone.auth.core [None req-1fb5b1ff-aa70-4a2e-81e4-5f809d68a826 None None] MFA Rules not processed for user `e12133bb96384af7a055a3188cc24b60`. Rule list: `[]` (Enabled: `True`). {{(pid=82016) check_auth_methods_against_rules /opt/stack/keystone/keystone/auth/core.py:438}}
Aug 19 10:49:08.488041 n-d-853682-2 devstack@keystone.service[82016]: DEBUG keystone.common.fernet_utils [None req-1fb5b1ff-aa70-4a2e-81e4-5f809d68a826 None None] Loaded 2 Fernet keys from /etc/keystone/fernet-keys/, but `[fernet_tokens] max_active_keys = 3`; perhaps there have not been enough key rotations to reach `max_active_keys` yet? {{(pid=82016) load_keys /opt/stack/keystone/keystone/common/fernet_utils.py:286}}
Aug 19 10:49:08.536153 n-d-853682-2 devstack@keystone.service[82015]: DEBUG keystone.server.flask.request_processing.middleware.auth_context [None req-2aa0ef6a-17d4-4335-b12d-e746f6375ae8 None None] Validating token access rules against request {{(pid=82015) validate_allowed_request /usr/local/lib/python3.8/dist-packages/keystonemiddleware/auth_token/__init__.py:545}}
Aug 19 10:49:08.574588 n-d-853682-2 devstack@keystone.service[82016]: [pid: 82016|app: 0|req: 79/146] 10.222.0.42 () {58 vars in 1024 bytes} [Fri Aug 19 10:49:08 2022] POST /identity/v3/auth/tokens => generated 799 bytes in 118 msecs (HTTP/1.1 201) 6 headers in 363 bytes (1 switches on core 0)
Aug 19 10:49:08.603606 n-d-853682-2 devstack@keystone.service[82016]: DEBUG keystone.server.flask.request_processing.req_logging [None req-b2948114-60f9-4baf-bd20-d2f512f0b0f8 None None] REQUEST_METHOD: `GET` {{(pid=82016) log_request_info /opt/stack/keystone/keystone/server/flask/request_processing/req_logging.py:27}}
Aug 19 10:49:08.603984 n-d-853682-2 devstack@keystone.service[82016]: DEBUG keystone.server.flask.request_processing.req_logging [None req-b2948114-60f9-4baf-bd20-d2f512f0b0f8 None None] SCRIPT_NAME: `/identity` {{(pid=82016) log_request_info /opt/stack/keystone/keystone/server/flask/request_processing/req_logging.py:28}}
Aug 19 10:49:08.604378 n-d-853682-2 devstack@keystone.service[82016]: DEBUG keystone.server.flask.request_processing.req_logging [None req-b2948114-60f9-4baf-bd20-d2f512f0b0f8 None None] PATH_INFO: `/` {{(pid=82016) log_request_info /opt/stack/keystone/keystone/server/flask/request_processing/req_logging.py:29}}
Aug 19 10:49:08.606552 n-d-853682-2 devstack@keystone.service[82016]: [pid: 82016|app: 0|req: 80/147] 10.222.0.42 () {54 vars in 927 bytes} [Fri Aug 19 10:49:08 2022] GET /identity => generated 270 bytes in 4 msecs (HTTP/1.1 300) 6 headers in 234 bytes (2 switches on core 0)
Aug 19 10:49:08.612120 n-d-853682-2 devstack@keystone.service[82016]: DEBUG keystone.server.flask.request_processing.req_logging [None req-0091fde3-6a16-4336-9d43-7a13ca47e4b2 None None] REQUEST_METHOD: `POST` {{(pid=82016) log_request_info /opt/stack/keystone/keystone/server/flask/request_processing/req_logging.py:27}}
Aug 19 10:49:08.612659 n-d-853682-2 devstack@keystone.service[82016]: DEBUG keystone.server.flask.request_processing.req_logging [None req-0091fde3-6a16-4336-9d43-7a13ca47e4b2 None None] SCRIPT_NAME: `/identity` {{(pid=82016) log_request_info /opt/stack/keystone/keystone/server/flask/request_processing/req_logging.py:28}}
Aug 19 10:49:08.613076 n-d-853682-2 devstack@keystone.service[82016]: DEBUG keystone.server.flask.request_processing.req_logging [None req-0091fde3-6a16-4336-9d43-7a13ca47e4b2 None None] PATH_INFO: `/v3/auth/tokens` {{(pid=82016) log_request_info /opt/stack/keystone/keystone/server/flask/request_processing/req_logging.py:29}}
Aug 19 10:49:08.620143 n-d-853682-2 devstack@keystone.service[82015]: DEBUG keystone.server.flask.request_processing.middleware.auth_context [None req-c2c75abf-5711-4673-a1c7-673edb7b3674 None admin] RBAC: auth_context: {'token': , 'domain_id': None, 'trust_id': None, 'trustor_id': None, 'trustee_id': None, 'domain_name': None, 'group_ids': [], 'user_id': 'e12133bb96384af7a055a3188cc24b60', 'user_domain_id': 'default', 'system_scope': 'all', 'project_id': None, 'project_domain_id': None, 'roles': ['admin', 'member', 'reader'], 'is_admin_project': True, 'service_user_id': None, 'service_user_domain_id': None, 'service_project_id': None, 'service_project_domain_id': None, 'service_roles': []} {{(pid=82015) fill_context /opt/stack/keystone/keystone/server/flask/request_processing/middleware/auth_context.py:478}}
Aug 19 10:49:08.620952 n-d-853682-2 devstack@keystone.service[82015]: DEBUG keystone.server.flask.request_processing.req_logging [None req-c2c75abf-5711-4673-a1c7-673edb7b3674 None admin] REQUEST_METHOD: `GET` {{(pid=82015) log_request_info /opt/stack/keystone/keystone/server/flask/request_processing/req_logging.py:27}}
Aug 19 10:49:08.621372 n-d-853682-2 devstack@keystone.service[82015]: DEBUG keystone.server.flask.request_processing.req_logging [None req-c2c75abf-5711-4673-a1c7-673edb7b3674 None admin] SCRIPT_NAME: `/identity` {{(pid=82015) log_request_info /opt/stack/keystone/keystone/server/flask/request_processing/req_logging.py:28}}
Aug 19 10:49:08.621817 n-d-853682-2 devstack@keystone.service[82015]: DEBUG keystone.server.flask.request_processing.req_logging [None req-c2c75abf-5711-4673-a1c7-673edb7b3674 None admin] PATH_INFO: `/v3/roles` {{(pid=82015) log_request_info /opt/stack/keystone/keystone/server/flask/request_processing/req_logging.py:29}}
Aug 19 10:49:08.622664 n-d-853682-2 devstack@keystone.service[82015]: DEBUG keystone.common.rbac_enforcer.enforcer [None req-c2c75abf-5711-4673-a1c7-673edb7b3674 None admin] RBAC: Adding query filter params (name=member) {{(pid=82015) _extract_filter_values /opt/stack/keystone/keystone/common/rbac_enforcer/enforcer.py:167}}
Aug 19 10:49:08.623157 n-d-853682-2 devstack@keystone.service[82015]: DEBUG keystone.common.rbac_enforcer.enforcer [None req-c2c75abf-5711-4673-a1c7-673edb7b3674 None admin] RBAC: Authorizing `identity:list_roles()` {{(pid=82015) enforce_call /opt/stack/keystone/keystone/common/rbac_enforcer/enforcer.py:449}}
Aug 19 10:49:08.624696 n-d-853682-2 devstack@keystone.service[82015]: DEBUG keystone.common.rbac_enforcer.enforcer [None req-c2c75abf-5711-4673-a1c7-673edb7b3674 None admin] RBAC: Authorization granted {{(pid=82015) enforce_call /opt/stack/keystone/keystone/common/rbac_enforcer/enforcer.py:457}}
Aug 19 10:49:08.634427 n-d-853682-2 devstack@keystone.service[82015]: DEBUG dbcounter [-] [82015] Writing DB stats keystone:SELECT=100 {{(pid=82015) stat_writer /usr/local/lib/python3.8/dist-packages/dbcounter.py:114}}
Aug 19 10:49:08.638424 n-d-853682-2 devstack@keystone.service[82016]: DEBUG keystone.auth.core [None req-0091fde3-6a16-4336-9d43-7a13ca47e4b2 None None] MFA Rules not processed for user `e12133bb96384af7a055a3188cc24b60`. Rule list: `[]` (Enabled: `True`). {{(pid=82016) check_auth_methods_against_rules /opt/stack/keystone/keystone/auth/core.py:438}}
Aug 19 10:49:08.639881 n-d-853682-2 devstack@keystone.service[82016]: DEBUG keystone.common.fernet_utils [None req-0091fde3-6a16-4336-9d43-7a13ca47e4b2 None None] Loaded 2 Fernet keys from /etc/keystone/fernet-keys/, but `[fernet_tokens] max_active_keys = 3`; perhaps there have not been enough key rotations to reach `max_active_keys` yet? {{(pid=82016) load_keys /opt/stack/keystone/keystone/common/fernet_utils.py:286}}
Aug 19 10:49:08.641268 n-d-853682-2 devstack@keystone.service[82015]: [pid: 82015|app: 0|req: 68/148] 10.222.0.42 () {56 vars in 1101 bytes} [Fri Aug 19 10:49:08 2022] GET /identity/v3/roles?name=member => generated 341 bytes in 266 msecs (HTTP/1.1 200) 5 headers in 177 bytes (1 switches on core 0)
Aug 19 10:49:08.656263 n-d-853682-2 devstack@keystone.service[82015]: DEBUG keystone.server.flask.request_processing.middleware.auth_context [None req-c2c75abf-5711-4673-a1c7-673edb7b3674 None admin] Authenticating user token {{(pid=82015) process_request /usr/local/lib/python3.8/dist-packages/keystonemiddleware/auth_token/__init__.py:407}}
Aug 19 10:49:08.702485 n-d-853682-2 devstack@keystone.service[82016]: DEBUG dbcounter [-] [82016] Writing DB stats keystone:SELECT=100 {{(pid=82016) stat_writer /usr/local/lib/python3.8/dist-packages/dbcounter.py:114}}
Aug 19 10:49:08.729571 n-d-853682-2 devstack@keystone.service[82016]: [pid: 82016|app: 0|req: 81/149] 10.222.0.42 () {58 vars in 1024 bytes} [Fri Aug 19 10:49:08 2022] POST /identity/v3/auth/tokens => generated 799 bytes in 118 msecs (HTTP/1.1 201) 6 headers in 363 bytes (2 switches on core 0)
Aug 19 10:49:08.856706 n-d-853682-2 devstack@keystone.service[82015]: DEBUG keystone.server.flask.request_processing.middleware.auth_context [None req-c2c75abf-5711-4673-a1c7-673edb7b3674 None admin] Validating token access rules against request {{(pid=82015) validate_allowed_request /usr/local/lib/python3.8/dist-packages/keystonemiddleware/auth_token/__init__.py:545}}
Aug 19 10:49:08.898549 n-d-853682-2 devstack@keystone.service[82016]: DEBUG keystone.server.flask.request_processing.req_logging [None req-700fc296-f087-4e1f-bed5-e1e9eda72ce3 None None] REQUEST_METHOD: `GET` {{(pid=82016) log_request_info /opt/stack/keystone/keystone/server/flask/request_processing/req_logging.py:27}}
Aug 19 10:49:08.899067 n-d-853682-2 devstack@keystone.service[82016]: DEBUG keystone.server.flask.request_processing.req_logging [None req-700fc296-f087-4e1f-bed5-e1e9eda72ce3 None None] SCRIPT_NAME: `/identity` {{(pid=82016) log_request_info /opt/stack/keystone/keystone/server/flask/request_processing/req_logging.py:28}}
Aug 19 10:49:08.899138 n-d-853682-2 devstack@keystone.service[82016]: DEBUG keystone.server.flask.request_processing.req_logging [None req-700fc296-f087-4e1f-bed5-e1e9eda72ce3 None None] PATH_INFO: `/` {{(pid=82016) log_request_info /opt/stack/keystone/keystone/server/flask/request_processing/req_logging.py:29}}
Aug 19 10:49:08.899823 n-d-853682-2 devstack@keystone.service[82015]: DEBUG keystone.server.flask.request_processing.middleware.auth_context [None req-888d723e-9eb7-44af-91d3-8aec133c0994 None admin] RBAC: auth_context: {'token': , 'domain_id': None, 'trust_id': None, 'trustor_id': None, 'trustee_id': None, 'domain_name': None, 'group_ids': [], 'user_id': 'e12133bb96384af7a055a3188cc24b60', 'user_domain_id': 'default', 'system_scope': 'all', 'project_id': None, 'project_domain_id': None, 'roles': ['admin', 'member', 'reader'], 'is_admin_project': True, 'service_user_id': None, 'service_user_domain_id': None, 'service_project_id': None, 'service_project_domain_id': None, 'service_roles': []} {{(pid=82015) fill_context /opt/stack/keystone/keystone/server/flask/request_processing/middleware/auth_context.py:478}}
Aug 19 10:49:08.900641 n-d-853682-2 devstack@keystone.service[82015]: DEBUG keystone.server.flask.request_processing.req_logging [None req-888d723e-9eb7-44af-91d3-8aec133c0994 None admin] REQUEST_METHOD: `GET` {{(pid=82015) log_request_info /opt/stack/keystone/keystone/server/flask/request_processing/req_logging.py:27}}
Aug 19 10:49:08.901015 n-d-853682-2 devstack@keystone.service[82016]: [pid: 82016|app: 0|req: 82/150] 10.222.0.42 () {54 vars in 927 bytes} [Fri Aug 19 10:49:08 2022] GET /identity => generated 270 bytes in 4 msecs (HTTP/1.1 300) 6 headers in 234 bytes (2 switches on core 0)
Aug 19 10:49:08.901191 n-d-853682-2 devstack@keystone.service[82015]: DEBUG keystone.server.flask.request_processing.req_logging [None req-888d723e-9eb7-44af-91d3-8aec133c0994 None admin] SCRIPT_NAME: `/identity` {{(pid=82015) log_request_info /opt/stack/keystone/keystone/server/flask/request_processing/req_logging.py:28}}
Aug 19 10:49:08.901578 n-d-853682-2 devstack@keystone.service[82015]: DEBUG keystone.server.flask.request_processing.req_logging [None req-888d723e-9eb7-44af-91d3-8aec133c0994 None admin] PATH_INFO: `/v3/users/5eb86071b40e4562add99ec9d8947564` {{(pid=82015) log_request_info /opt/stack/keystone/keystone/server/flask/request_processing/req_logging.py:29}}
Aug 19 10:49:08.903589 n-d-853682-2 devstack@keystone.service[82015]: DEBUG keystone.common.rbac_enforcer.enforcer [None req-888d723e-9eb7-44af-91d3-8aec133c0994 None admin] RBAC: Authorizing `identity:get_user(user_id=5eb86071b40e4562add99ec9d8947564)` {{(pid=82015) enforce_call /opt/stack/keystone/keystone/common/rbac_enforcer/enforcer.py:449}}
Aug 19 10:49:08.905199 n-d-853682-2 devstack@keystone.service[82015]: DEBUG keystone.common.rbac_enforcer.enforcer [None req-888d723e-9eb7-44af-91d3-8aec133c0994 None admin] RBAC: Authorization granted {{(pid=82015) enforce_call /opt/stack/keystone/keystone/common/rbac_enforcer/enforcer.py:457}}
Aug 19 10:49:08.906562 n-d-853682-2 devstack@keystone.service[82016]: DEBUG keystone.server.flask.request_processing.req_logging [None req-55e1a6fd-563d-4c56-bc93-71dbd6de04a8 None None] REQUEST_METHOD: `POST` {{(pid=82016) log_request_info /opt/stack/keystone/keystone/server/flask/request_processing/req_logging.py:27}}
Aug 19 10:49:08.906965 n-d-853682-2 devstack@keystone.service[82016]: DEBUG keystone.server.flask.request_processing.req_logging [None req-55e1a6fd-563d-4c56-bc93-71dbd6de04a8 None None] SCRIPT_NAME: `/identity` {{(pid=82016) log_request_info /opt/stack/keystone/keystone/server/flask/request_processing/req_logging.py:28}}
Aug 19 10:49:08.907343 n-d-853682-2 devstack@keystone.service[82016]: DEBUG keystone.server.flask.request_processing.req_logging [None req-55e1a6fd-563d-4c56-bc93-71dbd6de04a8 None None] PATH_INFO: `/v3/auth/tokens` {{(pid=82016) log_request_info /opt/stack/keystone/keystone/server/flask/request_processing/req_logging.py:29}}
Aug 19 10:49:08.907650 n-d-853682-2 devstack@keystone.service[82015]: [pid: 82015|app: 0|req: 69/151] 10.222.0.42 () {56 vars in 1177 bytes} [Fri Aug 19 10:49:08 2022] GET /identity/v3/users/5eb86071b40e4562add99ec9d8947564 => generated 275 bytes in 252 msecs (HTTP/1.1 200) 5 headers in 177 bytes (1 switches on core 0)
Aug 19 10:49:08.916092 n-d-853682-2 devstack@keystone.service[82015]: DEBUG keystone.server.flask.request_processing.middleware.auth_context [None req-888d723e-9eb7-44af-91d3-8aec133c0994 None admin] Authenticating user token {{(pid=82015) process_request /usr/local/lib/python3.8/dist-packages/keystonemiddleware/auth_token/__init__.py:407}}
Aug 19 10:49:08.935760 n-d-853682-2 devstack@keystone.service[82016]: DEBUG keystone.auth.core [None req-55e1a6fd-563d-4c56-bc93-71dbd6de04a8 None None] MFA Rules not processed for user `e12133bb96384af7a055a3188cc24b60`. Rule list: `[]` (Enabled: `True`). {{(pid=82016) check_auth_methods_against_rules /opt/stack/keystone/keystone/auth/core.py:438}}
Aug 19 10:49:08.937203 n-d-853682-2 devstack@keystone.service[82016]: DEBUG keystone.common.fernet_utils [None req-55e1a6fd-563d-4c56-bc93-71dbd6de04a8 None None] Loaded 2 Fernet keys from /etc/keystone/fernet-keys/, but `[fernet_tokens] max_active_keys = 3`; perhaps there have not been enough key rotations to reach `max_active_keys` yet? {{(pid=82016) load_keys /opt/stack/keystone/keystone/common/fernet_utils.py:286}}
Aug 19 10:49:09.022943 n-d-853682-2 devstack@keystone.service[82015]: DEBUG dbcounter [-] [82015] Writing DB stats keystone:SELECT=100 {{(pid=82015) stat_writer /usr/local/lib/python3.8/dist-packages/dbcounter.py:114}}
Aug 19 10:49:09.034413 n-d-853682-2 devstack@keystone.service[82016]: [pid: 82016|app: 0|req: 83/152] 10.222.0.42 () {58 vars in 1024 bytes} [Fri Aug 19 10:49:08 2022] POST /identity/v3/auth/tokens => generated 799 bytes in 129 msecs (HTTP/1.1 201) 6 headers in 363 bytes (1 switches on core 0)
